000
CDUS44 KEPZ 240928
CLIELP


CLIMATE REPORT
NATIONAL WEATHER SERVICE EL PASO, TX
327 AM MDT THU APR 24 2014


...................................

...THE EL PASO CLIMATE SUMMARY FOR APRIL 23 2014...

CLIMATE NORMAL PERIOD 1981 TO 2010
CLIMATE RECORD PERIOD 1879 TO 2014


WEATHER ITEM   OBSERVED TIME   RECORD YEAR NORMAL DEPARTURE LAST
                VALUE   (LST)  VALUE       VALUE  FROM      YEAR
                                                  NORMAL
..................................................................
TEMPERATURE (F)
 YESTERDAY
  MAXIMUM         86    346 PM  93    2012  81      5       88
                                      2006
                                      1965
  MINIMUM         66    600 AM  37    1984  53     13       54
                                      1907
  AVERAGE         76                        67      9       71

PRECIPITATION (IN)
  YESTERDAY        0.00          0.63 1994   0.00   0.00     0.00
  MONTH TO DATE    0.45                      0.17   0.28      T
  SINCE MAR 1      0.63                      0.43   0.20      T
  SINCE JAN 1      0.63                      1.29  -0.66     0.71

SNOWFALL (IN)
  YESTERDAY        0.0                                       0.0
  MONTH TO DATE    0.0                                       0.0
  SINCE MAR 1      0.0                                       0.0
  SINCE JUL 1      T                                         3.1
  SNOW DEPTH       0

DEGREE DAYS
 HEATING
  YESTERDAY        0                         2     -2        0
  MONTH TO DATE   49                        82    -33       54
  SINCE MAR 1    226                       352   -126      227
  SINCE JUL 1   2014                      2455   -441     2192

 COOLING
  YESTERDAY       11                         4      7        6
  MONTH TO DATE   77                        50     27       89
  SINCE MAR 1     95                        60     35      122
  SINCE JAN 1    102                        60     42      122
..................................................................


WIND (MPH)
  HIGHEST WIND SPEED    33   HIGHEST WIND DIRECTION     W (250)
  HIGHEST GUST SPEED    40   HIGHEST GUST DIRECTION     W (260)
  AVERAGE WIND SPEED    17.6


SKY COVER
  POSSIBLE SUNSHINE  MM
  AVERAGE SKY COVER 0.4


WEATHER CONDITIONS
 THE FOLLOWING WEATHER WAS RECORDED YESTERDAY.
  NO SIGNIFICANT WEATHER WAS OBSERVED.


RELATIVE HUMIDITY (PERCENT)
 HIGHEST    20           600 AM
 LOWEST      7           300 PM
 AVERAGE    14

..........................................................


THE EL PASO CLIMATE NORMALS FOR TODAY
                         NORMAL    RECORD    YEAR
 MAXIMUM TEMPERATURE (F)   81        97      1974
 MINIMUM TEMPERATURE (F)   53        33      1968


SUNRISE AND SUNSET
APRIL 24 2014.........SUNRISE   627 AM MDT   SUNSET   741 PM MDT
APRIL 25 2014.........SUNRISE   626 AM MDT   SUNSET   742 PM MDT


-  INDICATES NEGATIVE NUMBERS.
R  INDICATES RECORD WAS SET OR TIED.
MM INDICATES DATA IS MISSING.
T  INDICATES TRACE AMOUNT.




$$
