000
CDUS44 KEPZ 120933
CLIELP
TTAA00 KLBB 120932


CLIMATE REPORT
NATIONAL WEATHER SERVICE EL PASO, TX
232 AM MST FRI FEB 12 2016


...................................

...THE EL PASO CLIMATE SUMMARY FOR FEBRUARY 11 2016...

CLIMATE NORMAL PERIOD 1981 TO 2010
CLIMATE RECORD PERIOD 1879 TO 2016


WEATHER ITEM   OBSERVED TIME   RECORD YEAR NORMAL DEPARTURE LAST
                VALUE   (LST)  VALUE       VALUE  FROM      YEAR
                                                  NORMAL
..................................................................
TEMPERATURE (F)
 YESTERDAY
  MAXIMUM         72    446 PM  80    1957  62     10       66
                                      1916
  MINIMUM         32    456 AM  16    2011  36     -4       43
  AVERAGE         52                        49      3       55

PRECIPITATION (IN)
  YESTERDAY        0.00          0.85 1906   0.02  -0.02     0.00
  MONTH TO DATE    0.07                      0.20  -0.13     0.00
  SINCE DEC 1      1.61                      1.38   0.23     0.97
  SINCE JAN 1      0.53                      0.60  -0.07     0.85

SNOWFALL (IN)
  YESTERDAY        0.0                                       0.0
  MONTH TO DATE    T                                         0.0
  SINCE DEC 1      8.1                                        T
  SINCE JUL 1      8.1                                        T
  SNOW DEPTH       0

DEGREE DAYS
 HEATING
  YESTERDAY       13                        16     -3       10
  MONTH TO DATE  227                       185     42       99
  SINCE DEC 1   1383                      1428    -45     1229
  SINCE JUL 1   1718                      1870   -152     1592

 COOLING
  YESTERDAY        0                         0      0        0
  MONTH TO DATE    0                         0      0        0
  SINCE DEC 1      0                         0      0        0
  SINCE JAN 1      0                         0      0        0
..................................................................


WIND (MPH)
  HIGHEST WIND SPEED     9   HIGHEST WIND DIRECTION     S (190)
  HIGHEST GUST SPEED    10   HIGHEST GUST DIRECTION    SW (220)
  AVERAGE WIND SPEED     3.5


SKY COVER
  POSSIBLE SUNSHINE  MM
  AVERAGE SKY COVER 0.0


WEATHER CONDITIONS
 THE FOLLOWING WEATHER WAS RECORDED YESTERDAY.
  NO SIGNIFICANT WEATHER WAS OBSERVED.


RELATIVE HUMIDITY (PERCENT)
 HIGHEST    47           500 AM
 LOWEST     11           500 PM
 AVERAGE    29

..........................................................


THE EL PASO CLIMATE NORMALS FOR TODAY
                         NORMAL    RECORD    YEAR
 MAXIMUM TEMPERATURE (F)   63        79      1962
 MINIMUM TEMPERATURE (F)   37         5      1899


SUNRISE AND SUNSET
FEBRUARY 12 2016......SUNRISE   651 AM MST   SUNSET   549 PM MST
FEBRUARY 13 2016......SUNRISE   650 AM MST   SUNSET   550 PM MST


-  INDICATES NEGATIVE NUMBERS.
R  INDICATES RECORD WAS SET OR TIED.
MM INDICATES DATA IS MISSING.
T  INDICATES TRACE AMOUNT.




$$
