311
CDUS44 KEPZ 310928
CLIELP


CLIMATE REPORT
NATIONAL WEATHER SERVICE EL PASO, TX
327 AM MDT TUE MAY 31 2016


...................................

...THE EL PASO CLIMATE SUMMARY FOR MAY 30 2016...

CLIMATE NORMAL PERIOD 1981 TO 2010
CLIMATE RECORD PERIOD 1879 TO 2016


WEATHER ITEM   OBSERVED TIME   RECORD YEAR NORMAL DEPARTURE LAST
                VALUE   (LST)  VALUE       VALUE  FROM      YEAR
                                                  NORMAL
..................................................................
TEMPERATURE (F)
 YESTERDAY
  MAXIMUM         91    118 PM 103    1994  92     -1       90
  MINIMUM         65   1159 PM  46    1987  64      1       68
  AVERAGE         78                        78      0       79

PRECIPITATION (IN)
  YESTERDAY        0.04          0.73 1914   0.02   0.02     0.00
  MONTH TO DATE    0.04                      0.45  -0.41     0.81
  SINCE MAR 1      0.09                      0.94  -0.85     1.66
  SINCE JAN 1      0.62                      1.80  -1.18     2.54

SNOWFALL (IN)
  YESTERDAY        0.0                                       0.0
  MONTH TO DATE    0.0                                       0.0
  SINCE MAR 1      0.0                                       0.0
  SINCE JUL 1      8.1                                        T
  SNOW DEPTH       0

DEGREE DAYS
 HEATING
  YESTERDAY        0                         0      0        0
  MONTH TO DATE   14                         6      8        0
  SINCE MAR 1    184                       368   -184      241
  SINCE JUL 1   2018                      2471   -453     2064

 COOLING
  YESTERDAY       13                        13      0       14
  MONTH TO DATE  272                       272      0      230
  SINCE MAR 1    383                       364     19      356
  SINCE JAN 1    386                       364     22      357
..................................................................


WIND (MPH)
  HIGHEST WIND SPEED    30   HIGHEST WIND DIRECTION     S (190)
  HIGHEST GUST SPEED    41   HIGHEST GUST DIRECTION     S (200)
  AVERAGE WIND SPEED     8.0


SKY COVER
  POSSIBLE SUNSHINE  MM
  AVERAGE SKY COVER 0.5


WEATHER CONDITIONS
 THE FOLLOWING WEATHER WAS RECORDED YESTERDAY.
  THUNDERSTORM
  RAIN
  LIGHT RAIN
  HAZE


RELATIVE HUMIDITY (PERCENT)
 HIGHEST    43           800 PM
 LOWEST     18          1200 PM
 AVERAGE    31

..........................................................


THE EL PASO CLIMATE NORMALS FOR TODAY
                         NORMAL    RECORD    YEAR
 MAXIMUM TEMPERATURE (F)   93       102      2014
 MINIMUM TEMPERATURE (F)   64        46      1895


SUNRISE AND SUNSET
MAY 31 2016...........SUNRISE   601 AM MDT   SUNSET   806 PM MDT
JUNE  1 2016..........SUNRISE   601 AM MDT   SUNSET   807 PM MDT


-  INDICATES NEGATIVE NUMBERS.
R  INDICATES RECORD WAS SET OR TIED.
MM INDICATES DATA IS MISSING.
T  INDICATES TRACE AMOUNT.




$$
