000
CDUS44 KEPZ 110938
CLIELP


CLIMATE REPORT
NATIONAL WEATHER SERVICE EL PASO, TX
237 AM MST SUN DEC 11 2016


...................................

...THE EL PASO CLIMATE SUMMARY FOR DECEMBER 10 2016...

CLIMATE NORMAL PERIOD 1981 TO 2010
CLIMATE RECORD PERIOD 1879 TO 2016


WEATHER ITEM   OBSERVED TIME   RECORD YEAR NORMAL DEPARTURE LAST
                VALUE   (LST)  VALUE       VALUE  FROM      YEAR
                                                  NORMAL
..................................................................
TEMPERATURE (F)
 YESTERDAY
  MAXIMUM         58    435 PM  74    2015  58      0       74
  MINIMUM         32    718 AM  14    1885  33     -1       40
  AVERAGE         45                        45      0       57

PRECIPITATION (IN)
  YESTERDAY        0.00          1.05 1946   0.03  -0.03     0.00
  MONTH TO DATE    0.24                      0.25  -0.01     0.00
  SINCE DEC 1      0.24                      0.25  -0.01     0.00
  SINCE JAN 1      8.72                      9.18  -0.46    11.00

SNOWFALL (IN)
  YESTERDAY        0.0                                       0.0
  MONTH TO DATE    0.0                                       0.0
  SINCE DEC 1      0.0                                       0.0
  SINCE JUL 1      T                                          T
  SNOW DEPTH       0

DEGREE DAYS
 HEATING
  YESTERDAY       20                        20      0        8
  MONTH TO DATE  187                       188     -1      160
  SINCE DEC 1    187                       188     -1      160
  SINCE JUL 1    429                       630   -201      495

 COOLING
  YESTERDAY        0                         0      0        0
  MONTH TO DATE    0                         0      0        0
  SINCE DEC 1      0                         0      0        0
  SINCE JAN 1   2811                      2331    480     2839
..................................................................


WIND (MPH)
  HIGHEST WIND SPEED    13   HIGHEST WIND DIRECTION     S (170)
  HIGHEST GUST SPEED    14   HIGHEST GUST DIRECTION     S (190)
  AVERAGE WIND SPEED     6.7


SKY COVER
  POSSIBLE SUNSHINE  MM
  AVERAGE SKY COVER 0.2


WEATHER CONDITIONS
 THE FOLLOWING WEATHER WAS RECORDED YESTERDAY.
  NO SIGNIFICANT WEATHER WAS OBSERVED.


RELATIVE HUMIDITY (PERCENT)
 HIGHEST    82          1200 AM
 LOWEST     43           300 PM
 AVERAGE    63

..........................................................


THE EL PASO CLIMATE NORMALS FOR TODAY
                         NORMAL    RECORD    YEAR
 MAXIMUM TEMPERATURE (F)   57        76      1987
 MINIMUM TEMPERATURE (F)   33        18      1973


SUNRISE AND SUNSET
DECEMBER 11 2016......SUNRISE   656 AM MST   SUNSET   502 PM MST
DECEMBER 12 2016......SUNRISE   657 AM MST   SUNSET   503 PM MST


-  INDICATES NEGATIVE NUMBERS.
R  INDICATES RECORD WAS SET OR TIED.
MM INDICATES DATA IS MISSING.
T  INDICATES TRACE AMOUNT.




$$
