000
CDUS44 KEPZ 222332
CLIELP


CLIMATE REPORT
NATIONAL WEATHER SERVICE EL PASO, TX
530 PM MDT SAT JUL 22 2017


...................................

...THE EL PASO CLIMATE SUMMARY FOR JULY 22 2017...
VALID TODAY AS OF 0500 PM LOCAL TIME.

CLIMATE NORMAL PERIOD 1981 TO 2010
CLIMATE RECORD PERIOD 1879 TO 2017


WEATHER ITEM   OBSERVED TIME   RECORD YEAR NORMAL DEPARTURE LAST
                VALUE   (LST)  VALUE       VALUE  FROM      YEAR
                                                  NORMAL
..................................................................
TEMPERATURE (F)
 TODAY
  MAXIMUM         92    213 PM 105    2016  94     -2      105
  MINIMUM         71    432 AM  57    1988  71      0       76

PRECIPITATION (IN)
  TODAY            0.04                      0.06  -0.02     0.00
  MONTH TO DATE    1.96                      1.00   0.96     0.13
  SINCE JUN 1      3.12                      1.94   1.18     0.46
  SINCE JAN 1      4.50                      3.76   0.74     1.10

..................................................................


WIND (MPH)
  HIGHEST WIND SPEED    30   HIGHEST WIND DIRECTION    SE (120)
  HIGHEST GUST SPEED    38   HIGHEST GUST DIRECTION    SE (130)


SKY COVER
  AVERAGE SKY COVER 0.7


WEATHER CONDITIONS
 THE FOLLOWING WEATHER WAS RECORDED TODAY.
  THUNDERSTORM
  LIGHT RAIN


RELATIVE HUMIDITY (PERCENT)
 HIGHEST    84           500 AM
 LOWEST     36           200 PM

..........................................................


THE EL PASO CLIMATE NORMALS FOR TOMORROW
                         NORMAL    RECORD    YEAR
 MAXIMUM TEMPERATURE (F)   94       104      2016
                                             1963
 MINIMUM TEMPERATURE (F)   71        56      1880


SUNRISE AND SUNSET
JULY 22 2017..........SUNRISE   615 AM MDT   SUNSET   809 PM MDT
JULY 23 2017..........SUNRISE   616 AM MDT   SUNSET   808 PM MDT


-  INDICATES NEGATIVE NUMBERS.
R  INDICATES RECORD WAS SET OR TIED.
MM INDICATES DATA IS MISSING.
T  INDICATES TRACE AMOUNT.




$$
