000
CDUS44 KEPZ 010933
CLIELP


CLIMATE REPORT
NATIONAL WEATHER SERVICE EL PASO, TX
231 AM MST SUN MAR 1 2015


...................................

...THE EL PASO CLIMATE SUMMARY FOR FEBRUARY 28 2015...

CLIMATE NORMAL PERIOD 1981 TO 2010
CLIMATE RECORD PERIOD 1879 TO 2015


WEATHER ITEM   OBSERVED TIME   RECORD YEAR NORMAL DEPARTURE LAST
                VALUE   (LST)  VALUE       VALUE  FROM      YEAR
                                                  NORMAL
..................................................................
TEMPERATURE (F)
 YESTERDAY
  MAXIMUM         69    545 PM  83    2006  66      3       76
  MINIMUM         26    438 AM  21    1922  40    -14       55
  AVERAGE         48                        53     -5       66

PRECIPITATION (IN)
  YESTERDAY        0.00          0.54 1942   0.01  -0.01     0.00
  MONTH TO DATE    0.03                      0.46  -0.43      T
  SINCE DEC 1      1.00                      1.64  -0.64     0.26
  SINCE JAN 1      0.88                      0.86   0.02      T

SNOWFALL (IN)
  YESTERDAY        0.0                                       0.0
  MONTH TO DATE    0.0                                       0.0
  SINCE DEC 1      T                                          T
  SINCE JUL 1      T                                          T
  SNOW DEPTH       0

DEGREE DAYS
 HEATING
  YESTERDAY       17                        12      5        0
  MONTH TO DATE  330                       418    -88      232
  SINCE DEC 1   1460                      1661   -201     1404
  SINCE JUL 1   1823                      2103   -280     1788

 COOLING
  YESTERDAY        0                         0      0        1
  MONTH TO DATE    1                         0      1        7
  SINCE DEC 1      1                         0      1        7
  SINCE JAN 1      1                         0      1        7
..................................................................


WIND (MPH)
  HIGHEST WIND SPEED    22   HIGHEST WIND DIRECTION     W (260)
  HIGHEST GUST SPEED    27   HIGHEST GUST DIRECTION     W (270)
  AVERAGE WIND SPEED     5.8


SKY COVER
  POSSIBLE SUNSHINE  MM
  AVERAGE SKY COVER 0.3


WEATHER CONDITIONS
 THE FOLLOWING WEATHER WAS RECORDED YESTERDAY.
  NO SIGNIFICANT WEATHER WAS OBSERVED.


RELATIVE HUMIDITY (PERCENT)
 HIGHEST    75           500 AM
 LOWEST     21           400 PM
 AVERAGE    48

..........................................................


THE EL PASO CLIMATE NORMALS FOR TODAY
                         NORMAL    RECORD    YEAR
 MAXIMUM TEMPERATURE (F)   67        81      2006
                                             1974
                                             1904
 MINIMUM TEMPERATURE (F)   40        23      1998


SUNRISE AND SUNSET
MARCH  1 2015.........SUNRISE   633 AM MST   SUNSET   603 PM MST
MARCH  2 2015.........SUNRISE   632 AM MST   SUNSET   604 PM MST


-  INDICATES NEGATIVE NUMBERS.
R  INDICATES RECORD WAS SET OR TIED.
MM INDICATES DATA IS MISSING.
T  INDICATES TRACE AMOUNT.




$$
