000
CDUS44 KEPZ 012331
CLIELP


CLIMATE REPORT
NATIONAL WEATHER SERVICE EL PASO, TX
530 PM MDT FRI AUG 1 2014


...................................

...THE EL PASO CLIMATE SUMMARY FOR AUGUST 1 2014...
VALID TODAY AS OF 500 PM LOCAL TIME.

CLIMATE NORMAL PERIOD 1981 TO 2010
CLIMATE RECORD PERIOD 1879 TO 2014


WEATHER ITEM   OBSERVED TIME   RECORD YEAR NORMAL DEPARTURE LAST
                VALUE   (LST)  VALUE       VALUE  FROM      YEAR
                                                  NORMAL
..................................................................
TEMPERATURE (F)
 TODAY
  MAXIMUM         78   1222 PM 104    1993  93    -15       95
                                      1975
  MINIMUM         66    711 AM  59    1925  71     -5       75

PRECIPITATION (IN)
  TODAY            0.16                      0.07   0.09     0.00
  MONTH TO DATE    0.16                      0.07   0.09     0.00
  SINCE JUN 1      0.86                      2.56  -1.70     3.29
  SINCE JAN 1      1.50                      4.38  -2.88     4.18

..................................................................


WIND (MPH)
  HIGHEST WIND SPEED    25   HIGHEST WIND DIRECTION     N (20)
  HIGHEST GUST SPEED    28   HIGHEST GUST DIRECTION     N (20)


SKY COVER
  AVERAGE SKY COVER 0.8


WEATHER CONDITIONS
 THE FOLLOWING WEATHER WAS RECORDED TODAY.
  LIGHT RAIN


RELATIVE HUMIDITY (PERCENT)
 HIGHEST    87           300 AM
 LOWEST     64          1200 PM

..........................................................


THE EL PASO CLIMATE NORMALS FOR TOMORROW
                         NORMAL    RECORD    YEAR
 MAXIMUM TEMPERATURE (F)   93       108      1980
 MINIMUM TEMPERATURE (F)   71        58      1925


SUNRISE AND SUNSET
AUGUST  1 2014........SUNRISE   621 AM MDT   SUNSET   802 PM MDT
AUGUST  2 2014........SUNRISE   622 AM MDT   SUNSET   801 PM MDT


-  INDICATES NEGATIVE NUMBERS.
R  INDICATES RECORD WAS SET OR TIED.
MM INDICATES DATA IS MISSING.
T  INDICATES TRACE AMOUNT.




$$
