000
CDUS44 KEPZ 020934
CLIELP


CLIMATE REPORT
NATIONAL WEATHER SERVICE EL PASO, TX
333 AM MDT MON MAY 2 2016


...................................

...THE EL PASO CLIMATE SUMMARY FOR MAY 1 2016...

CLIMATE NORMAL PERIOD 1981 TO 2010
CLIMATE RECORD PERIOD 1879 TO 2016


WEATHER ITEM   OBSERVED TIME   RECORD YEAR NORMAL DEPARTURE LAST
                VALUE   (LST)  VALUE       VALUE  FROM      YEAR
                                                  NORMAL
..................................................................
TEMPERATURE (F)
 YESTERDAY
  MAXIMUM         69   1246 AM  96    1992  83    -14       91
  MINIMUM         47   1159 PM  38    1951  56     -9       57
  AVERAGE         58                        69    -11       74

PRECIPITATION (IN)
  YESTERDAY        0.00          0.71 1981   0.01  -0.01     0.00
  MONTH TO DATE    0.00                      0.01  -0.01     0.00
  SINCE MAR 1      0.05                      0.50  -0.45     0.85
  SINCE JAN 1      0.58                      1.36  -0.78     1.73

SNOWFALL (IN)
  YESTERDAY        0.0                                       0.0
  MONTH TO DATE    0.0                                       0.0
  SINCE MAR 1      0.0                                       0.0
  SINCE JUL 1      8.1                                        T
  SNOW DEPTH       0

DEGREE DAYS
 HEATING
  YESTERDAY        7                         1      6        0
  MONTH TO DATE    7                         1      6        0
  SINCE MAR 1    177                       363   -186      241
  SINCE JUL 1   2011                      2466   -455     2064

 COOLING
  YESTERDAY        0                         5     -5        9
  MONTH TO DATE    0                         5     -5        9
  SINCE MAR 1    111                        97     14      135
  SINCE JAN 1    114                        97     17      136
..................................................................


WIND (MPH)
  HIGHEST WIND SPEED    24   HIGHEST WIND DIRECTION     E (80)
  HIGHEST GUST SPEED    30   HIGHEST GUST DIRECTION     E (70)
  AVERAGE WIND SPEED    13.3


SKY COVER
  POSSIBLE SUNSHINE  MM
  AVERAGE SKY COVER 0.2


WEATHER CONDITIONS
 THE FOLLOWING WEATHER WAS RECORDED YESTERDAY.
  NO SIGNIFICANT WEATHER WAS OBSERVED.


RELATIVE HUMIDITY (PERCENT)
 HIGHEST    65          1100 PM
 LOWEST     13          1200 AM
 AVERAGE    39

..........................................................


THE EL PASO CLIMATE NORMALS FOR TODAY
                         NORMAL    RECORD    YEAR
 MAXIMUM TEMPERATURE (F)   83        95      2006
                                             1940
 MINIMUM TEMPERATURE (F)   56        31      1967


SUNRISE AND SUNSET
MAY  2 2016...........SUNRISE   619 AM MDT   SUNSET   747 PM MDT
MAY  3 2016...........SUNRISE   618 AM MDT   SUNSET   748 PM MDT


-  INDICATES NEGATIVE NUMBERS.
R  INDICATES RECORD WAS SET OR TIED.
MM INDICATES DATA IS MISSING.
T  INDICATES TRACE AMOUNT.




$$
