000
CDUS45 KLKN 230029
CLIELY


CLIMATE REPORT
NATIONAL WEATHER SERVICE ELKO NV
529 PM PDT FRI MAY 22 2015


...................................

...THE ELY AIRPORT NV CLIMATE SUMMARY FOR MAY 22 2015...
VALID TODAY AS OF 0500 PM LOCAL TIME.

CLIMATE NORMAL PERIOD 1981 TO 2010
CLIMATE RECORD PERIOD 1893 TO 2015


WEATHER ITEM   OBSERVED TIME   RECORD YEAR NORMAL DEPARTURE LAST
                VALUE   (LST)  VALUE       VALUE  FROM      YEAR
                                                  NORMAL
..................................................................
TEMPERATURE (F)
 TODAY
  MAXIMUM         59    113 PM  87    2000  70    -11       71
  MINIMUM         38    509 AM  18    2002  35      3       26
  AVERAGE         49                        52     -3       49

PRECIPITATION (IN)
  TODAY            0.02          0.82 1991   0.04  -0.02     0.00
  MONTH TO DATE    1.18                      0.78   0.40     0.96
  SINCE OCT 1      3.90                      6.40  -2.50     6.85
  SINCE JAN 1      2.73                      4.11  -1.38     4.17

SNOWFALL (IN)
  TODAY            0.0           0.3  1971   0.1   -0.1      0.0
  MONTH TO DATE    T                         2.1   -2.1      1.7
  SINCE MAR 1      8.7                      15.6   -6.9     12.7
  SINCE JUL 1     19.7                      50.5  -30.8     51.8
  SNOW DEPTH       0

DEGREE DAYS
 HEATING
  TODAY           16                        13      3       16
  MONTH TO DATE  359                       341     18      342
  SINCE MAR 1   1714                      1907   -193     1805
  SINCE JUL 1   5958                      7244  -1286     6824

 COOLING
  TODAY            0                         0      0        0
  MONTH TO DATE    0                         0      0        0
  SINCE MAR 1      0                         0      0        0
  SINCE JAN 1      0                         0      0        0
..................................................................


WIND (MPH)
  HIGHEST WIND SPEED    23   HIGHEST WIND DIRECTION    SE (150)
  HIGHEST GUST SPEED    29   HIGHEST GUST DIRECTION    SE (150)



WEATHER CONDITIONS
 THE FOLLOWING WEATHER WAS RECORDED TODAY.
  THUNDERSTORM
  LIGHT RAIN


RELATIVE HUMIDITY (PERCENT)
 HIGHEST    86           100 AM
 LOWEST     38          1000 AM
 AVERAGE    62

..........................................................


THE ELY AIRPORT NV CLIMATE NORMALS FOR TOMORROW
                         NORMAL    RECORD    YEAR
 MAXIMUM TEMPERATURE (F)   70        88      1984
 MINIMUM TEMPERATURE (F)   35        21      2007


SUNRISE AND SUNSET
MAY 22 2015...........SUNRISE   520 AM PDT   SUNSET   752 PM PDT
MAY 23 2015...........SUNRISE   520 AM PDT   SUNSET   753 PM PDT


-  INDICATES NEGATIVE NUMBERS.
R  INDICATES RECORD WAS SET OR TIED.
MM INDICATES DATA IS MISSING.
T  INDICATES TRACE AMOUNT.




$$
