000
CDUS45 KLKN 141231
CLIELY


CLIMATE REPORT
NATIONAL WEATHER SERVICE ELKO NV
431 AM PST SUN FEB 14 2016


...................................

...THE ELY AIRPORT NV CLIMATE SUMMARY FOR FEBRUARY 13 2016...

CLIMATE NORMAL PERIOD 1981 TO 2010
CLIMATE RECORD PERIOD 1893 TO 2016


WEATHER ITEM   OBSERVED TIME   RECORD YEAR NORMAL DEPARTURE LAST
                VALUE   (LST)  VALUE       VALUE  FROM      YEAR
                                                  NORMAL
..................................................................
TEMPERATURE (F)
 YESTERDAY
  MAXIMUM         51    355 PM  66    2015  42      9       66
  MINIMUM         18    552 AM -25    1949  15      3       24
  AVERAGE         35                        28      7       45

PRECIPITATION (IN)
  YESTERDAY        0.00          0.37 2007   0.03  -0.03     0.00
  MONTH TO DATE    0.05                      0.32  -0.27      T
  SINCE OCT 1      6.52                      3.31   3.21     1.48
  SINCE JAN 1      2.16                      1.02   1.14     0.31

SNOWFALL (IN)
  YESTERDAY        0.0           4.7  2012   0.3   -0.3      0.0
  MONTH TO DATE    0.3                       3.7   -3.4      0.0
  SINCE DEC 1     57.8                      21.2   36.6      6.7
  SINCE JUL 1     75.5                      30.7   44.8      7.4
  SNOW DEPTH      11

DEGREE DAYS
 HEATING
  YESTERDAY       30                        37     -7       20
  MONTH TO DATE  603                       491    112      294
  SINCE DEC 1   3275                      2952    323     2341
  SINCE JUL 1   4904                      4820     84     3788

 COOLING
  YESTERDAY        0                         0      0        0
  MONTH TO DATE    0                         0      0        0
  SINCE DEC 1      0                         0      0        0
  SINCE JAN 1      0                         0      0        0
..................................................................


WIND (MPH)
  HIGHEST WIND SPEED    22   HIGHEST WIND DIRECTION     S (170)
  HIGHEST GUST SPEED    36   HIGHEST GUST DIRECTION     S (160)
  AVERAGE WIND SPEED    10.9



WEATHER CONDITIONS
 THE FOLLOWING WEATHER WAS RECORDED YESTERDAY.
  NO SIGNIFICANT WEATHER WAS OBSERVED.


RELATIVE HUMIDITY (PERCENT)
 HIGHEST    81           800 PM
 LOWEST     28           400 PM
 AVERAGE    55

..........................................................


THE ELY AIRPORT NV CLIMATE NORMALS FOR TODAY
                         NORMAL    RECORD    YEAR
 MAXIMUM TEMPERATURE (F)   42        66      2015
 MINIMUM TEMPERATURE (F)   15       -21      1949


SUNRISE AND SUNSET
FEBRUARY 14 2016......SUNRISE   633 AM PST   SUNSET   515 PM PST
FEBRUARY 15 2016......SUNRISE   632 AM PST   SUNSET   516 PM PST


-  INDICATES NEGATIVE NUMBERS.
R  INDICATES RECORD WAS SET OR TIED.
MM INDICATES DATA IS MISSING.
T  INDICATES TRACE AMOUNT.




$$
