000
CDUS45 KLKN 230938
CLIELY


CLIMATE REPORT
NATIONAL WEATHER SERVICE ELKO NV
234 AM PDT MON OCT 3  2017


...................................

...THE ELY AIRPORT NV CLIMATE SUMMARY FOR OCTOBER 22 2017...

CLIMATE NORMAL PERIOD 1981 TO 2010
CLIMATE RECORD PERIOD 1893 TO 2017


WEATHER ITEM   OBSERVED TIME   RECORD YEAR NORMAL DEPARTURE LAST
                VALUE   (LST)  VALUE       VALUE  FROM      YEAR
                                                  NORMAL
..................................................................
TEMPERATURE (F)
 YESTERDAY
  MAXIMUM         70    205 PM  81    2003  60     10       71
  MINIMUM         26    642 AM   8    1985  27     -1       35
  AVERAGE         48                        43      5       53

PRECIPITATION (IN)
  YESTERDAY        0.00          0.25 1897   0.03  -0.03     0.00
  MONTH TO DATE    0.04                      0.71  -0.67      T
  SINCE OCT 1      0.04                      0.71  -0.67      T
  SINCE JAN 1      9.14                      8.18   0.96     9.72

SNOWFALL (IN)
  YESTERDAY        0.0           1.0  1899   0.1   -0.1      0.0
  MONTH TO DATE    0.0                       1.9   -1.9       T
  SINCE SEP 1      5.0                       2.3    2.7       T
  SINCE JUL 1      5.0                       2.3    2.7       T
  SNOW DEPTH       0

DEGREE DAYS
 HEATING
  YESTERDAY       17                        22     -5       12
  MONTH TO DATE  470                       400     70      362
  SINCE SEP 1    760                       652    108      597
  SINCE JUL 1    766                       716     50      634

 COOLING
  YESTERDAY        0                         0      0        0
  MONTH TO DATE    0                         0      0        0
  SINCE SEP 1     24                         6     18       12
  SINCE JAN 1    433                       218    215      267
..................................................................


WIND (MPH)
  HIGHEST WIND SPEED    16   HIGHEST WIND DIRECTION     W (260)
  HIGHEST GUST SPEED    22   HIGHEST GUST DIRECTION     W (270)
  AVERAGE WIND SPEED     8.5



WEATHER CONDITIONS
 THE FOLLOWING WEATHER WAS RECORDED YESTERDAY.
  NO SIGNIFICANT WEATHER WAS OBSERVED.


RELATIVE HUMIDITY (PERCENT)
 HIGHEST    69           700 AM
 LOWEST     12           200 PM
 AVERAGE    41

..........................................................


THE ELY AIRPORT NV CLIMATE NORMALS FOR TODAY
                         NORMAL    RECORD    YEAR
 MAXIMUM TEMPERATURE (F)   60        75      1988
 MINIMUM TEMPERATURE (F)   26         9      1995
                                             1980


SUNRISE AND SUNSET
OCTOBER 23 2017.......SUNRISE   658 AM PDT   SUNSET   549 PM PDT
OCTOBER 24 2017.......SUNRISE   659 AM PDT   SUNSET   548 PM PDT


-  INDICATES NEGATIVE NUMBERS.
R  INDICATES RECORD WAS SET OR TIED.
MM INDICATES DATA IS MISSING.
T  INDICATES TRACE AMOUNT.




$$
