735
CDUS45 KLKN 250926
CLIELY


CLIMATE REPORT
NATIONAL WEATHER SERVICE ELKO NV
226 AM PDT SUN SEP 25 2016


...................................

...THE ELY AIRPORT NV CLIMATE SUMMARY FOR SEPTEMBER 24 2016...

CLIMATE NORMAL PERIOD 1981 TO 2010
CLIMATE RECORD PERIOD 1893 TO 2016


WEATHER ITEM   OBSERVED TIME   RECORD YEAR NORMAL DEPARTURE LAST
                VALUE   (LST)  VALUE       VALUE  FROM      YEAR
                                                  NORMAL
..................................................................
TEMPERATURE (F)
 YESTERDAY
  MAXIMUM         65    337 PM  85    2015  72     -7       85
                                      2001
  MINIMUM         32   1153 PM  20    2006  34     -2       43
  AVERAGE         49                        53     -4       64

PRECIPITATION (IN)
  YESTERDAY        0.00          0.94 1986   0.03  -0.03     0.00
  MONTH TO DATE    0.69                      0.65   0.04     0.51
  SINCE OCT 1     14.07                      9.58   4.49     6.67
  SINCE JAN 1      9.71                      7.29   2.42     5.50

SNOWFALL (IN)
  YESTERDAY        0.0           3.7  1986   0.0    0.0      0.0
  MONTH TO DATE    0.0                       0.2   -0.2      0.0
  SINCE SEP 1      0.0                       0.2   -0.2      0.0
  SINCE JUL 1      0.0                       0.2   -0.2      0.0
  SNOW DEPTH       0

DEGREE DAYS
 HEATING
  YESTERDAY       16                        12      4        1
  MONTH TO DATE  183                       172     11       96
  SINCE SEP 1    183                       172     11       96
  SINCE JUL 1    220                       236    -16      128

 COOLING
  YESTERDAY        0                         0      0        0
  MONTH TO DATE   12                         4      8       16
  SINCE SEP 1     12                         4      8       16
  SINCE JAN 1    267                       216     51      320
..................................................................


WIND (MPH)
  HIGHEST WIND SPEED    17   HIGHEST WIND DIRECTION     N (20)
  HIGHEST GUST SPEED    22   HIGHEST GUST DIRECTION     N (20)
  AVERAGE WIND SPEED     7.1



WEATHER CONDITIONS
 THE FOLLOWING WEATHER WAS RECORDED YESTERDAY.
  NO SIGNIFICANT WEATHER WAS OBSERVED.


RELATIVE HUMIDITY (PERCENT)
 HIGHEST    89          1100 PM
 LOWEST     23           100 PM
 AVERAGE    56

..........................................................


THE ELY AIRPORT NV CLIMATE NORMALS FOR TODAY
                         NORMAL    RECORD    YEAR
 MAXIMUM TEMPERATURE (F)   72        86      2010
 MINIMUM TEMPERATURE (F)   34        17      1972
                                             1970


SUNRISE AND SUNSET
SEPTEMBER 25 2016.....SUNRISE   630 AM PDT   SUNSET   631 PM PDT
SEPTEMBER 26 2016.....SUNRISE   631 AM PDT   SUNSET   629 PM PDT


-  INDICATES NEGATIVE NUMBERS.
R  INDICATES RECORD WAS SET OR TIED.
MM INDICATES DATA IS MISSING.
T  INDICATES TRACE AMOUNT.




$$
