000
CDUS45 KLKN 290930
CLIELY


CLIMATE REPORT
NATIONAL WEATHER SERVICE ELKO NV
229 AM PDT WED JUL 29 2015


...................................

...THE ELY AIRPORT NV CLIMATE SUMMARY FOR JULY 28 2015...

CLIMATE NORMAL PERIOD 1981 TO 2010
CLIMATE RECORD PERIOD 1893 TO 2015


WEATHER ITEM   OBSERVED TIME   RECORD YEAR NORMAL DEPARTURE LAST
                VALUE   (LST)  VALUE       VALUE  FROM      YEAR
                                                  NORMAL
..................................................................
TEMPERATURE (F)
 YESTERDAY
  MAXIMUM         83    306 PM  96    1995  88     -5       80
                                      1994
  MINIMUM         46    403 AM  38    1948  49     -3       60
  AVERAGE         65                        69     -4       70

PRECIPITATION (IN)
  YESTERDAY        0.00          0.50 1908   0.03  -0.03     0.05
  MONTH TO DATE    0.66                      0.56   0.10     0.21
  SINCE OCT 1      5.62                      7.95  -2.33     7.24
  SINCE JAN 1      4.45                      5.66  -1.21     4.56

SNOWFALL (IN)
  YESTERDAY        0.0           0.0  1893   0.0    0.0      0.0
  MONTH TO DATE    0.0                       0.0    0.0      0.0
  SINCE JUN 1      0.0                       0.1   -0.1       T
  SINCE JUL 1      0.0                       0.0    0.0      0.0
  SNOW DEPTH       0

DEGREE DAYS
 HEATING
  YESTERDAY        0                         0      0        0
  MONTH TO DATE   19                        20     -1        0
  SINCE JUN 1     74                       195   -121      140
  SINCE JUL 1     19                        20     -1        0

 COOLING
  YESTERDAY        0                         4     -4        5
  MONTH TO DATE   72                        98    -26      199
  SINCE JUN 1    179                       121     58      218
  SINCE JAN 1    182                       122     60      220
..................................................................


WIND (MPH)
  HIGHEST WIND SPEED    18   HIGHEST WIND DIRECTION     N (350)
  HIGHEST GUST SPEED    23   HIGHEST GUST DIRECTION     N (10)
  AVERAGE WIND SPEED    10.2



WEATHER CONDITIONS
 THE FOLLOWING WEATHER WAS RECORDED YESTERDAY.
  NO SIGNIFICANT WEATHER WAS OBSERVED.


RELATIVE HUMIDITY (PERCENT)
 HIGHEST    38           400 AM
 LOWEST     12           400 PM
 AVERAGE    25

..........................................................


THE ELY AIRPORT NV CLIMATE NORMALS FOR TODAY
                         NORMAL    RECORD    YEAR
 MAXIMUM TEMPERATURE (F)   88        97      2000
 MINIMUM TEMPERATURE (F)   49        30      1948


SUNRISE AND SUNSET
JULY 29 2015..........SUNRISE   537 AM PDT   SUNSET   755 PM PDT
JULY 30 2015..........SUNRISE   538 AM PDT   SUNSET   754 PM PDT


-  INDICATES NEGATIVE NUMBERS.
R  INDICATES RECORD WAS SET OR TIED.
MM INDICATES DATA IS MISSING.
T  INDICATES TRACE AMOUNT.




$$
