720
CDUS45 KLKN 230945
CLIELY


CLIMATE REPORT
NATIONAL WEATHER SERVICE ELKO NV
143 AM PST THU FEB 23 2017


...................................

...THE ELY AIRPORT NV CLIMATE SUMMARY FOR FEBRUARY 22 2017...

CLIMATE NORMAL PERIOD 1981 TO 2010
CLIMATE RECORD PERIOD 1893 TO 2017


WEATHER ITEM   OBSERVED TIME   RECORD YEAR NORMAL DEPARTURE LAST
                VALUE   (LST)  VALUE       VALUE  FROM      YEAR
                                                  NORMAL
..................................................................
TEMPERATURE (F)
 YESTERDAY
  MAXIMUM         32   1148 AM  63    1958  44    -12       41
  MINIMUM          1   1127 PM -22    1897  18    -17       24
  AVERAGE         17                        31    -14       33

PRECIPITATION (IN)
  YESTERDAY        0.07          0.25 1902   0.03   0.04      T
  MONTH TO DATE    1.56                      0.57   0.99     0.60
  SINCE OCT 1      4.86                      3.56   1.30     7.54
  SINCE JAN 1      3.08                      1.27   1.81     3.18

SNOWFALL (IN)
  YESTERDAY        4.9 R         4.5  2008   0.3    4.6       T
  MONTH TO DATE   10.9                       6.3    4.6      4.1
  SINCE DEC 1     42.6                      23.8   18.8     61.6
  SINCE JUL 1     48.5                      33.3   15.2     79.3
  SNOW DEPTH       6

DEGREE DAYS
 HEATING
  YESTERDAY       48                        34     14       32
  MONTH TO DATE  550                       808   -258      888
  SINCE DEC 1   3121                      3269   -148     3560
  SINCE JUL 1   4674                      5137   -463     5189

 COOLING
  YESTERDAY        0                         0      0        0
  MONTH TO DATE    0                         0      0        0
  SINCE DEC 1      0                         0      0        0
  SINCE JAN 1      0                         0      0        0
..................................................................


WIND (MPH)
  HIGHEST WIND SPEED    23   HIGHEST WIND DIRECTION    NW (300)
  HIGHEST GUST SPEED    31   HIGHEST GUST DIRECTION    NW (300)
  AVERAGE WIND SPEED     6.1



WEATHER CONDITIONS
 THE FOLLOWING WEATHER WAS RECORDED YESTERDAY.
  LIGHT SNOW
  FOG


RELATIVE HUMIDITY (PERCENT)
 HIGHEST   100           100 AM
 LOWEST     49           200 PM
 AVERAGE    75

..........................................................


THE ELY AIRPORT NV CLIMATE NORMALS FOR TODAY
                         NORMAL    RECORD    YEAR
 MAXIMUM TEMPERATURE (F)   44        61      1995
 MINIMUM TEMPERATURE (F)   18        -7      1994


SUNRISE AND SUNSET
FEBRUARY 23 2017......SUNRISE   620 AM PST   SUNSET   526 PM PST
FEBRUARY 24 2017......SUNRISE   619 AM PST   SUNSET   527 PM PST


-  INDICATES NEGATIVE NUMBERS.
R  INDICATES RECORD WAS SET OR TIED.
MM INDICATES DATA IS MISSING.
T  INDICATES TRACE AMOUNT.




$$
