000
CDUS45 KLKN 210027
CLIELY


CLIMATE REPORT
NATIONAL WEATHER SERVICE ELKO NV
426 PM PST THU NOV 20 2014


...................................

...THE ELY AIRPORT NV CLIMATE SUMMARY FOR NOVEMBER 20 2014...
VALID TODAY AS OF 400 PM LOCAL TIME.

CLIMATE NORMAL PERIOD 1981 TO 2010
CLIMATE RECORD PERIOD 1893 TO 2014


WEATHER ITEM   OBSERVED TIME   RECORD YEAR NORMAL DEPARTURE LAST
                VALUE   (LST)  VALUE       VALUE  FROM      YEAR
                                                  NORMAL
..................................................................
TEMPERATURE (F)
 TODAY
  MAXIMUM         54    105 PM  72    1989  46      8       47
  MINIMUM         26    413 AM  -8    1956  17      9       23
  AVERAGE         40                        32      8       35

PRECIPITATION (IN)
  TODAY            0.00          0.65 2010   0.02  -0.02     0.09
  MONTH TO DATE    0.36                      0.51  -0.15     0.11
  SINCE OCT 1      0.36                      1.51  -1.15     0.93
  SINCE JAN 1      8.45                      8.98  -0.53     6.79

SNOWFALL (IN)
  TODAY            0.0           8.0  2010   0.3   -0.3      0.0
  MONTH TO DATE    0.7                       3.9   -3.2       T
  SINCE SEP 1      0.7                       7.3   -6.6      3.0
  SINCE JUL 1      0.7                       7.3   -6.6      3.0
  SNOW DEPTH       0

DEGREE DAYS
 HEATING
  TODAY           25                        33     -8       30
  MONTH TO DATE  573                       584    -11      528
  SINCE SEP 1   1122                      1448   -326     1421
  SINCE JUL 1   1170                      1512   -342     1429

 COOLING
  TODAY            0                         0      0        0
  MONTH TO DATE    0                         0      0        0
  SINCE SEP 1     18                         6     12       17
  SINCE JAN 1    286                       218     68      387
..................................................................


WIND (MPH)
  HIGHEST WIND SPEED    15   HIGHEST WIND DIRECTION     W (270)
  HIGHEST GUST SPEED    18   HIGHEST GUST DIRECTION     W (270)



WEATHER CONDITIONS
 THE FOLLOWING WEATHER WAS RECORDED TODAY.
  NO SIGNIFICANT WEATHER WAS OBSERVED.


RELATIVE HUMIDITY (PERCENT)
 HIGHEST    50           400 AM
 LOWEST     26          1000 AM
 AVERAGE    38

..........................................................


THE ELY AIRPORT NV CLIMATE NORMALS FOR TOMORROW
                         NORMAL    RECORD    YEAR
 MAXIMUM TEMPERATURE (F)   46        65      2002
 MINIMUM TEMPERATURE (F)   17        -4      1941


SUNRISE AND SUNSET
NOVEMBER 20 2014......SUNRISE   629 AM PST   SUNSET   421 PM PST
NOVEMBER 21 2014......SUNRISE   630 AM PST   SUNSET   421 PM PST


-  INDICATES NEGATIVE NUMBERS.
R  INDICATES RECORD WAS SET OR TIED.
MM INDICATES DATA IS MISSING.
T  INDICATES TRACE AMOUNT.




$$
