000
CDUS45 KLKN 310035
CLIELY


CLIMATE REPORT
NATIONAL WEATHER SERVICE ELKO NV
534 PM PDT TUE AUG 30 2016


...................................

...THE ELY AIRPORT NV CLIMATE SUMMARY FOR AUGUST 30 2016...
VALID TODAY AS OF 0500 PM LOCAL TIME.

CLIMATE NORMAL PERIOD 1981 TO 2010
CLIMATE RECORD PERIOD 1893 TO 2016


WEATHER ITEM   OBSERVED TIME   RECORD YEAR NORMAL DEPARTURE LAST
                VALUE   (LST)  VALUE       VALUE  FROM      YEAR
                                                  NORMAL
..................................................................
TEMPERATURE (F)
 TODAY
  MAXIMUM         91   1254 PM  92    1996  82      9       87
  MINIMUM         47    543 AM  29    1942  44      3       53
  AVERAGE         69                        63      6       70

PRECIPITATION (IN)
  TODAY            0.00          0.92 2000   0.02  -0.02     0.00
  MONTH TO DATE    0.33                      0.87  -0.54     0.54
  SINCE OCT 1     13.38                      8.90   4.48     6.16
  SINCE JAN 1      9.02                      6.61   2.41     4.99

SNOWFALL (IN)
  TODAY            0.0           0.0  1893   0.0    0.0      0.0
  MONTH TO DATE    0.0                       0.0    0.0      0.0
  SINCE JUN 1      0.0                       0.1   -0.1      0.0
  SINCE JUL 1      0.0                       0.0    0.0      0.0
  SNOW DEPTH       0

DEGREE DAYS
 HEATING
  TODAY            0                         3     -3        0
  MONTH TO DATE   20                        38    -18       12
  SINCE JUN 1     98                       236   -138       86
  SINCE JUL 1     37                        61    -24       31

 COOLING
  TODAY            4                         1      3        5
  MONTH TO DATE   67                        76     -9      115
  SINCE JUN 1    251                       210     41      301
  SINCE JAN 1    251                       211     40      304
..................................................................


WIND (MPH)
  HIGHEST WIND SPEED    17   HIGHEST WIND DIRECTION     S (180)
  HIGHEST GUST SPEED    25   HIGHEST GUST DIRECTION     S (160)



WEATHER CONDITIONS
 THE FOLLOWING WEATHER WAS RECORDED TODAY.
  NO SIGNIFICANT WEATHER WAS OBSERVED.


RELATIVE HUMIDITY (PERCENT)
 HIGHEST    36           600 AM
 LOWEST      8           100 PM
 AVERAGE    22

..........................................................


THE ELY AIRPORT NV CLIMATE NORMALS FOR TOMORROW
                         NORMAL    RECORD    YEAR
 MAXIMUM TEMPERATURE (F)   82        92      1996
                                             1950
 MINIMUM TEMPERATURE (F)   44        29      1962


SUNRISE AND SUNSET
AUGUST 30 2016........SUNRISE   607 AM PDT   SUNSET   712 PM PDT
AUGUST 31 2016........SUNRISE   608 AM PDT   SUNSET   711 PM PDT


-  INDICATES NEGATIVE NUMBERS.
R  INDICATES RECORD WAS SET OR TIED.
MM INDICATES DATA IS MISSING.
T  INDICATES TRACE AMOUNT.




$$
