000
CDUS45 KLKN 170059
CLIELY


CLIMATE REPORT
NATIONAL WEATHER SERVICE ELKO NV
457 PM PST TUE JAN 16 2018


...................................

...THE ELY AIRPORT NV CLIMATE SUMMARY FOR JANUARY 16 2018...
VALID TODAY AS OF 0400 PM LOCAL TIME.

CLIMATE NORMAL PERIOD 1981 TO 2010
CLIMATE RECORD PERIOD 1893 TO 2018


WEATHER ITEM   OBSERVED TIME   RECORD YEAR NORMAL DEPARTURE LAST
                VALUE   (LST)  VALUE       VALUE  FROM      YEAR
                                                  NORMAL
..................................................................
TEMPERATURE (F)
 TODAY
  MAXIMUM         52    328 PM  60    1961  40     12       24
  MINIMUM         19    224 AM -16    1949  11      8       -2
  AVERAGE         36                        25     11       11

PRECIPITATION (IN)
  TODAY            0.00          0.84 1952   0.03  -0.03      T
  MONTH TO DATE    0.06                      0.38  -0.32     0.77
  SINCE OCT 1      0.64                      2.67  -2.03     2.55
  SINCE JAN 1      0.06                      0.38  -0.32     0.77

SNOWFALL (IN)
  TODAY            0.0           6.1  1952   0.3   -0.3       T
  MONTH TO DATE    T                         5.0   -5.0     10.7
  SINCE DEC 1      1.5                      13.4  -11.9     19.8
  SINCE JUL 1      6.5                      22.9  -16.4     25.7
  SNOW DEPTH       0

DEGREE DAYS
 HEATING
  TODAY           29                        40    -11       54
  MONTH TO DATE  483                       640   -157      654
  SINCE DEC 1   1568                      1872   -304     1881
  SINCE JUL 1   3212                      3740   -528     3434

 COOLING
  TODAY            0                         0      0        0
  MONTH TO DATE    0                         0      0        0
  SINCE DEC 1      0                         0      0        0
  SINCE JAN 1      0                         0      0        0
..................................................................


WIND (MPH)
  HIGHEST WIND SPEED    13   HIGHEST WIND DIRECTION     S (200)
  HIGHEST GUST SPEED    14   HIGHEST GUST DIRECTION     S (200)



WEATHER CONDITIONS
 THE FOLLOWING WEATHER WAS RECORDED TODAY.
  NO SIGNIFICANT WEATHER WAS OBSERVED.


RELATIVE HUMIDITY (PERCENT)
 HIGHEST    91           500 AM
 LOWEST     41           200 PM
 AVERAGE    66

..........................................................


THE ELY AIRPORT NV CLIMATE NORMALS FOR TOMORROW
                         NORMAL    RECORD    YEAR
 MAXIMUM TEMPERATURE (F)   40        60      1961
 MINIMUM TEMPERATURE (F)   11       -21      1949


SUNRISE AND SUNSET
JANUARY 16 2018.......SUNRISE   657 AM PST   SUNSET   442 PM PST
JANUARY 17 2018.......SUNRISE   657 AM PST   SUNSET   443 PM PST


-  INDICATES NEGATIVE NUMBERS.
R  INDICATES RECORD WAS SET OR TIED.
MM INDICATES DATA IS MISSING.
T  INDICATES TRACE AMOUNT.




$$
