000
CDUS43 KTOP 312131
CLIEMP


CLIMATE REPORT
NATIONAL WEATHER SERVICE TOPEKA KS
431 PM CDT TUE MAY 31 2016


...................................

...THE EMPORIA KS CLIMATE SUMMARY FOR MAY 31 2016...
VALID TODAY AS OF 0400 PM LOCAL TIME.

CLIMATE NORMAL PERIOD 1981 TO 2010
CLIMATE RECORD PERIOD 9999 TO 9999


WEATHER ITEM   OBSERVED NORMAL DEPARTURE LAST
                VALUE   VALUE  FROM      YEAR
                               NORMAL
...............................................
TEMPERATURE (F)
 TODAY
  MAXIMUM         80     80      0       71
  MINIMUM         58     59     -1       53
  AVERAGE         69     70     -1       62

PRECIPITATION (IN)
  TODAY            0.01   0.19  -0.18     0.00
  MONTH TO DATE    6.41   4.91   1.50     8.75
  SINCE MAR 1     14.56  10.82   3.74    13.64
  SINCE JAN 1     15.73  12.68   3.05    15.04

DEGREE DAYS
 HEATING
  TODAY            0      1     -1        3
  MONTH TO DATE  124     82     42      111
  SINCE MAR 1    789    989   -200      871
  SINCE JUL 1   3902   4811   -909     4872

 COOLING
  TODAY            4      5     -1        0
  MONTH TO DATE   56     96    -40       62
  SINCE MAR 1     76    119    -43       68
  SINCE JAN 1     76    119    -43       68
...............................................


WIND (MPH)
  HIGHEST WIND SPEED    12   HIGHEST WIND DIRECTION     N (20)
  HIGHEST GUST SPEED    17   HIGHEST GUST DIRECTION    SE (150)
  AVERAGE WIND SPEED     4.4



WEATHER CONDITIONS
 THE FOLLOWING WEATHER WAS RECORDED TODAY.
  LIGHT RAIN
  FOG


RELATIVE HUMIDITY (PERCENT)
 HIGHEST   100
 LOWEST     52
 AVERAGE    76

..........................................................


THE EMPORIA KS CLIMATE NORMALS FOR TOMORROW
                         NORMAL
 MAXIMUM TEMPERATURE (F)   80
 MINIMUM TEMPERATURE (F)   59


SUNRISE AND SUNSET
MAY 31 2016...........SUNRISE   603 AM CDT   SUNSET   842 PM CDT
JUNE  1 2016..........SUNRISE   603 AM CDT   SUNSET   843 PM CDT


-  INDICATES NEGATIVE NUMBERS.
R  INDICATES RECORD WAS SET OR TIED.
MM INDICATES DATA IS MISSING.
T  INDICATES TRACE AMOUNT.




$$
