000
CDUS43 KTOP 292132
CLIEMP


CLIMATE REPORT
NATIONAL WEATHER SERVICE TOPEKA KS
431 PM CDT SAT AUG 29 2015


...................................

...THE EMPORIA KS CLIMATE SUMMARY FOR AUGUST 29 2015...
VALID TODAY AS OF 0400 PM LOCAL TIME.

CLIMATE NORMAL PERIOD 1981 TO 2010
CLIMATE RECORD PERIOD 9999 TO 9999


WEATHER ITEM   OBSERVED NORMAL DEPARTURE LAST
                VALUE   VALUE  FROM      YEAR
                               NORMAL
...............................................
TEMPERATURE (F)
 TODAY
  MAXIMUM         72     88    -16       89
  MINIMUM         62     63     -1       68
  AVERAGE         67     75     -8       79

PRECIPITATION (IN)
  TODAY            0.00   0.15  -0.15     0.04
  MONTH TO DATE    3.58   3.49   0.09     3.37
  SINCE JUN 1     10.58  13.60  -3.02    11.44
  SINCE JAN 1     25.62  26.28  -0.66    17.05

DEGREE DAYS
 HEATING
  TODAY            0      0      0        0
  MONTH TO DATE    0      0      0        0
  SINCE JUN 1      3      8     -5        6
  SINCE JUL 1      0      0      0        2

 COOLING
  TODAY            2     10     -8       14
  MONTH TO DATE  275    370    -95      422
  SINCE JUN 1   1092   1067     25      996
  SINCE JAN 1   1160   1186    -26     1172
...............................................


WIND (MPH)
  HIGHEST WIND SPEED     9   HIGHEST WIND DIRECTION     N (350)
  HIGHEST GUST SPEED    12   HIGHEST GUST DIRECTION     N (340)
  AVERAGE WIND SPEED     4.5



WEATHER CONDITIONS
 THE FOLLOWING WEATHER WAS RECORDED TODAY.
  FOG


RELATIVE HUMIDITY (PERCENT)
 HIGHEST   100
 LOWEST     73
 AVERAGE    87

..........................................................


THE EMPORIA KS CLIMATE NORMALS FOR TOMORROW
                         NORMAL
 MAXIMUM TEMPERATURE (F)   87
 MINIMUM TEMPERATURE (F)   63


SUNRISE AND SUNSET
AUGUST 29 2015........SUNRISE   651 AM CDT   SUNSET   759 PM CDT
AUGUST 30 2015........SUNRISE   652 AM CDT   SUNSET   758 PM CDT


-  INDICATES NEGATIVE NUMBERS.
R  INDICATES RECORD WAS SET OR TIED.
MM INDICATES DATA IS MISSING.
T  INDICATES TRACE AMOUNT.




$$
