000
CDUS43 KTOP 290634
CLIEMP


CLIMATE REPORT
NATIONAL WEATHER SERVICE TOPEKA KS
133 AM CDT MON MAY 29 2017


...................................

...THE EMPORIA KS CLIMATE SUMMARY FOR MAY 28 2017...

CLIMATE NORMAL PERIOD 1981 TO 2010
CLIMATE RECORD PERIOD 9999 TO 9999


WEATHER ITEM   OBSERVED NORMAL DEPARTURE LAST
                VALUE   VALUE  FROM      YEAR
                               NORMAL
...............................................
TEMPERATURE (F)
 YESTERDAY
  MAXIMUM         80     79      1       78
  MINIMUM         58     58      0       58
  AVERAGE         69     69      0       68

PRECIPITATION (IN)
  YESTERDAY        0.00   0.16  -0.16     0.00
  MONTH TO DATE    3.05   4.34  -1.29     6.40
  SINCE MAR 1     13.52  10.25   3.27    14.55
  SINCE JAN 1     15.26  12.11   3.15    15.72

DEGREE DAYS
 HEATING
  YESTERDAY        0      1     -1        0
  MONTH TO DATE   94     79     15      124
  SINCE MAR 1    825    986   -161      789
  SINCE JUL 1   3916   4808   -892     3902

 COOLING
  YESTERDAY        4      5     -1        3
  MONTH TO DATE   77     80     -3       38
  SINCE MAR 1    119    103     16       58
  SINCE JAN 1    119    103     16       58
...............................................


WIND (MPH)
  HIGHEST WIND SPEED    18   HIGHEST WIND DIRECTION     W (290)
  HIGHEST GUST SPEED    27   HIGHEST GUST DIRECTION    NW (300)
  AVERAGE WIND SPEED     8.6


SKY COVER
  AVERAGE SKY COVER 0.0


WEATHER CONDITIONS
 THE FOLLOWING WEATHER WAS RECORDED YESTERDAY.
  NO SIGNIFICANT WEATHER WAS OBSERVED.


RELATIVE HUMIDITY (PERCENT)
 HIGHEST   100
 LOWEST     32
 AVERAGE    66

..........................................................


THE EMPORIA KS CLIMATE NORMALS FOR TODAY
                         NORMAL
 MAXIMUM TEMPERATURE (F)   79
 MINIMUM TEMPERATURE (F)   59


SUNRISE AND SUNSET
MAY 29 2017...........SUNRISE   604 AM CDT   SUNSET   841 PM CDT
MAY 30 2017...........SUNRISE   604 AM CDT   SUNSET   841 PM CDT


-  INDICATES NEGATIVE NUMBERS.
R  INDICATES RECORD WAS SET OR TIED.
MM INDICATES DATA IS MISSING.
T  INDICATES TRACE AMOUNT.




$$
