000
CDUS43 KTOP 250631
CLIEMP


CLIMATE REPORT
NATIONAL WEATHER SERVICE TOPEKA KS
1231 AM CST SAT NOV 25 2017


...................................

...THE EMPORIA KS CLIMATE SUMMARY FOR NOVEMBER 24 2017...

CLIMATE NORMAL PERIOD 1981 TO 2010
CLIMATE RECORD PERIOD 9999 TO 9999


WEATHER ITEM   OBSERVED NORMAL DEPARTURE LAST
                VALUE   VALUE  FROM      YEAR
                               NORMAL
...............................................
TEMPERATURE (F)
 YESTERDAY
  MAXIMUM         80     52     28       57
  MINIMUM         45     30     15       36
  AVERAGE         63     40     23       47

PRECIPITATION (IN)
  YESTERDAY        0.00   0.06  -0.06     0.00
  MONTH TO DATE    0.06   1.87  -1.81     0.17
  SINCE SEP 1      6.40   8.14  -1.74     9.23
  SINCE JAN 1     32.85  34.75  -1.90    37.82

DEGREE DAYS
 HEATING
  YESTERDAY        2     24    -22       18
  MONTH TO DATE  474    458     16      282
  SINCE SEP 1    736    784    -48      428
  SINCE JUL 1    736    785    -49      428

 COOLING
  YESTERDAY        0      0      0        0
  MONTH TO DATE    0      0      0       13
  SINCE SEP 1    265    194     71      293
  SINCE JAN 1   1355   1402    -47     1629
...............................................


WIND (MPH)
  HIGHEST WIND SPEED    28   HIGHEST WIND DIRECTION     N (360)
  HIGHEST GUST SPEED    38   HIGHEST GUST DIRECTION     N (360)
  AVERAGE WIND SPEED    12.7


SKY COVER
  AVERAGE SKY COVER 0.0


WEATHER CONDITIONS
 THE FOLLOWING WEATHER WAS RECORDED YESTERDAY.
  NO SIGNIFICANT WEATHER WAS OBSERVED.


RELATIVE HUMIDITY (PERCENT)
 HIGHEST    65
 LOWEST     23
 AVERAGE    44

..........................................................


THE EMPORIA KS CLIMATE NORMALS FOR TODAY
                         NORMAL
 MAXIMUM TEMPERATURE (F)   51
 MINIMUM TEMPERATURE (F)   29


SUNRISE AND SUNSET
NOVEMBER 25 2017......SUNRISE   717 AM CST   SUNSET   506 PM CST
NOVEMBER 26 2017......SUNRISE   718 AM CST   SUNSET   506 PM CST


-  INDICATES NEGATIVE NUMBERS.
R  INDICATES RECORD WAS SET OR TIED.
MM INDICATES DATA IS MISSING.
T  INDICATES TRACE AMOUNT.




$$
