000
CDUS46 KOTX 030832
CLIEPH


CLIMATE REPORT
NATIONAL WEATHER SERVICE SPOKANE, WA
131 AM PDT FRI JUL 3 2015


...................................

...THE EPHRATA WA AIRPORT CLIMATE SUMMARY FOR JULY 2 2015...

CLIMATE NORMAL PERIOD 1981 TO 2010
CLIMATE RECORD PERIOD 9999 TO 9999


WEATHER ITEM   OBSERVED TIME   RECORD YEAR NORMAL DEPARTURE LAST
                VALUE   (LST)  VALUE       VALUE  FROM      YEAR
                                                  NORMAL
..................................................................
TEMPERATURE (F)
 YESTERDAY
  MAXIMUM        103    420 PM 104    2013  85     18       95
  MINIMUM         76    347 AM  41    1979  57     19       69
  AVERAGE         90                        71     19       82

PRECIPITATION (IN)
  YESTERDAY        0.00          0.33 1966   0.02  -0.02      T
  MONTH TO DATE    0.00                      0.03  -0.03      T
  SINCE OCT 1      6.85                      6.93  -0.08     3.81
  SINCE JAN 1      4.06                      4.10  -0.04     3.06

SNOWFALL (IN)
  YESTERDAY       MM

DEGREE DAYS
 HEATING
  YESTERDAY        0                         1     -1        0
  MONTH TO DATE    0                         2     -2        0
  SINCE JUN 1      4                        62    -58       23
  SINCE JUL 1      0                         2     -2        0

 COOLING
  YESTERDAY       25                         7     18       17
  MONTH TO DATE   47                        13     34       31
  SINCE JUN 1    420                       123    297      177
  SINCE JAN 1    505                       160    345      221
..................................................................


WIND (MPH)
  HIGHEST WIND SPEED    18   HIGHEST WIND DIRECTION    NW (330)
  HIGHEST GUST SPEED    25   HIGHEST GUST DIRECTION     N (340)
  AVERAGE WIND SPEED     9.5


SKY COVER
  POSSIBLE SUNSHINE  MM
  AVERAGE SKY COVER 0.0


WEATHER CONDITIONS
 THE FOLLOWING WEATHER WAS RECORDED YESTERDAY.
  NO SIGNIFICANT WEATHER WAS OBSERVED.


RELATIVE HUMIDITY (PERCENT)
 HIGHEST    35           500 AM
 LOWEST     14           200 PM
 AVERAGE    25

..........................................................


THE EPHRATA WA AIRPORT CLIMATE NORMALS FOR TODAY
                         NORMAL    RECORD    YEAR
 MAXIMUM TEMPERATURE (F)   85       103      1968
 MINIMUM TEMPERATURE (F)   58        44      1990


SUNRISE AND SUNSET
JULY  3 2015..........SUNRISE   507 AM PDT   SUNSET   857 PM PDT
JULY  4 2015..........SUNRISE   508 AM PDT   SUNSET   857 PM PDT


-  INDICATES NEGATIVE NUMBERS.
R  INDICATES RECORD WAS SET OR TIED.
MM INDICATES DATA IS MISSING.
T  INDICATES TRACE AMOUNT.




$$
