000
CDUS46 KOTX 280830
CLIEPH


CLIMATE REPORT
NATIONAL WEATHER SERVICE SPOKANE, WA
1230 AM PST FRI NOV 28 2014


...................................

...THE EPHRATA WA AIRPORT CLIMATE SUMMARY FOR NOVEMBER 27 2014...

CLIMATE NORMAL PERIOD 1981 TO 2010
CLIMATE RECORD PERIOD 9999 TO 9999


WEATHER ITEM   OBSERVED TIME   RECORD YEAR NORMAL DEPARTURE LAST
                VALUE   (LST)  VALUE       VALUE  FROM      YEAR
                                                  NORMAL
..................................................................
TEMPERATURE (F)
 YESTERDAY
  MAXIMUM         61R   221 PM  55    1950  39     22       45
  MINIMUM         32    626 AM   2    1985  25      7       19
  AVERAGE         47                        32     15       32

PRECIPITATION (IN)
  YESTERDAY        0.00          0.70 1984   0.04  -0.04     0.00
  MONTH TO DATE    0.88                      0.94  -0.06     0.59
  SINCE OCT 1      2.02                      1.47   0.55     0.73
  SINCE JAN 1      6.20                      6.49  -0.29     5.70

SNOWFALL (IN)
  YESTERDAY       MM

DEGREE DAYS
 HEATING
  YESTERDAY       18                        33    -15       33
  MONTH TO DATE  728                       738    -10      695
  SINCE SEP 1   1044                      1302   -258     1263
  SINCE JUL 1   1045                      1319   -274     1263

 COOLING
  YESTERDAY        0                         0      0        0
  MONTH TO DATE    0                         0      0        0
  SINCE SEP 1    104                        78     26      160
  SINCE JAN 1   1137                       772    365     1084
..................................................................


WIND (MPH)
  HIGHEST WIND SPEED    16   HIGHEST WIND DIRECTION    SW (210)
  HIGHEST GUST SPEED    21   HIGHEST GUST DIRECTION     S (200)
  AVERAGE WIND SPEED     4.6


SKY COVER
  POSSIBLE SUNSHINE  MM
  AVERAGE SKY COVER 0.5


WEATHER CONDITIONS
 THE FOLLOWING WEATHER WAS RECORDED YESTERDAY.
  FOG
  FOG W/VISIBILITY <= 1/4 MILE


RELATIVE HUMIDITY (PERCENT)
 HIGHEST   100          1200 AM
 LOWEST     60           200 PM
 AVERAGE    80

..........................................................


THE EPHRATA WA AIRPORT CLIMATE NORMALS FOR TODAY
                         NORMAL    RECORD    YEAR
 MAXIMUM TEMPERATURE (F)   39        58      1995
 MINIMUM TEMPERATURE (F)   25         1      1985


SUNRISE AND SUNSET
NOVEMBER 28 2014......SUNRISE   720 AM PST   SUNSET   411 PM PST
NOVEMBER 29 2014......SUNRISE   722 AM PST   SUNSET   411 PM PST


-  INDICATES NEGATIVE NUMBERS.
R  INDICATES RECORD WAS SET OR TIED.
MM INDICATES DATA IS MISSING.
T  INDICATES TRACE AMOUNT.




$$
