000
CDUS46 KOTX 250847
CLIEPH


CLIMATE REPORT
NATIONAL WEATHER SERVICE SPOKANE, WA
146 AM PDT MON MAY 25 2015


...................................

...THE EPHRATA WA AIRPORT CLIMATE SUMMARY FOR MAY 24 2015...

CLIMATE NORMAL PERIOD 1981 TO 2010
CLIMATE RECORD PERIOD 9999 TO 9999


WEATHER ITEM   OBSERVED TIME   RECORD YEAR NORMAL DEPARTURE LAST
                VALUE   (LST)  VALUE       VALUE  FROM      YEAR
                                                  NORMAL
..................................................................
TEMPERATURE (F)
 YESTERDAY
  MAXIMUM         84    415 PM  93    2001  75      9       79
                                      1999
  MINIMUM         54    533 AM  33    1989  49      5       53
  AVERAGE         69                        62      7       66

PRECIPITATION (IN)
  YESTERDAY        0.00          0.39 1997   0.02  -0.02     0.00
  MONTH TO DATE    0.91                      0.46   0.45     0.08
  SINCE OCT 1      6.58                      6.10   0.48     3.54
  SINCE JAN 1      3.79                      3.27   0.52     2.79

SNOWFALL (IN)
  YESTERDAY       MM

DEGREE DAYS
 HEATING
  YESTERDAY        0                         5     -5        0
  MONTH TO DATE   74                       183   -109       93
  SINCE MAR 1    983                      1307   -324     1134
  SINCE JUL 1   4677                      5880  -1203     5716

 COOLING
  YESTERDAY        4                         2      2        1
  MONTH TO DATE   42                        22     20       37
  SINCE MAR 1     42                        24     18       37
  SINCE JAN 1     42                        24     18       37
..................................................................


WIND (MPH)
  HIGHEST WIND SPEED    22   HIGHEST WIND DIRECTION     N (340)
  HIGHEST GUST SPEED    28   HIGHEST GUST DIRECTION    NW (320)
  AVERAGE WIND SPEED     9.7


SKY COVER
  POSSIBLE SUNSHINE  MM
  AVERAGE SKY COVER 0.1


WEATHER CONDITIONS
 THE FOLLOWING WEATHER WAS RECORDED YESTERDAY.
  THUNDERSTORM


RELATIVE HUMIDITY (PERCENT)
 HIGHEST    86           400 AM
 LOWEST     26           500 PM
 AVERAGE    56

..........................................................


THE EPHRATA WA AIRPORT CLIMATE NORMALS FOR TODAY
                         NORMAL    RECORD    YEAR
 MAXIMUM TEMPERATURE (F)   75        96      1958
 MINIMUM TEMPERATURE (F)   49        35      1984


SUNRISE AND SUNSET
MAY 25 2015...........SUNRISE   511 AM PDT   SUNSET   839 PM PDT
MAY 26 2015...........SUNRISE   510 AM PDT   SUNSET   841 PM PDT


-  INDICATES NEGATIVE NUMBERS.
R  INDICATES RECORD WAS SET OR TIED.
MM INDICATES DATA IS MISSING.
T  INDICATES TRACE AMOUNT.




$$
