000
CDUS46 KOTX 240825
CLIEPH


CLIMATE REPORT
NATIONAL WEATHER SERVICE SPOKANE, WA
125 AM PDT WED MAY 24 2017


...................................

...THE EPHRATA WA AIRPORT CLIMATE SUMMARY FOR MAY 23 2017...

CLIMATE NORMAL PERIOD 1981 TO 2010
CLIMATE RECORD PERIOD 9999 TO 9999


WEATHER ITEM   OBSERVED TIME   RECORD YEAR NORMAL DEPARTURE LAST
                VALUE   (LST)  VALUE       VALUE  FROM      YEAR
                                                  NORMAL
..................................................................
TEMPERATURE (F)
 YESTERDAY
  MAXIMUM         92    320 PM  98    2001  75     17       70
  MINIMUM         55    443 AM  32    1964  49      6       48
  AVERAGE         74                        62     12       59

PRECIPITATION (IN)
  YESTERDAY        0.00          0.37 1989   0.02  -0.02     0.00
  MONTH TO DATE    0.74                      0.44   0.30     0.52
  SINCE OCT 1      9.09                      6.08   3.01     7.41
  SINCE JAN 1      5.49                      3.25   2.24     4.69

SNOWFALL (IN)
  YESTERDAY       MM

DEGREE DAYS
 HEATING
  YESTERDAY        0                         5     -5        6
  MONTH TO DATE  169                       178     -9       65
  SINCE MAR 1   1310                      1302      8      886
  SINCE JUL 1   6088                      5875    213     4839

 COOLING
  YESTERDAY        9                         1      8        0
  MONTH TO DATE   23                        20      3       26
  SINCE MAR 1     23                        22      1       31
  SINCE JAN 1     23                        22      1       31
..................................................................


WIND (MPH)
  HIGHEST WIND SPEED    30   HIGHEST WIND DIRECTION     W (290)
  HIGHEST GUST SPEED    38   HIGHEST GUST DIRECTION     W (280)
  AVERAGE WIND SPEED    11.5


SKY COVER
  POSSIBLE SUNSHINE  MM
  AVERAGE SKY COVER 0.0


WEATHER CONDITIONS
 THE FOLLOWING WEATHER WAS RECORDED YESTERDAY.
  NO SIGNIFICANT WEATHER WAS OBSERVED.


RELATIVE HUMIDITY (PERCENT)
 HIGHEST    66           500 AM
 LOWEST     10           600 PM
 AVERAGE    38

..........................................................


THE EPHRATA WA AIRPORT CLIMATE NORMALS FOR TODAY
                         NORMAL    RECORD    YEAR
 MAXIMUM TEMPERATURE (F)   75        93      2001
                                             1999
 MINIMUM TEMPERATURE (F)   49        33      1989


SUNRISE AND SUNSET
MAY 24 2017...........SUNRISE   512 AM PDT   SUNSET   839 PM PDT
MAY 25 2017...........SUNRISE   511 AM PDT   SUNSET   840 PM PDT


-  INDICATES NEGATIVE NUMBERS.
R  INDICATES RECORD WAS SET OR TIED.
MM INDICATES DATA IS MISSING.
T  INDICATES TRACE AMOUNT.




$$
