000
CDUS46 KOTX 310822
CLIEPH


CLIMATE REPORT
NATIONAL WEATHER SERVICE SPOKANE, WA
121 AM PDT SUN JUL 31 2016


...................................

...THE EPHRATA WA AIRPORT CLIMATE SUMMARY FOR JULY 30 2016...

CLIMATE NORMAL PERIOD 1981 TO 2010
CLIMATE RECORD PERIOD 9999 TO 9999


WEATHER ITEM   OBSERVED TIME   RECORD YEAR NORMAL DEPARTURE LAST
                VALUE   (LST)  VALUE       VALUE  FROM      YEAR
                                                  NORMAL
..................................................................
TEMPERATURE (F)
 YESTERDAY
  MAXIMUM         96    422 PM 105    1971  90      6       99
  MINIMUM         71   1159 PM  43    1993  62      9       59
  AVERAGE         84                        76      8       79

PRECIPITATION (IN)
  YESTERDAY        0.00          0.60 1997   0.01  -0.01     0.00
  MONTH TO DATE    0.32                      0.39  -0.07     0.05
  SINCE OCT 1      9.01                      7.29   1.72     6.90
  SINCE JAN 1      6.29                      4.46   1.83     4.11

SNOWFALL (IN)
  YESTERDAY       MM

DEGREE DAYS
 HEATING
  YESTERDAY        0                         0      0        0
  MONTH TO DATE    0                         4     -4        0
  SINCE JUN 1     70                        64      6        4
  SINCE JUL 1      0                         4     -4        0

 COOLING
  YESTERDAY       19                        11      8       14
  MONTH TO DATE  242                       283    -41      435
  SINCE JUN 1    417                       393     24      808
  SINCE JAN 1    449                       430     19      893
..................................................................


WIND (MPH)
  HIGHEST WIND SPEED    31   HIGHEST WIND DIRECTION    NW (300)
  HIGHEST GUST SPEED    39   HIGHEST GUST DIRECTION    NW (300)
  AVERAGE WIND SPEED    12.1


SKY COVER
  POSSIBLE SUNSHINE  MM
  AVERAGE SKY COVER 0.0


WEATHER CONDITIONS
 THE FOLLOWING WEATHER WAS RECORDED YESTERDAY.
  NO SIGNIFICANT WEATHER WAS OBSERVED.


RELATIVE HUMIDITY (PERCENT)
 HIGHEST    31           200 AM
 LOWEST     10           400 PM
 AVERAGE    21

..........................................................


THE EPHRATA WA AIRPORT CLIMATE NORMALS FOR TODAY
                         NORMAL    RECORD    YEAR
 MAXIMUM TEMPERATURE (F)   90       107      1971
 MINIMUM TEMPERATURE (F)   62        49      1964


SUNRISE AND SUNSET
JULY 31 2016..........SUNRISE   536 AM PDT   SUNSET   832 PM PDT
AUGUST  1 2016........SUNRISE   537 AM PDT   SUNSET   831 PM PDT


-  INDICATES NEGATIVE NUMBERS.
R  INDICATES RECORD WAS SET OR TIED.
MM INDICATES DATA IS MISSING.
T  INDICATES TRACE AMOUNT.




$$
