000
CDUS46 KOTX 260833
CLIEPH


CLIMATE REPORT
NATIONAL WEATHER SERVICE SPOKANE, WA
133 AM PDT SAT JUL 26 2014


...................................

...THE EPHRATA WA AIRPORT CLIMATE SUMMARY FOR JULY 25 2014...

CLIMATE NORMAL PERIOD 1981 TO 2010
CLIMATE RECORD PERIOD 9999 TO 9999


WEATHER ITEM   OBSERVED TIME   RECORD YEAR NORMAL DEPARTURE LAST
                VALUE   (LST)  VALUE       VALUE  FROM      YEAR
                                                  NORMAL
..................................................................
TEMPERATURE (F)
 YESTERDAY
  MAXIMUM         83    300 PM 105    1984  90     -7       99
  MINIMUM         50R   415 AM  50    1966  62    -12       61
  AVERAGE         67                        76     -9       80

PRECIPITATION (IN)
  YESTERDAY        0.00          0.47 1990   0.02  -0.02     0.00
  MONTH TO DATE    T                         0.33  -0.33      T
  SINCE OCT 1      3.81                      7.23  -3.42     7.41
  SINCE JAN 1      3.06                      4.40  -1.34     3.61

SNOWFALL (IN)
  YESTERDAY       MM            MM      MM   0.0   MM       MM
  MONTH TO DATE   MM                         0.0   MM       MM
  SINCE JUN 1     MM                         0.0   MM       MM
  SINCE JUL 1     MM                         0.0   MM       MM
  SNOW DEPTH      MM

DEGREE DAYS
 HEATING
  YESTERDAY        0                         0      0        0
  MONTH TO DATE    1                         4     -3        0
  SINCE JUN 1     24                        64    -40       58
  SINCE JUL 1      1                         4     -3        0

 COOLING
  YESTERDAY        2                        11     -9       15
  MONTH TO DATE  363                       228    135      362
  SINCE JUN 1    509                       338    171      474
  SINCE JAN 1    553                       375    178      531
..................................................................


WIND (MPH)
  HIGHEST WIND SPEED    17   HIGHEST WIND DIRECTION    NW (310)
  HIGHEST GUST SPEED    20   HIGHEST GUST DIRECTION    NW (310)
  AVERAGE WIND SPEED     5.1


SKY COVER
  POSSIBLE SUNSHINE  MM
  AVERAGE SKY COVER 0.0


WEATHER CONDITIONS
 THE FOLLOWING WEATHER WAS RECORDED YESTERDAY.
  NO SIGNIFICANT WEATHER WAS OBSERVED.


RELATIVE HUMIDITY (PERCENT)
 HIGHEST    59           400 AM
 LOWEST     26           400 PM
 AVERAGE    43

..........................................................


THE EPHRATA WA AIRPORT CLIMATE NORMALS FOR TODAY
                         NORMAL    RECORD    YEAR
 MAXIMUM TEMPERATURE (F)   90       106      1998
 MINIMUM TEMPERATURE (F)   62        52      2011


SUNRISE AND SUNSET
JULY 26 2014..........SUNRISE   529 AM PDT   SUNSET   839 PM PDT
JULY 27 2014..........SUNRISE   530 AM PDT   SUNSET   838 PM PDT


-  INDICATES NEGATIVE NUMBERS.
R  INDICATES RECORD WAS SET OR TIED.
MM INDICATES DATA IS MISSING.
T  INDICATES TRACE AMOUNT.




$$
