000
CDUS46 KOTX 290822
CLIEPH


CLIMATE REPORT
NATIONAL WEATHER SERVICE SPOKANE, WA
121 AM PDT WED MAR 29 2017


...................................

...THE EPHRATA WA AIRPORT CLIMATE SUMMARY FOR MARCH 28 2017...

CLIMATE NORMAL PERIOD 1981 TO 2010
CLIMATE RECORD PERIOD 9999 TO 9999


WEATHER ITEM   OBSERVED TIME   RECORD YEAR NORMAL DEPARTURE LAST
                VALUE   (LST)  VALUE       VALUE  FROM      YEAR
                                                  NORMAL
..................................................................
TEMPERATURE (F)
 YESTERDAY
  MAXIMUM         56    335 PM  74    1994  58     -2       56
  MINIMUM         36    305 AM  21    1954  35      1       37
  AVERAGE         46                        46      0       47

PRECIPITATION (IN)
  YESTERDAY        T             0.27 1978   0.02  -0.02      T
  MONTH TO DATE    0.92                      0.62   0.30     1.60
  SINCE OCT 1      6.79                      5.10   1.69     6.34
  SINCE JAN 1      3.19                      2.27   0.92     3.62

SNOWFALL (IN)
  YESTERDAY       MM

DEGREE DAYS
 HEATING
  YESTERDAY       19                        19      0       18
  MONTH TO DATE  635                       630      5      567
  SINCE MAR 1    635                       630      5      567
  SINCE JUL 1   5413                      5203    210     4520

 COOLING
  YESTERDAY        0                         0      0        0
  MONTH TO DATE    0                         0      0        0
  SINCE MAR 1      0                         0      0        0
  SINCE JAN 1      0                         0      0        0
..................................................................


WIND (MPH)
  HIGHEST WIND SPEED    21   HIGHEST WIND DIRECTION    SW (210)
  HIGHEST GUST SPEED    24   HIGHEST GUST DIRECTION    SW (220)
  AVERAGE WIND SPEED     8.6


SKY COVER
  POSSIBLE SUNSHINE  MM
  AVERAGE SKY COVER 0.8


WEATHER CONDITIONS
 THE FOLLOWING WEATHER WAS RECORDED YESTERDAY.
  LIGHT RAIN


RELATIVE HUMIDITY (PERCENT)
 HIGHEST    76           300 AM
 LOWEST     43           400 PM
 AVERAGE    60

..........................................................


THE EPHRATA WA AIRPORT CLIMATE NORMALS FOR TODAY
                         NORMAL    RECORD    YEAR
 MAXIMUM TEMPERATURE (F)   58        73      1994
 MINIMUM TEMPERATURE (F)   35        23      1987


SUNRISE AND SUNSET
MARCH 29 2017.........SUNRISE   642 AM PDT   SUNSET   724 PM PDT
MARCH 30 2017.........SUNRISE   640 AM PDT   SUNSET   725 PM PDT


-  INDICATES NEGATIVE NUMBERS.
R  INDICATES RECORD WAS SET OR TIED.
MM INDICATES DATA IS MISSING.
T  INDICATES TRACE AMOUNT.




$$
