000
CDUS41 KCLE 270545
CLIERI


CLIMATE REPORT
NATIONAL WEATHER SERVICE CLEVELAND OH
145 AM EDT TUE JUN 27 2017


...................................

...THE ERIE PA CLIMATE SUMMARY FOR JUNE 26 2017...

CLIMATE NORMAL PERIOD 1981 TO 2010
CLIMATE RECORD PERIOD 1873 TO 2017


WEATHER ITEM   OBSERVED TIME   RECORD YEAR NORMAL DEPARTURE LAST
                VALUE   (LST)  VALUE       VALUE  FROM      YEAR
                                                  NORMAL
..................................................................
TEMPERATURE (F)
 YESTERDAY
  MAXIMUM         69    553 PM  92    2016  78     -9       92
                                      1952
  MINIMUM         55    511 AM  46    2004  61     -6       70
  AVERAGE         62                        70     -8       81

PRECIPITATION (IN)
  YESTERDAY        0.05                      0.13  -0.08     0.20
  MONTH TO DATE    7.42                      3.27   4.15     1.27
  SINCE JUN 1      7.42                      3.27   4.15     1.27
  SINCE JAN 1     27.41                     18.33   9.08    14.04

SNOWFALL (IN)
  YESTERDAY        0.0                       0.0    0.0      0.0
  MONTH TO DATE    0.0                       0.0    0.0      0.0
  SINCE JUN 1      0.0                       0.0    0.0      0.0
  SINCE JUL 1     78.6                     100.9  -22.3     71.2
  SNOW DEPTH       0

DEGREE DAYS
 HEATING
  YESTERDAY        3                         1      2        0
  MONTH TO DATE   42                        58    -16       40
  SINCE JUN 1     42                        58    -16       40
  SINCE JUL 1   5099                      6144  -1045     5210

 COOLING
  YESTERDAY        0                         6     -6       16
  MONTH TO DATE  127                        99     28      130
  SINCE JUN 1    127                        99     28      130
  SINCE JAN 1    171                       138     33      205
..................................................................


WIND (MPH)
  HIGHEST WIND SPEED    23   HIGHEST WIND DIRECTION    SW (240)
  HIGHEST GUST SPEED    32   HIGHEST GUST DIRECTION    SW (220)
  AVERAGE WIND SPEED    10.1


SKY COVER
  POSSIBLE SUNSHINE  MM
  AVERAGE SKY COVER 0.3


WEATHER CONDITIONS
 THE FOLLOWING WEATHER WAS RECORDED YESTERDAY.
  THUNDERSTORM
  LIGHT RAIN


RELATIVE HUMIDITY (PERCENT)
 HIGHEST    83           500 AM
 LOWEST     44           600 PM
 AVERAGE    64

..........................................................


THE ERIE PA CLIMATE NORMALS FOR TODAY
                         NORMAL    RECORD    YEAR
 MAXIMUM TEMPERATURE (F)   79        95      1944
 MINIMUM TEMPERATURE (F)   62        47      1981


SUNRISE AND SUNSET
JUNE 27 2017..........SUNRISE   547 AM EDT   SUNSET   901 PM EDT
JUNE 28 2017..........SUNRISE   547 AM EDT   SUNSET   901 PM EDT


-  INDICATES NEGATIVE NUMBERS.
R  INDICATES RECORD WAS SET OR TIED.
MM INDICATES DATA IS MISSING.
T  INDICATES TRACE AMOUNT.




$$
