000
CDUS41 KCLE 240545
CLIERI


CLIMATE REPORT
NATIONAL WEATHER SERVICE CLEVELAND OH
145 AM EDT TUE OCT 24 2017


...................................

...THE ERIE PA CLIMATE SUMMARY FOR OCTOBER 23 2017...

CLIMATE NORMAL PERIOD 1981 TO 2010
CLIMATE RECORD PERIOD 1873 TO 2017


WEATHER ITEM   OBSERVED TIME   RECORD YEAR NORMAL DEPARTURE LAST
                VALUE   (LST)  VALUE       VALUE  FROM      YEAR
                                                  NORMAL
..................................................................
TEMPERATURE (F)
 YESTERDAY
  MAXIMUM         70    239 PM  79    1991  59     11       62
                                      1963
  MINIMUM         57   1136 PM  29    1982  43     14       52
  AVERAGE         64                        51     13       57

PRECIPITATION (IN)
  YESTERDAY        0.20                      0.12   0.08     0.61
  MONTH TO DATE    3.10                      3.08   0.02     4.01
  SINCE SEP 1      6.93                      7.69  -0.76     9.97
  SINCE JAN 1     38.30                     33.52   4.78    37.03

SNOWFALL (IN)
  YESTERDAY        0.0                       0.0    0.0      0.0
  MONTH TO DATE    0.0                       0.0    0.0      0.0
  SINCE SEP 1      0.0                       0.0    0.0      0.0
  SINCE JUL 1      0.0                       0.0    0.0      0.0
  SNOW DEPTH       0

DEGREE DAYS
 HEATING
  YESTERDAY        1                        14    -13        8
  MONTH TO DATE   86                       255   -169      129
  SINCE SEP 1    173                       361   -188      152
  SINCE JUL 1    183                       379   -196      152

 COOLING
  YESTERDAY        0                         0      0        0
  MONTH TO DATE   29                         7     22       30
  SINCE SEP 1    135                        78     57      166
  SINCE JAN 1    697                       636     61     1015
..................................................................


WIND (MPH)
  HIGHEST WIND SPEED    25   HIGHEST WIND DIRECTION    SE (140)
  HIGHEST GUST SPEED    36   HIGHEST GUST DIRECTION    SE (150)
  AVERAGE WIND SPEED    15.7


SKY COVER
  POSSIBLE SUNSHINE  MM
  AVERAGE SKY COVER 0.6


WEATHER CONDITIONS
 THE FOLLOWING WEATHER WAS RECORDED YESTERDAY.
  RAIN
  LIGHT RAIN
  FOG


RELATIVE HUMIDITY (PERCENT)
 HIGHEST    87           400 PM
 LOWEST     58          1200 AM
 AVERAGE    73

..........................................................


THE ERIE PA CLIMATE NORMALS FOR TODAY
                         NORMAL    RECORD    YEAR
 MAXIMUM TEMPERATURE (F)   58        79      1963
 MINIMUM TEMPERATURE (F)   43        27      1969


SUNRISE AND SUNSET
OCTOBER 24 2017.......SUNRISE   744 AM EDT   SUNSET   625 PM EDT
OCTOBER 25 2017.......SUNRISE   745 AM EDT   SUNSET   624 PM EDT


-  INDICATES NEGATIVE NUMBERS.
R  INDICATES RECORD WAS SET OR TIED.
MM INDICATES DATA IS MISSING.
T  INDICATES TRACE AMOUNT.




$$
