000
CDUS41 KCLE 180528
CLIERI


CLIMATE REPORT
NATIONAL WEATHER SERVICE CLEVELAND OH
1228 AM EST THU JAN 18 2018


...................................

...THE ERIE PA CLIMATE SUMMARY FOR JANUARY 17 2018...

CLIMATE NORMAL PERIOD 1981 TO 2010
CLIMATE RECORD PERIOD 1873 TO 2018


WEATHER ITEM   OBSERVED TIME   RECORD YEAR NORMAL DEPARTURE LAST
                VALUE   (LST)  VALUE       VALUE  FROM      YEAR
                                                  NORMAL
..................................................................
TEMPERATURE (F)
 YESTERDAY
  MAXIMUM         18    441 PM  58    2017  34    -16       58
                                      1952
                                      1913
  MINIMUM          4    615 AM -15    1982  21    -17       37
  AVERAGE         11                        27    -16       48

PRECIPITATION (IN)
  YESTERDAY        T                         0.10  -0.10     0.57
  MONTH TO DATE    1.66                      1.74  -0.08     3.43
  SINCE DEC 1      9.21                      5.48   3.73     7.31
  SINCE JAN 1      1.66                      1.74  -0.08     3.43

SNOWFALL (IN)
  YESTERDAY        0.3                       1.0   -0.7      0.0
  MONTH TO DATE   16.7                      17.3   -0.6     20.2
  SINCE DEC 1    138.0                      44.8   93.2     42.4
  SINCE JUL 1    138.5                      53.5   85.0     44.8
  SNOW DEPTH       3

DEGREE DAYS
 HEATING
  YESTERDAY       54                        38     16       17
  MONTH TO DATE  758                       638    120      586
  SINCE DEC 1   1887                      1650    237     1579
  SINCE JUL 1   2884                      2806     78     2359

 COOLING
  YESTERDAY        0                         0      0        0
  MONTH TO DATE    0                         0      0        0
  SINCE DEC 1      0                         0      0        0
  SINCE JAN 1      0                         0      0        0
..................................................................


WIND (MPH)
  HIGHEST WIND SPEED    21   HIGHEST WIND DIRECTION     S (200)
  HIGHEST GUST SPEED    28   HIGHEST GUST DIRECTION     S (200)
  AVERAGE WIND SPEED    11.8


SKY COVER
  POSSIBLE SUNSHINE  MM
  AVERAGE SKY COVER 0.7


WEATHER CONDITIONS
 THE FOLLOWING WEATHER WAS RECORDED YESTERDAY.
  LIGHT SNOW
  FOG
  HAZE


RELATIVE HUMIDITY (PERCENT)
 HIGHEST    80           800 AM
 LOWEST     67           300 PM
 AVERAGE    74

..........................................................


THE ERIE PA CLIMATE NORMALS FOR TODAY
                         NORMAL    RECORD    YEAR
 MAXIMUM TEMPERATURE (F)   34        65      1929
 MINIMUM TEMPERATURE (F)   20       -10      1994


SUNRISE AND SUNSET
JANUARY 18 2018.......SUNRISE   745 AM EST   SUNSET   518 PM EST
JANUARY 19 2018.......SUNRISE   744 AM EST   SUNSET   519 PM EST


-  INDICATES NEGATIVE NUMBERS.
R  INDICATES RECORD WAS SET OR TIED.
MM INDICATES DATA IS MISSING.
T  INDICATES TRACE AMOUNT.




$$
