193
CDUS41 KCLE 262115
CLIERI


CLIMATE REPORT
NATIONAL WEATHER SERVICE CLEVELAND OH
514 PM EDT MON SEP 26 2016


...................................

...THE ERIE PA CLIMATE SUMMARY FOR SEPTEMBER 26 2016...
VALID TODAY AS OF 0500 PM LOCAL TIME.

CLIMATE NORMAL PERIOD 1981 TO 2010
CLIMATE RECORD PERIOD 1873 TO 2016


WEATHER ITEM   OBSERVED TIME   RECORD YEAR NORMAL DEPARTURE LAST
                VALUE   (LST)  VALUE       VALUE  FROM      YEAR
                                                  NORMAL
..................................................................
TEMPERATURE (F)
 TODAY
  MAXIMUM         67    946 AM  89    1998  68     -1       74
  MINIMUM         57   1252 AM  36    1957  52      5       56
  AVERAGE         62                        60      2       65

PRECIPITATION (IN)
  TODAY            0.37                      0.17   0.20     0.00
  MONTH TO DATE    4.84                      3.94   0.90     4.56
  SINCE SEP 1      4.84                      3.94   0.90     4.56
  SINCE JAN 1     31.90                     29.77   2.13    28.27

SNOWFALL (IN)
  TODAY            0.0                       0.0    0.0      0.0
  MONTH TO DATE    0.0                       0.0    0.0      0.0
  SINCE SEP 1      0.0                       0.0    0.0      0.0
  SINCE JUL 1      0.0                       0.0    0.0      0.0
  SNOW DEPTH       0

DEGREE DAYS
 HEATING
  TODAY            3                         6     -3        0
  MONTH TO DATE   19                        77    -58       26
  SINCE SEP 1     19                        77    -58       26
  SINCE JUL 1     19                        95    -76       44

 COOLING
  TODAY            0                         1     -1        0
  MONTH TO DATE  135                        66     69      153
  SINCE SEP 1    135                        66     69      153
  SINCE JAN 1    984                       624    360      759
..................................................................


WIND (MPH)
  HIGHEST WIND SPEED    21   HIGHEST WIND DIRECTION     S (160)
  HIGHEST GUST SPEED    29   HIGHEST GUST DIRECTION     S (160)


SKY COVER
  POSSIBLE SUNSHINE  MM
  AVERAGE SKY COVER 0.5


WEATHER CONDITIONS
 THE FOLLOWING WEATHER WAS RECORDED TODAY.
  THUNDERSTORM
  HEAVY RAIN
  RAIN
  LIGHT RAIN
  FOG


RELATIVE HUMIDITY (PERCENT)
 HIGHEST    90          1100 AM
 LOWEST     52           900 AM
 AVERAGE    71

..........................................................


THE ERIE PA CLIMATE NORMALS FOR TOMORROW
                         NORMAL    RECORD    YEAR
 MAXIMUM TEMPERATURE (F)   68        85      1923
                                             1916
 MINIMUM TEMPERATURE (F)   52        33      1957


SUNRISE AND SUNSET
SEPTEMBER 26 2016.....SUNRISE   713 AM EDT   SUNSET   710 PM EDT
SEPTEMBER 27 2016.....SUNRISE   714 AM EDT   SUNSET   708 PM EDT


-  INDICATES NEGATIVE NUMBERS.
R  INDICATES RECORD WAS SET OR TIED.
MM INDICATES DATA IS MISSING.
T  INDICATES TRACE AMOUNT.




$$
