000
CDUS46 KPQR 022321
CLIEUG


CLIMATE REPORT
NATIONAL WEATHER SERVICE PORTLAND OREGON
421 PM PDT WED SEP 2 2015


...................................

...THE EUGENE OR CLIMATE SUMMARY FOR SEPTEMBER 2 2015...
VALID TODAY AS OF 0400 PM LOCAL TIME.

CLIMATE NORMAL PERIOD 1981 TO 2010
CLIMATE RECORD PERIOD 1892 TO 2015


WEATHER ITEM   OBSERVED TIME   RECORD YEAR NORMAL DEPARTURE LAST
                VALUE   (LST)  VALUE       VALUE  FROM      YEAR
                                                  NORMAL
..................................................................
TEMPERATURE (F)
 TODAY
  MAXIMUM         70    215 PM 103    1988  80    -10       82
  MINIMUM         57    637 AM  38    1999  50      7       53
  AVERAGE         64                        65     -1       68

PRECIPITATION (IN)
  TODAY            0.18          0.72 1979   0.03   0.15     0.00
  MONTH TO DATE    0.19                      0.06   0.13     0.00
  SINCE OCT 1     29.88                     44.87 -14.99    27.19
  SINCE JAN 1     12.83                     26.07 -13.24    23.00

SNOWFALL (IN)
  TODAY            0.0
  MONTH TO DATE    0.0
  SINCE SEP 1      0.0
  SINCE JUL 1      0.0

DEGREE DAYS
 HEATING
  TODAY            1                         2     -1        0
  MONTH TO DATE    1                         4     -3        0
  SINCE SEP 1      1                         4     -3        0
  SINCE JUL 1      8                        71    -63        7

 COOLING
  TODAY            0                         2     -2        3
  MONTH TO DATE    3                         4     -1        4
  SINCE SEP 1      3                         4     -1        4
  SINCE JAN 1    495                       212    283      412
..................................................................


WIND (MPH)
  HIGHEST WIND SPEED    15   HIGHEST WIND DIRECTION     W (290)
  HIGHEST GUST SPEED    19   HIGHEST GUST DIRECTION     W (290)
  AVERAGE WIND SPEED     6.3


SKY COVER
  POSSIBLE SUNSHINE  MM
  AVERAGE SKY COVER 0.8


WEATHER CONDITIONS
 THE FOLLOWING WEATHER WAS RECORDED TODAY.
  LIGHT RAIN


RELATIVE HUMIDITY (PERCENT)
 HIGHEST    93          1200 AM
 LOWEST     53           300 PM
 AVERAGE    73

..........................................................


THE EUGENE OR CLIMATE NORMALS FOR TOMORROW
                         NORMAL    RECORD    YEAR
 MAXIMUM TEMPERATURE (F)   80        96      1949
 MINIMUM TEMPERATURE (F)   49        39      2008
                                             1932


SUNRISE AND SUNSET
SEPTEMBER  2 2015.....SUNRISE   637 AM PDT   SUNSET   747 PM PDT
SEPTEMBER  3 2015.....SUNRISE   638 AM PDT   SUNSET   746 PM PDT


-  INDICATES NEGATIVE NUMBERS.
R  INDICATES RECORD WAS SET OR TIED.
MM INDICATES DATA IS MISSING.
T  INDICATES TRACE AMOUNT.




$$
