000
CDUS46 KPQR 191146
CLIEUG


CLIMATE REPORT
NATIONAL WEATHER SERVICE PORTLAND OREGON
345 AM PST FRI DEC 19 2014


...................................

...THE EUGENE OR CLIMATE SUMMARY FOR DECEMBER 18 2014...

CLIMATE NORMAL PERIOD 1981 TO 2010
CLIMATE RECORD PERIOD 1892 TO 2014


WEATHER ITEM   OBSERVED TIME   RECORD YEAR NORMAL DEPARTURE LAST
                VALUE   (LST)  VALUE       VALUE  FROM      YEAR
                                                  NORMAL
..................................................................
TEMPERATURE (F)
 YESTERDAY
  MAXIMUM         56    302 PM  64    1931  45     11       41
  MINIMUM         40    219 AM   2    1924  33      7       33
  AVERAGE         48                        39      9       37

PRECIPITATION (IN)
  YESTERDAY        0.23          1.25 1929   0.25  -0.02     0.04
  MONTH TO DATE    3.34                      4.81  -1.47     1.37
  SINCE OCT 1     13.32                     15.78  -2.46     4.08
  SINCE JAN 1     37.57                     43.08  -5.51    21.08

SNOWFALL (IN)
  YESTERDAY       MM
  MONTH TO DATE    0.0
  SINCE DEC 1      0.0
  SINCE JUL 1      0.0

DEGREE DAYS
 HEATING
  YESTERDAY       17                        26     -9       28
  MONTH TO DATE  364                       449    -85      638
  SINCE DEC 1    364                       449    -85      638
  SINCE JUL 1   1176                      1622   -446     1814

 COOLING
  YESTERDAY        0                         0      0        0
  MONTH TO DATE    0                         0      0        0
  SINCE DEC 1      0                         0      0        0
  SINCE JAN 1    475                       239    236      411
..................................................................


WIND (MPH)
  HIGHEST WIND SPEED    18   HIGHEST WIND DIRECTION    SW (240)
  HIGHEST GUST SPEED    23   HIGHEST GUST DIRECTION    SW (240)
  AVERAGE WIND SPEED     7.1


SKY COVER
  POSSIBLE SUNSHINE  MM
  AVERAGE SKY COVER 1.0


WEATHER CONDITIONS
 THE FOLLOWING WEATHER WAS RECORDED YESTERDAY.
  LIGHT RAIN
  FOG


RELATIVE HUMIDITY (PERCENT)
 HIGHEST   100           200 AM
 LOWEST     77          1100 AM
 AVERAGE    89

..........................................................


THE EUGENE OR CLIMATE NORMALS FOR TODAY
                         NORMAL    RECORD    YEAR
 MAXIMUM TEMPERATURE (F)   45        64      1940
 MINIMUM TEMPERATURE (F)   33         4      1924


SUNRISE AND SUNSET
DECEMBER 19 2014......SUNRISE   744 AM PST   SUNSET   436 PM PST
DECEMBER 20 2014......SUNRISE   744 AM PST   SUNSET   437 PM PST


-  INDICATES NEGATIVE NUMBERS.
R  INDICATES RECORD WAS SET OR TIED.
MM INDICATES DATA IS MISSING.
T  INDICATES TRACE AMOUNT.




$$
