000
CDUS46 KPQR 310222
CLIEUG


CLIMATE REPORT
NATIONAL WEATHER SERVICE PORTLAND OREGON
622 PM PST FRI JAN 30 2015


...................................

...THE EUGENE OR CLIMATE SUMMARY FOR JANUARY 30 2015...
VALID TODAY AS OF 0600 PM LOCAL TIME.

CLIMATE NORMAL PERIOD 1981 TO 2010
CLIMATE RECORD PERIOD 1892 TO 2015


WEATHER ITEM   OBSERVED TIME   RECORD YEAR NORMAL DEPARTURE LAST
                VALUE   (LST)  VALUE       VALUE  FROM      YEAR
                                                  NORMAL
..................................................................
TEMPERATURE (F)
 TODAY
  MAXIMUM         50    311 PM  65    1995  49      1       52
                                      1971
  MINIMUM         32    521 AM   0    1950  35     -3       34
  AVERAGE         41                        42     -1       43

PRECIPITATION (IN)
  TODAY            0.00          1.57 1961   0.20  -0.20     0.00
  MONTH TO DATE    2.38                      6.67  -4.29     2.50
  SINCE OCT 1     19.43                     25.47  -6.04     6.69
  SINCE JAN 1      2.38                      6.67  -4.29     2.50

SNOWFALL (IN)
  TODAY            0.0
  MONTH TO DATE    0.0
  SINCE DEC 1      0.0
  SINCE JUL 1      0.0

DEGREE DAYS
 HEATING
  TODAY           24                        23      1       22
  MONTH TO DATE  630                       729    -99      755
  SINCE DEC 1   1263                      1513   -250     1725
  SINCE JUL 1   2075                      2686   -611     2901

 COOLING
  TODAY            0                         0      0        0
  MONTH TO DATE    0                         0      0        0
  SINCE DEC 1      0                         0      0        0
  SINCE JAN 1      0                         0      0        0
..................................................................


WIND (MPH)
  HIGHEST WIND SPEED    10   HIGHEST WIND DIRECTION     N (10)
  HIGHEST GUST SPEED    13   HIGHEST GUST DIRECTION     N (360)
  AVERAGE WIND SPEED     3.5


SKY COVER
  POSSIBLE SUNSHINE  MM
  AVERAGE SKY COVER 0.8


WEATHER CONDITIONS
 THE FOLLOWING WEATHER WAS RECORDED TODAY.
  FOG
  FOG W/VISIBILITY <= 1/4 MILE
  HAZE


RELATIVE HUMIDITY (PERCENT)
 HIGHEST   100          1000 AM
 LOWEST     80           300 PM
 AVERAGE    90

..........................................................


THE EUGENE OR CLIMATE NORMALS FOR TOMORROW
                         NORMAL    RECORD    YEAR
 MAXIMUM TEMPERATURE (F)   49        66      1934
 MINIMUM TEMPERATURE (F)   35        -3      1950


SUNRISE AND SUNSET
JANUARY 30 2015.......SUNRISE   733 AM PST   SUNSET   520 PM PST
JANUARY 31 2015.......SUNRISE   732 AM PST   SUNSET   521 PM PST


-  INDICATES NEGATIVE NUMBERS.
R  INDICATES RECORD WAS SET OR TIED.
MM INDICATES DATA IS MISSING.
T  INDICATES TRACE AMOUNT.




$$
