000
CDUS46 KPQR 191142
CLIEUG


CLIMATE REPORT
NATIONAL WEATHER SERVICE PORTLAND OREGON
442 AM PDT TUE SEP 19 2017


...................................

...THE EUGENE OR CLIMATE SUMMARY FOR SEPTEMBER 18 2017...

CLIMATE NORMAL PERIOD 1981 TO 2010
CLIMATE RECORD PERIOD 1892 TO 2017


WEATHER ITEM   OBSERVED TIME   RECORD YEAR NORMAL DEPARTURE LAST
                VALUE   (LST)  VALUE       VALUE  FROM      YEAR
                                                  NORMAL
..................................................................
TEMPERATURE (F)
 YESTERDAY
  MAXIMUM         65    105 PM  91    1991  77    -12       74
  MINIMUM         51    525 AM  34    1988  47      4       47
  AVERAGE         58                        62     -4       61

PRECIPITATION (IN)
  YESTERDAY        0.26          0.81 1968   0.04   0.22     0.03
  MONTH TO DATE    0.36                      0.67  -0.31     0.76
  SINCE OCT 1     45.56                     45.48   0.08    40.56
  SINCE JAN 1     25.97                     26.68  -0.71    21.72

SNOWFALL (IN)
  YESTERDAY        0.0
  MONTH TO DATE    0.0
  SINCE SEP 1      0.0
  SINCE JUL 1      0.0

DEGREE DAYS
 HEATING
  YESTERDAY        7                         4      3        4
  MONTH TO DATE   26                        51    -25       43
  SINCE SEP 1     26                        51    -25       43
  SINCE JUL 1     42                       118    -76       66

 COOLING
  YESTERDAY        0                         1     -1        0
  MONTH TO DATE   71                        25     46        6
  SINCE SEP 1     71                        25     46        6
  SINCE JAN 1    373                       233    140      319
..................................................................


WIND (MPH)
  HIGHEST WIND SPEED    24   HIGHEST WIND DIRECTION    SW (210)
  HIGHEST GUST SPEED    31   HIGHEST GUST DIRECTION    SW (240)
  AVERAGE WIND SPEED    11.5


SKY COVER
  POSSIBLE SUNSHINE  MM
  AVERAGE SKY COVER 0.8


WEATHER CONDITIONS
 THE FOLLOWING WEATHER WAS RECORDED YESTERDAY.
  RAIN
  LIGHT RAIN
  FOG


RELATIVE HUMIDITY (PERCENT)
 HIGHEST   100           500 AM
 LOWEST     52           100 PM
 AVERAGE    76

..........................................................


THE EUGENE OR CLIMATE NORMALS FOR TODAY
                         NORMAL    RECORD    YEAR
 MAXIMUM TEMPERATURE (F)   76        93      1974
 MINIMUM TEMPERATURE (F)   46        35      1947


SUNRISE AND SUNSET
SEPTEMBER 19 2017.....SUNRISE   657 AM PDT   SUNSET   715 PM PDT
SEPTEMBER 20 2017.....SUNRISE   658 AM PDT   SUNSET   713 PM PDT


-  INDICATES NEGATIVE NUMBERS.
R  INDICATES RECORD WAS SET OR TIED.
MM INDICATES DATA IS MISSING.
T  INDICATES TRACE AMOUNT.




$$
