000
CDUS46 KPQR 171141
CLIEUG


CLIMATE REPORT
NATIONAL WEATHER SERVICE PORTLAND OREGON
340 AM PST SUN DEC 17 2017


...................................

...THE EUGENE OR CLIMATE SUMMARY FOR DECEMBER 16 2017...

CLIMATE NORMAL PERIOD 1981 TO 2010
CLIMATE RECORD PERIOD 1892 TO 2017


WEATHER ITEM   OBSERVED TIME   RECORD YEAR NORMAL DEPARTURE LAST
                VALUE   (LST)  VALUE       VALUE  FROM      YEAR
                                                  NORMAL
..................................................................
TEMPERATURE (F)
 YESTERDAY
  MAXIMUM         45    404 PM  61    1974  45      0       34
  MINIMUM         26    113 AM  10    2008  34     -8       22
  AVERAGE         36                        39     -3       28

PRECIPITATION (IN)
  YESTERDAY        0.00          1.58 1977   0.25  -0.25     0.00
  MONTH TO DATE    0.58                      4.32  -3.74     4.22
  SINCE OCT 1     12.12                     15.29  -3.17    18.71
  SINCE JAN 1     38.78                     42.59  -3.81    40.45

SNOWFALL (IN)
  YESTERDAY        0.0
  MONTH TO DATE    0.0
  SINCE DEC 1      0.0
  SINCE JUL 1      0.0

DEGREE DAYS
 HEATING
  YESTERDAY       29                        26      3       37
  MONTH TO DATE  486                       397     89      438
  SINCE DEC 1    486                       397     89      438
  SINCE JUL 1   1615                      1570     45     1271

 COOLING
  YESTERDAY        0                         0      0        0
  MONTH TO DATE    0                         0      0        0
  SINCE DEC 1      0                         0      0        0
  SINCE JAN 1    376                       239    137      325
..................................................................


WIND (MPH)
  HIGHEST WIND SPEED     8   HIGHEST WIND DIRECTION    SW (210)
  HIGHEST GUST SPEED     9   HIGHEST GUST DIRECTION    SW (210)
  AVERAGE WIND SPEED     3.6


SKY COVER
  POSSIBLE SUNSHINE  MM
  AVERAGE SKY COVER 0.7


WEATHER CONDITIONS
 THE FOLLOWING WEATHER WAS RECORDED YESTERDAY.
  FOG
  FOG W/VISIBILITY <= 1/4 MILE


RELATIVE HUMIDITY (PERCENT)
 HIGHEST   100          1200 AM
 LOWEST     83           200 PM
 AVERAGE    92

..........................................................


THE EUGENE OR CLIMATE NORMALS FOR TODAY
                         NORMAL    RECORD    YEAR
 MAXIMUM TEMPERATURE (F)   45        68      1979
 MINIMUM TEMPERATURE (F)   33        10      2008
                                             1964
                                             1924


SUNRISE AND SUNSET
DECEMBER 17 2017......SUNRISE   743 AM PST   SUNSET   436 PM PST
DECEMBER 18 2017......SUNRISE   743 AM PST   SUNSET   436 PM PST


-  INDICATES NEGATIVE NUMBERS.
R  INDICATES RECORD WAS SET OR TIED.
MM INDICATES DATA IS MISSING.
T  INDICATES TRACE AMOUNT.




$$
