000
CDUS46 KPQR 181141
CLIEUG


CLIMATE REPORT
NATIONAL WEATHER SERVICE PORTLAND OREGON
440 AM PDT FRI APR 18 2014


...................................

...THE EUGENE OR CLIMATE SUMMARY FOR APRIL 17 2014...

CLIMATE NORMAL PERIOD 1981 TO 2010
CLIMATE RECORD PERIOD 1892 TO 2014


WEATHER ITEM   OBSERVED TIME   RECORD YEAR NORMAL DEPARTURE LAST
                VALUE   (LST)  VALUE       VALUE  FROM      YEAR
                                                  NORMAL
..................................................................
TEMPERATURE (F)
 YESTERDAY
  MAXIMUM         56    346 PM  80    1939  61     -5       60
  MINIMUM         41   1159 PM  29    1977  40      1       33
                                      1964
  AVERAGE         49                        50     -1       47

PRECIPITATION (IN)
  YESTERDAY        0.43          0.86 1919   0.10   0.33     0.00
  MONTH TO DATE    0.57                      2.06  -1.49     1.33
  SINCE OCT 1     21.84                     38.15 -16.31    25.76
  SINCE JAN 1     17.65                     19.35  -1.70     6.42

SNOWFALL (IN)
  YESTERDAY       MM
  MONTH TO DATE    0.0
  SINCE MAR 1      0.0
  SINCE JUL 1     15.7

DEGREE DAYS
 HEATING
  YESTERDAY       16                        15      1       18
  MONTH TO DATE  202                       267    -65      254
  SINCE MAR 1    687                       836   -149      785
  SINCE JUL 1   4254                      4163     91     3877

 COOLING
  YESTERDAY        0                         0      0        0
  MONTH TO DATE    0                         0      0        0
  SINCE MAR 1      0                         0      0        0
  SINCE JAN 1      0                         0      0        0
..................................................................


WIND (MPH)
  HIGHEST WIND SPEED    18   HIGHEST WIND DIRECTION     S (180)
  HIGHEST GUST SPEED    22   HIGHEST GUST DIRECTION     S (180)
  AVERAGE WIND SPEED     6.3


SKY COVER
  POSSIBLE SUNSHINE  MM
  AVERAGE SKY COVER 0.9


WEATHER CONDITIONS
 THE FOLLOWING WEATHER WAS RECORDED YESTERDAY.
  LIGHT RAIN
  FOG


RELATIVE HUMIDITY (PERCENT)
 HIGHEST    93           800 AM
 LOWEST     71          1200 AM
 AVERAGE    82

..........................................................


THE EUGENE OR CLIMATE NORMALS FOR TODAY
                         NORMAL    RECORD    YEAR
 MAXIMUM TEMPERATURE (F)   61        84      1934
 MINIMUM TEMPERATURE (F)   40        29      1982


SUNRISE AND SUNSET
APRIL 18 2014.........SUNRISE   624 AM PDT   SUNSET   801 PM PDT
APRIL 19 2014.........SUNRISE   623 AM PDT   SUNSET   802 PM PDT


-  INDICATES NEGATIVE NUMBERS.
R  INDICATES RECORD WAS SET OR TIED.
MM INDICATES DATA IS MISSING.
T  INDICATES TRACE AMOUNT.




$$
