000
CDUS46 KPQR 300227
CLIEUG


CLIMATE REPORT
NATIONAL WEATHER SERVICE PORTLAND OREGON
727 PM PDT WED JUL 29 2015


...................................

...THE EUGENE OR CLIMATE SUMMARY FOR JULY 29 2015...
VALID TODAY AS OF 0700 PM LOCAL TIME.

CLIMATE NORMAL PERIOD 1981 TO 2010
CLIMATE RECORD PERIOD 1892 TO 2015


WEATHER ITEM   OBSERVED TIME   RECORD YEAR NORMAL DEPARTURE LAST
                VALUE   (LST)  VALUE       VALUE  FROM      YEAR
                                                  NORMAL
..................................................................
TEMPERATURE (F)
 TODAY
  MAXIMUM        100    419 PM 105    2009  84     16       95
  MINIMUM         56    549 AM  42    1956  52      4       55
  AVERAGE         78                        68     10       75

PRECIPITATION (IN)
  TODAY            0.00          0.32 2001   0.01  -0.01     0.00
  MONTH TO DATE    0.05                      0.52  -0.47     0.33
  SINCE OCT 1     29.46                     44.18 -14.72    26.96
  SINCE JAN 1     12.41                     25.38 -12.97    22.77

SNOWFALL (IN)
  TODAY            0.0
  MONTH TO DATE    0.0
  SINCE JUN 1      0.0
  SINCE JUL 1      0.0

DEGREE DAYS
 HEATING
  TODAY            0                         1     -1        0
  MONTH TO DATE    5                        38    -33        6
  SINCE JUN 1     46                       195   -149      113
  SINCE JUL 1      5                        38    -33        6

 COOLING
  TODAY           13                         4      9       10
  MONTH TO DATE  182                        89     93      174
  SINCE JUN 1    295                       108    187      180
  SINCE JAN 1    300                       113    187      183
..................................................................


WIND (MPH)
  HIGHEST WIND SPEED    20   HIGHEST WIND DIRECTION     N (20)
  HIGHEST GUST SPEED    24   HIGHEST GUST DIRECTION     N (10)
  AVERAGE WIND SPEED    10.2


SKY COVER
  POSSIBLE SUNSHINE  MM
  AVERAGE SKY COVER 0.0


WEATHER CONDITIONS
 THE FOLLOWING WEATHER WAS RECORDED TODAY.
  NO SIGNIFICANT WEATHER WAS OBSERVED.


RELATIVE HUMIDITY (PERCENT)
 HIGHEST    67           500 AM
 LOWEST     14           400 PM
 AVERAGE    41

..........................................................


THE EUGENE OR CLIMATE NORMALS FOR TOMORROW
                         NORMAL    RECORD    YEAR
 MAXIMUM TEMPERATURE (F)   84        99      2003
                                             1992
 MINIMUM TEMPERATURE (F)   52        42      1956
                                             1917


SUNRISE AND SUNSET
JULY 29 2015..........SUNRISE   557 AM PDT   SUNSET   841 PM PDT
JULY 30 2015..........SUNRISE   558 AM PDT   SUNSET   840 PM PDT


-  INDICATES NEGATIVE NUMBERS.
R  INDICATES RECORD WAS SET OR TIED.
MM INDICATES DATA IS MISSING.
T  INDICATES TRACE AMOUNT.




$$
