583
CDUS43 KPAH 250628
CLIEVV


CLIMATE REPORT
NATIONAL WEATHER SERVICE PADUCAH KY
127 AM CDT SAT MAR 25 2017

...................................

...THE EVANSVILLE IN CLIMATE SUMMARY FOR MARCH 24 2017...

CLIMATE NORMAL PERIOD 1981 TO 2010
CLIMATE RECORD PERIOD 1896 TO 2017

WEATHER ITEM   OBSERVED TIME   RECORD YEAR NORMAL DEPARTURE LAST
                VALUE   (LST)  VALUE       VALUE  FROM      YEAR
                                                  NORMAL
..................................................................
TEMPERATURE (F)
 YESTERDAY
  MAXIMUM         76    316 PM  87    1929  60     16       65
  MINIMUM         52   1227 AM   7    1974  38     14       38
  AVERAGE         64                        49     15       52

PRECIPITATION (IN)
  YESTERDAY        0.00          1.48 1978   0.15  -0.15     0.78
  MONTH TO DATE    2.79                      3.21  -0.42     4.73
  SINCE MAR 1      2.79                      3.21  -0.42     4.73
  SINCE JAN 1      6.06                      9.48  -3.42    11.07

SNOWFALL (IN)
  YESTERDAY        0.0           3.6  1990   0.0    0.0      0.0
  MONTH TO DATE    1.0                       0.9    0.1       T
  SINCE MAR 1      1.0                       0.9    0.1       T
  SINCE JUL 1      1.4                      11.6  -10.2     14.2
  SNOW DEPTH       0

DEGREE DAYS
 HEATING
  YESTERDAY        1                        16    -15       13
  MONTH TO DATE  456                       484    -28      325
  SINCE MAR 1    456                       484    -28      325
  SINCE JUL 1   3155                      4058   -903     3143

 COOLING
  YESTERDAY        0                         0      0        0
  MONTH TO DATE    0                         0      0        1
  SINCE MAR 1      0                         0      0        1
  SINCE JAN 1      0                         0      0        1
..................................................................

WIND (MPH)
  HIGHEST WIND SPEED    30   HIGHEST WIND DIRECTION    SW (210)
  HIGHEST GUST SPEED    39   HIGHEST GUST DIRECTION    SW (220)
  AVERAGE WIND SPEED    12.5

SKY COVER
  AVERAGE SKY COVER 0.3

WEATHER CONDITIONS
 THE FOLLOWING WEATHER WAS RECORDED YESTERDAY.
  NO SIGNIFICANT WEATHER WAS OBSERVED.

RELATIVE HUMIDITY (PERCENT)
 HIGHEST    77
 LOWEST     46
 AVERAGE    62
..........................................................

THE EVANSVILLE IN CLIMATE NORMALS FOR TODAY
                         NORMAL    RECORD    YEAR
 MAXIMUM TEMPERATURE (F)   60        82      2007
                                             1929
                                             1907
 MINIMUM TEMPERATURE (F)   38        18      1974
                                             1955

SUNRISE AND SUNSET
MARCH 25 2017.........SUNRISE   646 AM CDT   SUNSET   707 PM CDT
MARCH 26 2017.........SUNRISE   644 AM CDT   SUNSET   708 PM CDT

-  INDICATES NEGATIVE NUMBERS.
R  INDICATES RECORD WAS SET OR TIED.
MM INDICATES DATA IS MISSING.
T  INDICATES TRACE AMOUNT.

$$
