000
CDUS43 KPAH 280637
CLIEVV


CLIMATE REPORT
NATIONAL WEATHER SERVICE PADUCAH KY
133 AM CDT SAT MAR 28 2015


...................................

...THE EVANSVILLE IN CLIMATE SUMMARY FOR MARCH 27 2015...

CLIMATE NORMAL PERIOD 1981 TO 2010
CLIMATE RECORD PERIOD 1896 TO 2015


WEATHER ITEM   OBSERVED TIME   RECORD YEAR NORMAL DEPARTURE LAST
                VALUE   (LST)  VALUE       VALUE  FROM      YEAR
                                                  NORMAL
..................................................................
TEMPERATURE (F)
 YESTERDAY
  MAXIMUM         43    916 AM  84    1910  61    -18       63
  MINIMUM         30   1159 PM  17    1955  38     -8       38
                                      1947
  AVERAGE         37                        50    -13       51

PRECIPITATION (IN)
  YESTERDAY        T             3.01 1950   0.15  -0.15     0.22
  MONTH TO DATE    6.85                      3.66   3.19     1.60
  SINCE MAR 1      6.85                      3.66   3.19     1.60
  SINCE JAN 1     12.38                      9.93   2.45     5.55

SNOWFALL (IN)
  YESTERDAY        T   R         T    1955   0.0    0.0      0.0
  MONTH TO DATE    8.5                       0.9    7.6      2.6
  SINCE MAR 1      8.5                       0.9    7.6      2.6
  SINCE JUL 1     18.5                      11.6    6.9     12.6
  SNOW DEPTH       0

DEGREE DAYS
 HEATING
  YESTERDAY       28                        15     13       14
  MONTH TO DATE  554                       531     23      649
  SINCE MAR 1    554                       531     23      649
  SINCE JUL 1   4390                      4105    285     4611

 COOLING
  YESTERDAY        0                         0      0        0
  MONTH TO DATE    0                         0      0        0
  SINCE MAR 1      0                         0      0        0
  SINCE JAN 1      0                         0      0        0
..................................................................


WIND (MPH)
  HIGHEST WIND SPEED    18   HIGHEST WIND DIRECTION    NW (330)
  HIGHEST GUST SPEED    26   HIGHEST GUST DIRECTION    NW (330)
  AVERAGE WIND SPEED     8.3


SKY COVER
  AVERAGE SKY COVER 0.5


WEATHER CONDITIONS
 THE FOLLOWING WEATHER WAS RECORDED YESTERDAY.
  LIGHT SNOW
  FOG
  HAZE


RELATIVE HUMIDITY (PERCENT)
 HIGHEST    92
 LOWEST     44
 AVERAGE    68

..........................................................


THE EVANSVILLE IN CLIMATE NORMALS FOR TODAY
                         NORMAL    RECORD    YEAR
 MAXIMUM TEMPERATURE (F)   61        84      1910
 MINIMUM TEMPERATURE (F)   39         5      1947


SUNRISE AND SUNSET
MARCH 28 2015.........SUNRISE   642 AM CDT   SUNSET   709 PM CDT
MARCH 29 2015.........SUNRISE   640 AM CDT   SUNSET   710 PM CDT


-  INDICATES NEGATIVE NUMBERS.
R  INDICATES RECORD WAS SET OR TIED.
MM INDICATES DATA IS MISSING.
T  INDICATES TRACE AMOUNT.




$$
