000
CDUS43 KPAH 200629
CLIEVV


CLIMATE REPORT
NATIONAL WEATHER SERVICE PADUCAH KY
1228 AM CST SAT DEC 20 2014

...................................

...THE EVANSVILLE IN CLIMATE SUMMARY FOR DECEMBER 19 2014...

CLIMATE NORMAL PERIOD 1981 TO 2010
CLIMATE RECORD PERIOD 1896 TO 2014

WEATHER ITEM   OBSERVED TIME   RECORD YEAR NORMAL DEPARTURE LAST
                VALUE   (LST)  VALUE       VALUE  FROM      YEAR
                                                  NORMAL
..................................................................
TEMPERATURE (F)
 YESTERDAY
  MAXIMUM         38    231 PM  67    1976  43     -5       60
  MINIMUM         30    803 AM  -9    1963  26      4       36
  AVERAGE         34                        35     -1       48

PRECIPITATION (IN)
  YESTERDAY        0.00          1.23 1957   0.12  -0.12     0.00
  MONTH TO DATE    2.45                      2.39   0.06     2.69
  SINCE DEC 1      2.45                      2.39   0.06     2.69
  SINCE JAN 1     46.23                     43.94   2.29    48.94

SNOWFALL (IN)
  YESTERDAY        0.0           0.7  1995   0.2   -0.2      0.0
  MONTH TO DATE    0.0                       1.7   -1.7      7.2
  SINCE DEC 1      0.0                       1.7   -1.7      7.2
  SINCE JUL 1      2.4                       2.0    0.4      7.2
  SNOW DEPTH       0

DEGREE DAYS
 HEATING
  YESTERDAY       31                        30      1       17
  MONTH TO DATE  472                       534    -62      576
  SINCE DEC 1    472                       534    -62      576
  SINCE JUL 1   1475                      1395     80     1490

 COOLING
  YESTERDAY        0                         0      0        0
  MONTH TO DATE    0                         0      0        0
  SINCE DEC 1      0                         0      0        0
  SINCE JAN 1   1477                      1397     80     1464
..................................................................

WIND (MPH)
  HIGHEST WIND SPEED    12   HIGHEST WIND DIRECTION     N (20)
  HIGHEST GUST SPEED    15   HIGHEST GUST DIRECTION     N (20)
  AVERAGE WIND SPEED     5.0

SKY COVER
  AVERAGE SKY COVER 0.5

WEATHER CONDITIONS
 THE FOLLOWING WEATHER WAS RECORDED YESTERDAY.
  NO SIGNIFICANT WEATHER WAS OBSERVED.

RELATIVE HUMIDITY (PERCENT)
 HIGHEST    75
 LOWEST     59
 AVERAGE    67
..........................................................

THE EVANSVILLE IN CLIMATE NORMALS FOR TODAY
                         NORMAL    RECORD    YEAR
 MAXIMUM TEMPERATURE (F)   43        68      1949
 MINIMUM TEMPERATURE (F)   26        -4      1901

SUNRISE AND SUNSET
DECEMBER 20 2014......SUNRISE   702 AM CST   SUNSET   433 PM CST
DECEMBER 21 2014......SUNRISE   703 AM CST   SUNSET   434 PM CST

-  INDICATES NEGATIVE NUMBERS.
R  INDICATES RECORD WAS SET OR TIED.
MM INDICATES DATA IS MISSING.
T  INDICATES TRACE AMOUNT.

$$
