000
CDUS43 KPAH 170633
CLIEVV


CLIMATE REPORT
NATIONAL WEATHER SERVICE PADUCAH KY
129 AM CDT THU APR 17 2014


...................................

...THE EVANSVILLE IN CLIMATE SUMMARY FOR APRIL 16 2014...

CLIMATE NORMAL PERIOD 1981 TO 2010
CLIMATE RECORD PERIOD 1896 TO 2014


WEATHER ITEM   OBSERVED TIME   RECORD YEAR NORMAL DEPARTURE LAST
                VALUE   (LST)  VALUE       VALUE  FROM      YEAR
                                                  NORMAL
..................................................................
TEMPERATURE (F)
 YESTERDAY
  MAXIMUM         55    511 PM  90    1967  68    -13       82
  MINIMUM         32    303 AM  28    1962  45    -13       60
  AVERAGE         44                        56    -12       71

PRECIPITATION (IN)
  YESTERDAY        0.00          1.60 1982   0.14  -0.14     0.10
  MONTH TO DATE    8.03                      2.17   5.86     1.58
  SINCE MAR 1     10.88                      6.41   4.47     5.66
  SINCE JAN 1     14.83                     12.68   2.15    15.19

SNOWFALL (IN)
  YESTERDAY        0.0           T    1961   0.0    0.0      0.0
  MONTH TO DATE    0.0                       0.1   -0.1      0.0
  SINCE MAR 1      2.6                       1.1    1.5       T
  SINCE JUL 1     12.6                      11.8    0.8     12.3
  SNOW DEPTH       0

DEGREE DAYS
 HEATING
  YESTERDAY       21                         9     12        0
  MONTH TO DATE  161                       187    -26      163
  SINCE MAR 1    874                       779     95      944
  SINCE JUL 1   4836                      4353    483     4307

 COOLING
  YESTERDAY        0                         1     -1        6
  MONTH TO DATE    5                         8     -3       26
  SINCE MAR 1      5                        11     -6       26
  SINCE JAN 1      5                        11     -6       26
..................................................................


WIND (MPH)
  HIGHEST WIND SPEED    16   HIGHEST WIND DIRECTION    SE (140)
  HIGHEST GUST SPEED    23   HIGHEST GUST DIRECTION    SE (120)
  AVERAGE WIND SPEED     6.3


SKY COVER
  AVERAGE SKY COVER 0.0


WEATHER CONDITIONS
 THE FOLLOWING WEATHER WAS RECORDED YESTERDAY.
  NO SIGNIFICANT WEATHER WAS OBSERVED.


RELATIVE HUMIDITY (PERCENT)
 HIGHEST    85
 LOWEST     30
 AVERAGE    58

..........................................................


THE EVANSVILLE IN CLIMATE NORMALS FOR TODAY
                         NORMAL    RECORD    YEAR
 MAXIMUM TEMPERATURE (F)   68        88      1977
 MINIMUM TEMPERATURE (F)   45        28      1951


SUNRISE AND SUNSET
APRIL 17 2014.........SUNRISE   612 AM CDT   SUNSET   728 PM CDT
APRIL 18 2014.........SUNRISE   611 AM CDT   SUNSET   729 PM CDT


-  INDICATES NEGATIVE NUMBERS.
R  INDICATES RECORD WAS SET OR TIED.
MM INDICATES DATA IS MISSING.
T  INDICATES TRACE AMOUNT.




$$
