000
CDUS45 KSLC 251227
CLIEVW


CLIMATE REPORT
NATIONAL WEATHER SERVICE SALT LAKE CITY UT
627 AM MDT SUN JUN 25 2017


...................................

...THE EVANSTON WY CLIMATE SUMMARY FOR JUNE 24 2017...

CLIMATE NORMAL PERIOD 1981 TO 2010
CLIMATE RECORD PERIOD 9999 TO 9999


WEATHER ITEM   OBSERVED TIME   RECORD YEAR NORMAL DEPARTURE LAST
                VALUE   (LST)  VALUE       VALUE  FROM      YEAR
                                                  NORMAL
..................................................................
TEMPERATURE (F)
 YESTERDAY
  MAXIMUM         78    251 PM  MM      MM  74      4       80
  MINIMUM         43    257 AM  MM      MM  47     -4       54
  AVERAGE         61                        60      1       67

PRECIPITATION (IN)
  YESTERDAY        0.00         MM      MM   0.04  -0.04     0.00
  MONTH TO DATE    0.09                      1.05  -0.96     0.13
  SINCE OCT 1      6.83                      8.77  -1.94     4.52
  SINCE JAN 1      5.25                      5.98  -0.73     3.53

DEGREE DAYS
 HEATING
  YESTERDAY        4                         5     -1        0
  MONTH TO DATE  116                       207    -91       42
  SINCE JUN 1    116                       207    -91       42
  SINCE JUL 1   7779                      8549   -770     7660

 COOLING
  YESTERDAY        0                         1     -1        2
  MONTH TO DATE   17                         2     15       37
  SINCE JUN 1     17                         2     15       37
  SINCE JAN 1     17                         3     14       37
..................................................................


WIND (MPH)
  RESULTANT WIND SPEED   3   RESULTANT WIND DIRECTION   E (70)
  HIGHEST WIND SPEED    14   HIGHEST WIND DIRECTION     W (250)
  HIGHEST GUST SPEED    17   HIGHEST GUST DIRECTION     W (250)
  AVERAGE WIND SPEED     6.8


SKY COVER
  POSSIBLE SUNSHINE  MM
  AVERAGE SKY COVER 0.0


WEATHER CONDITIONS
 THE FOLLOWING WEATHER WAS RECORDED YESTERDAY.
  NO SIGNIFICANT WEATHER WAS OBSERVED.


RELATIVE HUMIDITY (PERCENT)
 HIGHEST    60           300 AM
 LOWEST     17           100 PM
 AVERAGE    39

..........................................................


THE EVANSTON WY CLIMATE NORMALS FOR TODAY
                         NORMAL    RECORD    YEAR
 MAXIMUM TEMPERATURE (F)   75        MM        MM
 MINIMUM TEMPERATURE (F)   47        MM        MM


SUNRISE AND SUNSET
JUNE 25 2017..........SUNRISE   552 AM MDT   SUNSET   901 PM MDT
JUNE 26 2017..........SUNRISE   553 AM MDT   SUNSET   901 PM MDT


-  INDICATES NEGATIVE NUMBERS.
R  INDICATES RECORD WAS SET OR TIED.
MM INDICATES DATA IS MISSING.
T  INDICATES TRACE AMOUNT.




$$
