000
CDUS45 KSLC 211227
CLIEVW


CLIMATE REPORT
NATIONAL WEATHER SERVICE SALT LAKE CITY UT
526 AM MST SUN JAN 21 2018


...................................

...THE EVANSTON WY CLIMATE SUMMARY FOR JANUARY 20 2018...

CLIMATE NORMAL PERIOD 1981 TO 2010
CLIMATE RECORD PERIOD 9999 TO 9999


WEATHER ITEM   OBSERVED TIME   RECORD YEAR NORMAL DEPARTURE LAST
                VALUE   (LST)  VALUE       VALUE  FROM      YEAR
                                                  NORMAL
..................................................................
TEMPERATURE (F)
 YESTERDAY
  MAXIMUM         23   1201 AM  MM      MM  29     -6       28
  MINIMUM         17   1159 PM  MM      MM  14      3       15
  AVERAGE         20                        22     -2       22

PRECIPITATION (IN)
  YESTERDAY        0.05         MM      MM   0.02   0.03     0.00
  MONTH TO DATE    0.17                      0.36  -0.19     0.67
  SINCE OCT 1      1.71                      3.15  -1.44     2.25
  SINCE JAN 1      0.17                      0.36  -0.19     0.67

DEGREE DAYS
 HEATING
  YESTERDAY       45                        43      2       43
  MONTH TO DATE  694                       870   -176      956
  SINCE DEC 1   1775                      2240   -465     2324
  SINCE JUL 1   3622                      4349   -727     3975

 COOLING
  YESTERDAY        0                         0      0        0
  MONTH TO DATE    0                         0      0        0
  SINCE DEC 1      0                         0      0        0
  SINCE JAN 1      0                         0      0        0
..................................................................


WIND (MPH)
  RESULTANT WIND SPEED  12   RESULTANT WIND DIRECTION   N (360)
  HIGHEST WIND SPEED    24   HIGHEST WIND DIRECTION     N (350)
  HIGHEST GUST SPEED    27   HIGHEST GUST DIRECTION     N (350)
  AVERAGE WIND SPEED    12.4


SKY COVER
  POSSIBLE SUNSHINE  MM
  AVERAGE SKY COVER 1.0


WEATHER CONDITIONS
 THE FOLLOWING WEATHER WAS RECORDED YESTERDAY.
  LIGHT SNOW
  FOG


RELATIVE HUMIDITY (PERCENT)
 HIGHEST   100           100 AM
 LOWEST     91           600 PM
 AVERAGE    96

..........................................................


THE EVANSTON WY CLIMATE NORMALS FOR TODAY
                         NORMAL    RECORD    YEAR
 MAXIMUM TEMPERATURE (F)   29        MM        MM
 MINIMUM TEMPERATURE (F)   14        MM        MM


SUNRISE AND SUNSET
JANUARY 21 2018.......SUNRISE   744 AM MST   SUNSET   527 PM MST
JANUARY 22 2018.......SUNRISE   744 AM MST   SUNSET   528 PM MST


-  INDICATES NEGATIVE NUMBERS.
R  INDICATES RECORD WAS SET OR TIED.
MM INDICATES DATA IS MISSING.
T  INDICATES TRACE AMOUNT.




$$
