000
CDUS45 KSLC 231226
CLIEVW


CLIMATE REPORT
NATIONAL WEATHER SERVICE SALT LAKE CITY UT
626 AM MDT TUE SEP 23 2014


...................................

...THE EVANSTON WY CLIMATE SUMMARY FOR SEPTEMBER 22 2014...

CLIMATE NORMAL PERIOD 1981 TO 2010
CLIMATE RECORD PERIOD 9999 TO 9999


WEATHER ITEM   OBSERVED TIME   RECORD YEAR NORMAL DEPARTURE LAST
                VALUE   (LST)  VALUE       VALUE  FROM      YEAR
                                                  NORMAL
..................................................................
TEMPERATURE (F)
 YESTERDAY
  MAXIMUM         67    228 PM  MM      MM  66      1       60
  MINIMUM         45   1258 AM  MM      MM  40      5       40
  AVERAGE         56                        53      3       50

PRECIPITATION (IN)
  YESTERDAY        0.02         MM      MM   0.05  -0.03     0.01
  MONTH TO DATE    1.17                      0.93   0.24     1.34
  SINCE OCT 1      7.98                     11.75  -3.77     6.15
  SINCE JAN 1      6.78                      8.96  -2.18     3.92

DEGREE DAYS
 HEATING
  YESTERDAY        9                        12     -3       15
  MONTH TO DATE  117                       186    -69      117
  SINCE SEP 1    117                       186    -69      117
  SINCE JUL 1    237                       289    -52      131

 COOLING
  YESTERDAY        0                         0      0        0
  MONTH TO DATE    8                         0      8       26
  SINCE SEP 1      8                         0      8       26
  SINCE JAN 1    214                       157     57      348
..................................................................


WIND (MPH)
  RESULTANT WIND SPEED   7   RESULTANT WIND DIRECTION   W (250)
  HIGHEST WIND SPEED    25   HIGHEST WIND DIRECTION     W (270)
  HIGHEST GUST SPEED    31   HIGHEST GUST DIRECTION    SW (240)
  AVERAGE WIND SPEED     8.3


SKY COVER
  POSSIBLE SUNSHINE  MM
  AVERAGE SKY COVER 0.6


WEATHER CONDITIONS
 THE FOLLOWING WEATHER WAS RECORDED YESTERDAY.
  LIGHT RAIN
  FOG
  FOG W/VISIBILITY <= 1/4 MILE


RELATIVE HUMIDITY (PERCENT)
 HIGHEST    93          1200 AM
 LOWEST     40           300 PM
 AVERAGE    67

..........................................................


THE EVANSTON WY CLIMATE NORMALS FOR TODAY
                         NORMAL    RECORD    YEAR
 MAXIMUM TEMPERATURE (F)   66        MM        MM
 MINIMUM TEMPERATURE (F)   40        MM        MM


SUNRISE AND SUNSET
SEPTEMBER 23 2014.....SUNRISE   713 AM MDT   SUNSET   719 PM MDT
SEPTEMBER 24 2014.....SUNRISE   714 AM MDT   SUNSET   718 PM MDT


-  INDICATES NEGATIVE NUMBERS.
R  INDICATES RECORD WAS SET OR TIED.
MM INDICATES DATA IS MISSING.
T  INDICATES TRACE AMOUNT.




$$
