000
CDUS42 KMHX 302131
CLIEWN


CLIMATE REPORT
NATIONAL WEATHER SERVICE NEWPORT/MOREHEAD CITY NC
530 PM EDT SAT MAY 30 2015


...................................

...THE NEW BERN NC CLIMATE SUMMARY FOR MAY 30 2015...
VALID TODAY AS OF 0500 PM LOCAL TIME.

CLIMATE NORMAL PERIOD 1981 TO 2010
CLIMATE RECORD PERIOD 1948 TO 2015


WEATHER ITEM   OBSERVED TIME   RECORD YEAR NORMAL DEPARTURE LAST
                VALUE   (LST)  VALUE       VALUE  FROM      YEAR
                                                  NORMAL
..................................................................
TEMPERATURE (F)
 TODAY
  MAXIMUM         86    226 PM  96    1991  84      2       77
  MINIMUM         64    521 AM  53    2008  63      1       66
                                      1951
  AVERAGE         75                        73      2       72

PRECIPITATION (IN)
  TODAY            0.00          3.89 1984   0.15  -0.15      T
  MONTH TO DATE    2.83                      4.00  -1.17     1.92
  SINCE MAR 1      8.45                     11.56  -3.11    11.35
  SINCE JAN 1     16.82                     19.24  -2.42    17.88

SNOWFALL (IN)
  TODAY            0.0
  MONTH TO DATE    0.0
  SINCE NOV 1      3.0
  SINCE JUL 1      3.0
  SNOW DEPTH       0

DEGREE DAYS
 HEATING
  TODAY            0                         0      0        0
  MONTH TO DATE   19                        32    -13        5
  SINCE MAR 1    476                       553    -77      563
  SINCE JUL 1   2719                      2699     20     2637

 COOLING
  TODAY           10                         8      2        7
  MONTH TO DATE  191                       164     27      269
  SINCE MAR 1    279                       231     48      349
  SINCE JAN 1    286                       234     52      354
..................................................................


WIND (MPH)
  HIGHEST WIND SPEED    15   HIGHEST WIND DIRECTION    SE (130)
  HIGHEST GUST SPEED    20   HIGHEST GUST DIRECTION    SE (140)
  AVERAGE WIND SPEED     3.6


SKY COVER
  POSSIBLE SUNSHINE  MM
  AVERAGE SKY COVER 0.1


WEATHER CONDITIONS
 THE FOLLOWING WEATHER WAS RECORDED TODAY.
  FOG


RELATIVE HUMIDITY (PERCENT)
 HIGHEST    93           200 AM
 LOWEST     44           100 PM
 AVERAGE    69

..........................................................


THE NEW BERN NC CLIMATE NORMALS FOR TOMORROW
                         NORMAL    RECORD    YEAR
 MAXIMUM TEMPERATURE (F)   84        98      2011
 MINIMUM TEMPERATURE (F)   63        50      1967


SUNRISE AND SUNSET
MAY 30 2015...........SUNRISE   556 AM EDT   SUNSET   816 PM EDT
MAY 31 2015...........SUNRISE   556 AM EDT   SUNSET   816 PM EDT


-  INDICATES NEGATIVE NUMBERS.
R  INDICATES RECORD WAS SET OR TIED.
MM INDICATES DATA IS MISSING.
T  INDICATES TRACE AMOUNT.




$$
