000
CDUS42 KMHX 250529
CLIEWN


CLIMATE REPORT
NATIONAL WEATHER SERVICE NEWPORT/MOREHEAD CITY NC
128 AM EDT FRI APR 25 2014


...................................

...THE NEW BERN NC CLIMATE SUMMARY FOR APRIL 24 2014...

CLIMATE NORMAL PERIOD 1981 TO 2010
CLIMATE RECORD PERIOD 1948 TO 2014


WEATHER ITEM   OBSERVED TIME   RECORD YEAR NORMAL DEPARTURE LAST
                VALUE   (LST)  VALUE       VALUE  FROM      YEAR
                                                  NORMAL
..................................................................
TEMPERATURE (F)
 YESTERDAY
  MAXIMUM         73    414 PM  94    1960  76     -3       75
  MINIMUM         46    321 AM  39    1963  52     -6       45
  AVERAGE         60                        64     -4       60

PRECIPITATION (IN)
  YESTERDAY        0.00          0.84 1977   0.11  -0.11     0.00
  MONTH TO DATE    3.55                      2.53   1.02     1.74
  SINCE MAR 1      8.15                      6.92   1.23     2.91
  SINCE JAN 1     14.68                     14.60   0.08     9.05

SNOWFALL (IN)
  YESTERDAY        0.0
  MONTH TO DATE    0.0
  SINCE NOV 1     14.0
  SINCE JUL 1     14.0
  SNOW DEPTH       0

DEGREE DAYS
 HEATING
  YESTERDAY        5                         4      1        5
  MONTH TO DATE   99                       135    -36      136
  SINCE MAR 1    557                       504     53      618
  SINCE JUL 1   2631                      2650    -19     2544

 COOLING
  YESTERDAY        0                         3     -3        0
  MONTH TO DATE   43                        39      4       59
  SINCE MAR 1     46                        50     -4       60
  SINCE JAN 1     51                        53     -2       67
..................................................................


WIND (MPH)
  HIGHEST WIND SPEED    12   HIGHEST WIND DIRECTION     S (190)
  HIGHEST GUST SPEED    18   HIGHEST GUST DIRECTION     N (340)
  AVERAGE WIND SPEED     3.9


SKY COVER
  POSSIBLE SUNSHINE  MM
  AVERAGE SKY COVER 0.0


WEATHER CONDITIONS
 THE FOLLOWING WEATHER WAS RECORDED YESTERDAY.
  NO SIGNIFICANT WEATHER WAS OBSERVED.


RELATIVE HUMIDITY (PERCENT)
 HIGHEST    80           200 AM
 LOWEST     23           200 PM
 AVERAGE    52

..........................................................


THE NEW BERN NC CLIMATE NORMALS FOR TODAY
                         NORMAL    RECORD    YEAR
 MAXIMUM TEMPERATURE (F)   76        94      1960
 MINIMUM TEMPERATURE (F)   53        39      2005
                                             1969


SUNRISE AND SUNSET
APRIL 25 2014.........SUNRISE   624 AM EDT   SUNSET   749 PM EDT
APRIL 26 2014.........SUNRISE   623 AM EDT   SUNSET   750 PM EDT


-  INDICATES NEGATIVE NUMBERS.
R  INDICATES RECORD WAS SET OR TIED.
MM INDICATES DATA IS MISSING.
T  INDICATES TRACE AMOUNT.




$$
