000
CDUS42 KMHX 252227
CLIEWN


CLIMATE REPORT
NATIONAL WEATHER SERVICE NEWPORT/MOREHEAD CITY NC
526 PM EST TUE NOV 25 2014


...................................

...THE NEW BERN NC CLIMATE SUMMARY FOR NOVEMBER 25 2014...
VALID TODAY AS OF 0500 PM LOCAL TIME.

CLIMATE NORMAL PERIOD 1981 TO 2010
CLIMATE RECORD PERIOD 1948 TO 2014


WEATHER ITEM   OBSERVED TIME   RECORD YEAR NORMAL DEPARTURE LAST
                VALUE   (LST)  VALUE       VALUE  FROM      YEAR
                                                  NORMAL
..................................................................
TEMPERATURE (F)
 TODAY
  MAXIMUM         70   1220 AM  83    1973  64      6       46
  MINIMUM         64    533 AM  22    1950  41     23       24
  AVERAGE         67                        52     15       35

PRECIPITATION (IN)
  TODAY            0.14          1.48 1972   0.11   0.03     0.00
  MONTH TO DATE    1.98                      2.81  -0.83     1.73
  SINCE SEP 1     11.89                     11.96  -0.07     8.19
  SINCE JAN 1     48.90                     48.76   0.14    37.56

SNOWFALL (IN)
  TODAY            0.0
  MONTH TO DATE    0.0
  SINCE NOV 1      0.0
  SINCE JUL 1      0.0
  SNOW DEPTH       0

DEGREE DAYS
 HEATING
  TODAY            0                        13    -13       30
  MONTH TO DATE  303                       242     61      257
  SINCE SEP 1    358                       359     -1      333
  SINCE JUL 1    358                       359     -1      333

 COOLING
  TODAY            2                         0      2        0
  MONTH TO DATE   15                        14      1       16
  SINCE SEP 1    483                       370    113      389
  SINCE JAN 1   2194                      1899    295     2006
..................................................................


WIND (MPH)
  HIGHEST WIND SPEED    13   HIGHEST WIND DIRECTION    SW (240)
  HIGHEST GUST SPEED    22   HIGHEST GUST DIRECTION     W (250)
  AVERAGE WIND SPEED     4.5


SKY COVER
  POSSIBLE SUNSHINE  MM
  AVERAGE SKY COVER 0.8


WEATHER CONDITIONS
 THE FOLLOWING WEATHER WAS RECORDED TODAY.
  HEAVY RAIN
  LIGHT RAIN
  FOG


RELATIVE HUMIDITY (PERCENT)
 HIGHEST    87           800 AM
 LOWEST     76           300 AM
 AVERAGE    82

..........................................................


THE NEW BERN NC CLIMATE NORMALS FOR TOMORROW
                         NORMAL    RECORD    YEAR
 MAXIMUM TEMPERATURE (F)   63        78      1986
 MINIMUM TEMPERATURE (F)   41        17      1950


SUNRISE AND SUNSET
NOVEMBER 25 2014......SUNRISE   652 AM EST   SUNSET   458 PM EST
NOVEMBER 26 2014......SUNRISE   653 AM EST   SUNSET   457 PM EST


-  INDICATES NEGATIVE NUMBERS.
R  INDICATES RECORD WAS SET OR TIED.
MM INDICATES DATA IS MISSING.
T  INDICATES TRACE AMOUNT.




$$
