000
CDUS42 KMHX 230529
CLIEWN


CLIMATE REPORT
NATIONAL WEATHER SERVICE NEWPORT/MOREHEAD CITY NC
1228 AM EST TUE JAN 23 2018


...................................

...THE NEW BERN NC CLIMATE SUMMARY FOR JANUARY 22 2018...

CLIMATE NORMAL PERIOD 1981 TO 2010
CLIMATE RECORD PERIOD 1948 TO 2018


WEATHER ITEM   OBSERVED TIME   RECORD YEAR NORMAL DEPARTURE LAST
                VALUE   (LST)  VALUE       VALUE  FROM      YEAR
                                                  NORMAL
..................................................................
TEMPERATURE (F)
 YESTERDAY
  MAXIMUM         67    243 PM  74    1962  55     12       64
  MINIMUM         33    701 AM  13    1970  34     -1       55
  AVERAGE         50                        44      6       60

PRECIPITATION (IN)
  YESTERDAY        0.00          2.71 1966   0.12  -0.12     0.15
  MONTH TO DATE    1.55                      2.87  -1.32     3.13
  SINCE DEC 1      5.78                      6.27  -0.49     6.63
  SINCE JAN 1      1.55                      2.87  -1.32     3.13

SNOWFALL (IN)
  YESTERDAY        0.0
  MONTH TO DATE    6.0
  SINCE NOV 1      6.0
  SINCE JUL 1      6.0
  SNOW DEPTH       0

DEGREE DAYS
 HEATING
  YESTERDAY       15                        21     -6        5
  MONTH TO DATE  638                       462    176      343
  SINCE DEC 1   1259                      1029    230      881
  SINCE JUL 1   1698                      1456    242     1276

 COOLING
  YESTERDAY        0                         0      0        0
  MONTH TO DATE    3                         0      3        0
  SINCE DEC 1      3                         3      0        0
  SINCE JAN 1      3                         0      3        0
..................................................................


WIND (MPH)
  HIGHEST WIND SPEED    12   HIGHEST WIND DIRECTION     S (170)
  HIGHEST GUST SPEED    15   HIGHEST GUST DIRECTION     S (180)
  AVERAGE WIND SPEED     3.8


SKY COVER
  POSSIBLE SUNSHINE  MM
  AVERAGE SKY COVER 0.2


WEATHER CONDITIONS
 THE FOLLOWING WEATHER WAS RECORDED YESTERDAY.
  FOG


RELATIVE HUMIDITY (PERCENT)
 HIGHEST   100           100 AM
 LOWEST     51          1200 PM
 AVERAGE    76

..........................................................


THE NEW BERN NC CLIMATE NORMALS FOR TODAY
                         NORMAL    RECORD    YEAR
 MAXIMUM TEMPERATURE (F)   55        77      1974
 MINIMUM TEMPERATURE (F)   34        13      1985


SUNRISE AND SUNSET
JANUARY 23 2018.......SUNRISE   713 AM EST   SUNSET   528 PM EST
JANUARY 24 2018.......SUNRISE   712 AM EST   SUNSET   529 PM EST


-  INDICATES NEGATIVE NUMBERS.
R  INDICATES RECORD WAS SET OR TIED.
MM INDICATES DATA IS MISSING.
T  INDICATES TRACE AMOUNT.




$$
