000
CDUS41 KOKX 230617
CLIEWR


CLIMATE REPORT
NATIONAL WEATHER SERVICE NEW YORK NY
217 AM EDT WED JUL 23 2014


...................................

...THE NEWARK NJ CLIMATE SUMMARY FOR JULY 22 2014...

CLIMATE NORMAL PERIOD 1981 TO 2010
CLIMATE RECORD PERIOD 1929 TO 2014


WEATHER ITEM   OBSERVED TIME   RECORD YEAR NORMAL DEPARTURE LAST
                VALUE   (LST)  VALUE       VALUE  FROM      YEAR
                                                  NORMAL
..................................................................
TEMPERATURE (F)
 YESTERDAY
  MAXIMUM         90    247 PM 108    2011  86      4       86
  MINIMUM         67    455 AM  56    1944  69     -2       76
  AVERAGE         79                        78      1       81

PRECIPITATION (IN)
  YESTERDAY        0.00          1.36 1943   0.16  -0.16     0.21
  MONTH TO DATE    4.48                      3.26   1.22     3.17
  SINCE JUN 1      8.89                      7.28   1.61    11.91
  SINCE JAN 1     32.24                     26.17   6.07    28.16

SNOWFALL (IN)
  YESTERDAY        0.0           0.0  2002   0.0    0.0      0.0
                                      2001
  MONTH TO DATE    0.0                       0.0    0.0      0.0
  SINCE OCT 1     61.1                      28.5   32.6     29.5
  SINCE JUL 1      0.0                       0.0    0.0      0.0
  SNOW DEPTH       0

DEGREE DAYS
 HEATING
  YESTERDAY        0                         0      0        0
  MONTH TO DATE    0                         0      0        0
  SINCE JUN 1      0                        17    -17        8
  SINCE JUL 1      0                         0      0        0

 COOLING
  YESTERDAY       14                        13      1       16
  MONTH TO DATE  282                       274      8      405
  SINCE JUN 1    528                       513     15      670
  SINCE JAN 1    590                       589      1      770
..................................................................


WIND (MPH)
  HIGHEST WIND SPEED    20   HIGHEST WIND DIRECTION     S (200)
  HIGHEST GUST SPEED    24   HIGHEST GUST DIRECTION     S (200)
  AVERAGE WIND SPEED     8.5


SKY COVER
  AVERAGE SKY COVER 0.4


WEATHER CONDITIONS
 THE FOLLOWING WEATHER WAS RECORDED YESTERDAY.
  NO SIGNIFICANT WEATHER WAS OBSERVED.


RELATIVE HUMIDITY (PERCENT)
 HIGHEST    87           500 AM
 LOWEST     47           200 PM
 AVERAGE    67

..........................................................


THE NEWARK NJ CLIMATE NORMALS FOR TODAY
                         NORMAL    RECORD    YEAR
 MAXIMUM TEMPERATURE (F)   86       102      2011
 MINIMUM TEMPERATURE (F)   69        55      1939


SUNRISE AND SUNSET
JULY 23 2014..........SUNRISE   545 AM EDT   SUNSET   821 PM EDT
JULY 24 2014..........SUNRISE   546 AM EDT   SUNSET   820 PM EDT


-  INDICATES NEGATIVE NUMBERS.
R  INDICATES RECORD WAS SET OR TIED.
MM INDICATES DATA IS MISSING.
T  INDICATES TRACE AMOUNT.




$$
