000
CDUS41 KOKX 302038
CLIEWR


CLIMATE REPORT
NATIONAL WEATHER SERVICE NEW YORK NY
438 PM EDT FRI SEP 30 2016


...................................

...THE NEWARK NJ CLIMATE SUMMARY FOR SEPTEMBER 30 2016...
VALID TODAY AS OF 0400 PM LOCAL TIME.

CLIMATE NORMAL PERIOD 1981 TO 2010
CLIMATE RECORD PERIOD 1929 TO 2016


WEATHER ITEM   OBSERVED TIME   RECORD YEAR NORMAL DEPARTURE LAST
                VALUE   (LST)  VALUE       VALUE  FROM      YEAR
                                                  NORMAL
..................................................................
TEMPERATURE (F)
 TODAY
  MAXIMUM         60    259 PM  89    1986  71    -11       80
  MINIMUM         56    800 AM  38    1942  54      2       59
  AVERAGE         58                        62     -4       70

PRECIPITATION (IN)
  TODAY            0.19          1.21 2010   0.14   0.05     1.16
  MONTH TO DATE    2.05                      3.82  -1.77     2.33
  SINCE SEP 1      2.05                      3.82  -1.77     2.33
  SINCE JAN 1     25.86                     35.19  -9.33    29.93

SNOWFALL (IN)
  TODAY            0.0           0.0  2002   0.0    0.0      0.0
                                      2001
  MONTH TO DATE    0.0                       0.0    0.0      0.0
  SINCE OCT 1     32.8                      28.5    4.3     46.4
  SINCE JUL 1      0.0                       0.0    0.0      0.0
  SNOW DEPTH       0

DEGREE DAYS
 HEATING
  TODAY            7                         4      3        0
  MONTH TO DATE   16                        43    -27        3
  SINCE SEP 1     16                        44    -28        3
  SINCE JUL 1     16                        45    -29        3

 COOLING
  TODAY            0                         2     -2        5
  MONTH TO DATE  227                       140     87      260
  SINCE SEP 1    227                       140     87      260
  SINCE JAN 1   1537                      1174    363     1542
..................................................................


WIND (MPH)
  HIGHEST WIND SPEED    24   HIGHEST WIND DIRECTION    NE (30)
  HIGHEST GUST SPEED    31   HIGHEST GUST DIRECTION    NE (30)
  AVERAGE WIND SPEED    17.5


SKY COVER
  AVERAGE SKY COVER 0.8


WEATHER CONDITIONS
 THE FOLLOWING WEATHER WAS RECORDED TODAY.
  LIGHT RAIN
  FOG


RELATIVE HUMIDITY (PERCENT)
 HIGHEST    93          1200 PM
 LOWEST     72           500 AM
 AVERAGE    83

..........................................................


THE NEWARK NJ CLIMATE NORMALS FOR TOMORROW
                         NORMAL    RECORD    YEAR
 MAXIMUM TEMPERATURE (F)   71        85      1986
                                             1950
 MINIMUM TEMPERATURE (F)   53        38      1947


SUNRISE AND SUNSET
SEPTEMBER 30 2016.....SUNRISE   653 AM EDT   SUNSET   640 PM EDT
OCTOBER  1 2016.......SUNRISE   654 AM EDT   SUNSET   638 PM EDT


-  INDICATES NEGATIVE NUMBERS.
R  INDICATES RECORD WAS SET OR TIED.
MM INDICATES DATA IS MISSING.
T  INDICATES TRACE AMOUNT.




$$
