000
CDUS43 KIND 280537
CLIEYE


CLIMATE REPORT
NATIONAL WEATHER SERVICE INDIANAPOLIS IN
135 AM EDT TUE JUL 28 2015


...................................

...THE INDIANAPOLIS EAGLE CREEK IN CLIMATE SUMMARY FOR JULY 27 2015...

CLIMATE NORMAL PERIOD 1981 TO 2010
CLIMATE RECORD PERIOD 9999 TO 9999


WEATHER ITEM   OBSERVED TIME   NORMAL DEPARTURE LAST
                VALUE   (LST)  VALUE  FROM      YEAR
                                      NORMAL
......................................................
TEMPERATURE (F)
 YESTERDAY
  MAXIMUM         87    527 PM  84      3       83
  MINIMUM         71    432 AM  66      5       67
  AVERAGE         79            75      4       75

PRECIPITATION (IN)
  YESTERDAY        0.00          0.10  -0.10     0.03
  MONTH TO DATE    7.35          3.88   3.47     2.64
  SINCE JUN 1     12.52          8.27   4.25     8.70
  SINCE JAN 1     24.87         25.08  -0.21    25.15

DEGREE DAYS
 HEATING
  YESTERDAY        0             0      0        0
  MONTH TO DATE    1             0      1        4
  SINCE JUN 1     19            14      5        7
  SINCE JUL 1      1             0      1        4

 COOLING
  YESTERDAY       14            10      4       10
  MONTH TO DATE  254           280    -26      149
  SINCE JUN 1    489           514    -25      400
  SINCE JAN 1    616           598     18      508
......................................................


WIND (MPH)
  HIGHEST WIND SPEED    10   HIGHEST WIND DIRECTION    NE (60)
  HIGHEST GUST SPEED    14   HIGHEST GUST DIRECTION    NE (60)
  AVERAGE WIND SPEED     3.9


SKY COVER
  AVERAGE SKY COVER 0.8


WEATHER CONDITIONS
 THE FOLLOWING WEATHER WAS RECORDED YESTERDAY.
  FOG


RELATIVE HUMIDITY (PERCENT)
 HIGHEST    93          1200 AM
 LOWEST     61           500 PM
 AVERAGE    77

..........................................................


THE INDIANAPOLIS EAGLE CREEK IN CLIMATE NORMALS FOR TODAY
                         NORMAL
 MAXIMUM TEMPERATURE (F)   83
 MINIMUM TEMPERATURE (F)   66


SUNRISE AND SUNSET
JULY 28 2015..........SUNRISE   640 AM EDT   SUNSET   903 PM EDT
JULY 29 2015..........SUNRISE   641 AM EDT   SUNSET   902 PM EDT


-  INDICATES NEGATIVE NUMBERS.
R  INDICATES RECORD WAS SET OR TIED.
MM INDICATES DATA IS MISSING.
T  INDICATES TRACE AMOUNT.




$$
