000
CDUS43 KIND 270533
CLIEYE


CLIMATE REPORT
NATIONAL WEATHER SERVICE INDIANAPOLIS IN
131 AM EDT SAT AUG 27 2016


...................................

...THE INDIANAPOLIS EAGLE CREEK IN CLIMATE SUMMARY FOR AUGUST 26 2016...

CLIMATE NORMAL PERIOD 1981 TO 2010
CLIMATE RECORD PERIOD 9999 TO 9999


WEATHER ITEM   OBSERVED TIME   NORMAL DEPARTURE LAST
                VALUE   (LST)  VALUE  FROM      YEAR
                                      NORMAL
......................................................
TEMPERATURE (F)
 YESTERDAY
  MAXIMUM         91    352 PM  83      8       76
  MINIMUM         71    822 AM  64      7       61
  AVERAGE         81            74      7       69

PRECIPITATION (IN)
  YESTERDAY        0.47          0.12   0.35     0.00
  MONTH TO DATE    5.64          2.60   3.04     1.13
  SINCE JUN 1     19.86         11.25   8.61    13.65
  SINCE JAN 1     31.37         28.06   3.31    26.00

DEGREE DAYS
 HEATING
  YESTERDAY        0             0      0        0
  MONTH TO DATE    0             0      0        2
  SINCE JUN 1      3            15    -12       21
  SINCE JUL 1      3             1      2        3

 COOLING
  YESTERDAY       16             9      7        4
  MONTH TO DATE  337           246     91      187
  SINCE JUN 1   1015           798    217      696
  SINCE JAN 1   1117           882    235      823
......................................................


WIND (MPH)
  HIGHEST WIND SPEED    26   HIGHEST WIND DIRECTION    NW (310)
  HIGHEST GUST SPEED    37   HIGHEST GUST DIRECTION    NW (320)
  AVERAGE WIND SPEED     3.2


SKY COVER
  AVERAGE SKY COVER 0.3


WEATHER CONDITIONS
 THE FOLLOWING WEATHER WAS RECORDED YESTERDAY.
  THUNDERSTORM
  HEAVY RAIN
  RAIN
  LIGHT RAIN
  FOG


RELATIVE HUMIDITY (PERCENT)
 HIGHEST    94           700 AM
 LOWEST     56           200 PM
 AVERAGE    75

..........................................................


THE INDIANAPOLIS EAGLE CREEK IN CLIMATE NORMALS FOR TODAY
                         NORMAL
 MAXIMUM TEMPERATURE (F)   83
 MINIMUM TEMPERATURE (F)   64


SUNRISE AND SUNSET
AUGUST 27 2016........SUNRISE   709 AM EDT   SUNSET   823 PM EDT
AUGUST 28 2016........SUNRISE   710 AM EDT   SUNSET   822 PM EDT


-  INDICATES NEGATIVE NUMBERS.
R  INDICATES RECORD WAS SET OR TIED.
MM INDICATES DATA IS MISSING.
T  INDICATES TRACE AMOUNT.




$$
