000
CDUS43 KIND 280532
CLIEYE


CLIMATE REPORT
NATIONAL WEATHER SERVICE INDIANAPOLIS IN
1231 AM EST SUN DEC 28 2014


...................................

...THE INDIANAPOLIS EAGLE CREEK IN CLIMATE SUMMARY FOR DECEMBER 27 2014...

CLIMATE NORMAL PERIOD 1981 TO 2010
CLIMATE RECORD PERIOD 9999 TO 9999


WEATHER ITEM   OBSERVED TIME   NORMAL DEPARTURE LAST
                VALUE   (LST)  VALUE  FROM      YEAR
                                      NORMAL
......................................................
TEMPERATURE (F)
 YESTERDAY
  MAXIMUM         47    141 PM  36     11       46
  MINIMUM         34   1159 PM  22     12       27
  AVERAGE         41            29     12       37

PRECIPITATION (IN)
  YESTERDAY        0.15          0.13   0.02     0.00
  MONTH TO DATE    2.48          2.56  -0.08     3.50
  SINCE DEC 1      2.48          2.56  -0.08     3.50
  SINCE JAN 1     39.89         40.27  -0.38    41.68

DEGREE DAYS
 HEATING
  YESTERDAY       24            36    -12       28
  MONTH TO DATE  804           886    -82      939
  SINCE DEC 1    804           886    -82      939
  SINCE JUL 1   2043          1910    133     2117

 COOLING
  YESTERDAY        0             0      0        0
  MONTH TO DATE    0             0      0        0
  SINCE DEC 1      0             0      0        0
  SINCE JAN 1    893          1058   -165     1006
......................................................


WIND (MPH)
  HIGHEST WIND SPEED    17   HIGHEST WIND DIRECTION    NW (300)
  HIGHEST GUST SPEED    23   HIGHEST GUST DIRECTION    NW (310)
  AVERAGE WIND SPEED     7.9


SKY COVER
  AVERAGE SKY COVER 1.0


WEATHER CONDITIONS
 THE FOLLOWING WEATHER WAS RECORDED YESTERDAY.
  LIGHT RAIN
  FOG


RELATIVE HUMIDITY (PERCENT)
 HIGHEST   100          1000 AM
 LOWEST     65           400 AM
 AVERAGE    83

..........................................................


THE INDIANAPOLIS EAGLE CREEK IN CLIMATE NORMALS FOR TODAY
                         NORMAL
 MAXIMUM TEMPERATURE (F)   36
 MINIMUM TEMPERATURE (F)   22


SUNRISE AND SUNSET
DECEMBER 28 2014......SUNRISE   806 AM EST   SUNSET   528 PM EST
DECEMBER 29 2014......SUNRISE   806 AM EST   SUNSET   529 PM EST


-  INDICATES NEGATIVE NUMBERS.
R  INDICATES RECORD WAS SET OR TIED.
MM INDICATES DATA IS MISSING.
T  INDICATES TRACE AMOUNT.




$$
