000
CDUS43 KIND 170535
CLIEYE


CLIMATE REPORT
NATIONAL WEATHER SERVICE INDIANAPOLIS IN
133 AM EDT TUE OCT 17 2017


...................................

...THE INDIANAPOLIS EAGLE CREEK IN CLIMATE SUMMARY FOR OCTOBER 16 2017...

CLIMATE NORMAL PERIOD 1981 TO 2010
CLIMATE RECORD PERIOD 9999 TO 9999


WEATHER ITEM   OBSERVED TIME   NORMAL DEPARTURE LAST
                VALUE   (LST)  VALUE  FROM      YEAR
                                      NORMAL
......................................................
TEMPERATURE (F)
 YESTERDAY
  MAXIMUM         63    313 PM  64     -1       74
  MINIMUM         45   1159 PM  45      0       62
  AVERAGE         54            55     -1       68

PRECIPITATION (IN)
  YESTERDAY        0.00          0.10  -0.10     0.49
  MONTH TO DATE    2.52          1.63   0.89     0.57
  SINCE SEP 1      3.01          3.88  -0.87     4.61
  SINCE JAN 1     35.15         32.53   2.62    36.64

DEGREE DAYS
 HEATING
  YESTERDAY       11            11      0        0
  MONTH TO DATE   27           135   -108       50
  SINCE SEP 1     54           193   -139       62
  SINCE JUL 1     54           196   -142       65

 COOLING
  YESTERDAY        0             0      0        3
  MONTH TO DATE   46            12     34       26
  SINCE SEP 1    215           135     80      238
  SINCE JAN 1   1143          1055     88     1427
......................................................


WIND (MPH)
  HIGHEST WIND SPEED    14   HIGHEST WIND DIRECTION    NW (310)
  HIGHEST GUST SPEED    17   HIGHEST GUST DIRECTION    NW (310)
  AVERAGE WIND SPEED     6.3


SKY COVER
  AVERAGE SKY COVER 0.3


WEATHER CONDITIONS
 THE FOLLOWING WEATHER WAS RECORDED YESTERDAY.
  NO SIGNIFICANT WEATHER WAS OBSERVED.


RELATIVE HUMIDITY (PERCENT)
 HIGHEST    82           700 AM
 LOWEST     39           200 PM
 AVERAGE    61

..........................................................


THE INDIANAPOLIS EAGLE CREEK IN CLIMATE NORMALS FOR TODAY
                         NORMAL
 MAXIMUM TEMPERATURE (F)   64
 MINIMUM TEMPERATURE (F)   45


SUNRISE AND SUNSET
OCTOBER 17 2017.......SUNRISE   758 AM EDT   SUNSET   702 PM EDT
OCTOBER 18 2017.......SUNRISE   759 AM EDT   SUNSET   701 PM EDT


-  INDICATES NEGATIVE NUMBERS.
R  INDICATES RECORD WAS SET OR TIED.
MM INDICATES DATA IS MISSING.
T  INDICATES TRACE AMOUNT.




$$
