000
CDUS42 KKEY 072042
CLIEYW

CLIMATE REPORT
NATIONAL WEATHER SERVICE KEY WEST, FL
435 PM EDT TUE JUL 7 2015

...................................

...THE KEY WEST CLIMATE SUMMARY FOR JULY 7 2015...
VALID TODAY AS OF 0400 PM LOCAL TIME.

CLIMATE NORMAL PERIOD 1981 TO 2010
CLIMATE RECORD PERIOD 1871 TO 2015

WEATHER ITEM   OBSERVED TIME   RECORD YEAR NORMAL DEPARTURE LAST
                VALUE   (LST)  VALUE       VALUE  FROM      YEAR
                                                  NORMAL
..................................................................

TEMPERATURE (F)
 TODAY
  MAXIMUM         92    210 PM  95    1957  89      3       91
  MINIMUM         84    704 AM  70    1934  80      4       84
                                      1897
  AVERAGE         88                        84      4       88

PRECIPITATION (IN)
  TODAY            0.00          1.74 1988   0.12  -0.12     0.00
  MONTH TO DATE    T                         0.85  -0.85      T
  SINCE JUN 1      2.64                      4.96  -2.32     2.38
  SINCE JAN 1     15.07                     15.59  -0.52    15.23

SNOWFALL (IN)
  TODAY            0.0
  MONTH TO DATE    0.0
  SINCE JUN 1      0.0
  SINCE JUL 1      0.0
  SNOW DEPTH       0

DEGREE DAYS
 HEATING
  TODAY            0                         0      0        0
  MONTH TO DATE    0                         0      0        0
  SINCE JUN 1      0                         0      0        0
  SINCE JUL 1      0                         0      0        0

 COOLING
  TODAY           23                        19      4       23
  MONTH TO DATE  157                       133     24      152
  SINCE JUN 1    728                       682     46      710
  SINCE JAN 1   2445                      2112    333     2332

..................................................................

WIND (MPH)
  HIGHEST WIND SPEED    17   HIGHEST WIND DIRECTION    SE (130)
  HIGHEST GUST SPEED    21   HIGHEST GUST DIRECTION    SE (130)
  AVERAGE WIND SPEED    11.1

SKY COVER
  POSSIBLE SUNSHINE  MM
  AVERAGE SKY COVER 0.2

WEATHER CONDITIONS
 THE FOLLOWING WEATHER WAS RECORDED TODAY.
  NO SIGNIFICANT WEATHER WAS OBSERVED.

RELATIVE HUMIDITY (PERCENT)
 HIGHEST    80
 LOWEST     64
 AVERAGE    72

..........................................................

THE KEY WEST CLIMATE NORMALS FOR TOMORROW
                         NORMAL    RECORD    YEAR
 MAXIMUM TEMPERATURE (F)   89        95      1957
 MINIMUM TEMPERATURE (F)   80        71      1892

SUNRISE AND SUNSET

JULY  7 2015..........SUNRISE   644 AM EDT   SUNSET   820 PM EDT
JULY  8 2015..........SUNRISE   644 AM EDT   SUNSET   820 PM EDT

-  INDICATES NEGATIVE NUMBERS.
R  INDICATES RECORD WAS SET OR TIED.
MM INDICATES DATA IS MISSING.
T  INDICATES TRACE AMOUNT.

$$
