000
CDUS42 KKEY 140542
CLIEYW

CLIMATE REPORT
NATIONAL WEATHER SERVICE KEY WEST, FL
1238 AM EST SUN FEB 14 2016

...................................

...THE KEY WEST CLIMATE SUMMARY FOR FEBRUARY 13 2016...

CLIMATE NORMAL PERIOD 1981 TO 2010
CLIMATE RECORD PERIOD 1871 TO 2016


WEATHER ITEM   OBSERVED TIME   RECORD YEAR NORMAL DEPARTURE LAST
                VALUE   (LST)  VALUE       VALUE  FROM      YEAR
                                                  NORMAL
..................................................................
TEMPERATURE (F)
 YESTERDAY
  MAXIMUM         73    313 PM  84    1994  76     -3       71
                                      1937
                                      1875
  MINIMUM         62    716 AM  48    1955  66     -4       61
                                      1899
  AVERAGE         68                        71     -3       66

PRECIPITATION (IN)
  YESTERDAY        0.00          2.84 1947   0.05  -0.05     0.00
  MONTH TO DATE    2.84                      0.66   2.18     1.00
  SINCE DEC 1     10.78                      4.92   5.86     4.28
  SINCE JAN 1      6.20                      2.70   3.50     2.03

SNOWFALL (IN)
  YESTERDAY        0.0
  MONTH TO DATE    0.0
  SINCE DEC 1      0.0
  SINCE JUL 1      0.0
  SNOW DEPTH       0

DEGREE DAYS
 HEATING
  YESTERDAY        0                         1     -1        0
  MONTH TO DATE    9                        13     -4        1
  SINCE DEC 1     22                        63    -41        6
  SINCE JUL 1     22                        64    -42        7

 COOLING
  YESTERDAY        3                         6     -3        1
  MONTH TO DATE   64                        78    -14       52
  SINCE DEC 1    639                       460    179      536
  SINCE JAN 1    240                       243     -3      283
..................................................................


WIND (MPH)
  HIGHEST WIND SPEED    15   HIGHEST WIND DIRECTION     N (340)
  HIGHEST GUST SPEED    20   HIGHEST GUST DIRECTION     N (350)
  AVERAGE WIND SPEED    10.6


SKY COVER
  POSSIBLE SUNSHINE  MM
  AVERAGE SKY COVER 0.0


WEATHER CONDITIONS
 THE FOLLOWING WEATHER WAS RECORDED YESTERDAY.
  NO SIGNIFICANT WEATHER WAS OBSERVED.


RELATIVE HUMIDITY (PERCENT)
 HIGHEST    93
 LOWEST     68
 AVERAGE    81

..........................................................


THE KEY WEST CLIMATE NORMALS FOR TODAY
                         NORMAL    RECORD    YEAR
 MAXIMUM TEMPERATURE (F)   76        86      1875
 MINIMUM TEMPERATURE (F)   66        44      1899


SUNRISE AND SUNSET
FEBRUARY 14 2016......SUNRISE   702 AM EST   SUNSET   621 PM EST
FEBRUARY 15 2016......SUNRISE   701 AM EST   SUNSET   621 PM EST


-  INDICATES NEGATIVE NUMBERS.
R  INDICATES RECORD WAS SET OR TIED.
MM INDICATES DATA IS MISSING.
T  INDICATES TRACE AMOUNT.

$$

APA
