000
CDUS42 KKEY 182121
CLIEYW

CLIMATE REPORT
NATIONAL WEATHER SERVICE KEY WEST, FL
419 PM EST SUN FEB 18 2018

...................................

...THE KEY WEST CLIMATE SUMMARY FOR FEBRUARY 18 2018...
VALID TODAY AS OF 0400 PM LOCAL TIME.

CLIMATE NORMAL PERIOD 1981 TO 2010
CLIMATE RECORD PERIOD 1871 TO 2018

WEATHER ITEM   OBSERVED TIME   RECORD YEAR NORMAL DEPARTURE LAST
                VALUE   (LST)  VALUE       VALUE  FROM      YEAR
                                                  NORMAL
..................................................................

TEMPERATURE (F)
 TODAY
  MAXIMUM         80    332 PM  84    1992  76      4       81
                                      1942
                                      1933
  MINIMUM         72   1157 AM  45    1996  66      6       69
  AVERAGE         76                        71      5       75

PRECIPITATION (IN)
  TODAY            0.02          1.92 1981   0.05  -0.03     0.00
  MONTH TO DATE    0.11                      0.90  -0.79     0.14
  SINCE DEC 1      2.29                      5.16  -2.87     2.88
  SINCE JAN 1      1.01                      2.94  -1.93     1.14

SNOWFALL (IN)
  TODAY            0.0
  MONTH TO DATE    0.0
  SINCE DEC 1      0.0
  SINCE JUL 1      0.0
  SNOW DEPTH       0

DEGREE DAYS
 HEATING
  TODAY            0                         0      0        0
  MONTH TO DATE    0                        15    -15        0
  SINCE DEC 1     42                        65    -23        5
  SINCE JUL 1     42                        66    -24        5

 COOLING
  TODAY           11                         7      4       10
  MONTH TO DATE  203                       113     90      170
  SINCE DEC 1    582                       495     87      824
  SINCE JAN 1    322                       278     44      431

..................................................................

WIND (MPH)
  HIGHEST WIND SPEED    20   HIGHEST WIND DIRECTION     E (100)
  HIGHEST GUST SPEED    25   HIGHEST GUST DIRECTION     E (100)
  AVERAGE WIND SPEED     7.9

SKY COVER
  POSSIBLE SUNSHINE  MM
  AVERAGE SKY COVER 0.7

WEATHER CONDITIONS
 THE FOLLOWING WEATHER WAS RECORDED TODAY.
  LIGHT RAIN
  FOG

RELATIVE HUMIDITY (PERCENT)
 HIGHEST    93
 LOWEST     67
 AVERAGE    80

..........................................................

THE KEY WEST CLIMATE NORMALS FOR TOMORROW
                         NORMAL    RECORD    YEAR
 MAXIMUM TEMPERATURE (F)   76        84      1990
                                             1959
                                             1956
 MINIMUM TEMPERATURE (F)   66        50      1996


SUNRISE AND SUNSET

FEBRUARY 18 2018......SUNRISE   659 AM EST   SUNSET   624 PM EST
FEBRUARY 19 2018......SUNRISE   658 AM EST   SUNSET   624 PM EST

-  INDICATES NEGATIVE NUMBERS.
R  INDICATES RECORD WAS SET OR TIED.
MM INDICATES DATA IS MISSING.
T  INDICATES TRACE AMOUNT.

$$

SC
