000
CDUS42 KKEY 300531
CLIEYW

CLIMATE REPORT
NATIONAL WEATHER SERVICE KEY WEST, FL
127 AM EDT THU JUL 30 2015


...................................

...THE KEY WEST CLIMATE SUMMARY FOR JULY 29 2015...

CLIMATE NORMAL PERIOD 1981 TO 2010
CLIMATE RECORD PERIOD 1871 TO 2015


WEATHER ITEM   OBSERVED TIME   RECORD YEAR NORMAL DEPARTURE LAST
                VALUE   (LST)  VALUE       VALUE  FROM      YEAR
                                                  NORMAL
..................................................................
TEMPERATURE (F)
 YESTERDAY
  MAXIMUM         93    130 PM  95    1880  90      3       92
                                      1872
  MINIMUM         79    505 AM  73    1996  80     -1       83
                                      1983
  AVERAGE         86                        85      1       88

PRECIPITATION (IN)
  YESTERDAY        0.00          1.23 1996   0.12  -0.12     0.00
  MONTH TO DATE    0.67                      3.31  -2.64     1.96
  SINCE JUN 1      3.31                      7.42  -4.11     4.34
  SINCE JAN 1     15.74                     18.05  -2.31    17.19

SNOWFALL (IN)
  YESTERDAY        0.0
  MONTH TO DATE    0.0
  SINCE JUN 1      0.0
  SINCE JUL 1      0.0
  SNOW DEPTH       0

DEGREE DAYS
 HEATING
  YESTERDAY        0                         0      0        0
  MONTH TO DATE    0                         0      0        0
  SINCE JUN 1      0                         0      0        0
  SINCE JUL 1      0                         0      0        0

 COOLING
  YESTERDAY       21                        20      1       23
  MONTH TO DATE  611                       568     43      627
  SINCE JUN 1   1182                      1117     65     1185
  SINCE JAN 1   2899                      2547    352     2807
..................................................................


WIND (MPH)
  HIGHEST WIND SPEED    12   HIGHEST WIND DIRECTION    NW (300)
  HIGHEST GUST SPEED    15   HIGHEST GUST DIRECTION    NW (300)
  AVERAGE WIND SPEED     3.6


SKY COVER
  POSSIBLE SUNSHINE  MM
  AVERAGE SKY COVER 0.1


WEATHER CONDITIONS
 THE FOLLOWING WEATHER WAS RECORDED YESTERDAY.
  NO SIGNIFICANT WEATHER WAS OBSERVED.


RELATIVE HUMIDITY (PERCENT)
 HIGHEST    85
 LOWEST     52
 AVERAGE    69

..........................................................


THE KEY WEST CLIMATE NORMALS FOR TODAY
                         NORMAL    RECORD    YEAR
 MAXIMUM TEMPERATURE (F)   90        94      1933
                                             1884
                                             1881
 MINIMUM TEMPERATURE (F)   80        69      1890


SUNRISE AND SUNSET
JULY 30 2015..........SUNRISE   654 AM EDT   SUNSET   812 PM EDT
JULY 31 2015..........SUNRISE   655 AM EDT   SUNSET   812 PM EDT


-  INDICATES NEGATIVE NUMBERS.
R  INDICATES RECORD WAS SET OR TIED.
MM INDICATES DATA IS MISSING.
T  INDICATES TRACE AMOUNT.

$$

CLR
