000
CDUS42 KKEY 250530
CLIEYW


CLIMATE REPORT
NATIONAL WEATHER SERVICE KEY WEST, FL
127 AM EDT THU MAY 25 2017


...................................

...THE KEY WEST CLIMATE SUMMARY FOR MAY 24 2017...

CLIMATE NORMAL PERIOD 1981 TO 2010
CLIMATE RECORD PERIOD 1871 TO 2017


WEATHER ITEM   OBSERVED TIME   RECORD YEAR NORMAL DEPARTURE LAST
                VALUE   (LST)  VALUE       VALUE  FROM      YEAR
                                                  NORMAL
..................................................................
TEMPERATURE (F)
 YESTERDAY
  MAXIMUM         87    520 PM  92    1873  86      1       88
  MINIMUM         76    809 PM  68    1900  77     -1       76
  AVERAGE         82                        81      1       82

PRECIPITATION (IN)
  YESTERDAY        0.49          3.15 1937   0.12   0.37     0.03
  MONTH TO DATE    1.15                      2.04  -0.89     2.18
  SINCE MAR 1      5.96                      6.14  -0.18     3.88
  SINCE JAN 1      9.01                      9.67  -0.66    10.96

SNOWFALL (IN)
  YESTERDAY        0.0
  MONTH TO DATE    0.0
  SINCE MAR 1      0.0
  SINCE JUL 1      0.0
  SNOW DEPTH       0

DEGREE DAYS
 HEATING
  YESTERDAY        0                         0      0        0
  MONTH TO DATE    0                         0      0        0
  SINCE MAR 1      0                         7     -7        0
  SINCE JUL 1      5                        73    -68       24

 COOLING
  YESTERDAY       17                        16      1       17
  MONTH TO DATE  379                       358     21      351
  SINCE MAR 1   1073                       964    109     1044
  SINCE JAN 1   1613                      1312    301     1372
..................................................................


WIND (MPH)
  HIGHEST WIND SPEED    30   HIGHEST WIND DIRECTION    NW (310)
  HIGHEST GUST SPEED    37   HIGHEST GUST DIRECTION    NW (310)
  AVERAGE WIND SPEED    14.2


SKY COVER
  POSSIBLE SUNSHINE  MM
  AVERAGE SKY COVER 0.1


WEATHER CONDITIONS
 THE FOLLOWING WEATHER WAS RECORDED YESTERDAY.
  THUNDERSTORM
  HEAVY RAIN
  RAIN
  LIGHT RAIN
  FOG


RELATIVE HUMIDITY (PERCENT)
 HIGHEST    91
 LOWEST     74
 AVERAGE    83

..........................................................


THE KEY WEST CLIMATE NORMALS FOR TODAY
                         NORMAL    RECORD    YEAR
 MAXIMUM TEMPERATURE (F)   86        91      2008
                                             1989
 MINIMUM TEMPERATURE (F)   77        70      1992
                                             1913


SUNRISE AND SUNSET
MAY 25 2017...........SUNRISE   640 AM EDT   SUNSET   809 PM EDT
MAY 26 2017...........SUNRISE   639 AM EDT   SUNSET   809 PM EDT


-  INDICATES NEGATIVE NUMBERS.
R  INDICATES RECORD WAS SET OR TIED.
MM INDICATES DATA IS MISSING.
T  INDICATES TRACE AMOUNT.

$$

clr
