000
CDUS42 KKEY 160540
CLIEYW


CLIMATE REPORT
NATIONAL WEATHER SERVICE KEY WEST, FL
1235 AM EST MON JAN 16 2017


...................................

...THE KEY WEST CLIMATE SUMMARY FOR JANUARY 15 2017...

CLIMATE NORMAL PERIOD 1981 TO 2010
CLIMATE RECORD PERIOD 1871 TO 2017


WEATHER ITEM   OBSERVED TIME   RECORD YEAR NORMAL DEPARTURE LAST
               VALUE    (LST)  VALUE       VALUE  FROM      YEAR
                                                  NORMAL
..................................................................
TEMPERATURE (F)
 YESTERDAY
  MAXIMUM         80    241 PM  87    1877  74      6       78
  MINIMUM         70    802 AM  47    1964  64      6       68
  AVERAGE         75                        69      6       73

PRECIPITATION (IN)
  YESTERDAY        0.00          1.67 1998   0.07  -0.07     0.33
  MONTH TO DATE    0.30                      0.97  -0.67     1.88
  SINCE DEC 1      2.04                      3.19  -1.15     6.46
  SINCE JAN 1      0.30                      0.97  -0.67     1.88

SNOWFALL (IN)
  YESTERDAY        0.0
  MONTH TO DATE    0.0
  SINCE DEC 1      0.0
  SINCE JUL 1      0.0
  SNOW DEPTH       0

DEGREE DAYS
 HEATING
  YESTERDAY        0                         1     -1        0
  MONTH TO DATE    3                        15    -12        0
  SINCE DEC 1      3                        32    -29        0
  SINCE JUL 1      3                        33    -30        0

 COOLING
  YESTERDAY       10                         5      5        8
  MONTH TO DATE  132                        77     55      114
  SINCE DEC 1    525                       294    231      513
  SINCE JAN 1    132                        77     55      114
..................................................................


WIND (MPH)
  HIGHEST WIND SPEED    18   HIGHEST WIND DIRECTION     E (90)
  HIGHEST GUST SPEED    23   HIGHEST GUST DIRECTION     E (80)
  AVERAGE WIND SPEED     9.0


SKY COVER
  POSSIBLE SUNSHINE  MM
  AVERAGE SKY COVER 0.6


WEATHER CONDITIONS
 THE FOLLOWING WEATHER WAS RECORDED YESTERDAY.
  NO SIGNIFICANT WEATHER WAS OBSERVED.


RELATIVE HUMIDITY (PERCENT)
 HIGHEST    90
 LOWEST     54
 AVERAGE    72

..........................................................


THE KEY WEST CLIMATE NORMALS FOR TODAY
                         NORMAL    RECORD    YEAR
 MAXIMUM TEMPERATURE (F)   74        90      1877
 MINIMUM TEMPERATURE (F)   64        48      2006


SUNRISE AND SUNSET
JANUARY 16 2017.......SUNRISE   713 AM EST   SUNSET   601 PM EST
JANUARY 17 2017.......SUNRISE   713 AM EST   SUNSET   602 PM EST


-  INDICATES NEGATIVE NUMBERS.
R  INDICATES RECORD WAS SET OR TIED.
MM INDICATES DATA IS MISSING.
T  INDICATES TRACE AMOUNT.


$$
