000
CDUS42 KKEY 210529
CLIEYW

CLIMATE REPORT
NATIONAL WEATHER SERVICE KEY WEST, FL
128 AM EDT MON APR 21 2014


...................................

...THE KEY WEST CLIMATE SUMMARY FOR APRIL 20 2014...

CLIMATE NORMAL PERIOD 1981 TO 2010
CLIMATE RECORD PERIOD 1871 TO 2014


WEATHER ITEM   OBSERVED TIME   RECORD YEAR NORMAL DEPARTURE LAST
                VALUE   (LST)  VALUE       VALUE  FROM      YEAR
                                                  NORMAL
..................................................................
TEMPERATURE (F)
 YESTERDAY
  MAXIMUM         77    320 PM  89    1877  82     -5       87
  MINIMUM         72   1159 PM  61    1997  72      0       75
  AVERAGE         75                        77     -2       81

PRECIPITATION (IN)
  YESTERDAY        0.00          2.60 1930   0.08  -0.08     0.49
  MONTH TO DATE    0.56                      1.41  -0.85     1.92
  SINCE MAR 1      4.34                      3.46   0.88     4.12
  SINCE JAN 1     11.94                      6.99   4.95     5.66

SNOWFALL (IN)
  YESTERDAY        0.0
  MONTH TO DATE    0.0
  SINCE MAR 1      0.0
  SINCE JUL 1      0.0
  SNOW DEPTH       0

DEGREE DAYS
 HEATING
  YESTERDAY        0                         0      0        0
  MONTH TO DATE    0                         0      0        0
  SINCE MAR 1      0                         7     -7       16
  SINCE JUL 1     22                        73    -51       28

 COOLING
  YESTERDAY       10                        12     -2       16
  MONTH TO DATE  248                       217     31      298
  SINCE MAR 1    525                       479     46      460
  SINCE JAN 1    951                       827    124      994
..................................................................


WIND (MPH)
  HIGHEST WIND SPEED    17   HIGHEST WIND DIRECTION    NW (300)
  HIGHEST GUST SPEED    22   HIGHEST GUST DIRECTION    NW (330)
  AVERAGE WIND SPEED    10.8


SKY COVER
  POSSIBLE SUNSHINE  MM
  AVERAGE SKY COVER 0.6


WEATHER CONDITIONS
 THE FOLLOWING WEATHER WAS RECORDED YESTERDAY.
  NO SIGNIFICANT WEATHER WAS OBSERVED.


RELATIVE HUMIDITY (PERCENT)
 HIGHEST    73
 LOWEST     60
 AVERAGE    67

..........................................................


THE KEY WEST CLIMATE NORMALS FOR TODAY
                         NORMAL    RECORD    YEAR
 MAXIMUM TEMPERATURE (F)   82        89      1884
 MINIMUM TEMPERATURE (F)   72        63      1987


SUNRISE AND SUNSET
APRIL 21 2014.........SUNRISE   700 AM EDT   SUNSET   752 PM EDT
APRIL 22 2014.........SUNRISE   659 AM EDT   SUNSET   752 PM EDT


-  INDICATES NEGATIVE NUMBERS.
R  INDICATES RECORD WAS SET OR TIED.
MM INDICATES DATA IS MISSING.
T  INDICATES TRACE AMOUNT.




$$
