000
CDUS42 KKEY 012031
CLIEYW


CLIMATE REPORT
NATIONAL WEATHER SERVICE KEY WEST, FL
430 PM EDT SAT OCT 1 2016


...................................

...THE KEY WEST CLIMATE SUMMARY FOR OCTOBER 1 2016...
VALID TODAY AS OF 0400 PM LOCAL TIME.

CLIMATE NORMAL PERIOD 1981 TO 2010
CLIMATE RECORD PERIOD 1871 TO 2016


WEATHER ITEM   OBSERVED TIME   RECORD YEAR NORMAL DEPARTURE LAST
                VALUE   (LST)  VALUE       VALUE  FROM      YEAR
                                                  NORMAL
..................................................................
TEMPERATURE (F)
 TODAY
  MAXIMUM         89   1209 PM  92    1958  87      2       89
  MINIMUM         80    446 AM  67    1920  78      2       83
  AVERAGE         85                        82      3       86

PRECIPITATION (IN)
  TODAY            T             2.50 1943   0.19  -0.19     0.00
  MONTH TO DATE    T                         0.19  -0.19     0.00
  SINCE SEP 1      8.04                      6.90   1.14     6.31
  SINCE JAN 1     33.38                     30.57   2.81    28.82

SNOWFALL (IN)
  TODAY            0.0
  MONTH TO DATE    0.0
  SINCE SEP 1      0.0
  SINCE JUL 1      0.0
  SNOW DEPTH       0

DEGREE DAYS
 HEATING
  TODAY            0                         0      0        0
  MONTH TO DATE    0                         0      0        0
  SINCE SEP 1      0                         0      0        0
  SINCE JUL 1      0                         0      0        0

 COOLING
  TODAY           20                        17      3       21
  MONTH TO DATE   20                        17      3       21
  SINCE SEP 1    594                       563     31      626
  SINCE JAN 1   3901                      3752    149     4219
..................................................................


WIND (MPH)
  HIGHEST WIND SPEED    15   HIGHEST WIND DIRECTION     E (100)
  HIGHEST GUST SPEED    19   HIGHEST GUST DIRECTION     E (110)
  AVERAGE WIND SPEED     7.3


SKY COVER
  POSSIBLE SUNSHINE  MM
  AVERAGE SKY COVER 0.1


WEATHER CONDITIONS
 THE FOLLOWING WEATHER WAS RECORDED TODAY.
  LIGHT RAIN


RELATIVE HUMIDITY (PERCENT)
 HIGHEST    94
 LOWEST     68
 AVERAGE    81

..........................................................


THE KEY WEST CLIMATE NORMALS FOR TOMORROW
                         NORMAL    RECORD    YEAR
 MAXIMUM TEMPERATURE (F)   87        92      1952
 MINIMUM TEMPERATURE (F)   78        69      1920


SUNRISE AND SUNSET
OCTOBER  1 2016.......SUNRISE   719 AM EDT   SUNSET   713 PM EDT
OCTOBER  2 2016.......SUNRISE   720 AM EDT   SUNSET   712 PM EDT


-  INDICATES NEGATIVE NUMBERS.
R  INDICATES RECORD WAS SET OR TIED.
MM INDICATES DATA IS MISSING.
T  INDICATES TRACE AMOUNT.




$$
