000
CDUS42 KKEY 210557
CLIEYW


CLIMATE REPORT
NATIONAL WEATHER SERVICE KEY WEST, FL
1254 AM EST TUE FEB 21 2017

...................................

...THE KEY WEST CLIMATE SUMMARY FOR FEBRUARY 20 2017...

CLIMATE NORMAL PERIOD 1981 TO 2010
CLIMATE RECORD PERIOD 1871 TO 2017

WEATHER ITEM   OBSERVED TIME   RECORD YEAR NORMAL DEPARTURE LAST
                VALUE   (LST)  VALUE       VALUE  FROM      YEAR
                                                  NORMAL
..................................................................
TEMPERATURE (F)
 YESTERDAY
  MAXIMUM         81    323 PM  85    1984  76      5       77
  MINIMUM         70    509 AM  49    2015  67      3       68
  AVERAGE         76                        71      5       73

PRECIPITATION (IN)
  YESTERDAY        0.00          1.09 1941   0.05  -0.05     0.00
  MONTH TO DATE    0.14                      1.00  -0.86     3.06
  SINCE DEC 1      2.88                      5.26  -2.38    11.00
  SINCE JAN 1      1.14                      3.04  -1.90     6.42

SNOWFALL (IN)
  YESTERDAY        0.0
  MONTH TO DATE    0.0
  SINCE DEC 1      0.0
  SINCE JUL 1      0.0
  SNOW DEPTH       0

DEGREE DAYS
 HEATING
  YESTERDAY        0                         1     -1        0
  MONTH TO DATE    0                        17    -17        9
  SINCE DEC 1      5                        67    -62       22
  SINCE JUL 1      5                        68    -63       22

 COOLING
  YESTERDAY       11                         7      4        8
  MONTH TO DATE  195                       127     68      106
  SINCE DEC 1    849                       509    340      681
  SINCE JAN 1    456                       292    164      282
..................................................................


WIND (MPH)
  HIGHEST WIND SPEED    17   HIGHEST WIND DIRECTION     E (110)
  HIGHEST GUST SPEED    23   HIGHEST GUST DIRECTION    SE (130)
  AVERAGE WIND SPEED    12.2


SKY COVER
  POSSIBLE SUNSHINE  MM
  AVERAGE SKY COVER 0.1


WEATHER CONDITIONS
 THE FOLLOWING WEATHER WAS RECORDED YESTERDAY.
  NO SIGNIFICANT WEATHER WAS OBSERVED.


RELATIVE HUMIDITY (PERCENT)
 HIGHEST    87
 LOWEST     62
 AVERAGE    75

..........................................................


THE KEY WEST CLIMATE NORMALS FOR TODAY
                         NORMAL    RECORD    YEAR
 MAXIMUM TEMPERATURE (F)   77        85      1882
 MINIMUM TEMPERATURE (F)   67        51      1958
                                             1908


SUNRISE AND SUNSET
FEBRUARY 21 2017......SUNRISE   656 AM EST   SUNSET   625 PM EST
FEBRUARY 22 2017......SUNRISE   655 AM EST   SUNSET   626 PM EST


-  INDICATES NEGATIVE NUMBERS.
R  INDICATES RECORD WAS SET OR TIED.
MM INDICATES DATA IS MISSING.
T  INDICATES TRACE AMOUNT.

$$

BWC
