000
CDUS42 KKEY 022040
CLIEYW

CLIMATE REPORT
NATIONAL WEATHER SERVICE KEY WEST, FL
438 PM EDT WED SEP 2 2015


...................................

...THE KEY WEST CLIMATE SUMMARY FOR SEPTEMBER 2 2015...
VALID TODAY AS OF 0400 PM LOCAL TIME.

CLIMATE NORMAL PERIOD 1981 TO 2010
CLIMATE RECORD PERIOD 1871 TO 2015


WEATHER ITEM   OBSERVED TIME   RECORD YEAR NORMAL DEPARTURE LAST
                VALUE   (LST)  VALUE       VALUE  FROM      YEAR
                                                  NORMAL
..................................................................
TEMPERATURE (F)
 TODAY
  MAXIMUM         92    323 PM  95    1956  89      3       89
  MINIMUM         84    549 AM  69    1898  79      5       79
  AVERAGE         88                        84      4       84

PRECIPITATION (IN)
  TODAY            T             1.99 1894   0.21  -0.21     0.48
  MONTH TO DATE    0.03                      0.43  -0.40     0.55
  SINCE SEP 1      0.03                      0.43  -0.40     0.55
  SINCE JAN 1     22.54                     24.10  -1.56    22.69

SNOWFALL (IN)
  TODAY            0.0
  MONTH TO DATE    0.0
  SINCE SEP 1      0.0
  SINCE JUL 1      0.0
  SNOW DEPTH       0

DEGREE DAYS
 HEATING
  TODAY            0                         0      0        0
  MONTH TO DATE    0                         0      0        0
  SINCE SEP 1      0                         0      0        0
  SINCE JUL 1      0                         0      0        0

 COOLING
  TODAY           23                        19      4       19
  MONTH TO DATE   44                        38      6       39
  SINCE SEP 1     44                        38      6       39
  SINCE JAN 1   3637                      3227    410     3559
..................................................................


WIND (MPH)
  HIGHEST WIND SPEED    15   HIGHEST WIND DIRECTION     E (100)
  HIGHEST GUST SPEED    19   HIGHEST GUST DIRECTION     E (100)
  AVERAGE WIND SPEED     8.1


SKY COVER
  POSSIBLE SUNSHINE  MM
  AVERAGE SKY COVER 0.2


WEATHER CONDITIONS
 THE FOLLOWING WEATHER WAS RECORDED TODAY.
  THUNDERSTORM
  LIGHT RAIN


RELATIVE HUMIDITY (PERCENT)
 HIGHEST    82
 LOWEST     68
 AVERAGE    75

..........................................................


THE KEY WEST CLIMATE NORMALS FOR TOMORROW
                         NORMAL    RECORD    YEAR
 MAXIMUM TEMPERATURE (F)   89        95      2007
 MINIMUM TEMPERATURE (F)   79        70      1886


SUNRISE AND SUNSET
SEPTEMBER  2 2015.....SUNRISE   708 AM EDT   SUNSET   745 PM EDT
SEPTEMBER  3 2015.....SUNRISE   709 AM EDT   SUNSET   744 PM EDT


-  INDICATES NEGATIVE NUMBERS.
R  INDICATES RECORD WAS SET OR TIED.
MM INDICATES DATA IS MISSING.
T  INDICATES TRACE AMOUNT.


$$
