000
CDUS42 KKEY 010538
CLIEYW

CLIMATE REPORT
NATIONAL WEATHER SERVICE KEY WEST, FL
137 AM EDT SUN MAY 1 2016


...................................

...THE KEY WEST CLIMATE SUMMARY FOR APRIL 30 2016...

CLIMATE NORMAL PERIOD 1981 TO 2010
CLIMATE RECORD PERIOD 1871 TO 2016


WEATHER ITEM   OBSERVED TIME   RECORD YEAR NORMAL DEPARTURE LAST
                VALUE   (LST)  VALUE       VALUE  FROM      YEAR
                                                  NORMAL
..................................................................
TEMPERATURE (F)
 YESTERDAY
  MAXIMUM         83    231 PM  90    1883  83      0       82
  MINIMUM         76    600 AM  59    1992  74      2       74
  AVERAGE         80                        78      2       78

PRECIPITATION (IN)
  YESTERDAY        0.00          3.37 2003   0.05  -0.05      T
  MONTH TO DATE    1.40                      2.05  -0.65     6.60
  SINCE MAR 1      1.70                      4.10  -2.40     8.08
  SINCE JAN 1      8.78                      7.63   1.15    11.31

SNOWFALL (IN)
  YESTERDAY        0.0
  MONTH TO DATE    0.0
  SINCE MAR 1      0.0
  SINCE JUL 1      0.0
  SNOW DEPTH       0

DEGREE DAYS
 HEATING
  YESTERDAY        0                         0      0        0
  MONTH TO DATE    0                         0      0        0
  SINCE MAR 1      0                         7     -7        0
  SINCE JUL 1     24                        73    -49       27

 COOLING
  YESTERDAY       15                        13      2       13
  MONTH TO DATE  368                       344     24      472
  SINCE MAR 1    693                       606     87      844
  SINCE JAN 1   1021                       954     67     1202
..................................................................


WIND (MPH)
  HIGHEST WIND SPEED    22   HIGHEST WIND DIRECTION     E (110)
  HIGHEST GUST SPEED    29   HIGHEST GUST DIRECTION     E (100)
  AVERAGE WIND SPEED    15.6


SKY COVER
  POSSIBLE SUNSHINE  MM
  AVERAGE SKY COVER 0.2


WEATHER CONDITIONS
 THE FOLLOWING WEATHER WAS RECORDED YESTERDAY.
  NO SIGNIFICANT WEATHER WAS OBSERVED.


RELATIVE HUMIDITY (PERCENT)
 HIGHEST    82
 LOWEST     58
 AVERAGE    70

..........................................................


THE KEY WEST CLIMATE NORMALS FOR TODAY
                         NORMAL    RECORD    YEAR
 MAXIMUM TEMPERATURE (F)   83        90      1873
 MINIMUM TEMPERATURE (F)   74        64      1992


SUNRISE AND SUNSET
MAY  1 2016...........SUNRISE   652 AM EDT   SUNSET   757 PM EDT
MAY  2 2016...........SUNRISE   651 AM EDT   SUNSET   757 PM EDT


-  INDICATES NEGATIVE NUMBERS.
R  INDICATES RECORD WAS SET OR TIED.
MM INDICATES DATA IS MISSING.
T  INDICATES TRACE AMOUNT.




$$
