000
CDUS42 KKEY 282129
CLIEYW

CLIMATE REPORT
NATIONAL WEATHER SERVICE KEY WEST, FL
427 PM EST WED JAN 28 2015


...................................

...THE KEY WEST CLIMATE SUMMARY FOR JANUARY 28 2015...
VALID TODAY AS OF 0400 PM LOCAL TIME.

CLIMATE NORMAL PERIOD 1981 TO 2010
CLIMATE RECORD PERIOD 1871 TO 2015


WEATHER ITEM   OBSERVED TIME   RECORD YEAR NORMAL DEPARTURE LAST
                VALUE   (LST)  VALUE       VALUE  FROM      YEAR
                                                  NORMAL
..................................................................
TEMPERATURE (F)
 TODAY
  MAXIMUM         68    528 AM  85    1957  75     -7       77
  MINIMUM         63    926 AM  43    1940  65     -2       68
  AVERAGE         66                        70     -4       73

PRECIPITATION (IN)
  TODAY            0.00          0.70 1947   0.06  -0.06     0.00
  MONTH TO DATE    1.03                      1.85  -0.82     4.99
  SINCE DEC 1      3.28                      4.07  -0.79     6.08
  SINCE JAN 1      1.03                      1.85  -0.82     4.99

SNOWFALL (IN)
  TODAY            0.0
  MONTH TO DATE    0.0
  SINCE DEC 1      0.0
  SINCE JUL 1      0.0
  SNOW DEPTH       0

DEGREE DAYS
 HEATING
  TODAY            0                         1     -1        0
  MONTH TO DATE    0                        28    -28       22
  SINCE DEC 1      5                        45    -40       22
  SINCE JUL 1      6                        46    -40       22

 COOLING
  TODAY            1                         5     -4        8
  MONTH TO DATE  223                       142     81      138
  SINCE DEC 1    476                       359    117      478
  SINCE JAN 1    223                       142     81      138
..................................................................


WIND (MPH)
  HIGHEST WIND SPEED    20   HIGHEST WIND DIRECTION     N (20)
  HIGHEST GUST SPEED    24   HIGHEST GUST DIRECTION     N (20)
  AVERAGE WIND SPEED    12.3


SKY COVER
  POSSIBLE SUNSHINE  MM
  AVERAGE SKY COVER 0.3


WEATHER CONDITIONS
 THE FOLLOWING WEATHER WAS RECORDED TODAY.
  NO SIGNIFICANT WEATHER WAS OBSERVED.


RELATIVE HUMIDITY (PERCENT)
 HIGHEST    84
 LOWEST     45
 AVERAGE    65

..........................................................


THE KEY WEST CLIMATE NORMALS FOR TOMORROW
                         NORMAL    RECORD    YEAR
 MAXIMUM TEMPERATURE (F)   75        86      1991
 MINIMUM TEMPERATURE (F)   65        45      1940


SUNRISE AND SUNSET
JANUARY 28 2015.......SUNRISE   711 AM EST   SUNSET   610 PM EST
JANUARY 29 2015.......SUNRISE   710 AM EST   SUNSET   610 PM EST


-  INDICATES NEGATIVE NUMBERS.
R  INDICATES RECORD WAS SET OR TIED.
MM INDICATES DATA IS MISSING.
T  INDICATES TRACE AMOUNT.




$$
