818
CDAK49 PAFG 010936
CLIFAI

CLIMATE REPORT
NATIONAL WEATHER SERVICE FAIRBANKS AK
136 AM AKDT SUN MAY 1 2016

...................................

...THE FAIRBANKS AK CLIMATE SUMMARY FOR APRIL 30 2016...

CLIMATE NORMAL PERIOD 1981 TO 2010
CLIMATE RECORD PERIOD 1904 TO 2016


WEATHER ITEM   OBSERVED TIME   RECORD YEAR NORMAL DEPARTURE LAST
                VALUE   (LST)  VALUE       VALUE  FROM      YEAR
                                                  NORMAL
..................................................................
TEMPERATURE (F)
 YESTERDAY
  MAXIMUM         61    332 PM  76    2009  54      7       53
  MINIMUM         29    435 AM   8    1937  31     -2       34
  AVERAGE         45                        42      3       44

PRECIPITATION (IN)
  YESTERDAY        0.00          0.34 2008   0.02  -0.02     0.00
  MONTH TO DATE    0.52                      0.31   0.21     0.16
  SINCE MAR 1      1.05                      0.56   0.49     0.65
  SINCE JAN 1      1.11                      1.56  -0.45     1.28

SNOWFALL (IN)
  YESTERDAY        0.0           3.4  2008   0.1   -0.1      0.0
  MONTH TO DATE    3.7                       2.9    0.8      2.1
  SINCE MAR 1      7.4                       7.8   -0.4     10.2
  SINCE JUL 1     60.0                      64.1   -4.1     43.8
  SNOW DEPTH       0

DEGREE DAYS
 HEATING
  YESTERDAY       20                        23     -3       21
  MONTH TO DATE  671                       974   -303      841
  SINCE MAR 1   2067                      2634   -567     2368
  SINCE JUL 1  11473                     13024  -1551    11835

 COOLING
  YESTERDAY        0                         0      0        0
  MONTH TO DATE    0                         0      0        0
  SINCE MAR 1      0                         0      0        0
  SINCE JAN 1      0                         0      0        0
..................................................................


WIND (MPH)
  HIGHEST GUST SPEED    24   HIGHEST GUST DIRECTION    SE (120)


SKY COVER
  AVERAGE SKY COVER 0.6


WEATHER CONDITIONS
 THE FOLLOWING WEATHER WAS RECORDED YESTERDAY.
  NO SIGNIFICANT WEATHER WAS OBSERVED.


RELATIVE HUMIDITY (PERCENT)
 HIGHEST    92
 LOWEST     14
 AVERAGE    53

..........................................................


THE FAIRBANKS AK CLIMATE NORMALS FOR TODAY
                         NORMAL    RECORD    YEAR
 MAXIMUM TEMPERATURE (F)   54        76      2009
 MINIMUM TEMPERATURE (F)   31         4      1937


SUNRISE AND SUNSET
MAY 01 2016..........SUNRISE  516 AM AKDT   SUNSET  1024 PM AKDT
MAY 02 2016..........SUNRISE  513 AM AKDT   SUNSET  1027 PM AKDT


-  INDICATES NEGATIVE NUMBERS.
R  INDICATES RECORD WAS SET OR TIED.
MM INDICATES DATA IS MISSING.
T  INDICATES TRACE AMOUNT.

&&

SNOW DEPTH IS MEASURED AT 3AM AKST/4AM AKDT

----------------------------
AVAILABLE DAYLIGHT

AMOUNT OF DAYLIGHT TODAY  (HOUR:MIN)........17:08
GAIN SINCE YESTERDAY........................7 MINUTES
----------------------------

$$
CF MAY 16
