000
CDAK49 PAFG 210956
CLIFAI

CLIMATE REPORT
NATIONAL WEATHER SERVICE FAIRBANKS AK
156 AM AKDT SAT OCT 21 2017

...................................

...THE FAIRBANKS AK CLIMATE SUMMARY FOR OCTOBER 20 2017...

CLIMATE NORMAL PERIOD 1981 TO 2010
CLIMATE RECORD PERIOD 1904 TO 2017


WEATHER ITEM   OBSERVED TIME   RECORD YEAR NORMAL DEPARTURE LAST
                VALUE   (LST)  VALUE       VALUE  FROM      YEAR
                                                  NORMAL
..................................................................
TEMPERATURE (F)
 YESTERDAY
  MAXIMUM         15    147 PM  61    1938  28    -13       21
  MINIMUM          2   1128 PM -15    1965  14    -12        9
  AVERAGE          9                        21    -12       15

PRECIPITATION (IN)
  YESTERDAY        T             0.83 1935   0.03  -0.03     0.02
  MONTH TO DATE    2.05                      0.56   1.49     0.02
  SINCE SEP 1      3.47                      1.66   1.81     2.10
  SINCE JAN 1     12.34                      9.23   3.11    13.81

SNOWFALL (IN)
  YESTERDAY        T             6.2  1935   0.4   -0.4      0.5
  MONTH TO DATE    4.6                       6.1   -1.5      0.5
  SINCE SEP 1      4.6                       7.9   -3.3      0.5
  SINCE JUL 1      4.6                       7.9   -3.3      0.5
  SNOW DEPTH       T

DEGREE DAYS
 HEATING
  YESTERDAY       56                        44     12       50
  MONTH TO DATE  600                       721   -121      659
  SINCE SEP 1   1104                      1326   -222     1214
  SINCE JUL 1   1327                      1715   -388     1416

 COOLING
  YESTERDAY        0                         0      0        0
  MONTH TO DATE    0                         0      0        0
  SINCE SEP 1      0                         0      0        0
  SINCE JAN 1    104                        61     43       76
..................................................................


WIND (MPH)
  HIGHEST GUST SPEED     9   HIGHEST GUST DIRECTION    NE (60)


SKY COVER
  AVERAGE SKY COVER 0.4


WEATHER CONDITIONS
 THE FOLLOWING WEATHER WAS RECORDED YESTERDAY.
  LIGHT SNOW
  FOG


RELATIVE HUMIDITY (PERCENT)
 HIGHEST    96
 LOWEST     80
 AVERAGE    88

..........................................................


THE FAIRBANKS AK CLIMATE NORMALS FOR TODAY
                         NORMAL    RECORD    YEAR
 MAXIMUM TEMPERATURE (F)   27        60      1938
 MINIMUM TEMPERATURE (F)   13       -17      1958


SUNRISE AND SUNSET
OCTOBER 21 2017.......SUNRISE   904 AM AKDT  SUNSET   606 PM AKDT
OCTOBER 22 2017.......SUNRISE   907 AM AKDT  SUNSET   603 PM AKDT


-  INDICATES NEGATIVE NUMBERS.
R  INDICATES RECORD WAS SET OR TIED.
MM INDICATES DATA IS MISSING.
T  INDICATES TRACE AMOUNT.

&&

SNOW DEPTH IS MEASURED AT 3AM AKST/4AM AKDT

----------------------------
AVAILABLE DAYLIGHT

AMOUNT OF DAYLIGHT TODAY  (HOUR:MIN)........09:02
LOSS SINCE YESTERDAY........................7 MINUTES
----------------------------

$$
OCT 17
