000
CDAK49 PAFG 300044
CLIFAI

CLIMATE REPORT
NATIONAL WEATHER SERVICE FAIRBANKS AK
444 PM AKDT SAT APR 29 2017

...................................

...THE FAIRBANKS AK CLIMATE SUMMARY FOR APRIL 29 2017...
VALID TODAY AS OF 0400 PM LOCAL TIME.

CLIMATE NORMAL PERIOD 1981 TO 2010
CLIMATE RECORD PERIOD 1904 TO 2017


WEATHER ITEM   OBSERVED TIME   RECORD YEAR NORMAL DEPARTURE LAST
                VALUE   (LST)  VALUE       VALUE  FROM      YEAR
                                                  NORMAL
..................................................................
TEMPERATURE (F)
 TODAY
  MAXIMUM         54    259 PM  74    2009  53      1       60
  MINIMUM         31    257 AM  13    1927  30      1       31
                                      1918
  AVERAGE         43                        42      1       46

PRECIPITATION (IN)
  TODAY            0.00          0.44 2002   0.01  -0.01     0.00
  MONTH TO DATE    0.09                      0.29  -0.20     0.52
  SINCE MAR 1      0.26                      0.54  -0.28     1.05
  SINCE JAN 1      2.46                      1.54   0.92     1.11

SNOWFALL (IN)
  TODAY            0.0           1.1  1934   0.0    0.0      0.0
  MONTH TO DATE    1.2                       2.8   -1.6      3.7
  SINCE MAR 1      4.7                       7.7   -3.0      7.4
  SINCE JUL 1     83.1                      64.0   19.1     60.0
  SNOW DEPTH       T

DEGREE DAYS
 HEATING
  TODAY           22                        23     -1       19
  MONTH TO DATE  838                       951   -113      651
  SINCE MAR 1   2937                      2611    326     2047
  SINCE JUL 1  13067                     13001     66    11453

 COOLING
  TODAY            0                         0      0        0
  MONTH TO DATE    0                         0      0        0
  SINCE MAR 1      0                         0      0        0
  SINCE JAN 1      0                         0      0        0
..................................................................


WIND (MPH)
  HIGHEST GUST SPEED     9   HIGHEST GUST DIRECTION    NE (40)


SKY COVER
  AVERAGE SKY COVER 0.8


WEATHER CONDITIONS
 THE FOLLOWING WEATHER WAS RECORDED TODAY.
  NO SIGNIFICANT WEATHER WAS OBSERVED.


RELATIVE HUMIDITY (PERCENT)
 HIGHEST    92
 LOWEST     35
 AVERAGE    64

..........................................................


THE FAIRBANKS AK CLIMATE NORMALS FOR TOMORROW
                         NORMAL    RECORD    YEAR
 MAXIMUM TEMPERATURE (F)   54        76      2009
 MINIMUM TEMPERATURE (F)   31         8      1937


SUNRISE AND SUNSET
APRIL 29 2017..........SUNRISE  524 AM AKDT   SUNSET  1016 PM AKDT
APRIL 30 2017..........SUNRISE  520 AM AKDT   SUNSET  1019 PM AKDT


-  INDICATES NEGATIVE NUMBERS.
R  INDICATES RECORD WAS SET OR TIED.
MM INDICATES DATA IS MISSING.
T  INDICATES TRACE AMOUNT.

&&

SNOW DEPTH IS MEASURED AT 3AM AKST/4AM AKDT

----------------------------
AVAILABLE DAYLIGHT

AMOUNT OF DAYLIGHT TODAY  (HOUR:MIN)........16:52
GAIN SINCE YESTERDAY........................8 MINUTES
----------------------------

$$
CCC APR 17
