000
CDAK49 PAFG 030934
CLIFAI

CLIMATE REPORT
NATIONAL WEATHER SERVICE FAIRBANKS AK
134 AM AKDT FRI JUL 3 2015

...................................

...THE FAIRBANKS AK CLIMATE SUMMARY FOR JULY 2 2015...

CLIMATE NORMAL PERIOD 1981 TO 2010
CLIMATE RECORD PERIOD 1904 TO 2015


WEATHER ITEM   OBSERVED TIME   RECORD YEAR NORMAL DEPARTURE LAST
                VALUE   (LST)  VALUE       VALUE  FROM      YEAR
                                                  NORMAL
..................................................................
TEMPERATURE (F)
 YESTERDAY
  MAXIMUM         63    316 PM  87    1986  74    -11       65
  MINIMUM         53    514 AM  38    1924  53      0       54
  AVERAGE         58                        64     -6       60

PRECIPITATION (IN)
  YESTERDAY        0.01          1.80 1930   0.06  -0.05     1.44
  MONTH TO DATE    0.24                      0.12   0.12     3.36
  SINCE JUN 1      1.27                      1.49  -0.22     6.92
  SINCE JAN 1      2.84                      3.65  -0.81     8.01

SNOWFALL (IN)
  YESTERDAY        0.0           0.0  2002   0.0    0.0      0.0
                                      2001
                                      2000
  MONTH TO DATE    0.0                       0.0    0.0      0.0
  SINCE JUN 1      0.0                       0.0    0.0      0.0
  SINCE JUL 1      0.0                       0.0    0.0      0.0
  SNOW DEPTH       0

DEGREE DAYS
 HEATING
  YESTERDAY        7                         3      4        5
  MONTH TO DATE   14                         6      8       13
  SINCE JUN 1    195                       166     29      205
  SINCE JUL 1     14                         6      8       13

 COOLING
  YESTERDAY        0                         2     -2        0
  MONTH TO DATE    0                         4     -4        0
  SINCE JUN 1     31                        27      4        1
  SINCE JAN 1     33                        28      5        1
..................................................................


WIND (MPH)
  HIGHEST GUST SPEED    23   HIGHEST GUST DIRECTION     W (250)


SKY COVER
  AVERAGE SKY COVER 0.9


WEATHER CONDITIONS
 THE FOLLOWING WEATHER WAS RECORDED YESTERDAY.
  LIGHT RAIN
  FOG
  HAZE


RELATIVE HUMIDITY (PERCENT)
 HIGHEST    93
 LOWEST     60
 AVERAGE    77

..........................................................


THE FAIRBANKS AK CLIMATE NORMALS FOR TODAY
                         NORMAL    RECORD    YEAR
 MAXIMUM TEMPERATURE (F)   74        89      1990
 MINIMUM TEMPERATURE (F)   53        40      1906


SUNRISE AND SUNSET
JULY 03 2015..........SUNRISE  317 AM AKDT   SUNSET  1233 AM AKDT
JULY 04 2015..........SUNRISE  320 AM AKDT   SUNSET  1231 AM AKDT


-  INDICATES NEGATIVE NUMBERS.
R  INDICATES RECORD WAS SET OR TIED.
MM INDICATES DATA IS MISSING.
T  INDICATES TRACE AMOUNT.

&&

SNOW DEPTH IS MEASURED AT 3AM AKST/4AM AKDT

----------------------------
AVAILABLE DAYLIGHT

AMOUNT OF DAYLIGHT TODAY  (HOUR:MIN)........21:16
LOSS SINCE YESTERDAY........................4 MINUTES
----------------------------

$$
DJH JUL 15
