000
CDAK49 PAFG 260932
CLIFAI

CLIMATE REPORT
NATIONAL WEATHER SERVICE FAIRBANKS AK
132 AM AKDT TUE JUL 26 2016

...................................

...THE FAIRBANKS AK CLIMATE SUMMARY FOR JULY 25 2016...

CLIMATE NORMAL PERIOD 1981 TO 2010
CLIMATE RECORD PERIOD 1904 TO 2016


WEATHER ITEM   OBSERVED TIME   RECORD YEAR NORMAL DEPARTURE LAST
                VALUE   (LST)  VALUE       VALUE  FROM      YEAR
                                                  NORMAL
..................................................................
TEMPERATURE (F)
 YESTERDAY
  MAXIMUM         74    535 PM  93    1955  71      3       75
  MINIMUM         52    258 AM  40    1958  52      0       58
                                      1921
                                      1917
  AVERAGE         63                        61      2       67

PRECIPITATION (IN)
  YESTERDAY        T             0.72 1984   0.07  -0.07     0.09
  MONTH TO DATE    2.99                      1.72   1.27     0.82
  SINCE JUN 1      6.28                      3.09   3.19     1.85
  SINCE JAN 1      8.17                      5.25   2.92     3.42

SNOWFALL (IN)
  YESTERDAY        0.0           0.0  2002   0.0    0.0      0.0
                                      2001
                                      2000
  MONTH TO DATE    0.0                       0.0    0.0      0.0
  SINCE JUN 1      0.0                       0.0    0.0      0.0
  SINCE JUL 1      0.0                       0.0    0.0      0.0
  SNOW DEPTH       0

DEGREE DAYS
 HEATING
  YESTERDAY        2                         4     -2        0
  MONTH TO DATE   61                        81    -20       76
  SINCE JUN 1    222                       241    -19      257
  SINCE JUL 1     61                        81    -20       76

 COOLING
  YESTERDAY        0                         1     -1        2
  MONTH TO DATE   41                        29     12       24
  SINCE JUN 1     60                        52      8       55
  SINCE JAN 1     66                        53     13       57
..................................................................


WIND (MPH)
  HIGHEST GUST SPEED    14   HIGHEST GUST DIRECTION    NE (50)


SKY COVER
  AVERAGE SKY COVER 0.6


WEATHER CONDITIONS
 THE FOLLOWING WEATHER WAS RECORDED YESTERDAY.
  LIGHT RAIN


RELATIVE HUMIDITY (PERCENT)
 HIGHEST    83
 LOWEST     41
 AVERAGE    62

..........................................................


THE FAIRBANKS AK CLIMATE NORMALS FOR TODAY
                         NORMAL    RECORD    YEAR
 MAXIMUM TEMPERATURE (F)   71        89      1919
 MINIMUM TEMPERATURE (F)   51        36      1946
                                             1910


SUNRISE AND SUNSET
JULY 26 2016..........SUNRISE  434 AM AKDT   SUNSET  1121 PM AKDT
JULY 27 2016..........SUNRISE  437 AM AKDT   SUNSET  1117 PM AKDT


-  INDICATES NEGATIVE NUMBERS.
R  INDICATES RECORD WAS SET OR TIED.
MM INDICATES DATA IS MISSING.
T  INDICATES TRACE AMOUNT.

&&

SNOW DEPTH IS MEASURED AT 3AM AKST/4AM AKDT

----------------------------
AVAILABLE DAYLIGHT

AMOUNT OF DAYLIGHT TODAY  (HOUR:MIN)........18:47
LOSS SINCE YESTERDAY........................7 MINUTES
----------------------------

$$
RF JUL 16
