000
CDAK49 PAFG 050930
CLIFAI

CLIMATE REPORT
NATIONAL WEATHER SERVICE FAIRBANKS AK
130 AM AKDT SAT SEP 5 2015

...................................

...THE FAIRBANKS AK CLIMATE SUMMARY FOR SEPTEMBER 4 2015...

CLIMATE NORMAL PERIOD 1981 TO 2010
CLIMATE RECORD PERIOD 1904 TO 2015


WEATHER ITEM   OBSERVED TIME   RECORD YEAR NORMAL DEPARTURE LAST
                VALUE   (LST)  VALUE       VALUE  FROM      YEAR
                                                  NORMAL
..................................................................
TEMPERATURE (F)
 YESTERDAY
  MAXIMUM         64    409 PM  78    1917  60      4       57
  MINIMUM         40   1149 PM  24    1980  40      0       28
  AVERAGE         52                        50      2       43

PRECIPITATION (IN)
  YESTERDAY        0.00          0.33 1960   0.05  -0.05     0.00
  MONTH TO DATE    0.00                      0.19  -0.19     2.24
  SINCE SEP 1      0.00                      0.19  -0.19     2.24
  SINCE JAN 1      7.96                      7.76   0.20    14.96

SNOWFALL (IN)
  YESTERDAY        0.0           T    1980   0.0    0.0      0.0
  MONTH TO DATE    0.0                       0.1   -0.1      0.0
  SINCE SEP 1      0.0                       0.1   -0.1      0.0
  SINCE JUL 1      0.0                       0.1   -0.1      0.0
  SNOW DEPTH       0

DEGREE DAYS
 HEATING
  YESTERDAY       13                        15     -2       22
  MONTH TO DATE   61                        57      4       87
  SINCE SEP 1     61                        57      4       87
  SINCE JUL 1    486                       446     40      408

 COOLING
  YESTERDAY        0                         0      0        0
  MONTH TO DATE    0                         0      0        0
  SINCE SEP 1      0                         0      0        0
  SINCE JAN 1     62                        61      1       27
..................................................................


WIND (MPH)
  HIGHEST GUST SPEED    12   HIGHEST GUST DIRECTION     W (250)


SKY COVER
  AVERAGE SKY COVER 0.6


WEATHER CONDITIONS
 THE FOLLOWING WEATHER WAS RECORDED YESTERDAY.
  NO SIGNIFICANT WEATHER WAS OBSERVED.


RELATIVE HUMIDITY (PERCENT)
 HIGHEST    86
 LOWEST     40
 AVERAGE    63

..........................................................


THE FAIRBANKS AK CLIMATE NORMALS FOR TODAY
                         NORMAL    RECORD    YEAR
 MAXIMUM TEMPERATURE (F)   60        84      1957
 MINIMUM TEMPERATURE (F)   40        22      1921


SUNRISE AND SUNSET
SEPTEMBER 05 2015..........SUNRISE  644 AM AKDT   SUNSET  855 PM AKDT
SEPTEMBER 06 2015..........SUNRISE  647 AM AKDT   SUNSET  852 PM AKDT


-  INDICATES NEGATIVE NUMBERS.
R  INDICATES RECORD WAS SET OR TIED.
MM INDICATES DATA IS MISSING.
T  INDICATES TRACE AMOUNT.

&&

SNOW DEPTH IS MEASURED AT 3AM AKST/4AM AKDT

----------------------------
AVAILABLE DAYLIGHT

AMOUNT OF DAYLIGHT TODAY  (HOUR:MIN)........14:11
LOSS SINCE YESTERDAY........................7 MINUTES
----------------------------

$$
ET SEP 15
