000
CDAK49 PAFG 280956
CLIFAI

CLIMATE REPORT
NATIONAL WEATHER SERVICE FAIRBANKS AK
156 AM AKDT SAT MAR 28 2015

...................................

...THE FAIRBANKS AK CLIMATE SUMMARY FOR MARCH 27 2015...

CLIMATE NORMAL PERIOD 1981 TO 2010
CLIMATE RECORD PERIOD 1904 TO 2015


WEATHER ITEM   OBSERVED TIME   RECORD YEAR NORMAL DEPARTURE LAST
                VALUE   (LST)  VALUE       VALUE  FROM      YEAR
                                                  NORMAL
..................................................................
TEMPERATURE (F)
 YESTERDAY
  MAXIMUM         50    209 PM  53    1940  31     19       40
  MINIMUM         20    614 AM -37    1925   4     16        0
  AVERAGE         35                        18     17       20

PRECIPITATION (IN)
  YESTERDAY        0.00          0.33 2001   0.01  -0.01     0.00
  MONTH TO DATE    0.49                      0.22   0.27     0.21
  SINCE MAR 1      0.49                      0.22   0.27     0.21
  SINCE JAN 1      1.12                      1.22  -0.10     0.83

SNOWFALL (IN)
  YESTERDAY        0.0           4.9  2001   0.2   -0.2      0.0
  MONTH TO DATE    8.1                       4.4    3.7      3.1
  SINCE MAR 1      8.1                       4.4    3.7      3.1
  SINCE JUL 1     41.7                      60.7  -19.0     46.0
  SNOW DEPTH      14

DEGREE DAYS
 HEATING
  YESTERDAY       30                        47    -17       45
  MONTH TO DATE 1398                      1479    -81     1396
  SINCE MAR 1   1398                      1479    -81     1396
  SINCE JUL 1  10865                     11869  -1004    10788

 COOLING
  YESTERDAY        0                         0      0        0
  MONTH TO DATE    0                         0      0        0
  SINCE MAR 1      0                         0      0        0
  SINCE JAN 1      0                         0      0        0
..................................................................


WIND (MPH)
  HIGHEST GUST SPEED    12   HIGHEST GUST DIRECTION     W (250)


SKY COVER
  AVERAGE SKY COVER 0.8


WEATHER CONDITIONS
 THE FOLLOWING WEATHER WAS RECORDED YESTERDAY.
  NO SIGNIFICANT WEATHER WAS OBSERVED.


RELATIVE HUMIDITY (PERCENT)
 HIGHEST    88
 LOWEST     34
 AVERAGE    61

..........................................................


THE FAIRBANKS AK CLIMATE NORMALS FOR TODAY
                         NORMAL    RECORD    YEAR
 MAXIMUM TEMPERATURE (F)   32        55      1939
 MINIMUM TEMPERATURE (F)    5       -31      1963


SUNRISE AND SUNSET
MARCH 28 2015..........SUNRISE  723 AM AKDT   SUNSET  833 PM AKDT
MARCH 29 2015..........SUNRISE  720 AM AKDT   SUNSET  836 PM AKDT


-  INDICATES NEGATIVE NUMBERS.
R  INDICATES RECORD WAS SET OR TIED.
MM INDICATES DATA IS MISSING.
T  INDICATES TRACE AMOUNT.

&&

SNOW DEPTH IS MEASURED AT 3AM AKST/4AM AKDT

----------------------------
AVAILABLE DAYLIGHT

AMOUNT OF DAYLIGHT TODAY  (HOUR:MIN)........13:10
GAIN SINCE YESTERDAY........................7 MINUTES
----------------------------

$$
CCC MAR 15
