000
CDAK49 PAFG 220941
CLIFAI

CLIMATE REPORT
NATIONAL WEATHER SERVICE FAIRBANKS AK
141 AM AKDT TUE AUG 22 2017

...................................

...THE FAIRBANKS AK CLIMATE SUMMARY FOR AUGUST 21 2017...

CLIMATE NORMAL PERIOD 1981 TO 2010
CLIMATE RECORD PERIOD 1904 TO 2017


WEATHER ITEM   OBSERVED TIME   RECORD YEAR NORMAL DEPARTURE LAST
                VALUE   (LST)  VALUE       VALUE  FROM      YEAR
                                                  NORMAL
..................................................................
TEMPERATURE (F)
 YESTERDAY
  MAXIMUM         67    428 PM  87    1977  65      2       64
  MINIMUM         50    504 AM  30    1931  45      5       53
                                      1910
  AVERAGE         59                        55      4       59

PRECIPITATION (IN)
  YESTERDAY        T             1.01 1916   0.06  -0.06     0.01
  MONTH TO DATE    1.83                      1.34   0.49     1.35
  SINCE JUN 1      5.50                      4.87   0.63     9.61
  SINCE JAN 1      8.55                      7.03   1.52    11.50

SNOWFALL (IN)
  YESTERDAY        0.0           0.0  2002   0.0    0.0      0.0
                                      2001
                                      2000
  MONTH TO DATE    0.0                       0.0    0.0      0.0
  SINCE JUN 1      0.0                       0.0    0.0      0.0
  SINCE JUL 1      0.0                       0.0    0.0      0.0
  SNOW DEPTH       0

DEGREE DAYS
 HEATING
  YESTERDAY        6                        10     -4        6
  MONTH TO DATE  104                       161    -57       66
  SINCE JUN 1    222                       429   -207      311
  SINCE JUL 1    128                       269   -141      150

 COOLING
  YESTERDAY        0                         0      0        0
  MONTH TO DATE   14                         0     14        8
  SINCE JUN 1    104                        54     50       70
  SINCE JAN 1    104                        55     49       76
..................................................................


WIND (MPH)
  HIGHEST GUST SPEED    18   HIGHEST GUST DIRECTION     N (360)


SKY COVER
  AVERAGE SKY COVER 0.7


WEATHER CONDITIONS
 THE FOLLOWING WEATHER WAS RECORDED YESTERDAY.
  NO SIGNIFICANT WEATHER WAS OBSERVED.


RELATIVE HUMIDITY (PERCENT)
 HIGHEST    93
 LOWEST     48
 AVERAGE    71

..........................................................


THE FAIRBANKS AK CLIMATE NORMALS FOR TODAY
                         NORMAL    RECORD    YEAR
 MAXIMUM TEMPERATURE (F)   65        86      1977
 MINIMUM TEMPERATURE (F)   45        30      1905


SUNRISE AND SUNSET
AUGUST 22 2017........SUNRISE   602 AM AKDT  SUNSET   944 PM AKDT
AUGUST 23 2017........SUNRISE   605 AM AKDT  SUNSET   941 PM AKDT


-  INDICATES NEGATIVE NUMBERS.
R  INDICATES RECORD WAS SET OR TIED.
MM INDICATES DATA IS MISSING.
T  INDICATES TRACE AMOUNT.

&&

SNOW DEPTH IS MEASURED AT 3AM AKST/4AM AKDT

----------------------------
AVAILABLE DAYLIGHT

AMOUNT OF DAYLIGHT TODAY  (HOUR:MIN)........15:42
LOSS SINCE YESTERDAY........................7 MINUTES
----------------------------

$$
SDB AUG 17
