000
CDAK49 PAFG 030031
CLIFAI

CLIMATE REPORT
NATIONAL WEATHER SERVICE FAIRBANKS AK
431 PM AKDT SUN AUG 2 2015

...................................

...THE FAIRBANKS AK CLIMATE SUMMARY FOR AUGUST 2 2015...
VALID TODAY AS OF 0400 PM LOCAL TIME.

CLIMATE NORMAL PERIOD 1981 TO 2010
CLIMATE RECORD PERIOD 1904 TO 2015


WEATHER ITEM   OBSERVED TIME   RECORD YEAR NORMAL DEPARTURE LAST
                VALUE   (LST)  VALUE       VALUE  FROM      YEAR
                                                  NORMAL
..................................................................
TEMPERATURE (F)
 TODAY
  MAXIMUM         63    257 PM  85    1919  69     -6       63
  MINIMUM         52    549 AM  34    1910  50      2       58
  AVERAGE         58                        60     -2       61

PRECIPITATION (IN)
  TODAY            0.00          0.61 1935   0.07  -0.07     0.15
  MONTH TO DATE    0.07                      0.14  -0.07     1.04
  SINCE JUN 1      3.88                      3.67   0.21    10.38
  SINCE JAN 1      5.45                      5.83  -0.38    11.47

SNOWFALL (IN)
  TODAY            0.0           0.0  2002   0.0    0.0      0.0
                                      2001
                                      2000
  MONTH TO DATE    0.0                       0.0    0.0      0.0
  SINCE JUN 1      0.0                       0.0    0.0      0.0
  SINCE JUL 1      0.0                       0.0    0.0      0.0
  SNOW DEPTH       0

DEGREE DAYS
 HEATING
  TODAY            7                         6      1        4
  MONTH TO DATE   14                        11      3        8
  SINCE JUN 1    299                       279     20      337
  SINCE JUL 1    118                       119     -1      145

 COOLING
  TODAY            0                         0      0        0
  MONTH TO DATE    0                         0      0        0
  SINCE JUN 1     55                        54      1       20
  SINCE JAN 1     57                        55      2       20
..................................................................


WIND (MPH)
  HIGHEST GUST SPEED    11   HIGHEST GUST DIRECTION     W (260)


SKY COVER
  AVERAGE SKY COVER 1.0


WEATHER CONDITIONS
 THE FOLLOWING WEATHER WAS RECORDED TODAY.
  NO SIGNIFICANT WEATHER WAS OBSERVED.


RELATIVE HUMIDITY (PERCENT)
 HIGHEST    89
 LOWEST     65
 AVERAGE    77

..........................................................


THE FAIRBANKS AK CLIMATE NORMALS FOR TOMORROW
                         NORMAL    RECORD    YEAR
 MAXIMUM TEMPERATURE (F)   69        87      1919
 MINIMUM TEMPERATURE (F)   50        32      1944


SUNRISE AND SUNSET
AUGUST 02 2015..........SUNRISE  455 AM AKDT   SUNSET  1059 PM AKDT
AUGUST 03 2015..........SUNRISE  458 AM AKDT   SUNSET  1055 PM AKDT


-  INDICATES NEGATIVE NUMBERS.
R  INDICATES RECORD WAS SET OR TIED.
MM INDICATES DATA IS MISSING.
T  INDICATES TRACE AMOUNT.

&&

SNOW DEPTH IS MEASURED AT 3AM AKST/4AM AKDT

----------------------------
AVAILABLE DAYLIGHT

AMOUNT OF DAYLIGHT TODAY  (HOUR:MIN)........18:04
LOSS SINCE YESTERDAY........................7 MINUTES
----------------------------

$$
HFL AUG 15
