000
CDAK49 PAFG 240036
CLIFAI

CLIMATE REPORT
NATIONAL WEATHER SERVICE FAIRBANKS AK
436 PM AKDT THU OCT 23 2014

...................................

...THE FAIRBANKS AK CLIMATE SUMMARY FOR OCTOBER 23 2014...
VALID TODAY AS OF 0400 PM LOCAL TIME.

CLIMATE NORMAL PERIOD 1981 TO 2010
CLIMATE RECORD PERIOD 1904 TO 2014


WEATHER ITEM   OBSERVED TIME   RECORD YEAR NORMAL DEPARTURE LAST
                VALUE   (LST)  VALUE       VALUE  FROM      YEAR
                                                  NORMAL
..................................................................
TEMPERATURE (F)
 TODAY
  MAXIMUM         25   1145 AM  52    1938  26     -1       30
  MINIMUM         14    449 AM -18    1958  11      3       21
  AVERAGE         20                        18      2       26

PRECIPITATION (IN)
  TODAY            T             0.28 1984   0.02  -0.02      T
  MONTH TO DATE    0.41                      0.64  -0.23     0.30
  SINCE SEP 1      3.30                      1.74   1.56     2.04
  SINCE JAN 1     16.02                      9.31   6.71     7.84

SNOWFALL (IN)
  TODAY            T             4.6  1984   0.4   -0.4       T
  MONTH TO DATE    4.7                       7.4   -2.7      0.1
  SINCE SEP 1      5.0                       9.2   -4.2      0.8
  SINCE JUL 1      5.0                       9.2   -4.2      0.8
  SNOW DEPTH       1

DEGREE DAYS
 HEATING
  TODAY           45                        47     -2       39
  MONTH TO DATE  822                       859    -37      620
  SINCE SEP 1   1371                      1464    -93     1250
  SINCE JUL 1   1692                      1853   -161     1509

 COOLING
  TODAY            0                         0      0        0
  MONTH TO DATE    0                         0      0        0
  SINCE SEP 1      0                         0      0        0
  SINCE JAN 1     27                        61    -34      226
..................................................................


WIND (MPH)
  HIGHEST GUST SPEED     6   HIGHEST GUST DIRECTION    NE (30)


SKY COVER
  AVERAGE SKY COVER 0.7


WEATHER CONDITIONS
 THE FOLLOWING WEATHER WAS RECORDED TODAY.
  LIGHT SNOW


RELATIVE HUMIDITY (PERCENT)
 HIGHEST    88
 LOWEST     73
 AVERAGE    81

..........................................................


THE FAIRBANKS AK CLIMATE NORMALS FOR TOMORROW
                         NORMAL    RECORD    YEAR
 MAXIMUM TEMPERATURE (F)   25        56      1938
 MINIMUM TEMPERATURE (F)   10       -22      1935


SUNRISE AND SUNSET
OCTOBER 23 2014..........SUNRISE  911 AM AKDT   SUNSET  601 PM AKDT
OCTOBER 24 2014..........SUNRISE  914 AM AKDT   SUNSET  557 PM AKDT


-  INDICATES NEGATIVE NUMBERS.
R  INDICATES RECORD WAS SET OR TIED.
MM INDICATES DATA IS MISSING.
T  INDICATES TRACE AMOUNT.

&&

SNOW DEPTH IS MEASURED AT 3AM AKST/4AM AKDT

----------------------------
AVAILABLE DAYLIGHT

AMOUNT OF DAYLIGHT TODAY  (HOUR:MIN)........8:50
LOSS SINCE YESTERDAY........................7 MINUTES
----------------------------

$$
RM OCT 14
