000
CDAK49 PAFG 160957
CLIFAI

CLIMATE REPORT
NATIONAL WEATHER SERVICE FAIRBANKS AK
1257 AM AKST TUE JAN 16 2018

...................................

...THE FAIRBANKS AK CLIMATE SUMMARY FOR JANUARY 15 2018...

CLIMATE NORMAL PERIOD 1981 TO 2010
CLIMATE RECORD PERIOD 1904 TO 2018


WEATHER ITEM   OBSERVED TIME   RECORD YEAR NORMAL DEPARTURE LAST
                VALUE   (LST)  VALUE       VALUE  FROM      YEAR
                                                  NORMAL
..................................................................
TEMPERATURE (F)
 YESTERDAY
  MAXIMUM         26   1023 AM  50    1981   0     26      -11
  MINIMUM          5    733 PM -64    1934 -16     21      -38
  AVERAGE         16                        -9     25      -24

PRECIPITATION (IN)
  YESTERDAY        T             0.75 1906   0.01  -0.01      T
  MONTH TO DATE    T                         0.30  -0.30     0.52
  SINCE DEC 1      0.38                      0.94  -0.56     2.48
  SINCE JAN 1      T                         0.30  -0.30     0.52

SNOWFALL (IN)
  YESTERDAY        T             7.5  1906   0.3   -0.3       T
  MONTH TO DATE    T                         5.4   -5.4     10.8
  SINCE DEC 1      7.0                      17.5  -10.5     43.7
  SINCE JUL 1     36.8                      43.3   -6.5     48.9
  SNOW DEPTH      13

DEGREE DAYS
 HEATING
  YESTERDAY       49                        74    -25       89
  MONTH TO DATE  990                      1094   -104     1069
  SINCE DEC 1   2719                      3235   -516     3335
  SINCE JUL 1   6284                      7366  -1082     7105

 COOLING
  YESTERDAY        0                         0      0        0
  MONTH TO DATE    0                         0      0        0
  SINCE DEC 1      0                         0      0        0
  SINCE JAN 1      0                         0      0        0
..................................................................


WIND (MPH)
  HIGHEST GUST SPEED     9   HIGHEST GUST DIRECTION     S (200)


SKY COVER
  AVERAGE SKY COVER 0.8


WEATHER CONDITIONS
 THE FOLLOWING WEATHER WAS RECORDED YESTERDAY.
  LT FREEZING RAIN
  SNOW
  LIGHT SNOW


RELATIVE HUMIDITY (PERCENT)
 HIGHEST   100
 LOWEST     83
 AVERAGE    92

..........................................................


THE FAIRBANKS AK CLIMATE NORMALS FOR TODAY
                         NORMAL    RECORD    YEAR
 MAXIMUM TEMPERATURE (F)    0        52      2009
 MINIMUM TEMPERATURE (F)  -16       -58      1934


SUNRISE AND SUNSET
JANUARY 16 2018.......SUNRISE  1024 AM AKST  SUNSET   340 PM AKST
JANUARY 17 2018.......SUNRISE  1021 AM AKST  SUNSET   343 PM AKST


-  INDICATES NEGATIVE NUMBERS.
R  INDICATES RECORD WAS SET OR TIED.
MM INDICATES DATA IS MISSING.
T  INDICATES TRACE AMOUNT.

&&

SNOW DEPTH IS MEASURED AT 3AM AKST/4AM AKDT

----------------------------
AVAILABLE DAYLIGHT

AMOUNT OF DAYLIGHT TODAY  (HOUR:MIN)........05:16
GAIN SINCE YESTERDAY........................6 MINUTES
----------------------------

$$
CCC JAN 18
