000
CDUS43 KFGF 310638
CLIFAR


CLIMATE REPORT
NATIONAL WEATHER SERVICE EASTERN NORTH DAKOTA/GRAND FORKS
1237 AM CST SAT JAN 31 2015


...................................

...THE FARGO HECTOR INTL AP ND CLIMATE SUMMARY FOR JANUARY 30 2015...

CLIMATE NORMAL PERIOD 1981 TO 2010
CLIMATE RECORD PERIOD 1881 TO 2015


WEATHER ITEM   OBSERVED TIME   RECORD YEAR NORMAL DEPARTURE LAST
                VALUE   (LST)  VALUE       VALUE  FROM      YEAR
                                                  NORMAL
..................................................................
TEMPERATURE (F)
 YESTERDAY
  MAXIMUM         34    331 PM  45    1931  20     14       14
  MINIMUM          7   1208 AM -36    2004   0      7      -10
  AVERAGE         21                        10     11        2

PRECIPITATION (IN)
  YESTERDAY        0.00          0.27 1896   0.02  -0.02      T
  MONTH TO DATE    0.40                      0.68  -0.28     0.77
  SINCE DEC 1      0.65                      1.51  -0.86     1.98
  SINCE JAN 1      0.40                      0.68  -0.28     0.77

SNOWFALL (IN)
  YESTERDAY        0.0           2.9  1988   0.3   -0.3       T
  MONTH TO DATE    3.0                      10.9   -7.9      9.7
  SINCE DEC 1      3.9                      22.1  -18.2     25.8
  SINCE JUL 1      7.5                      30.7  -23.2     26.1
  SNOW DEPTH       T

DEGREE DAYS
 HEATING
  YESTERDAY       44                        55    -11       63
  MONTH TO DATE 1457                      1672   -215     1804
  SINCE DEC 1   2809                      3250   -441     3686
  SINCE JUL 1   4766                      5212   -446     5527

 COOLING
  YESTERDAY        0                         0      0        0
  MONTH TO DATE    0                         0      0        0
  SINCE DEC 1      0                         0      0        0
  SINCE JAN 1      0                         0      0        0
..................................................................


WIND (MPH)
  HIGHEST WIND SPEED    24   HIGHEST WIND DIRECTION     S (170)
  HIGHEST GUST SPEED    30   HIGHEST GUST DIRECTION     S (170)
  AVERAGE WIND SPEED    11.8


SKY COVER
  POSSIBLE SUNSHINE  MM
  AVERAGE SKY COVER 0.4


WEATHER CONDITIONS
 THE FOLLOWING WEATHER WAS RECORDED YESTERDAY.
  NO SIGNIFICANT WEATHER WAS OBSERVED.


RELATIVE HUMIDITY (PERCENT)
 HIGHEST    88           800 PM
 LOWEST     63           200 PM
 AVERAGE    76

..........................................................


THE FARGO HECTOR INTL AP ND CLIMATE NORMALS FOR TODAY
                         NORMAL    RECORD    YEAR
 MAXIMUM TEMPERATURE (F)   20        44      2009
 MINIMUM TEMPERATURE (F)    1       -34      1887


SUNRISE AND SUNSET
JANUARY 31 2015.......SUNRISE   753 AM CST   SUNSET   528 PM CST
FEBRUARY  1 2015......SUNRISE   752 AM CST   SUNSET   530 PM CST


-  INDICATES NEGATIVE NUMBERS.
R  INDICATES RECORD WAS SET OR TIED.
MM INDICATES DATA IS MISSING.
T  INDICATES TRACE AMOUNT.




$$
