000
CDUS43 KFGF 102318
CLIFAR


CLIMATE REPORT
NATIONAL WEATHER SERVICE EASTERN NORTH DAKOTA/GRAND FORKS
517 PM CST SAT DEC 10 2016


...................................

...THE FARGO HECTOR INTL AP ND CLIMATE SUMMARY FOR DECEMBER 10 2016...
VALID TODAY AS OF 0400 PM LOCAL TIME.

CLIMATE NORMAL PERIOD 1981 TO 2010
CLIMATE RECORD PERIOD 1881 TO 2016


WEATHER ITEM   OBSERVED TIME   RECORD YEAR NORMAL DEPARTURE LAST
                VALUE   (LST)  VALUE       VALUE  FROM      YEAR
                                                  NORMAL
..................................................................
TEMPERATURE (F)
 TODAY
  MAXIMUM          2    306 PM  47    2002  24    -22       46
  MINIMUM         -8    206 AM -26    1977   8    -16       33
  AVERAGE         -3                        16    -19       40

PRECIPITATION (IN)
  TODAY            0.00          0.16 1986   0.03  -0.03     0.03
                                      1949
  MONTH TO DATE    0.23                      0.27  -0.04     0.23
  SINCE DEC 1      0.23                      0.27  -0.04     0.23
  SINCE JAN 1     22.49                     22.05   0.44    20.90

SNOWFALL (IN)
  TODAY            0.0           1.9  1986   0.4   -0.4      0.0
                                      1942
  MONTH TO DATE    3.0                       3.5   -0.5      2.1
  SINCE DEC 1      3.0                       3.5   -0.5      2.1
  SINCE JUL 1      6.7                      12.1   -5.4      5.0
  SNOW DEPTH       2

DEGREE DAYS
 HEATING
  TODAY           68                        49     19       25
  MONTH TO DATE  453                       473    -20      343
  SINCE DEC 1    453                       473    -20      343
  SINCE JUL 1   1758                      2435   -677     1784

 COOLING
  TODAY            0                         0      0        0
  MONTH TO DATE    0                         0      0        0
  SINCE DEC 1      0                         0      0        0
  SINCE JAN 1    661                       551    110      677
..................................................................


WIND (MPH)
  HIGHEST WIND SPEED    12   HIGHEST WIND DIRECTION    NE (40)
  HIGHEST GUST SPEED    13   HIGHEST GUST DIRECTION    NE (40)
  AVERAGE WIND SPEED     4.5


SKY COVER
  POSSIBLE SUNSHINE  MM
  AVERAGE SKY COVER 0.8


WEATHER CONDITIONS
 THE FOLLOWING WEATHER WAS RECORDED TODAY.
  HAZE


RELATIVE HUMIDITY (PERCENT)
 HIGHEST    78           900 AM
 LOWEST     68          1200 AM
 AVERAGE    73

..........................................................


THE FARGO HECTOR INTL AP ND CLIMATE NORMALS FOR TOMORROW
                         NORMAL    RECORD    YEAR
 MAXIMUM TEMPERATURE (F)   24        54      1939
 MINIMUM TEMPERATURE (F)    7       -21      1945


SUNRISE AND SUNSET
DECEMBER 10 2016......SUNRISE   802 AM CST   SUNSET   438 PM CST
DECEMBER 11 2016......SUNRISE   803 AM CST   SUNSET   438 PM CST


-  INDICATES NEGATIVE NUMBERS.
R  INDICATES RECORD WAS SET OR TIED.
MM INDICATES DATA IS MISSING.
T  INDICATES TRACE AMOUNT.




$$
