000
CDUS43 KFGF 060645
CLIFAR


CLIMATE REPORT
NATIONAL WEATHER SERVICE EASTERN NORTH DAKOTA/GRAND FORKS
1244 AM CST FRI MAR 6 2015


...................................

...THE FARGO HECTOR INTL AP ND CLIMATE SUMMARY FOR MARCH 5 2015...

CLIMATE NORMAL PERIOD 1981 TO 2010
CLIMATE RECORD PERIOD 1881 TO 2015


WEATHER ITEM   OBSERVED TIME   RECORD YEAR NORMAL DEPARTURE LAST
                VALUE   (LST)  VALUE       VALUE  FROM      YEAR
                                                  NORMAL
..................................................................
TEMPERATURE (F)
 YESTERDAY
  MAXIMUM         25    501 PM  67    2000  30     -5       22
  MINIMUM        -11    528 AM -22    1997  14    -25       -1
  AVERAGE          7                        22    -15       11

PRECIPITATION (IN)
  YESTERDAY        0.00          0.77 1992   0.04  -0.04     0.00
  MONTH TO DATE    0.02                      0.19  -0.17     0.07
  SINCE MAR 1      0.02                      0.19  -0.17     0.07
  SINCE JAN 1      0.99                      1.50  -0.51     0.95

SNOWFALL (IN)
  YESTERDAY        0.0           4.5  1896   0.4   -0.4      0.0
  MONTH TO DATE    0.2                       1.8   -1.6      1.8
  SINCE MAR 1      0.2                       1.8   -1.6      1.8
  SINCE JUL 1     15.8                      39.8  -24.0     29.4
  SNOW DEPTH       3

DEGREE DAYS
 HEATING
  YESTERDAY       58                        43     15       54
  MONTH TO DATE  276                       219     57      326
  SINCE MAR 1    276                       219     57      326
  SINCE JUL 1   6692                      6897   -205     7603

 COOLING
  YESTERDAY        0                         0      0        0
  MONTH TO DATE    0                         0      0        0
  SINCE MAR 1      0                         0      0        0
  SINCE JAN 1      0                         0      0        0
..................................................................


WIND (MPH)
  HIGHEST WIND SPEED    24   HIGHEST WIND DIRECTION     S (190)
  HIGHEST GUST SPEED    29   HIGHEST GUST DIRECTION     S (180)
  AVERAGE WIND SPEED    14.0


SKY COVER
  POSSIBLE SUNSHINE  MM
  AVERAGE SKY COVER 0.0


WEATHER CONDITIONS
 THE FOLLOWING WEATHER WAS RECORDED YESTERDAY.
  NO SIGNIFICANT WEATHER WAS OBSERVED.


RELATIVE HUMIDITY (PERCENT)
 HIGHEST    72           300 AM
 LOWEST     45           100 PM
 AVERAGE    59

..........................................................


THE FARGO HECTOR INTL AP ND CLIMATE NORMALS FOR TODAY
                         NORMAL    RECORD    YEAR
 MAXIMUM TEMPERATURE (F)   31        63      2000
 MINIMUM TEMPERATURE (F)   15       -20      1884


SUNRISE AND SUNSET
MARCH  6 2015.........SUNRISE   658 AM CST   SUNSET   620 PM CST
MARCH  7 2015.........SUNRISE   656 AM CST   SUNSET   621 PM CST


-  INDICATES NEGATIVE NUMBERS.
R  INDICATES RECORD WAS SET OR TIED.
MM INDICATES DATA IS MISSING.
T  INDICATES TRACE AMOUNT.




$$
