000
CDUS43 KFGF 212256
CLIFAR


CLIMATE REPORT
NATIONAL WEATHER SERVICE EASTERN NORTH DAKOTA/GRAND FORKS
451 PM CST TUE FEB 21 2017


...................................

...THE FARGO HECTOR INTL AP ND CLIMATE SUMMARY FOR FEBRUARY 21 2017...
VALID TODAY AS OF 0400 PM LOCAL TIME.

CLIMATE NORMAL PERIOD 1981 TO 2010
CLIMATE RECORD PERIOD 1881 TO 2017


WEATHER ITEM   OBSERVED TIME   RECORD YEAR NORMAL DEPARTURE LAST
                VALUE   (LST)  VALUE       VALUE  FROM      YEAR
                                                  NORMAL
..................................................................
TEMPERATURE (F)
 TODAY
  MAXIMUM         48    300 PM  49    1981  26     22       26
                                      1930
  MINIMUM         32    311 AM -26    1956   8     24       19
  AVERAGE         40                        17     23       23

PRECIPITATION (IN)
  TODAY            0.00          0.32 1927   0.02  -0.02     0.01
  MONTH TO DATE    0.40                      0.40   0.00     0.29
  SINCE DEC 1      2.65                      1.93   0.72     1.62
  SINCE JAN 1      1.38                      1.10   0.28     0.98

SNOWFALL (IN)
  TODAY            0.0           6.7  2011   0.3   -0.3      0.2
  MONTH TO DATE    1.1                       4.9   -3.8      5.0
  SINCE DEC 1     22.5                      27.3   -4.8     21.1
  SINCE JUL 1     26.2                      35.9   -9.7     24.0
  SNOW DEPTH       0

DEGREE DAYS
 HEATING
  TODAY           25                        48    -23       42
  MONTH TO DATE  851                      1086   -235      922
  SINCE DEC 1   3909                      4392   -483     3809
  SINCE JUL 1   5214                      6354  -1140     5250

 COOLING
  TODAY            0                         0      0        0
  MONTH TO DATE    0                         0      0        0
  SINCE DEC 1      0                         0      0        0
  SINCE JAN 1      0                         0      0        0
..................................................................


WIND (MPH)
  HIGHEST WIND SPEED    15   HIGHEST WIND DIRECTION     W (250)
  HIGHEST GUST SPEED    21   HIGHEST GUST DIRECTION     W (260)
  AVERAGE WIND SPEED     8.5


SKY COVER
  POSSIBLE SUNSHINE  MM
  AVERAGE SKY COVER 0.1


WEATHER CONDITIONS
 THE FOLLOWING WEATHER WAS RECORDED TODAY.
  FOG


RELATIVE HUMIDITY (PERCENT)
 HIGHEST    96           100 AM
 LOWEST     71           200 PM
 AVERAGE    84

..........................................................


THE FARGO HECTOR INTL AP ND CLIMATE NORMALS FOR TOMORROW
                         NORMAL    RECORD    YEAR
 MAXIMUM TEMPERATURE (F)   26        49      1958
 MINIMUM TEMPERATURE (F)    9       -30      1891


SUNRISE AND SUNSET
FEBRUARY 21 2017......SUNRISE   721 AM CST   SUNSET   601 PM CST
FEBRUARY 22 2017......SUNRISE   719 AM CST   SUNSET   603 PM CST


-  INDICATES NEGATIVE NUMBERS.
R  INDICATES RECORD WAS SET OR TIED.
MM INDICATES DATA IS MISSING.
T  INDICATES TRACE AMOUNT.




$$
