000
CDUS43 KFGF 180726
CLIFAR


CLIMATE REPORT
NATIONAL WEATHER SERVICE EASTERN NORTH DAKOTA/GRAND FORKS
226 AM CDT THU SEP 18 2014


...................................

...THE FARGO HECTOR INTL AP ND CLIMATE SUMMARY FOR SEPTEMBER 17 2014...

CLIMATE NORMAL PERIOD 1981 TO 2010
CLIMATE RECORD PERIOD 1881 TO 2014


WEATHER ITEM   OBSERVED TIME   RECORD YEAR NORMAL DEPARTURE LAST
                VALUE   (LST)  VALUE       VALUE  FROM      YEAR
                                                  NORMAL
..................................................................
TEMPERATURE (F)
 YESTERDAY
  MAXIMUM         74    421 PM  92    1998  70      4       67
                                      1908
  MINIMUM         43    629 AM  25    1918  47     -4       53
  AVERAGE         59                        58      1       60

PRECIPITATION (IN)
  YESTERDAY        0.00          0.88 1908   0.07  -0.07     0.00
  MONTH TO DATE    2.17                      1.60   0.57     2.98
  SINCE SEP 1      2.17                      1.60   0.57     2.98
  SINCE JAN 1     18.63                     17.66   0.97    24.90

SNOWFALL (IN)
  YESTERDAY        0.0           0.0    MM   0.0    0.0      0.0
  MONTH TO DATE    0.0                       0.0    0.0      0.0
  SINCE SEP 1      0.0                       0.0    0.0      0.0
  SINCE JUL 1      0.0                       0.0    0.0      0.0
  SNOW DEPTH       0

DEGREE DAYS
 HEATING
  YESTERDAY        6                         8     -2        5
  MONTH TO DATE  115                        87     28       44
  SINCE SEP 1    115                        87     28       44
  SINCE JUL 1    147                       137     10       78

 COOLING
  YESTERDAY        0                         1     -1        0
  MONTH TO DATE    9                        35    -26       55
  SINCE SEP 1      9                        35    -26       55
  SINCE JAN 1    510                       540    -30      673
..................................................................


WIND (MPH)
  HIGHEST WIND SPEED    13   HIGHEST WIND DIRECTION     N (360)
  HIGHEST GUST SPEED    17   HIGHEST GUST DIRECTION     N (350)
  AVERAGE WIND SPEED     6.5


SKY COVER
  POSSIBLE SUNSHINE  MM
  AVERAGE SKY COVER 0.0


WEATHER CONDITIONS
 THE FOLLOWING WEATHER WAS RECORDED YESTERDAY.
  FOG
  HAZE


RELATIVE HUMIDITY (PERCENT)
 HIGHEST    93           500 AM
 LOWEST     41           200 PM
 AVERAGE    67

..........................................................


THE FARGO HECTOR INTL AP ND CLIMATE NORMALS FOR TODAY
                         NORMAL    RECORD    YEAR
 MAXIMUM TEMPERATURE (F)   70        95      1998
 MINIMUM TEMPERATURE (F)   46        23      1886


SUNRISE AND SUNSET
SEPTEMBER 18 2014.....SUNRISE   709 AM CDT   SUNSET   733 PM CDT
SEPTEMBER 19 2014.....SUNRISE   710 AM CDT   SUNSET   731 PM CDT


-  INDICATES NEGATIVE NUMBERS.
R  INDICATES RECORD WAS SET OR TIED.
MM INDICATES DATA IS MISSING.
T  INDICATES TRACE AMOUNT.




$$
