000
CDUS43 KFGF 230656
CLIFAR


CLIMATE REPORT
NATIONAL WEATHER SERVICE EASTERN NORTH DAKOTA/GRAND FORKS
156 AM CDT THU OCT 23 2014


...................................

...THE FARGO HECTOR INTL AP ND CLIMATE SUMMARY FOR OCTOBER 22 2014...

CLIMATE NORMAL PERIOD 1981 TO 2010
CLIMATE RECORD PERIOD 1881 TO 2014


WEATHER ITEM   OBSERVED TIME   RECORD YEAR NORMAL DEPARTURE LAST
                VALUE   (LST)  VALUE       VALUE  FROM      YEAR
                                                  NORMAL
..................................................................
TEMPERATURE (F)
 YESTERDAY
  MAXIMUM         68    142 PM  82    1901  53     15       41
  MINIMUM         49   1129 PM  10    1936  33     16       30
  AVERAGE         59                        43     16       36

PRECIPITATION (IN)
  YESTERDAY        0.04          0.71 1966   0.07  -0.03     0.00
  MONTH TO DATE    0.25                      1.67  -1.42     4.17
  SINCE SEP 1      2.70                      4.24  -1.54     8.56
  SINCE JAN 1     19.16                     20.30  -1.14    30.48

SNOWFALL (IN)
  YESTERDAY        0.0           1.0  1966   0.0    0.0      0.0
                                      1925
  MONTH TO DATE    T                         0.3   -0.3       T
  SINCE SEP 1      T                         0.3   -0.3       T
  SINCE JUL 1      T                         0.3   -0.3       T
  SNOW DEPTH       0

DEGREE DAYS
 HEATING
  YESTERDAY        6                        22    -16       29
  MONTH TO DATE  324                       384    -60      365
  SINCE SEP 1    484                       604   -120      456
  SINCE JUL 1    516                       654   -138      490

 COOLING
  YESTERDAY        0                         0      0        0
  MONTH TO DATE    0                         0      0        0
  SINCE SEP 1     43                        43      0       81
  SINCE JAN 1    544                       548     -4      699
..................................................................


WIND (MPH)
  HIGHEST WIND SPEED    33   HIGHEST WIND DIRECTION     S (160)
  HIGHEST GUST SPEED    44   HIGHEST GUST DIRECTION    SE (140)
  AVERAGE WIND SPEED    18.0


SKY COVER
  POSSIBLE SUNSHINE  MM
  AVERAGE SKY COVER 0.4


WEATHER CONDITIONS
 THE FOLLOWING WEATHER WAS RECORDED YESTERDAY.
  LIGHT RAIN
  FOG


RELATIVE HUMIDITY (PERCENT)
 HIGHEST    93           700 PM
 LOWEST     48           100 PM
 AVERAGE    71

..........................................................


THE FARGO HECTOR INTL AP ND CLIMATE NORMALS FOR TODAY
                         NORMAL    RECORD    YEAR
 MAXIMUM TEMPERATURE (F)   52        80      1963
 MINIMUM TEMPERATURE (F)   33         5      1917


SUNRISE AND SUNSET
OCTOBER 23 2014.......SUNRISE   757 AM CDT   SUNSET   626 PM CDT
OCTOBER 24 2014.......SUNRISE   758 AM CDT   SUNSET   624 PM CDT


-  INDICATES NEGATIVE NUMBERS.
R  INDICATES RECORD WAS SET OR TIED.
MM INDICATES DATA IS MISSING.
T  INDICATES TRACE AMOUNT.




$$
