000
CDUS46 KHNX 220823
CLIFAT


CLIMATE REPORT
NATIONAL WEATHER SERVICE SAN JOAQUIN VALLEY, CA
123 AM PDT TUE AUG 22 2017


...................................

...THE FRESNO CA CLIMATE SUMMARY FOR AUGUST 21 2017...

CLIMATE NORMAL PERIOD 1981 TO 2010
CLIMATE RECORD PERIOD 1887 TO 2017


WEATHER ITEM   OBSERVED TIME   RECORD YEAR NORMAL DEPARTURE
                VALUE   (LST)  VALUE       VALUE  FROM
                                                  NORMAL
...............................................................
TEMPERATURE (F)
 YESTERDAY
  MAXIMUM         92        MM 108    1919  96     -4
                                      1897
  MINIMUM         68        MM  51    1959  66      2
  AVERAGE         80                        81     -1

PRECIPITATION (IN)
  YESTERDAY        0.00          T    1968   0.00   0.00
                                      1949
  MONTH TO DATE    T                         0.00   0.00
  SINCE OCT 1     17.20                     11.32   5.88
  SINCE JAN 1     12.64                      7.85   4.79

SNOWFALL (IN)
  YESTERDAY        0.0
  MONTH TO DATE    0.0
  SINCE JUN 1      0.0
  SINCE JUL 1      0.0
  SNOW DEPTH       0

DEGREE DAYS
 HEATING
  YESTERDAY        0                                0
  MONTH TO DATE    0                                0
  SINCE JUN 1      4                                1
  SINCE JUL 1      0                                0

 COOLING
  YESTERDAY       15                               -1
  MONTH TO DATE  411                               49
  SINCE JUN 1   1562                              273
  SINCE JAN 1   1813                              283
...............................................................


WIND (MPH)
  HIGHEST WIND SPEED    15   HIGHEST WIND DIRECTION    NW (300)
  HIGHEST GUST SPEED    MM   HIGHEST GUST DIRECTION    MM
  AVERAGE WIND SPEED     9.2




RELATIVE HUMIDITY (PERCENT)
 HIGHEST    70
 LOWEST     34
 AVERAGE    52

..........................................................


THE FRESNO CA CLIMATE NORMALS FOR TODAY
                         NORMAL    RECORD    YEAR
 MAXIMUM TEMPERATURE (F)   96       108      1897
                                             1891
 MINIMUM TEMPERATURE (F)   66        50      1899


SUNRISE AND SUNSET
AUGUST 22 2017........SUNRISE   622 AM PDT   SUNSET   741 PM PDT
AUGUST 23 2017........SUNRISE   623 AM PDT   SUNSET   739 PM PDT


-  INDICATES NEGATIVE NUMBERS.
R  INDICATES RECORD WAS SET OR TIED.
MM INDICATES DATA IS MISSING.
T  INDICATES TRACE AMOUNT.




$$
