000
CDUS46 KHNX 030028
CLIFAT


CLIMATE REPORT
NATIONAL WEATHER SERVICE SAN JOAQUIN VALLEY, CA
528 PM PDT TUE SEP 2 2014


...................................

...THE FRESNO CA CLIMATE SUMMARY FOR SEPTEMBER 2 2014...
VALID AS OF 0500 PM LOCAL TIME.

CLIMATE NORMAL PERIOD 1981 TO 2010
CLIMATE RECORD PERIOD 1887 TO 2014


WEATHER ITEM   OBSERVED TIME   RECORD YEAR NORMAL DEPARTURE LAST
                VALUE   (LST)  VALUE       VALUE  FROM      YEAR
                                                  NORMAL
..................................................................
TEMPERATURE (F)
 TODAY
  MAXIMUM        104    326 PM 108    1955  94     10       97
  MINIMUM         71    545 AM  48    1964  64      7       74
  AVERAGE         88                        79      9       86

PRECIPITATION (IN)
  TODAY            0.00          0.07 1997   0.00   0.00     0.00
  MONTH TO DATE    0.00                      0.00   0.00     0.00
  SINCE JUL 1      0.01                      0.02  -0.01      T
  SINCE JAN 1      4.09                      7.86  -3.77     2.28

SNOWFALL (IN)
  TODAY            0.0
  MONTH TO DATE    0.0
  SINCE SEP 1      0.0
  SINCE JUL 1      0.0
  SNOW DEPTH       0

DEGREE DAYS
 HEATING
  TODAY            0                         0      0        0
  MONTH TO DATE    0                         0      0        0
  SINCE SEP 1      0                         0      0        0
  SINCE JUL 1      0                         0      0        0

 COOLING
  TODAY           23                        14      9       21
  MONTH TO DATE   42                        28     14       43
  SINCE SEP 1     42                        28     14       43
  SINCE JAN 1   2263                      1712    551     2189
..................................................................


WIND (MPH)
  HIGHEST WIND SPEED    13   HIGHEST WIND DIRECTION    NW (310)
  HIGHEST GUST SPEED    16   HIGHEST GUST DIRECTION     W (250)
  AVERAGE WIND SPEED     4.6




RELATIVE HUMIDITY (PERCENT)
 HIGHEST    49
 LOWEST     14
 AVERAGE    32

..........................................................


THE FRESNO CA CLIMATE NORMALS FOR TOMORROW
                         NORMAL    RECORD    YEAR
 MAXIMUM TEMPERATURE (F)   94       111      1955
 MINIMUM TEMPERATURE (F)   64        52      1964
                                             1899
                                             1898


SUNRISE AND SUNSET
SEPTEMBER  2 2014.....SUNRISE   631 AM PDT   SUNSET   726 PM PDT
SEPTEMBER  3 2014.....SUNRISE   632 AM PDT   SUNSET   724 PM PDT


-  INDICATES NEGATIVE NUMBERS.
R  INDICATES RECORD WAS SET OR TIED.
MM INDICATES DATA IS MISSING.
T  INDICATES TRACE AMOUNT.




$$
