000
CDUS46 KHNX 200846
CLIFAT


CLIMATE REPORT
NATIONAL WEATHER SERVICE SAN JOAQUIN VALLEY, CA
1244 AM PST TUE FEB 20 2018


...................................

...THE FRESNO CA CLIMATE SUMMARY FOR FEBRUARY 19 2018...

CLIMATE NORMAL PERIOD 1981 TO 2010
CLIMATE RECORD PERIOD 1887 TO 2018


WEATHER ITEM   OBSERVED TIME   RECORD YEAR NORMAL DEPARTURE
                VALUE   (LST)  VALUE       VALUE  FROM
                                                  NORMAL
...............................................................
TEMPERATURE (F)
 YESTERDAY
  MAXIMUM         54    318 PM  79    1977  63     -9
  MINIMUM         36    557 AM  28    1953  42     -6
                                      1913
  AVERAGE         45                        52     -7

PRECIPITATION (IN)
  YESTERDAY        0.00          1.57 1980   0.08  -0.08
  MONTH TO DATE    0.00                      1.38  -1.38
  SINCE OCT 1      1.64                      7.04  -5.40
  SINCE JAN 1      1.23                      3.57  -2.34

SNOWFALL (IN)
  YESTERDAY        0.0
  MONTH TO DATE    0.0
  SINCE DEC 1      0.0
  SINCE JUL 1      0.0
  SNOW DEPTH       0

DEGREE DAYS
 HEATING
  YESTERDAY       20                                8
  MONTH TO DATE  156                             -117
  SINCE DEC 1   1055                             -365
  SINCE JUL 1   1313                             -495

 COOLING
  YESTERDAY        0                                0
  MONTH TO DATE    0                                0
  SINCE DEC 1      0                                0
  SINCE JAN 1      0                                0
...............................................................


WIND (MPH)
  HIGHEST WIND SPEED    22   HIGHEST WIND DIRECTION    NW (310)
  HIGHEST GUST SPEED    29   HIGHEST GUST DIRECTION     W (290)
  AVERAGE WIND SPEED     9.7




RELATIVE HUMIDITY (PERCENT)
 HIGHEST    70
 LOWEST     22
 AVERAGE    46

..........................................................


THE FRESNO CA CLIMATE NORMALS FOR TODAY
                         NORMAL    RECORD    YEAR
 MAXIMUM TEMPERATURE (F)   63        80      1896
 MINIMUM TEMPERATURE (F)   42        28      1953
                                             1913


SUNRISE AND SUNSET
FEBRUARY 20 2018......SUNRISE   641 AM PST   SUNSET   545 PM PST
FEBRUARY 21 2018......SUNRISE   640 AM PST   SUNSET   546 PM PST


-  INDICATES NEGATIVE NUMBERS.
R  INDICATES RECORD WAS SET OR TIED.
MM INDICATES DATA IS MISSING.
T  INDICATES TRACE AMOUNT.




$$
