425
CDUS46 KHNX 160822
CLIFAT


CLIMATE REPORT
NATIONAL WEATHER SERVICE SAN JOAQUIN VALLEY, CA
122 AM PDT MON OCT 16 2017


...................................

...THE FRESNO CA CLIMATE SUMMARY FOR OCTOBER 15 2017...

CLIMATE NORMAL PERIOD 1981 TO 2010
CLIMATE RECORD PERIOD 1887 TO 2017


WEATHER ITEM   OBSERVED TIME   RECORD YEAR NORMAL DEPARTURE
                VALUE   (LST)  VALUE       VALUE  FROM
                                                  NORMAL
...............................................................
TEMPERATURE (F)
 YESTERDAY
  MAXIMUM         84    310 PM  99    1961  80      4
  MINIMUM         47    632 AM  36    1966  53     -6
  AVERAGE         66                        67     -1

PRECIPITATION (IN)
  YESTERDAY        0.00          0.23 1946   0.02  -0.02
  MONTH TO DATE    0.00                      0.20  -0.20
  SINCE OCT 1      0.00                      0.20  -0.20
  SINCE JAN 1     12.80                      8.23   4.57

SNOWFALL (IN)
  YESTERDAY        0.0
  MONTH TO DATE    0.0
  SINCE SEP 1      0.0
  SINCE JUL 1      0.0
  SNOW DEPTH       0

DEGREE DAYS
 HEATING
  YESTERDAY        0                               -1
  MONTH TO DATE   19                                8
  SINCE SEP 1     23                               10
  SINCE JUL 1     23                               10

 COOLING
  YESTERDAY        1                               -2
  MONTH TO DATE   24                              -53
  SINCE SEP 1    399                              -16
  SINCE JAN 1   2438                              339
...............................................................


WIND (MPH)
  HIGHEST WIND SPEED     8   HIGHEST WIND DIRECTION    NW (300)
  HIGHEST GUST SPEED    11   HIGHEST GUST DIRECTION     N (340)
  AVERAGE WIND SPEED     1.8




RELATIVE HUMIDITY (PERCENT)
 HIGHEST    77
 LOWEST     16
 AVERAGE    47

..........................................................


THE FRESNO CA CLIMATE NORMALS FOR TODAY
                         NORMAL    RECORD    YEAR
 MAXIMUM TEMPERATURE (F)   80        96      1961
 MINIMUM TEMPERATURE (F)   53        36      1966


SUNRISE AND SUNSET
OCTOBER 16 2017.......SUNRISE   708 AM PDT   SUNSET   621 PM PDT
OCTOBER 17 2017.......SUNRISE   708 AM PDT   SUNSET   619 PM PDT


-  INDICATES NEGATIVE NUMBERS.
R  INDICATES RECORD WAS SET OR TIED.
MM INDICATES DATA IS MISSING.
T  INDICATES TRACE AMOUNT.




$$
