000
CDUS46 KHNX 030823
CLIFAT


CLIMATE REPORT
NATIONAL WEATHER SERVICE SAN JOAQUIN VALLEY, CA
1222 AM PST SAT DEC 3 2016


...................................

...THE FRESNO CA CLIMATE SUMMARY FOR DECEMBER 2 2016...

CLIMATE NORMAL PERIOD 1981 TO 2010
CLIMATE RECORD PERIOD 1887 TO 2016


WEATHER ITEM   OBSERVED TIME   RECORD YEAR NORMAL DEPARTURE
                VALUE   (LST)  VALUE       VALUE  FROM
                                                  NORMAL
...............................................................
TEMPERATURE (F)
 YESTERDAY
  MAXIMUM         53    332 PM  74    1907  58     -5
  MINIMUM         37    314 AM  27    1906  39     -2
  AVERAGE         45                        49     -4

PRECIPITATION (IN)
  YESTERDAY        0.00          0.74 1961   0.04  -0.04
  MONTH TO DATE    0.00                      0.08  -0.08
  SINCE OCT 1      2.05                      1.78   0.27
  SINCE JAN 1     11.14                      9.81   1.33

SNOWFALL (IN)
  YESTERDAY        0.0
  MONTH TO DATE    0.0
  SINCE DEC 1      0.0
  SINCE JUL 1      0.0
  SNOW DEPTH       0

DEGREE DAYS
 HEATING
  YESTERDAY       20                                4
  MONTH TO DATE   39                                7
  SINCE DEC 1     39                                7
  SINCE JUL 1    290                             -130

 COOLING
  YESTERDAY        0                                0
  MONTH TO DATE    0                                0
  SINCE DEC 1      0                                0
  SINCE JAN 1   2342                              218
...............................................................


WIND (MPH)
  HIGHEST WIND SPEED     8   HIGHEST WIND DIRECTION    SE (120)
  HIGHEST GUST SPEED    11   HIGHEST GUST DIRECTION    SE (150)
  AVERAGE WIND SPEED     2.7




RELATIVE HUMIDITY (PERCENT)
 HIGHEST   100
 LOWEST     63
 AVERAGE    82

..........................................................


THE FRESNO CA CLIMATE NORMALS FOR TODAY
                         NORMAL    RECORD    YEAR
 MAXIMUM TEMPERATURE (F)   58        75      1979
 MINIMUM TEMPERATURE (F)   39        30      2004
                                             1957
                                             1909


SUNRISE AND SUNSET
DECEMBER  3 2016......SUNRISE   655 AM PST   SUNSET   443 PM PST
DECEMBER  4 2016......SUNRISE   656 AM PST   SUNSET   442 PM PST


-  INDICATES NEGATIVE NUMBERS.
R  INDICATES RECORD WAS SET OR TIED.
MM INDICATES DATA IS MISSING.
T  INDICATES TRACE AMOUNT.




$$
