000
CDUS46 KHNX 260830
CLIFAT


CLIMATE REPORT
NATIONAL WEATHER SERVICE SAN JOAQUIN VALLEY, CA
125 AM PDT FRI AUG 26 2016


...................................

...THE FRESNO CA CLIMATE SUMMARY FOR AUGUST 25 2016...

CLIMATE NORMAL PERIOD 1981 TO 2010
CLIMATE RECORD PERIOD 1887 TO 2016


WEATHER ITEM   OBSERVED TIME   RECORD YEAR NORMAL DEPARTURE
                VALUE   (LST)  VALUE       VALUE  FROM
                                                  NORMAL
...............................................................
TEMPERATURE (F)
 YESTERDAY
  MAXIMUM         96    347 PM 110    2010  96      0
                                      1931
  MINIMUM         64    557 AM  52    1960  65     -1
  AVERAGE         80                        80      0

PRECIPITATION (IN)
  YESTERDAY        0.00          T    1967   0.00   0.00
                                      1935
  MONTH TO DATE    0.00                      0.01  -0.01
  SINCE OCT 1     14.29                     11.33   2.96
  SINCE JAN 1      9.09                      7.86   1.23

SNOWFALL (IN)
  YESTERDAY        0.0
  MONTH TO DATE    0.0
  SINCE JUN 1      0.0
  SINCE JUL 1      0.0
  SNOW DEPTH       0

DEGREE DAYS
 HEATING
  YESTERDAY        0                                0
  MONTH TO DATE    0                                0
  SINCE JUN 1      0                               -3
  SINCE JUL 1      0                                0

 COOLING
  YESTERDAY       15                                0
  MONTH TO DATE  467                               42
  SINCE JUN 1   1552                              200
  SINCE JAN 1   1830                              237
...............................................................


WIND (MPH)
  HIGHEST WIND SPEED    13   HIGHEST WIND DIRECTION    NW (300)
  HIGHEST GUST SPEED    15   HIGHEST GUST DIRECTION    NW (300)
  AVERAGE WIND SPEED     5.6




RELATIVE HUMIDITY (PERCENT)
 HIGHEST    63
 LOWEST     11
 AVERAGE    37

..........................................................


THE FRESNO CA CLIMATE NORMALS FOR TODAY
                         NORMAL    RECORD    YEAR
 MAXIMUM TEMPERATURE (F)   96       108      1924
 MINIMUM TEMPERATURE (F)   65        52      1968


SUNRISE AND SUNSET
AUGUST 26 2016........SUNRISE   626 AM PDT   SUNSET   735 PM PDT
AUGUST 27 2016........SUNRISE   626 AM PDT   SUNSET   733 PM PDT


-  INDICATES NEGATIVE NUMBERS.
R  INDICATES RECORD WAS SET OR TIED.
MM INDICATES DATA IS MISSING.
T  INDICATES TRACE AMOUNT.




$$
