000
CDUS42 KRAH 280547
CLIFAY


CLIMATE REPORT
NATIONAL WEATHER SERVICE RALEIGH NC
146 AM EDT SUN MAY 28 2017


...................................

...THE FAYETTEVILLE REGL AIRPORT NC CLIMATE SUMMARY FOR MAY 27 2017...

CLIMATE NORMAL PERIOD 1981 TO 2010
CLIMATE RECORD PERIOD 1910 TO 2017


WEATHER ITEM   OBSERVED TIME   RECORD YEAR NORMAL DEPARTURE LAST
                VALUE   (LST)  VALUE       VALUE  FROM      YEAR
                                                  NORMAL
..................................................................
TEMPERATURE (F)
 YESTERDAY
  MAXIMUM         92    449 PM 100    1953  85      7       88
  MINIMUM         63    456 AM  42    1961  63      0       64
  AVERAGE         78                        74      4       76

PRECIPITATION (IN)
  YESTERDAY        0.00          1.48 1946   0.12  -0.12     0.00
  MONTH TO DATE    5.09                      2.64   2.45     3.93
  SINCE MAR 1     12.03                      9.01   3.02     8.47
  SINCE JAN 1     15.45                     15.07   0.38    16.31

DEGREE DAYS
 HEATING
  YESTERDAY        0                         0      0        0
  MONTH TO DATE   12                        23    -11       27
  SINCE MAR 1    405                       505   -100      356
  SINCE JUL 1   2027                      2730   -703     2169

 COOLING
  YESTERDAY       13                         9      4       11
  MONTH TO DATE  222                       162     60      152
  SINCE MAR 1    425                       241    184      287
  SINCE JAN 1    440                       245    195      287
..................................................................


WIND (MPH)
  HIGHEST WIND SPEED    16   HIGHEST WIND DIRECTION     W (260)
  HIGHEST GUST SPEED    20   HIGHEST GUST DIRECTION    SW (210)
  AVERAGE WIND SPEED     7.5


SKY COVER
  POSSIBLE SUNSHINE  MM
  AVERAGE SKY COVER 0.1


WEATHER CONDITIONS
 THE FOLLOWING WEATHER WAS RECORDED YESTERDAY.
  NO SIGNIFICANT WEATHER WAS OBSERVED.


RELATIVE HUMIDITY (PERCENT)
 HIGHEST    90           500 AM
 LOWEST     41           100 PM
 AVERAGE    66

..........................................................


THE FAYETTEVILLE REGL AIRPORT NC CLIMATE NORMALS FOR TODAY
                         NORMAL    RECORD    YEAR
 MAXIMUM TEMPERATURE (F)   85       102      1941
 MINIMUM TEMPERATURE (F)   63        40      1961


SUNRISE AND SUNSET
MAY 28 2017...........SUNRISE   604 AM EDT   SUNSET   822 PM EDT
MAY 29 2017...........SUNRISE   604 AM EDT   SUNSET   823 PM EDT


-  INDICATES NEGATIVE NUMBERS.
R  INDICATES RECORD WAS SET OR TIED.
MM INDICATES DATA IS MISSING.
T  INDICATES TRACE AMOUNT.

$$
