000
CDUS42 KRAH 250724
CLIFAY


CLIMATE REPORT
NATIONAL WEATHER SERVICE RALEIGH NC
222 AM EST THU DEC 25 2014


...................................

...THE FAYETTEVILLE REGL AIRPORT NC CLIMATE SUMMARY FOR DECEMBER 24 2014...

CLIMATE NORMAL PERIOD 1981 TO 2010
CLIMATE RECORD PERIOD 1910 TO 2014


WEATHER ITEM   OBSERVED TIME   RECORD YEAR NORMAL DEPARTURE LAST
                VALUE   (LST)  VALUE       VALUE  FROM      YEAR
                                                  NORMAL
..................................................................
TEMPERATURE (F)
 YESTERDAY
  MAXIMUM         70    215 PM  78    1931  53     17       52
  MINIMUM         47   1259 AM  14    1989  34     13       33
  AVERAGE         59                        43     16       43

PRECIPITATION (IN)
  YESTERDAY        1.66R         1.45 1941   0.08   1.58     0.02
  MONTH TO DATE    3.75                      2.18   1.57     2.55
  SINCE DEC 1      3.75                      2.18   1.57     2.55
  SINCE JAN 1     41.68                     43.99  -2.31    41.63

DEGREE DAYS
 HEATING
  YESTERDAY        6                        22    -16       22
  MONTH TO DATE  421                       457    -36      350
  SINCE DEC 1    421                       457    -36      350
  SINCE JUL 1    965                       905     60      866

 COOLING
  YESTERDAY        0                         0      0        0
  MONTH TO DATE    0                         0      0       17
  SINCE DEC 1      0                         0      0       17
  SINCE JAN 1   2139                      1991    148     1955
..................................................................


WIND (MPH)
  HIGHEST WIND SPEED    24   HIGHEST WIND DIRECTION    SW (210)
  HIGHEST GUST SPEED    31   HIGHEST GUST DIRECTION    SW (220)
  AVERAGE WIND SPEED    10.3


SKY COVER
  POSSIBLE SUNSHINE  MM
  AVERAGE SKY COVER 0.9


WEATHER CONDITIONS
 THE FOLLOWING WEATHER WAS RECORDED YESTERDAY.
  HEAVY RAIN
  RAIN
  LIGHT RAIN
  FOG
  FOG W/VISIBILITY <= 1/4 MILE


RELATIVE HUMIDITY (PERCENT)
 HIGHEST   100           100 AM
 LOWEST     81           500 PM
 AVERAGE    91

..........................................................


THE FAYETTEVILLE REGL AIRPORT NC CLIMATE NORMALS FOR TODAY
                         NORMAL    RECORD    YEAR
 MAXIMUM TEMPERATURE (F)   53        79      1932
 MINIMUM TEMPERATURE (F)   33         4      1989


SUNRISE AND SUNSET
DECEMBER 25 2014......SUNRISE   721 AM EST   SUNSET   510 PM EST
DECEMBER 26 2014......SUNRISE   722 AM EST   SUNSET   511 PM EST


-  INDICATES NEGATIVE NUMBERS.
R  INDICATES RECORD WAS SET OR TIED.
MM INDICATES DATA IS MISSING.
T  INDICATES TRACE AMOUNT.




$$
