000
CDUS42 KRAH 110756
CLIFAY


CLIMATE REPORT
NATIONAL WEATHER SERVICE RALEIGH NC
254 AM EST SUN DEC 11 2016


...................................

...THE FAYETTEVILLE REGL AIRPORT NC CLIMATE SUMMARY FOR DECEMBER 10 2016...

CLIMATE NORMAL PERIOD 1981 TO 2010
CLIMATE RECORD PERIOD 1910 TO 2016


WEATHER ITEM   OBSERVED TIME   RECORD YEAR NORMAL DEPARTURE LAST
                VALUE   (LST)  VALUE       VALUE  FROM      YEAR
                                                  NORMAL
..................................................................
TEMPERATURE (F)
 YESTERDAY
  MAXIMUM         45    345 PM  79    2007  57    -12       69
  MINIMUM         25    733 AM  16    1960  36    -11       43
  AVERAGE         35                        47    -12       56

PRECIPITATION (IN)
  YESTERDAY        0.00          1.13 1989   0.08  -0.08     0.00
  MONTH TO DATE    0.99                      1.04  -0.05     0.63
  SINCE DEC 1      0.99                      1.04  -0.05     0.63
  SINCE JAN 1     54.60                     42.85  11.75    47.82

DEGREE DAYS
 HEATING
  YESTERDAY       30                        19     11        9
  MONTH TO DATE  177                       171      6      138
  SINCE DEC 1    177                       171      6      138
  SINCE JUL 1    528                       619    -91      457

 COOLING
  YESTERDAY        0                         0      0        0
  MONTH TO DATE    0                         0      0        0
  SINCE DEC 1      0                         0      0        0
  SINCE JAN 1   2527                      1991    536     2231
..................................................................


WIND (MPH)
  HIGHEST WIND SPEED    12   HIGHEST WIND DIRECTION     N (20)
  HIGHEST GUST SPEED    16   HIGHEST GUST DIRECTION    NW (300)
  AVERAGE WIND SPEED     3.9


SKY COVER
  POSSIBLE SUNSHINE  MM
  AVERAGE SKY COVER 0.0


WEATHER CONDITIONS
 THE FOLLOWING WEATHER WAS RECORDED YESTERDAY.
  NO SIGNIFICANT WEATHER WAS OBSERVED.


RELATIVE HUMIDITY (PERCENT)
 HIGHEST    78          1000 PM
 LOWEST     27           400 PM
 AVERAGE    53

..........................................................


THE FAYETTEVILLE REGL AIRPORT NC CLIMATE NORMALS FOR TODAY
                         NORMAL    RECORD    YEAR
 MAXIMUM TEMPERATURE (F)   57        80      2007
 MINIMUM TEMPERATURE (F)   36        15      1945


SUNRISE AND SUNSET
DECEMBER 11 2016......SUNRISE   714 AM EST   SUNSET   504 PM EST
DECEMBER 12 2016......SUNRISE   714 AM EST   SUNSET   505 PM EST


-  INDICATES NEGATIVE NUMBERS.
R  INDICATES RECORD WAS SET OR TIED.
MM INDICATES DATA IS MISSING.
T  INDICATES TRACE AMOUNT.




$$
