000
CDUS42 KRAH 300741
CLIFAY

CLIMATE REPORT
NATIONAL WEATHER SERVICE RALEIGH NC
341 AM EDT TUE SEP 30 2014

...................................

...THE FAYETTEVILLE REGL AIRPORT NC CLIMATE SUMMARY FOR SEPTEMBER 29 2014...

CLIMATE NORMAL PERIOD 1981 TO 2010
CLIMATE RECORD PERIOD 1910 TO 2014


WEATHER ITEM   OBSERVED TIME   RECORD YEAR NORMAL DEPARTURE LAST
                VALUE   (LST)  VALUE       VALUE  FROM      YEAR
                                                  NORMAL
..................................................................
TEMPERATURE (F)
 YESTERDAY
  MAXIMUM         70    229 PM  95    1933  80    -10       77
  MINIMUM         63   1159 PM  41    1962  59      4       56
  AVERAGE         67                        69     -2       67

PRECIPITATION (IN)
  YESTERDAY        0.14          2.01 1963   0.14   0.00     0.00
  MONTH TO DATE    6.86                      4.25   2.61     1.07
  SINCE SEP 1      6.86                      4.25   2.61     1.07
  SINCE JAN 1     33.78                     35.68  -1.90    35.63

DEGREE DAYS
 HEATING
  YESTERDAY        0                         1     -1        0
  MONTH TO DATE    5                         7     -2        0
  SINCE SEP 1      5                         7     -2        0
  SINCE JUL 1      5                         7     -2        0

 COOLING
  YESTERDAY        2                         5     -3        2
  MONTH TO DATE  289                       264     25      263
  SINCE SEP 1    289                       264     25      263
  SINCE JAN 1   2030                      1904    126     1842
..................................................................


WIND (MPH)
  HIGHEST WIND SPEED     9   HIGHEST WIND DIRECTION    SE (130)
  HIGHEST GUST SPEED    11   HIGHEST GUST DIRECTION    SE (130)
  AVERAGE WIND SPEED     3.3


SKY COVER
  POSSIBLE SUNSHINE  MM
  AVERAGE SKY COVER 0.5


WEATHER CONDITIONS
 THE FOLLOWING WEATHER WAS RECORDED YESTERDAY.
  LIGHT RAIN
  FOG
  HAZE


RELATIVE HUMIDITY (PERCENT)
 HIGHEST    93           100 AM
 LOWEST     87          1200 AM
 AVERAGE    90

..........................................................


THE FAYETTEVILLE REGL AIRPORT NC CLIMATE NORMALS FOR TODAY
                         NORMAL    RECORD    YEAR
 MAXIMUM TEMPERATURE (F)   79        92      1939
 MINIMUM TEMPERATURE (F)   59        40      1967


SUNRISE AND SUNSET
SEPTEMBER 30 2014.....SUNRISE   709 AM EDT   SUNSET   701 PM EDT
OCTOBER  1 2014.......SUNRISE   710 AM EDT   SUNSET   659 PM EDT


-  INDICATES NEGATIVE NUMBERS.
R  INDICATES RECORD WAS SET OR TIED.
MM INDICATES DATA IS MISSING.
T  INDICATES TRACE AMOUNT.

$$

DJF
