660
CDUS42 KRAH 172151
CLIFAY


CLIMATE REPORT
NATIONAL WEATHER SERVICE RALEIGH NC
451 PM EST SAT FEB 17 2018


...................................

...THE FAYETTEVILLE REGL AIRPORT NC CLIMATE SUMMARY FOR FEBRUARY 17 2018...
VALID TODAY AS OF 0400 PM LOCAL TIME.

CLIMATE NORMAL PERIOD 1981 TO 2010
CLIMATE RECORD PERIOD 1910 TO 2018


WEATHER ITEM   OBSERVED TIME   RECORD YEAR NORMAL DEPARTURE LAST
                VALUE   (LST)  VALUE       VALUE  FROM      YEAR
                                                  NORMAL
..................................................................
TEMPERATURE (F)
 TODAY
  MAXIMUM         63   1214 AM  81    1945  60      3       67
  MINIMUM         51    812 AM  10    1958  36     15       40
  AVERAGE         57                        48      9       54

PRECIPITATION (IN)
  TODAY            0.00          2.43 1998   0.12  -0.12     0.00
  MONTH TO DATE    1.35                      1.64  -0.29     0.99
  SINCE DEC 1      7.40                      7.59  -0.19     6.06
  SINCE JAN 1      4.43                      4.94  -0.51     3.42

DEGREE DAYS
 HEATING
  TODAY            8                        17     -9       11
  MONTH TO DATE  220                       320   -100      199
  SINCE DEC 1   1574                      1598    -24     1213
  SINCE JUL 1   2007                      2046    -39     1564

 COOLING
  TODAY            0                         0      0        0
  MONTH TO DATE   17                         0     17        9
  SINCE DEC 1     17                         4     13       10
  SINCE JAN 1     17                         2     15       10
..................................................................


WIND (MPH)
  HIGHEST WIND SPEED    16   HIGHEST WIND DIRECTION     E (70)
  HIGHEST GUST SPEED    22   HIGHEST GUST DIRECTION     E (80)
  AVERAGE WIND SPEED     8.9


SKY COVER
  POSSIBLE SUNSHINE  MM
  AVERAGE SKY COVER 1.0


WEATHER CONDITIONS
 THE FOLLOWING WEATHER WAS RECORDED TODAY.
  NO SIGNIFICANT WEATHER WAS OBSERVED.


RELATIVE HUMIDITY (PERCENT)
 HIGHEST    83           700 AM
 LOWEST     51           400 AM
 AVERAGE    67

..........................................................


THE FAYETTEVILLE REGL AIRPORT NC CLIMATE NORMALS FOR TOMORROW
                         NORMAL    RECORD    YEAR
 MAXIMUM TEMPERATURE (F)   60        80      1976
 MINIMUM TEMPERATURE (F)   36         7      1958


SUNRISE AND SUNSET
FEBRUARY 17 2018......SUNRISE   659 AM EST   SUNSET   600 PM EST
FEBRUARY 18 2018......SUNRISE   658 AM EST   SUNSET   601 PM EST


-  INDICATES NEGATIVE NUMBERS.
R  INDICATES RECORD WAS SET OR TIED.
MM INDICATES DATA IS MISSING.
T  INDICATES TRACE AMOUNT.




$$
