027
CDUS42 KRAH 192153
CLIFAY


CLIMATE REPORT
NATIONAL WEATHER SERVICE RALEIGH NC
452 PM EST THU JAN 19 2017


...................................

...THE FAYETTEVILLE REGL AIRPORT NC CLIMATE SUMMARY FOR JANUARY 19 2017...
VALID TODAY AS OF 0400 PM LOCAL TIME.

CLIMATE NORMAL PERIOD 1981 TO 2010
CLIMATE RECORD PERIOD 1910 TO 2017


WEATHER ITEM   OBSERVED TIME   RECORD YEAR NORMAL DEPARTURE LAST
                VALUE   (LST)  VALUE       VALUE  FROM      YEAR
                                                  NORMAL
..................................................................
TEMPERATURE (F)
 TODAY
  MAXIMUM         65    252 PM  76    2001  54     11       36
  MINIMUM         38    734 AM   7    1994  33      5       20
  AVERAGE         52                        44      8       28

PRECIPITATION (IN)
  TODAY            0.00          1.34 1987   0.10  -0.10     0.00
  MONTH TO DATE    1.99                      1.83   0.16     0.89
  SINCE DEC 1      4.63                      4.48   0.15     7.40
  SINCE JAN 1      1.99                      1.83   0.16     0.89

DEGREE DAYS
 HEATING
  TODAY           13                        21     -8       37
  MONTH TO DATE  312                       416   -104      435
  SINCE DEC 1    869                      1027   -158      668
  SINCE JUL 1   1220                      1475   -255      987

 COOLING
  TODAY            0                         0      0        0
  MONTH TO DATE    1                         0      1        0
  SINCE DEC 1      1                         2     -1       47
  SINCE JAN 1      1                         0      1        0
..................................................................


WIND (MPH)
  HIGHEST WIND SPEED    10   HIGHEST WIND DIRECTION    NE (30)
  HIGHEST GUST SPEED    12   HIGHEST GUST DIRECTION    NE (30)
  AVERAGE WIND SPEED     3.2


SKY COVER
  POSSIBLE SUNSHINE  MM
  AVERAGE SKY COVER 0.0


WEATHER CONDITIONS
 THE FOLLOWING WEATHER WAS RECORDED TODAY.
  NO SIGNIFICANT WEATHER WAS OBSERVED.


RELATIVE HUMIDITY (PERCENT)
 HIGHEST    86           700 AM
 LOWEST     40           300 PM
 AVERAGE    63

..........................................................


THE FAYETTEVILLE REGL AIRPORT NC CLIMATE NORMALS FOR TOMORROW
                         NORMAL    RECORD    YEAR
 MAXIMUM TEMPERATURE (F)   54        77      1929
 MINIMUM TEMPERATURE (F)   33         7      1994


SUNRISE AND SUNSET
JANUARY 19 2017.......SUNRISE   722 AM EST   SUNSET   531 PM EST
JANUARY 20 2017.......SUNRISE   721 AM EST   SUNSET   532 PM EST


-  INDICATES NEGATIVE NUMBERS.
R  INDICATES RECORD WAS SET OR TIED.
MM INDICATES DATA IS MISSING.
T  INDICATES TRACE AMOUNT.




$$
