611
CDUS42 KRAH 230718
CLIFAY


CLIMATE REPORT
NATIONAL WEATHER SERVICE RALEIGH NC
318 AM EDT SUN JUL 23 2017


...................................

...THE FAYETTEVILLE REGL AIRPORT NC CLIMATE SUMMARY FOR JULY 22 2017...

CLIMATE NORMAL PERIOD 1981 TO 2010
CLIMATE RECORD PERIOD 1910 TO 2017


WEATHER ITEM   OBSERVED TIME   RECORD YEAR NORMAL DEPARTURE LAST
                VALUE   (LST)  VALUE       VALUE  FROM      YEAR
                                                  NORMAL
..................................................................
TEMPERATURE (F)
 YESTERDAY
  MAXIMUM        100    352 PM 107    1932  91      9       93
  MINIMUM         82    550 AM  57    1966  72     10       74
  AVERAGE         91                        82      9       84

PRECIPITATION (IN)
  YESTERDAY        0.00          1.97 1974   0.21  -0.21     0.00
  MONTH TO DATE    5.55                      4.11   1.44     4.50
  SINCE JUN 1     10.11                      8.46   1.65     7.71
  SINCE JAN 1     25.75                     24.13   1.62    25.28

DEGREE DAYS
 HEATING
  YESTERDAY        0                         0      0        0
  MONTH TO DATE    0                         0      0        0
  SINCE JUN 1      0                         0      0        0
  SINCE JUL 1      0                         0      0        0

 COOLING
  YESTERDAY       26                        17      9       19
  MONTH TO DATE  450                       363     87      414
  SINCE JUN 1    882                       759    123      866
  SINCE JAN 1   1385                      1043    342     1202
..................................................................


WIND (MPH)
  HIGHEST WIND SPEED    18   HIGHEST WIND DIRECTION     S (200)
  HIGHEST GUST SPEED    23   HIGHEST GUST DIRECTION     S (200)
  AVERAGE WIND SPEED    10.0


SKY COVER
  POSSIBLE SUNSHINE  MM
  AVERAGE SKY COVER 0.1


WEATHER CONDITIONS
 THE FOLLOWING WEATHER WAS RECORDED YESTERDAY.
  NO SIGNIFICANT WEATHER WAS OBSERVED.


RELATIVE HUMIDITY (PERCENT)
 HIGHEST    79          1200 AM
 LOWEST     48           100 PM
 AVERAGE    64

..........................................................


THE FAYETTEVILLE REGL AIRPORT NC CLIMATE NORMALS FOR TODAY
                         NORMAL    RECORD    YEAR
 MAXIMUM TEMPERATURE (F)   91       103      2011
 MINIMUM TEMPERATURE (F)   72        51      1944


SUNRISE AND SUNSET
JULY 23 2017..........SUNRISE   619 AM EDT   SUNSET   825 PM EDT
JULY 24 2017..........SUNRISE   619 AM EDT   SUNSET   824 PM EDT


-  INDICATES NEGATIVE NUMBERS.
R  INDICATES RECORD WAS SET OR TIED.
MM INDICATES DATA IS MISSING.
T  INDICATES TRACE AMOUNT.




$$
