000
CDUS42 KRAH 200736
CLIFAY


CLIMATE REPORT
NATIONAL WEATHER SERVICE RALEIGH NC
334 AM EDT SUN APR 20 2014


...................................

...THE FAYETTEVILLE REGL AIRPORT NC CLIMATE SUMMARY FOR APRIL 19 2014...

CLIMATE NORMAL PERIOD 1981 TO 2010
CLIMATE RECORD PERIOD 1910 TO 2014


WEATHER ITEM   OBSERVED TIME   RECORD YEAR NORMAL DEPARTURE LAST
                VALUE   (LST)  VALUE       VALUE  FROM      YEAR
                                                  NORMAL
..................................................................
TEMPERATURE (F)
 YESTERDAY
  MAXIMUM         53   1223 PM  94    1941  76    -23       85
  MINIMUM         49    725 AM  30    2001  51     -2       66
  AVERAGE         51                        64    -13       76

PRECIPITATION (IN)
  YESTERDAY        0.69          2.15 1969   0.09   0.60     0.41
  MONTH TO DATE    2.58                      1.94   0.64     1.87
  SINCE MAR 1      6.22                      5.49   0.73     3.54
  SINCE JAN 1     12.94                     11.55   1.39     9.18

DEGREE DAYS
 HEATING
  YESTERDAY       14                         4     10        0
  MONTH TO DATE   93                       105    -12       75
  SINCE MAR 1    590                       449    141      581
  SINCE JUL 1   2915                      2674    241     2677

 COOLING
  YESTERDAY        0                         2     -2       11
  MONTH TO DATE   35                        32      3       59
  SINCE MAR 1     36                        44     -8       62
  SINCE JAN 1     39                        48     -9       67
..................................................................


WIND (MPH)
  HIGHEST WIND SPEED    25   HIGHEST WIND DIRECTION    NE (30)
  HIGHEST GUST SPEED    31   HIGHEST GUST DIRECTION    NE (40)
  AVERAGE WIND SPEED    15.9


SKY COVER
  POSSIBLE SUNSHINE  MM
  AVERAGE SKY COVER 1.0


WEATHER CONDITIONS
 THE FOLLOWING WEATHER WAS RECORDED YESTERDAY.
  RAIN
  LIGHT RAIN
  FOG


RELATIVE HUMIDITY (PERCENT)
 HIGHEST    96           100 AM
 LOWEST     71          1100 PM
 AVERAGE    84

..........................................................


THE FAYETTEVILLE REGL AIRPORT NC CLIMATE NORMALS FOR TODAY
                         NORMAL    RECORD    YEAR
 MAXIMUM TEMPERATURE (F)   76        94      1917
 MINIMUM TEMPERATURE (F)   51        31      1983


SUNRISE AND SUNSET
APRIL 20 2014.........SUNRISE   637 AM EDT   SUNSET   752 PM EDT
APRIL 21 2014.........SUNRISE   636 AM EDT   SUNSET   753 PM EDT


-  INDICATES NEGATIVE NUMBERS.
R  INDICATES RECORD WAS SET OR TIED.
MM INDICATES DATA IS MISSING.
T  INDICATES TRACE AMOUNT.




$$
