000
CDUS42 KRAH 290700
CLIFAY


CLIMATE REPORT
NATIONAL WEATHER SERVICE RALEIGH NC
259 AM EDT SUN MAR 29 2015


...................................

...THE FAYETTEVILLE REGL AIRPORT NC CLIMATE SUMMARY FOR MARCH 28 2015...

CLIMATE NORMAL PERIOD 1981 TO 2010
CLIMATE RECORD PERIOD 1910 TO 2015


WEATHER ITEM   OBSERVED TIME   RECORD YEAR NORMAL DEPARTURE LAST
                VALUE   (LST)  VALUE       VALUE  FROM      YEAR
                                                  NORMAL
..................................................................
TEMPERATURE (F)
 YESTERDAY
  MAXIMUM         51    413 PM  87    1945  70    -19       75
  MINIMUM         33   1159 PM  17    1982  46    -13       41
  AVERAGE         42                        58    -16       58

PRECIPITATION (IN)
  YESTERDAY        0.07          1.72 1941   0.14  -0.07     0.26
  MONTH TO DATE    2.62                      3.14  -0.52     2.81
  SINCE MAR 1      2.62                      3.14  -0.52     2.81
  SINCE JAN 1     10.27                      9.20   1.07     9.53

DEGREE DAYS
 HEATING
  YESTERDAY       23                         8     15        7
  MONTH TO DATE  296                       321    -25      481
  SINCE MAR 1    296                       321    -25      481
  SINCE JUL 1   2792                      2546    246     2806

 COOLING
  YESTERDAY        0                         1     -1        0
  MONTH TO DATE   17                         3     14        0
  SINCE MAR 1     17                         3     14        0
  SINCE JAN 1     17                         7     10        3
..................................................................


WIND (MPH)
  HIGHEST WIND SPEED    20   HIGHEST WIND DIRECTION    NW (330)
  HIGHEST GUST SPEED    27   HIGHEST GUST DIRECTION     W (290)
  AVERAGE WIND SPEED     9.2


SKY COVER
  POSSIBLE SUNSHINE  MM
  AVERAGE SKY COVER 0.5


WEATHER CONDITIONS
 THE FOLLOWING WEATHER WAS RECORDED YESTERDAY.
  RAIN
  LIGHT RAIN
  FOG


RELATIVE HUMIDITY (PERCENT)
 HIGHEST    89          1200 AM
 LOWEST     26           600 PM
 AVERAGE    58

..........................................................


THE FAYETTEVILLE REGL AIRPORT NC CLIMATE NORMALS FOR TODAY
                         NORMAL    RECORD    YEAR
 MAXIMUM TEMPERATURE (F)   70        86      1945
 MINIMUM TEMPERATURE (F)   46        24      1982


SUNRISE AND SUNSET
MARCH 29 2015.........SUNRISE   707 AM EDT   SUNSET   734 PM EDT
MARCH 30 2015.........SUNRISE   706 AM EDT   SUNSET   735 PM EDT


-  INDICATES NEGATIVE NUMBERS.
R  INDICATES RECORD WAS SET OR TIED.
MM INDICATES DATA IS MISSING.
T  INDICATES TRACE AMOUNT.




$$
