000
CDUS42 KRAH 012100
CLIFAY


CLIMATE REPORT
NATIONAL WEATHER SERVICE RALEIGH NC
459 PM EDT SAT OCT 1 2016


...................................

...THE FAYETTEVILLE REGL AIRPORT NC CLIMATE SUMMARY FOR OCTOBER 1 2016...
VALID TODAY AS OF 0458 PM LOCAL TIME.

CLIMATE NORMAL PERIOD 1981 TO 2010
CLIMATE RECORD PERIOD 1910 TO 2016


WEATHER ITEM   OBSERVED TIME   RECORD YEAR NORMAL DEPARTURE LAST
                VALUE   (LST)  VALUE       VALUE  FROM      YEAR
                                                  NORMAL
..................................................................
TEMPERATURE (F)
 TODAY
  MAXIMUM         86    322 PM  95    1933  79      7       72
  MINIMUM         61    659 AM  39    1993  58      3       60
  AVERAGE         74                        69      5       66

PRECIPITATION (IN)
  TODAY            0.00          2.50 1929   0.19  -0.19     0.31
  MONTH TO DATE    0.00                      0.19  -0.19     0.31
  SINCE SEP 1     11.12                      4.59   6.53     3.67
  SINCE JAN 1     37.78                     36.02   1.76    34.46

DEGREE DAYS
 HEATING
  TODAY            0                         1     -1        0
  MONTH TO DATE    0                         1     -1        0
  SINCE SEP 1      0                        10    -10        0
  SINCE JUL 1      0                        10    -10        0

 COOLING
  TODAY            9                         5      4        1
  MONTH TO DATE    9                         5      4        1
  SINCE SEP 1    415                       273    142      329
  SINCE JAN 1   2409                      1913    496     2164
..................................................................


WIND (MPH)
  HIGHEST WIND SPEED    13   HIGHEST WIND DIRECTION     S (200)
  HIGHEST GUST SPEED    16   HIGHEST GUST DIRECTION     S (190)
  AVERAGE WIND SPEED     4.0


SKY COVER
  POSSIBLE SUNSHINE  MM
  AVERAGE SKY COVER 0.3


WEATHER CONDITIONS
 THE FOLLOWING WEATHER WAS RECORDED TODAY.
  FOG
  FOG W/VISIBILITY <= 1/4 MILE


RELATIVE HUMIDITY (PERCENT)
 HIGHEST   100          1200 AM
 LOWEST     40           100 PM
 AVERAGE    70

..........................................................


THE FAYETTEVILLE REGL AIRPORT NC CLIMATE NORMALS FOR TOMORROW
                         NORMAL    RECORD    YEAR
 MAXIMUM TEMPERATURE (F)   79        93      1986
 MINIMUM TEMPERATURE (F)   58        39      1993


SUNRISE AND SUNSET
OCTOBER  1 2016.......SUNRISE   711 AM EDT   SUNSET   659 PM EDT
OCTOBER  2 2016.......SUNRISE   711 AM EDT   SUNSET   657 PM EDT


-  INDICATES NEGATIVE NUMBERS.
R  INDICATES RECORD WAS SET OR TIED.
MM INDICATES DATA IS MISSING.
T  INDICATES TRACE AMOUNT.




$$
