000
CDUS42 KRAH 260739
CLIFAY


CLIMATE REPORT
NATIONAL WEATHER SERVICE RALEIGH NC
336 AM EDT TUE JUL 26 2016


...................................

...THE FAYETTEVILLE REGL AIRPORT NC CLIMATE SUMMARY FOR JULY 25 2016...

CLIMATE NORMAL PERIOD 1981 TO 2010
CLIMATE RECORD PERIOD 1910 TO 2016


WEATHER ITEM   OBSERVED TIME   RECORD YEAR NORMAL DEPARTURE LAST
                VALUE   (LST)  VALUE       VALUE  FROM      YEAR
                                                  NORMAL
..................................................................
TEMPERATURE (F)
 YESTERDAY
  MAXIMUM         97    233 PM 103    1914  91      6       89
  MINIMUM         78    555 AM  58    1947  72      6       65
  AVERAGE         88                        81      7       77

PRECIPITATION (IN)
  YESTERDAY        0.00          1.85 1997   0.22  -0.22     0.00
  MONTH TO DATE    4.53                      4.76  -0.23     3.38
  SINCE JUN 1      7.74                      9.11  -1.37    12.52
  SINCE JAN 1     25.31                     24.78   0.53    27.79

DEGREE DAYS
 HEATING
  YESTERDAY        0                         0      0        0
  MONTH TO DATE    0                         0      0        0
  SINCE JUN 1      0                         0      0        0
  SINCE JUL 1      0                         0      0        0

 COOLING
  YESTERDAY       23                        16      7       12
  MONTH TO DATE  477                       411     66      447
  SINCE JUN 1    929                       807    122      936
  SINCE JAN 1   1265                      1091    174     1266
..................................................................


WIND (MPH)
  HIGHEST WIND SPEED    16   HIGHEST WIND DIRECTION     S (180)
  HIGHEST GUST SPEED    22   HIGHEST GUST DIRECTION    SW (230)
  AVERAGE WIND SPEED     9.7


SKY COVER
  POSSIBLE SUNSHINE  MM
  AVERAGE SKY COVER 0.1


WEATHER CONDITIONS
 THE FOLLOWING WEATHER WAS RECORDED YESTERDAY.
  NO SIGNIFICANT WEATHER WAS OBSERVED.


RELATIVE HUMIDITY (PERCENT)
 HIGHEST    91           200 AM
 LOWEST     45           300 PM
 AVERAGE    68

..........................................................


THE FAYETTEVILLE REGL AIRPORT NC CLIMATE NORMALS FOR TODAY
                         NORMAL    RECORD    YEAR
 MAXIMUM TEMPERATURE (F)   91       104      1940
 MINIMUM TEMPERATURE (F)   72        58      1929


SUNRISE AND SUNSET
JULY 26 2016..........SUNRISE   621 AM EDT   SUNSET   823 PM EDT
JULY 27 2016..........SUNRISE   622 AM EDT   SUNSET   822 PM EDT


-  INDICATES NEGATIVE NUMBERS.
R  INDICATES RECORD WAS SET OR TIED.
MM INDICATES DATA IS MISSING.
T  INDICATES TRACE AMOUNT.




$$
