000
CDUS42 KFFC 240919
CLIFFC


CLIMATE REPORT
NATIONAL WEATHER SERVICE PEACHTREE CITY GA
416 AM EST TUE JAN 24 2017


...................................

...THE PEACHTREE CITY CLIMATE SUMMARY FOR JANUARY 23 2017...

CLIMATE NORMAL PERIOD 1981 TO 2010
CLIMATE RECORD PERIOD 9999 TO 9999


WEATHER ITEM   OBSERVED TIME   RECORD YEAR NORMAL DEPARTURE LAST
                VALUE   (LST)  VALUE       VALUE  FROM      YEAR
                                                  NORMAL
..................................................................
TEMPERATURE (F)
 YESTERDAY
  MAXIMUM         58    524 PM  MM      MM  54      4       35
  MINIMUM         48    410 AM  MM      MM  32     16       27
  AVERAGE         53                        43     10       31

PRECIPITATION (IN)
  YESTERDAY        0.18         MM      MM   0.16   0.02      T
  MONTH TO DATE    7.25                      2.74   4.51     4.09
  SINCE DEC 1      9.90                      6.88   3.02    19.08
  SINCE JAN 1      7.25                      2.74   4.51     4.09

SNOWFALL (IN)
  YESTERDAY        0.0          MM      MM  MM     MM        0.2
  MONTH TO DATE    0.0                      MM     MM        0.2
  SINCE DEC 1      0.0                      MM     MM        0.2
  SINCE JUL 1      0.0                      MM     MM        0.2
  SNOW DEPTH       0

DEGREE DAYS
 HEATING
  YESTERDAY       12                        22    -10       34
  MONTH TO DATE  305                       520   -215      566
  SINCE DEC 1    836                      1159   -323      870
  SINCE JUL 1   1186                      1701   -515     1256

 COOLING
  YESTERDAY        0                         0      0        0
  MONTH TO DATE    0                         0      0        0
  SINCE DEC 1      0                         0      0       14
  SINCE JAN 1      0                         0      0        0
..................................................................


WIND (MPH)
  RESULTANT WIND SPEED  11   RESULTANT WIND DIRECTION  NW (300)
  HIGHEST WIND SPEED    26   HIGHEST WIND DIRECTION    NW (320)
  HIGHEST GUST SPEED    36   HIGHEST GUST DIRECTION    NW (320)
  AVERAGE WIND SPEED    12.1


SKY COVER
  POSSIBLE SUNSHINE  MM
  AVERAGE SKY COVER 0.7


WEATHER CONDITIONS
 THE FOLLOWING WEATHER WAS RECORDED YESTERDAY.
  LIGHT RAIN
  FOG


RELATIVE HUMIDITY (PERCENT)
 HIGHEST    93           300 AM
 LOWEST     61           700 PM
 AVERAGE    77

..........................................................


THE PEACHTREE CITY CLIMATE NORMALS FOR TODAY
                         NORMAL    RECORD    YEAR
 MAXIMUM TEMPERATURE (F)   54        MM        MM
 MINIMUM TEMPERATURE (F)   32        MM        MM


SUNRISE AND SUNSET
JANUARY 24 2017.......SUNRISE   739 AM EST   SUNSET   602 PM EST
JANUARY 25 2017.......SUNRISE   738 AM EST   SUNSET   603 PM EST


-  INDICATES NEGATIVE NUMBERS.
R  INDICATES RECORD WAS SET OR TIED.
MM INDICATES DATA IS MISSING.
T  INDICATES TRACE AMOUNT.




$$
