000
CDUS43 KLMK 010626
CLIFFT


CLIMATE REPORT
NATIONAL WEATHER SERVICE LOUISVILLE KY
226 AM EDT TUE SEP 1 2015


...................................

...THE FRANKFORT KY CLIMATE SUMMARY FOR AUGUST 31 2015...

CLIMATE NORMAL PERIOD 1981 TO 2010
CLIMATE RECORD PERIOD 1895 TO 2015


WEATHER ITEM   OBSERVED TIME   RECORD YEAR NORMAL DEPARTURE LAST
                VALUE   (LST)  VALUE       VALUE  FROM      YEAR
                                                  NORMAL
..................................................................
TEMPERATURE (F)
 YESTERDAY
  MAXIMUM         87    314 PM 100    1953  85      2       76
                                      1932
  MINIMUM         63    610 AM  45    1986  62      1       71
                                      1946
  AVERAGE         75                        73      2       74

PRECIPITATION (IN)
  YESTERDAY        0.00          2.03 1982   0.11  -0.11     0.32
  MONTH TO DATE    3.01                      3.36  -0.35     5.56
  SINCE JUN 1     20.24                     11.84   8.40    12.51
  SINCE JAN 1     43.64                     31.31  12.33    33.29

SNOWFALL (IN)
  YESTERDAY       MM            MM      MM  MM     MM       MM
  MONTH TO DATE   MM                        MM     MM       MM
  SINCE JUN 1     MM                        MM     MM       MM
  SINCE JUL 1     MM                        MM     MM       MM
  SNOW DEPTH      MM

DEGREE DAYS
 HEATING
  YESTERDAY        0                         0      0        0
  MONTH TO DATE    1                         0      1        0
  SINCE JUN 1     17                        11      6        6
  SINCE JUL 1      1                         1      0        3

 COOLING
  YESTERDAY       10                         8      2        9
  MONTH TO DATE  240                       317    -77      314
  SINCE JUN 1    884                       903    -19      804
  SINCE JAN 1   1039                      1002     37      926
..................................................................


WIND (MPH)
  HIGHEST WIND SPEED     8   HIGHEST WIND DIRECTION     W (260)
  HIGHEST GUST SPEED    12   HIGHEST GUST DIRECTION     S (200)
  AVERAGE WIND SPEED     2.4


SKY COVER
  POSSIBLE SUNSHINE  MM
  AVERAGE SKY COVER 0.1


WEATHER CONDITIONS
 THE FOLLOWING WEATHER WAS RECORDED YESTERDAY.
  FOG


RELATIVE HUMIDITY (PERCENT)
 HIGHEST    93           300 AM
 LOWEST     43           300 PM
 AVERAGE    68

..........................................................


THE FRANKFORT KY CLIMATE NORMALS FOR TODAY
                         NORMAL    RECORD    YEAR
 MAXIMUM TEMPERATURE (F)   85       103      1932
 MINIMUM TEMPERATURE (F)   61        45      1896


SUNRISE AND SUNSET
SEPTEMBER  1 2015.....SUNRISE   709 AM EDT   SUNSET   810 PM EDT
SEPTEMBER  2 2015.....SUNRISE   710 AM EDT   SUNSET   808 PM EDT


-  INDICATES NEGATIVE NUMBERS.
R  INDICATES RECORD WAS SET OR TIED.
MM INDICATES DATA IS MISSING.
T  INDICATES TRACE AMOUNT.




$$
