000
CDUS43 KLMK 240627
CLIFFT


CLIMATE REPORT
NATIONAL WEATHER SERVICE LOUISVILLE KY
227 AM EDT MON APR 24 2017


...................................

...THE FRANKFORT KY CLIMATE SUMMARY FOR APRIL 23 2017...

CLIMATE NORMAL PERIOD 1981 TO 2010
CLIMATE RECORD PERIOD 1895 TO 2017


WEATHER ITEM   OBSERVED TIME   RECORD YEAR NORMAL DEPARTURE LAST
                VALUE   (LST)  VALUE       VALUE  FROM      YEAR
                                                  NORMAL
..................................................................
TEMPERATURE (F)
 YESTERDAY
  MAXIMUM         59   1110 PM  88    1914  69    -10       70
  MINIMUM         46    717 AM  27    1986  46      0       51
  AVERAGE         53                        58     -5       61

PRECIPITATION (IN)
  YESTERDAY        0.01          2.71 2011   0.14  -0.13     0.00
  MONTH TO DATE    2.61                      2.69  -0.08     0.97
  SINCE MAR 1      7.70                      7.07   0.63     7.05
  SINCE JAN 1     13.80                     13.62   0.18    13.07

SNOWFALL (IN)
  YESTERDAY       MM            MM      MM  MM     MM       MM
  MONTH TO DATE   MM                        MM     MM       MM
  SINCE MAR 1     MM                        MM     MM       MM
  SINCE JUL 1     MM                        MM     MM       MM
  SNOW DEPTH      MM

DEGREE DAYS
 HEATING
  YESTERDAY       12                         8      4        4
  MONTH TO DATE  126                       265   -139      244
  SINCE MAR 1    659                       890   -231      654
  SINCE JUL 1   3429                      4529  -1100     3726

 COOLING
  YESTERDAY        0                         1     -1        0
  MONTH TO DATE   43                        15     28       11
  SINCE MAR 1     49                        17     32       12
  SINCE JAN 1     52                        17     35       12
..................................................................


WIND (MPH)
  HIGHEST WIND SPEED    16   HIGHEST WIND DIRECTION    NE (60)
  HIGHEST GUST SPEED    27   HIGHEST GUST DIRECTION    NE (40)
  AVERAGE WIND SPEED     8.6


SKY COVER
  POSSIBLE SUNSHINE  MM
  AVERAGE SKY COVER 0.7


WEATHER CONDITIONS
 THE FOLLOWING WEATHER WAS RECORDED YESTERDAY.
  LIGHT RAIN


RELATIVE HUMIDITY (PERCENT)
 HIGHEST    71          1200 AM
 LOWEST     57           100 PM
 AVERAGE    64

..........................................................


THE FRANKFORT KY CLIMATE NORMALS FOR TODAY
                         NORMAL    RECORD    YEAR
 MAXIMUM TEMPERATURE (F)   70        89      1925
 MINIMUM TEMPERATURE (F)   46        28      1986


SUNRISE AND SUNSET
APRIL 24 2017.........SUNRISE   651 AM EDT   SUNSET   824 PM EDT
APRIL 25 2017.........SUNRISE   650 AM EDT   SUNSET   825 PM EDT


-  INDICATES NEGATIVE NUMBERS.
R  INDICATES RECORD WAS SET OR TIED.
MM INDICATES DATA IS MISSING.
T  INDICATES TRACE AMOUNT.




$$
