000
CDUS43 KFGF 300725
CLIFGF


CLIMATE REPORT
NATIONAL WEATHER SERVICE EASTERN NORTH DAKOTA/GRAND FORKS
223 AM CDT THU MAR 30 2017


...................................

...THE GRAND FORKS UNIV. (NWS) ND CLIMATE SUMMARY FOR MARCH 29 2017...

CLIMATE NORMAL PERIOD 1981 TO 2010
CLIMATE RECORD PERIOD 1890 TO 2017


WEATHER ITEM   OBSERVED TIME   RECORD YEAR NORMAL DEPARTURE LAST
                VALUE   (LST)  VALUE       VALUE  FROM      YEAR
                                                  NORMAL
..................................................................
TEMPERATURE (F)
 YESTERDAY
  MAXIMUM         62        MM  73    1986  43     19       56
  MINIMUM         32        MM -12    1969  24      8       33
  AVERAGE         47                        33     14       45

PRECIPITATION (IN)
  YESTERDAY        0.00          0.91 1989   0.03  -0.03     0.01
  MONTH TO DATE    0.77                      0.95  -0.18     0.67
  SINCE MAR 1      0.77                      0.95  -0.18     0.67
  SINCE JAN 1      1.87                      2.25  -0.38     1.32

SNOWFALL (IN)
  YESTERDAY        0.0           6.0  1989   0.1   -0.1      0.0
  MONTH TO DATE    0.1                       6.2   -6.1      1.7
  SINCE MAR 1      0.1                       6.2   -6.1      1.7
  SINCE JUL 1     43.0                      41.5    1.5     29.0
  SNOW DEPTH       0

DEGREE DAYS
 HEATING
  YESTERDAY       18                        32    -14       20
  MONTH TO DATE 1142                      1144     -2      845
  SINCE MAR 1   1142                      1144     -2      845
  SINCE JUL 1   7090                      8104  -1014     6777

 COOLING
  YESTERDAY        0                         0      0        0
  MONTH TO DATE    0                         0      0        0
  SINCE MAR 1      0                         0      0        0
  SINCE JAN 1      0                         0      0        0
..................................................................


WIND (MPH)
  RESULTANT WIND SPEED  MM   RESULTANT WIND DIRECTION  MM
  HIGHEST WIND SPEED    MM   HIGHEST WIND DIRECTION    MM
  HIGHEST GUST SPEED    MM   HIGHEST GUST DIRECTION    MM
  AVERAGE WIND SPEED    MM


SKY COVER
  POSSIBLE SUNSHINE  MM
  AVERAGE SKY COVER  MM


WEATHER CONDITIONS
 THE FOLLOWING WEATHER WAS RECORDED YESTERDAY.
  NO SIGNIFICANT WEATHER WAS OBSERVED.


RELATIVE HUMIDITY (PERCENT)
 HIGHEST    MM
 LOWEST     MM
 AVERAGE    MM

..........................................................


THE GRAND FORKS UNIV. (NWS) ND CLIMATE NORMALS FOR TODAY
                         NORMAL    RECORD    YEAR
 MAXIMUM TEMPERATURE (F)   43        74      1918
 MINIMUM TEMPERATURE (F)   24       -12      1969


SUNRISE AND SUNSET
MARCH 30 2017.........SUNRISE   710 AM CDT   SUNSET   756 PM CDT
MARCH 31 2017.........SUNRISE   708 AM CDT   SUNSET   758 PM CDT


-  INDICATES NEGATIVE NUMBERS.
R  INDICATES RECORD WAS SET OR TIED.
MM INDICATES DATA IS MISSING.
T  INDICATES TRACE AMOUNT.




$$
