679
CDUS43 KFGF 190643
CLIFGF


CLIMATE REPORT
NATIONAL WEATHER SERVICE EASTERN NORTH DAKOTA/GRAND FORKS
1242 AM CST SUN NOV 19 2017


...................................

...THE GRAND FORKS UNIV. (NWS) ND CLIMATE SUMMARY FOR NOVEMBER 18 2017...

CLIMATE NORMAL PERIOD 1981 TO 2010
CLIMATE RECORD PERIOD 1893 TO 2017


WEATHER ITEM   OBSERVED TIME   RECORD YEAR NORMAL DEPARTURE LAST
                VALUE   (LST)  VALUE       VALUE  FROM      YEAR
                                                  NORMAL
..................................................................
TEMPERATURE (F)
 YESTERDAY
  MAXIMUM         20        MM  62    1908  33    -13       34
  MINIMUM         12        MM -10    1896  18     -6       25
  AVERAGE         16                        25     -9       30

PRECIPITATION (IN)
  YESTERDAY        T             1.45 1958   0.03  -0.03     0.00
  MONTH TO DATE    0.52                      0.61  -0.09     0.02
  SINCE SEP 1      5.75                      4.58   1.17     6.37
  SINCE JAN 1     18.24                     20.68  -2.44    28.10

SNOWFALL (IN)
  YESTERDAY        T            12.4  1998   0.2   -0.2      0.0
  MONTH TO DATE    7.5                       3.1    4.4      0.0
  SINCE SEP 1      8.3                       4.1    4.2      0.0
  SINCE JUL 1      8.3                       4.1    4.2       T
  SNOW DEPTH       2

DEGREE DAYS
 HEATING
  YESTERDAY       49                        40      9       35
  MONTH TO DATE  772                       620    152      344
  SINCE SEP 1   1516                      1510      6     1057
  SINCE JUL 1   1534                      1574    -40     1075

 COOLING
  YESTERDAY        0                         0      0        0
  MONTH TO DATE    0                         0      0        0
  SINCE SEP 1     43                        31     12       27
  SINCE JAN 1    440                       463    -23      461
..................................................................


WIND (MPH)
  RESULTANT WIND SPEED  MM   RESULTANT WIND DIRECTION  MM
  HIGHEST WIND SPEED    MM   HIGHEST WIND DIRECTION    MM
  HIGHEST GUST SPEED    MM   HIGHEST GUST DIRECTION    MM
  AVERAGE WIND SPEED    MM


SKY COVER
  POSSIBLE SUNSHINE  MM
  AVERAGE SKY COVER  MM


WEATHER CONDITIONS
 THE FOLLOWING WEATHER WAS RECORDED YESTERDAY.
  NO SIGNIFICANT WEATHER WAS OBSERVED.


RELATIVE HUMIDITY (PERCENT)
 HIGHEST    MM
 LOWEST     MM
 AVERAGE    MM

..........................................................


THE GRAND FORKS UNIV. (NWS) ND CLIMATE NORMALS FOR TODAY
                         NORMAL    RECORD    YEAR
 MAXIMUM TEMPERATURE (F)   33        58      1989
 MINIMUM TEMPERATURE (F)   17       -15      1896


SUNRISE AND SUNSET
NOVEMBER 19 2017......SUNRISE   741 AM CST   SUNSET   446 PM CST
NOVEMBER 20 2017......SUNRISE   742 AM CST   SUNSET   445 PM CST


-  INDICATES NEGATIVE NUMBERS.
R  INDICATES RECORD WAS SET OR TIED.
MM INDICATES DATA IS MISSING.
T  INDICATES TRACE AMOUNT.




$$
