000
CDUS43 KFGF 250631
CLIFGF


CLIMATE REPORT
NATIONAL WEATHER SERVICE EASTERN NORTH DAKOTA/GRAND FORKS
131 AM CDT MON MAY 25 2015


...................................

...THE GRAND FORKS UNIV. (NWS) ND CLIMATE SUMMARY FOR MAY 24 2015...

CLIMATE NORMAL PERIOD 1981 TO 2010
CLIMATE RECORD PERIOD 1890 TO 2015


WEATHER ITEM   OBSERVED TIME   RECORD YEAR NORMAL DEPARTURE LAST
                VALUE   (LST)  VALUE       VALUE  FROM      YEAR
                                                  NORMAL
..................................................................
TEMPERATURE (F)
 YESTERDAY
  MAXIMUM         76        MM  90    1980  71      5       89
  MINIMUM         49        MM  27    2002  46      3       61
  AVERAGE         63                        58      5       75

PRECIPITATION (IN)
  YESTERDAY        0.00          1.40 2010   0.09  -0.09     0.00
  MONTH TO DATE    4.01                      2.00   2.01     1.85
  SINCE MAR 1      5.03                      4.00   1.03     5.60
  SINCE JAN 1      5.56                      5.30   0.26     6.33

SNOWFALL (IN)
  YESTERDAY        0.0           0.0  2002   0.0    0.0      0.0
                                      2001
  MONTH TO DATE    T                         0.1   -0.1      0.0
  SINCE MAR 1      3.0                       8.1   -5.1     14.6
  SINCE JUL 1     19.3                      43.4  -24.1     60.3
  SNOW DEPTH       0

DEGREE DAYS
 HEATING
  YESTERDAY        2                         7     -5        0
  MONTH TO DATE  302                       265     37      372
  SINCE MAR 1   1906                      2120   -214     2623
  SINCE JUL 1   8755                      9080   -325    10369

 COOLING
  YESTERDAY        0                         1     -1       10
  MONTH TO DATE    2                        19    -17       11
  SINCE MAR 1      2                        22    -20       11
  SINCE JAN 1      2                        22    -20       11
..................................................................


WIND (MPH)
  RESULTANT WIND SPEED  MM   RESULTANT WIND DIRECTION  MM
  HIGHEST WIND SPEED    MM   HIGHEST WIND DIRECTION    MM
  HIGHEST GUST SPEED    MM   HIGHEST GUST DIRECTION    MM
  AVERAGE WIND SPEED    MM


SKY COVER
  POSSIBLE SUNSHINE  MM
  AVERAGE SKY COVER  MM


WEATHER CONDITIONS
 THE FOLLOWING WEATHER WAS RECORDED YESTERDAY.
  NO SIGNIFICANT WEATHER WAS OBSERVED.


RELATIVE HUMIDITY (PERCENT)
 HIGHEST    MM
 LOWEST     MM
 AVERAGE    MM

..........................................................


THE GRAND FORKS UNIV. (NWS) ND CLIMATE NORMALS FOR TODAY
                         NORMAL    RECORD    YEAR
 MAXIMUM TEMPERATURE (F)   71        90      1980
                                             1959
 MINIMUM TEMPERATURE (F)   47        30      1924
                                             1905


SUNRISE AND SUNSET
MAY 25 2015...........SUNRISE   539 AM CDT   SUNSET   912 PM CDT
MAY 26 2015...........SUNRISE   538 AM CDT   SUNSET   913 PM CDT


-  INDICATES NEGATIVE NUMBERS.
R  INDICATES RECORD WAS SET OR TIED.
MM INDICATES DATA IS MISSING.
T  INDICATES TRACE AMOUNT.




$$
