788
CDUS43 KFGF 120636
CLIFGF


CLIMATE REPORT
NATIONAL WEATHER SERVICE EASTERN NORTH DAKOTA/GRAND FORKS
1232 AM CST FRI FEB 12 2016


...................................

...THE GRAND FORKS UNIV. (NWS) ND CLIMATE SUMMARY FOR FEBRUARY 11 2016...

CLIMATE NORMAL PERIOD 1981 TO 2010
CLIMATE RECORD PERIOD 1890 TO 2016


WEATHER ITEM   OBSERVED TIME   RECORD YEAR NORMAL DEPARTURE LAST
                VALUE   (LST)  VALUE       VALUE  FROM      YEAR
                                                  NORMAL
..................................................................
TEMPERATURE (F)
 YESTERDAY
  MAXIMUM         16        MM  50    2002  21     -5       12
  MINIMUM         -1        MM -40    1914   3     -4       -9
  AVERAGE          8                        12     -4        2

PRECIPITATION (IN)
  YESTERDAY        T             0.36   MM   0.02  -0.02     0.00
  MONTH TO DATE    0.35                      0.18   0.17     0.20
  SINCE DEC 1      1.77                      1.54   0.23     0.60
  SINCE JAN 1      0.65                      0.89  -0.24     0.47

SNOWFALL (IN)
  YESTERDAY        T             4.0    MM   0.2   -0.2      0.0
  MONTH TO DATE    3.2                       2.5    0.7      2.9
  SINCE DEC 1     22.7                      23.8   -1.1     10.7
  SINCE JUL 1     26.1                      30.9   -4.8     14.5
  SNOW DEPTH       4

DEGREE DAYS
 HEATING
  YESTERDAY       57                        53      4       63
  MONTH TO DATE  526                       597    -71      607
  SINCE DEC 1   3563                      4021   -458     3648
  SINCE JUL 1   5172                      6115   -943     5768

 COOLING
  YESTERDAY        0                         0      0        0
  MONTH TO DATE    0                         0      0        0
  SINCE DEC 1      0                         0      0        0
  SINCE JAN 1      0                         0      0        0
..................................................................


WIND (MPH)
  RESULTANT WIND SPEED  MM   RESULTANT WIND DIRECTION  MM
  HIGHEST WIND SPEED    MM   HIGHEST WIND DIRECTION    MM
  HIGHEST GUST SPEED    MM   HIGHEST GUST DIRECTION    MM
  AVERAGE WIND SPEED    MM


SKY COVER
  POSSIBLE SUNSHINE  MM
  AVERAGE SKY COVER  MM


WEATHER CONDITIONS
 THE FOLLOWING WEATHER WAS RECORDED YESTERDAY.
  NO SIGNIFICANT WEATHER WAS OBSERVED.


RELATIVE HUMIDITY (PERCENT)
 HIGHEST    MM
 LOWEST     MM
 AVERAGE    MM

..........................................................


THE GRAND FORKS UNIV. (NWS) ND CLIMATE NORMALS FOR TODAY
                         NORMAL    RECORD    YEAR
 MAXIMUM TEMPERATURE (F)   22        43      1935
 MINIMUM TEMPERATURE (F)    3       -40      1914


SUNRISE AND SUNSET
FEBRUARY 12 2016......SUNRISE   740 AM CST   SUNSET   546 PM CST
FEBRUARY 13 2016......SUNRISE   739 AM CST   SUNSET   547 PM CST


-  INDICATES NEGATIVE NUMBERS.
R  INDICATES RECORD WAS SET OR TIED.
MM INDICATES DATA IS MISSING.
T  INDICATES TRACE AMOUNT.




$$
