237
CDUS43 KFGF 300635
CLIFGF


CLIMATE REPORT
NATIONAL WEATHER SERVICE EASTERN NORTH DAKOTA/GRAND FORKS
134 AM CDT TUE MAY 30 2017


...................................

...THE GRAND FORKS UNIV. (NWS) ND CLIMATE SUMMARY FOR MAY 29 2017...

CLIMATE NORMAL PERIOD 1981 TO 2010
CLIMATE RECORD PERIOD 1893 TO 2017


WEATHER ITEM   OBSERVED TIME   RECORD YEAR NORMAL DEPARTURE LAST
                VALUE   (LST)  VALUE       VALUE  FROM      YEAR
                                                  NORMAL
..................................................................
TEMPERATURE (F)
 YESTERDAY
  MAXIMUM         59        MM  96    1939  72    -13       76
  MINIMUM         47        MM  32    1930  48     -1       56
  AVERAGE         53                        60     -7       66

PRECIPITATION (IN)
  YESTERDAY        0.05          1.50 1899   0.11  -0.06     0.06
  MONTH TO DATE    1.15                      2.53  -1.38     2.00
  SINCE MAR 1      3.47                      4.53  -1.06     4.79
  SINCE JAN 1      4.57                      5.83  -1.26     5.44

SNOWFALL (IN)
  YESTERDAY        0.0           T    1954   0.0    0.0      0.0
  MONTH TO DATE    0.0                       0.1   -0.1       T
  SINCE MAR 1      6.8                       8.1   -1.3      2.3
  SINCE JUL 1     49.7                      43.4    6.3     29.6
  SNOW DEPTH       0

DEGREE DAYS
 HEATING
  YESTERDAY       12                         6      6        0
  MONTH TO DATE  269                       298    -29      189
  SINCE MAR 1   2102                      2153    -51     1796
  SINCE JUL 1   8050                      9113  -1063     7728

 COOLING
  YESTERDAY        0                         1     -1        1
  MONTH TO DATE    0                        24    -24       23
  SINCE MAR 1      0                        27    -27       23
  SINCE JAN 1      0                        27    -27       23
..................................................................


WIND (MPH)
  RESULTANT WIND SPEED  MM   RESULTANT WIND DIRECTION  MM
  HIGHEST WIND SPEED    MM   HIGHEST WIND DIRECTION    MM
  HIGHEST GUST SPEED    MM   HIGHEST GUST DIRECTION    MM
  AVERAGE WIND SPEED    MM


SKY COVER
  POSSIBLE SUNSHINE  MM
  AVERAGE SKY COVER  MM


WEATHER CONDITIONS
 THE FOLLOWING WEATHER WAS RECORDED YESTERDAY.
  NO SIGNIFICANT WEATHER WAS OBSERVED.


RELATIVE HUMIDITY (PERCENT)
 HIGHEST    MM
 LOWEST     MM
 AVERAGE    MM

..........................................................


THE GRAND FORKS UNIV. (NWS) ND CLIMATE NORMALS FOR TODAY
                         NORMAL    RECORD    YEAR
 MAXIMUM TEMPERATURE (F)   72       105      1934
 MINIMUM TEMPERATURE (F)   49        29      1897


SUNRISE AND SUNSET
MAY 30 2017...........SUNRISE   535 AM CDT   SUNSET   918 PM CDT
MAY 31 2017...........SUNRISE   534 AM CDT   SUNSET   919 PM CDT


-  INDICATES NEGATIVE NUMBERS.
R  INDICATES RECORD WAS SET OR TIED.
MM INDICATES DATA IS MISSING.
T  INDICATES TRACE AMOUNT.




$$
