870
CDUS43 KFGF 250704
CLIFGF


CLIMATE REPORT
NATIONAL WEATHER SERVICE EASTERN NORTH DAKOTA/GRAND FORKS
157 AM CDT MON SEP 25 2017


...................................

...THE GRAND FORKS UNIV. (NWS) ND CLIMATE SUMMARY FOR SEPTEMBER 24 2017...

CLIMATE NORMAL PERIOD 1981 TO 2010
CLIMATE RECORD PERIOD 1893 TO 2017


WEATHER ITEM   OBSERVED TIME   RECORD YEAR NORMAL DEPARTURE LAST
                VALUE   (LST)  VALUE       VALUE  FROM      YEAR
                                                  NORMAL
..................................................................
TEMPERATURE (F)
 YESTERDAY
  MAXIMUM         53        MM  86    1990  66    -13       77
  MINIMUM         49        MM  24    1951  43      6       58
  AVERAGE         51                        54     -3       68

PRECIPITATION (IN)
  YESTERDAY        0.84          2.02 1973   0.07   0.77     0.05
  MONTH TO DATE    3.96                      1.66   2.30     4.84
  SINCE SEP 1      3.96                      1.66   2.30     4.84
  SINCE JAN 1     16.45                     17.76  -1.31    26.57

SNOWFALL (IN)
  YESTERDAY        0.0           0.2  1912   0.0    0.0      0.0
  MONTH TO DATE    0.0                       0.0    0.0      0.0
  SINCE SEP 1      0.0                       0.0    0.0      0.0
  SINCE JUL 1      T                         0.0    0.0       T
  SNOW DEPTH       0

DEGREE DAYS
 HEATING
  YESTERDAY       14                        11      3        0
  MONTH TO DATE  102                       166    -64       94
  SINCE SEP 1    102                       166    -64       94
  SINCE JUL 1    120                       230   -110      112

 COOLING
  YESTERDAY        0                         0      0        3
  MONTH TO DATE   47                        28     19       22
  SINCE SEP 1     47                        28     19       22
  SINCE JAN 1    444                       460    -16      456
..................................................................


WIND (MPH)
  RESULTANT WIND SPEED  MM   RESULTANT WIND DIRECTION  MM
  HIGHEST WIND SPEED    MM   HIGHEST WIND DIRECTION    MM
  HIGHEST GUST SPEED    MM   HIGHEST GUST DIRECTION    MM
  AVERAGE WIND SPEED    MM


SKY COVER
  POSSIBLE SUNSHINE  MM
  AVERAGE SKY COVER  MM


WEATHER CONDITIONS
 THE FOLLOWING WEATHER WAS RECORDED YESTERDAY.
  RAIN
  LIGHT RAIN
  FOG


RELATIVE HUMIDITY (PERCENT)
 HIGHEST    MM
 LOWEST     MM
 AVERAGE    MM

..........................................................


THE GRAND FORKS UNIV. (NWS) ND CLIMATE NORMALS FOR TODAY
                         NORMAL    RECORD    YEAR
 MAXIMUM TEMPERATURE (F)   65        94      1938
 MINIMUM TEMPERATURE (F)   42        24      1939
                                             1926


SUNRISE AND SUNSET
SEPTEMBER 25 2017.....SUNRISE   720 AM CDT   SUNSET   719 PM CDT
SEPTEMBER 26 2017.....SUNRISE   721 AM CDT   SUNSET   717 PM CDT


-  INDICATES NEGATIVE NUMBERS.
R  INDICATES RECORD WAS SET OR TIED.
MM INDICATES DATA IS MISSING.
T  INDICATES TRACE AMOUNT.




$$
