000
CSUS97 KFGF 142215
CLIFGF


CLIMATE REPORT
NATIONAL WEATHER SERVICE EASTERN NORTH DAKOTA/GRAND FORKS
511 PM CDT SUN SEP 14 2014


...................................

...THE GRAND FORKS UNIV. (NWS) ND CLIMATE SUMMARY FOR SEPTEMBER 14 2014...
VALID TODAY AS OF 0400 PM LOCAL TIME.

CLIMATE NORMAL PERIOD 1981 TO 2010
CLIMATE RECORD PERIOD 1890 TO 2014


WEATHER ITEM   OBSERVED TIME   RECORD YEAR NORMAL DEPARTURE LAST
                VALUE   (LST)  VALUE       VALUE  FROM      YEAR
                                                  NORMAL
..................................................................
TEMPERATURE (F)
 TODAY
  MAXIMUM         58        MM  87    1908  71    -13       66
  MINIMUM         43        MM  25    1956  47     -4       54
  AVERAGE         51                        59     -8       60

PRECIPITATION (IN)
  TODAY            0.00          2.21   MM   0.06  -0.06     0.01
  MONTH TO DATE    0.69                      1.05  -0.36     0.47
  SINCE SEP 1      0.69                      1.05  -0.36     0.47
  SINCE JAN 1     21.11                     17.15   3.96    13.91

SNOWFALL (IN)
  TODAY            0.0           0.0    MM   0.0    0.0      0.0
  MONTH TO DATE    0.0                       0.0    0.0      0.0
  SINCE SEP 1      0.0                       0.0    0.0      0.0
  SINCE JUL 1      0.0                       0.0    0.0      0.0
  SNOW DEPTH       0

DEGREE DAYS
 HEATING
  TODAY           14                         7      7        5
  MONTH TO DATE  103                        73     30       28
  SINCE SEP 1    103                        73     30       28
  SINCE JUL 1    159                       137     22       87

 COOLING
  TODAY            0                         1     -1        0
  MONTH TO DATE    5                        23    -18       33
  SINCE SEP 1      5                        23    -18       33
  SINCE JAN 1    369                       455    -86      515
..................................................................


WIND (MPH)
  HIGHEST WIND SPEED    MM   HIGHEST WIND DIRECTION    MM
  HIGHEST GUST SPEED    MM   HIGHEST GUST DIRECTION    MM
  AVERAGE WIND SPEED    MM


SKY COVER
  POSSIBLE SUNSHINE  MM
  AVERAGE SKY COVER  MM


WEATHER CONDITIONS
 THE FOLLOWING WEATHER WAS RECORDED TODAY.
  NO SIGNIFICANT WEATHER WAS OBSERVED.


RELATIVE HUMIDITY (PERCENT)
 HIGHEST    MM
 LOWEST     MM
 AVERAGE    MM

..........................................................


THE GRAND FORKS UNIV. (NWS) ND CLIMATE NORMALS FOR TOMORROW
                         NORMAL    RECORD    YEAR
 MAXIMUM TEMPERATURE (F)   70        87      1923
 MINIMUM TEMPERATURE (F)   47        29      1916


SUNRISE AND SUNSET
SEPTEMBER 14 2014.....SUNRISE   704 AM CDT   SUNSET   743 PM CDT
SEPTEMBER 15 2014.....SUNRISE   706 AM CDT   SUNSET   741 PM CDT


-  INDICATES NEGATIVE NUMBERS.
R  INDICATES RECORD WAS SET OR TIED.
MM INDICATES DATA IS MISSING.
T  INDICATES TRACE AMOUNT.




$$
