000
CDUS45 KFGZ 240950
CLIFLG
CLIMATE REPORT
NATIONAL WEATHER SERVICE FLAGSTAFF, AZ
250 AM MST FRI MAR 24 2017


...................................

...THE FLAGSTAFF AZ AIRPORT CLIMATE SUMMARY FOR MARCH 23 2017...

CLIMATE NORMAL PERIOD 1981 TO 2010
CLIMATE RECORD PERIOD 1898 TO 2017


WEATHER ITEM   OBSERVED TIME   RECORD YEAR NORMAL DEPARTURE LAST
                VALUE   (LST)  VALUE       VALUE  FROM      YEAR
                                                  NORMAL
..................................................................
TEMPERATURE (F)
 YESTERDAY
  MAXIMUM         36    343 PM  67    1990  52    -16       51
                                      1940
  MINIMUM         30   1037 AM  -1    1973  25      5       25
  AVERAGE         33                        38     -5

PRECIPITATION (IN)
  YESTERDAY        0.75          1.09 1954   0.06   0.69     0.00
  MONTH TO DATE    1.21                      1.66  -0.45     0.22
  SINCE SEP 1     16.71                     13.54   3.17    12.83
  SINCE JAN 1      8.10                      5.87   2.23     4.00

SNOWFALL (IN)
  YESTERDAY        7.2          11.4  1964   0.6             0.0
  MONTH TO DATE    8.0                      16.7             0.5
  SINCE JUL 1     90.3                      89.9            72.2
  SNOW DEPTH       5

DEGREE DAYS
 HEATING
  YESTERDAY       32                        27      5       27
  MONTH TO DATE  525                       659   -134      537
  SINCE JUL 1   4990                      5498   -508     5224

 COOLING
  YESTERDAY        0                         0      0        0
  MONTH TO DATE    0                         0      0        0
  SINCE JAN 1      0                         0      0        0
..................................................................


WIND (MPH)
  HIGHEST WIND SPEED    18   HIGHEST WIND DIRECTION    SW (230)
  HIGHEST GUST SPEED    26   HIGHEST GUST DIRECTION    SW (240)
  AVERAGE WIND SPEED     9.7


SKY COVER
  POSSIBLE SUNSHINE  MM
  AVERAGE SKY COVER 0.9


WEATHER CONDITIONS
 THE FOLLOWING WEATHER WAS RECORDED YESTERDAY.
  HEAVY SNOW
  SNOW
  LIGHT SNOW
  FOG
  FOG W/VISIBILITY <= 1/4 MILE


RELATIVE HUMIDITY (PERCENT)
 HIGHEST   100           200 AM
 LOWEST     75          1100 PM
 AVERAGE    88

..........................................................


THE FLAGSTAFF AZ AIRPORT CLIMATE NORMALS FOR TODAY
                         NORMAL    RECORD    YEAR
 MAXIMUM TEMPERATURE (F)   52        70      1956
 MINIMUM TEMPERATURE (F)   25         0      1904


SUNRISE AND SUNSET
MARCH 24 2017.........SUNRISE   624 AM MST   SUNSET   642 PM MST
MARCH 25 2017.........SUNRISE   623 AM MST   SUNSET   643 PM MST


-  INDICATES NEGATIVE NUMBERS.
R  INDICATES RECORD WAS SET OR TIED.
MM INDICATES DATA IS MISSING.
T  INDICATES TRACE AMOUNT.




$$
&&

-------------------------------------------------------------------
SNOW DEPTH DATA FOR FLAGSTAFF AIRPORT IS REPORTED AT 5 AM MST


-------------------------------------------------------------------
SUPPLEMENTARY CLIMATE DATA FOR NWS BELLEMONT, ARIZONA

SNOW DEPTH (IN) AT 11 AM.........................................9
WATER EQUIVALENT OF SNOW PACK (IN) AT 11 AM*...................0.9
* ONLY MEASURED IF SNOW DEPTH IS 2.0 INCHES OR GREATER
-------------------------------------------------------------------
