000
CDUS45 KFGZ 190747
CLIFLG
CLIMATE REPORT
NATIONAL WEATHER SERVICE FLAGSTAFF, AZ
1246 AM MST MON FEB 19 2018


...................................

...THE FLAGSTAFF AZ AIRPORT CLIMATE SUMMARY FOR FEBRUARY 18 2018...

CLIMATE NORMAL PERIOD 1981 TO 2010
CLIMATE RECORD PERIOD 1898 TO 2018


WEATHER ITEM   OBSERVED TIME   RECORD YEAR NORMAL DEPARTURE LAST
                VALUE   (LST)  VALUE       VALUE  FROM      YEAR
                                                  NORMAL
..................................................................
TEMPERATURE (F)
 YESTERDAY
  MAXIMUM         47    217 PM  65    1977  45      2       40
  MINIMUM         26    202 AM -11    1942  20      6       32
  AVERAGE         37                        32      5

PRECIPITATION (IN)
  YESTERDAY        0.00          0.65 1980   0.08  -0.08     0.30
  MONTH TO DATE    1.32                      1.35  -0.03     0.61
  SINCE SEP 1      3.46                     11.07  -7.61    13.78
  SINCE JAN 1      3.03                      3.40  -0.37     5.17

SNOWFALL (IN)
  YESTERDAY        0.0          16.0  1917   0.7              T
  MONTH TO DATE    6.0                      14.0              T
  SINCE JUL 1     17.3                      66.3            64.1
  SNOW DEPTH       0

DEGREE DAYS
 HEATING
  YESTERDAY       28                        33     -5       29
  MONTH TO DATE  475                       605   -130      498
  SINCE JUL 1   3712                      4521   -809     4151

 COOLING
  YESTERDAY        0                         0      0        0
  MONTH TO DATE    0                         0      0        0
  SINCE JAN 1      0                         0      0        0
..................................................................


WIND (MPH)
  HIGHEST WIND SPEED    38   HIGHEST WIND DIRECTION    SW (220)
  HIGHEST GUST SPEED    50   HIGHEST GUST DIRECTION    SW (220)
  AVERAGE WIND SPEED    19.3


SKY COVER
  POSSIBLE SUNSHINE  MM
  AVERAGE SKY COVER 0.5


WEATHER CONDITIONS
 THE FOLLOWING WEATHER WAS RECORDED YESTERDAY.
  NO SIGNIFICANT WEATHER WAS OBSERVED.


RELATIVE HUMIDITY (PERCENT)
 HIGHEST   100           600 AM
 LOWEST     53           200 PM
 AVERAGE    77

..........................................................


THE FLAGSTAFF AZ AIRPORT CLIMATE NORMALS FOR TODAY
                         NORMAL    RECORD    YEAR
 MAXIMUM TEMPERATURE (F)   45        65      1981
 MINIMUM TEMPERATURE (F)   20        -6      1942


SUNRISE AND SUNSET
FEBRUARY 19 2018......SUNRISE   708 AM MST   SUNSET   613 PM MST
FEBRUARY 20 2018......SUNRISE   707 AM MST   SUNSET   614 PM MST


-  INDICATES NEGATIVE NUMBERS.
R  INDICATES RECORD WAS SET OR TIED.
MM INDICATES DATA IS MISSING.
T  INDICATES TRACE AMOUNT.




$$
&&

-------------------------------------------------------------------
SNOW DEPTH DATA FOR FLAGSTAFF AIRPORT IS REPORTED AT 5 AM MST
