000
CDUS45 KFGZ 280054
CLIFLG
CLIMATE REPORT
NATIONAL WEATHER SERVICE FLAGSTAFF, AZ
553 PM MST THU AUG 27 2015


...................................

...THE FLAGSTAFF AZ AIRPORT CLIMATE SUMMARY FOR AUGUST 27 2015...
VALID TODAY AS OF 0500 PM LOCAL TIME.

CLIMATE NORMAL PERIOD 1981 TO 2010
CLIMATE RECORD PERIOD 1898 TO 2015


WEATHER ITEM   OBSERVED TIME   RECORD YEAR NORMAL DEPARTURE LAST
                VALUE   (LST)  VALUE       VALUE  FROM      YEAR
                                                  NORMAL
..................................................................
TEMPERATURE (F)
 TODAY
  MAXIMUM         78   1217 PM  88    1944  77      1       71
  MINIMUM         49    613 AM  36    1978  48      1       48
  AVERAGE         64                        63      1       60

PRECIPITATION (IN)
  TODAY            0.14          0.90 2007   0.09   0.05     0.19
  MONTH TO DATE    2.85                      2.74   0.11     5.31
  SINCE SEP 1     26.08                     21.49   4.59    19.95
  SINCE JAN 1     18.25                     13.82   4.43    12.84

SNOWFALL (IN)
  TODAY           MM             0.0  2002   0.0   MM        0.0
                                      2001
                                      2000
  MONTH TO DATE    0.0                       0.0    0.0      0.0
  SINCE SEP 1     62.9                     101.7  -38.8     44.4
  SNOW DEPTH       0

DEGREE DAYS
 HEATING
  TODAY            1                         3     -2        5
  MONTH TO DATE    9                        44    -35       80
  SINCE JUL 1     68                        76     -8       81

 COOLING
  TODAY            0                         1     -1        0
  MONTH TO DATE   39                        34      5       11
  SINCE JAN 1    115                       115      0      109
..................................................................


WIND (MPH)
  HIGHEST WIND SPEED    22   HIGHEST WIND DIRECTION    NE (60)
  HIGHEST GUST SPEED    27   HIGHEST GUST DIRECTION    NE (60)
  AVERAGE WIND SPEED     3.5


SKY COVER
  POSSIBLE SUNSHINE  MM
  AVERAGE SKY COVER 0.3


WEATHER CONDITIONS
 THE FOLLOWING WEATHER WAS RECORDED TODAY.
  THUNDERSTORM
  HEAVY RAIN
  LIGHT RAIN
  FOG
  HAZE


RELATIVE HUMIDITY (PERCENT)
 HIGHEST   100          1200 AM
 LOWEST     39          1200 PM
 AVERAGE    70

..........................................................


THE FLAGSTAFF AZ AIRPORT CLIMATE NORMALS FOR TOMORROW
                         NORMAL    RECORD    YEAR
 MAXIMUM TEMPERATURE (F)   77        89      1948
                                             1944
 MINIMUM TEMPERATURE (F)   48        33      1920


SUNRISE AND SUNSET
AUGUST 27 2015........SUNRISE   555 AM MST   SUNSET   700 PM MST
AUGUST 28 2015........SUNRISE   556 AM MST   SUNSET   659 PM MST


-  INDICATES NEGATIVE NUMBERS.
R  INDICATES RECORD WAS SET OR TIED.
MM INDICATES DATA IS MISSING.
T  INDICATES TRACE AMOUNT.




$$
&&

-------------------------------------------------------------------
SNOW DEPTH DATA FOR FLAGSTAFF AIRPORT IS REPORTED AT 5 AM MST


-------------------------------------------------------------------
SUPPLEMENTARY CLIMATE DATA FOR NWS BELLEMONT, ARIZONA

SNOW DEPTH (IN) AT 11 AM........................................ 0
WATER EQUIVALENT OF SNOW PACK (IN) AT 11 AM*.....................
* ONLY MEASURED IF SNOW DEPTH IS 2.0 INCHES OR GREATER
-------------------------------------------------------------------
