000
CDUS45 KFGZ 300821
CLIFLG
CLIMATE REPORT
NATIONAL WEATHER SERVICE FLAGSTAFF, AZ
119 AM MST TUE JUN 30 2015


...................................

...THE FLAGSTAFF AZ AIRPORT CLIMATE SUMMARY FOR JUNE 29 2015...

CLIMATE NORMAL PERIOD 1981 TO 2010
CLIMATE RECORD PERIOD 1898 TO 2015


WEATHER ITEM   OBSERVED TIME   RECORD YEAR NORMAL DEPARTURE LAST
                VALUE   (LST)  VALUE       VALUE  FROM      YEAR
                                                  NORMAL
..................................................................
TEMPERATURE (F)
 YESTERDAY
  MAXIMUM         85    145 PM  93    1990  81      4       86
                                      1974
  MINIMUM         54    534 AM  30    1913  47      7       51
  AVERAGE         70                        64      6

PRECIPITATION (IN)
  YESTERDAY        0.41          2.40 1956   0.02   0.39     0.00
  MONTH TO DATE    1.70                      0.34   1.36     0.00
  SINCE SEP 1     20.46                     16.12   4.34    10.32
  SINCE JAN 1     12.63                      8.45   4.18     3.21

SNOWFALL (IN)
  YESTERDAY        0.0           0.0  2002   0.0             0.0
                                      2001
                                      1999
  MONTH TO DATE    0.0                       0.1             0.0
  SINCE JUL 1     62.9                     101.8            44.4
  SNOW DEPTH       0

DEGREE DAYS
 HEATING
  YESTERDAY        0                         2     -2        0
  MONTH TO DATE  105                       168    -63       87
  SINCE JUL 1   6039                      6941   -902     6506

 COOLING
  YESTERDAY        5                         1      4        4
  MONTH TO DATE   43                        12     31       10
  SINCE JAN 1     43                        12     31       10
..................................................................


WIND (MPH)
  HIGHEST WIND SPEED    24   HIGHEST WIND DIRECTION     N (20)
  HIGHEST GUST SPEED    38   HIGHEST GUST DIRECTION     N (360)
  AVERAGE WIND SPEED     3.9


SKY COVER
  POSSIBLE SUNSHINE  MM
  AVERAGE SKY COVER 0.3


WEATHER CONDITIONS
 THE FOLLOWING WEATHER WAS RECORDED YESTERDAY.
  THUNDERSTORM
  RAIN
  LIGHT RAIN


RELATIVE HUMIDITY (PERCENT)
 HIGHEST    93           400 AM
 LOWEST     26          1100 AM
 AVERAGE    60

..........................................................


THE FLAGSTAFF AZ AIRPORT CLIMATE NORMALS FOR TODAY
                         NORMAL    RECORD    YEAR
 MAXIMUM TEMPERATURE (F)   81        92      1990
 MINIMUM TEMPERATURE (F)   47        31      1913


SUNRISE AND SUNSET
JUNE 30 2015..........SUNRISE   516 AM MST   SUNSET   745 PM MST
JULY  1 2015..........SUNRISE   516 AM MST   SUNSET   745 PM MST


-  INDICATES NEGATIVE NUMBERS.
R  INDICATES RECORD WAS SET OR TIED.
MM INDICATES DATA IS MISSING.
T  INDICATES TRACE AMOUNT.




$$
&&

-------------------------------------------------------------------
SNOW DEPTH DATA FOR FLAGSTAFF AIRPORT IS REPORTED AT 5 AM MST


-------------------------------------------------------------------
SUPPLEMENTARY CLIMATE DATA FOR NWS BELLEMONT, ARIZONA

SNOW DEPTH (IN) AT 11 AM........................................ 0
WATER EQUIVALENT OF SNOW PACK (IN) AT 11 AM*.....................
* ONLY MEASURED IF SNOW DEPTH IS 2.0 INCHES OR GREATER
-------------------------------------------------------------------
