000
CDUS42 KMFL 132120
CLIFLL


CLIMATE REPORT
NATIONAL WEATHER SERVICE MIAMI, FL
420 PM EST SAT FEB 13 2016


...................................

...THE FORT LAUDERDALE CLIMATE SUMMARY FOR FEBRUARY 13 2016...
VALID TODAY AS OF 0400 PM LOCAL TIME.

CLIMATE NORMAL PERIOD 1981 TO 2010
CLIMATE RECORD PERIOD 1912 TO 2016


WEATHER ITEM   OBSERVED TIME   RECORD YEAR NORMAL DEPARTURE LAST
                VALUE   (LST)  VALUE       VALUE  FROM      YEAR
                                                  NORMAL
..................................................................
TEMPERATURE (F)
 TODAY
  MAXIMUM         76    325 PM  86    2013  78     -2       73
  MINIMUM         54    540 AM  36    1925  64    -10       53
  AVERAGE         65                        71     -6       63

PRECIPITATION (IN)
  TODAY            0.00          4.42 1983   0.13  -0.13     0.00
  MONTH TO DATE    1.58                      1.48   0.10     1.61
  SINCE NOV 1     20.21                     10.81   9.40    10.11
  SINCE JAN 1      8.99                      5.11   3.88     5.00

SNOWFALL (IN)
  TODAY            0.0
  MONTH TO DATE    0.0
  SINCE DEC 1      0.0
  SINCE JUL 1      0.0
  SNOW DEPTH       0

DEGREE DAYS
 HEATING
  TODAY            0                         1     -1        2
  MONTH TO DATE   32                        13     19        5
  SINCE DEC 1     77                        91    -14       44
  SINCE JUL 1     77                        93    -16       54

 COOLING
  TODAY            0                         7     -7        0
  MONTH TO DATE   51                        82    -31       41
  SINCE DEC 1    572                       468    104      418
  SINCE JAN 1    175                       252    -77      206
..................................................................


WIND (MPH)
  HIGHEST WIND SPEED    16   HIGHEST WIND DIRECTION    NW (310)
  HIGHEST GUST SPEED    21   HIGHEST GUST DIRECTION    NW (310)
  AVERAGE WIND SPEED     5.8


SKY COVER
  AVERAGE SKY COVER 0.1


WEATHER CONDITIONS
 THE FOLLOWING WEATHER WAS RECORDED TODAY.
  NO SIGNIFICANT WEATHER WAS OBSERVED.


RELATIVE HUMIDITY (PERCENT)
 HIGHEST    86
 LOWEST     43
 AVERAGE    65

..........................................................


THE FORT LAUDERDALE CLIMATE NORMALS FOR TOMORROW
                         NORMAL    RECORD    YEAR
 MAXIMUM TEMPERATURE (F)   78        90      1948
 MINIMUM TEMPERATURE (F)   64        35      1958


SUNRISE AND SUNSET
FEBRUARY 13 2016......SUNRISE   658 AM EST   SUNSET   612 PM EST
FEBRUARY 14 2016......SUNRISE   657 AM EST   SUNSET   613 PM EST


-  INDICATES NEGATIVE NUMBERS.
R  INDICATES RECORD WAS SET OR TIED.
MM INDICATES DATA IS MISSING.
T  INDICATES TRACE AMOUNT.




$$
