000
CDUS42 KMFL 220822
CLIFLL


CLIMATE REPORT
NATIONAL WEATHER SERVICE MIAMI, FL
421 AM EDT FRI AUG 22 2014


...................................

...THE FORT LAUDERDALE CLIMATE SUMMARY FOR AUGUST 21 2014...

CLIMATE NORMAL PERIOD 1981 TO 2010
CLIMATE RECORD PERIOD 1839 TO 2014


WEATHER ITEM   OBSERVED TIME   RECORD YEAR NORMAL DEPARTURE LAST
                VALUE   (LST)  VALUE       VALUE  FROM      YEAR
                                                  NORMAL
..................................................................
TEMPERATURE (F)
 YESTERDAY
  MAXIMUM         92    238 PM  96    1958  90      2       89
  MINIMUM         82    626 AM  70    1946  79      3       78
                                      1923
                                      1922
  AVERAGE         87                        84      3       84

PRECIPITATION (IN)
  YESTERDAY        0.00          1.62 1963   0.23  -0.23     0.11
  MONTH TO DATE    4.97                      4.80   0.17     1.74
  SINCE JUN 1     22.79                     20.94   1.85    31.95
  SINCE JAN 1     43.39                     38.43   4.96    56.73

SNOWFALL (IN)
  YESTERDAY        0.0
  MONTH TO DATE    0.0
  SINCE JUN 1      0.0
  SINCE JUL 1      0.0
  SNOW DEPTH       0

DEGREE DAYS
 HEATING
  YESTERDAY        0                         0      0        0
  MONTH TO DATE    0                         0      0        0
  SINCE JUN 1      0                         0      0        0
  SINCE JUL 1      0                         0      0        0

 COOLING
  YESTERDAY       22                        19      3       19
  MONTH TO DATE  428                       418     10      401
  SINCE JUN 1   1559                      1559      0     1470
  SINCE JAN 1   3094                      2977    117     2866
..................................................................


WIND (MPH)
  HIGHEST WIND SPEED    15   HIGHEST WIND DIRECTION    SE (130)
  HIGHEST GUST SPEED    21   HIGHEST GUST DIRECTION    SE (130)
  AVERAGE WIND SPEED     6.8


SKY COVER
  AVERAGE SKY COVER 0.5


WEATHER CONDITIONS
 THE FOLLOWING WEATHER WAS RECORDED YESTERDAY.
  NO SIGNIFICANT WEATHER WAS OBSERVED.


RELATIVE HUMIDITY (PERCENT)
 HIGHEST    80
 LOWEST     59
 AVERAGE    70

..........................................................


THE FORT LAUDERDALE CLIMATE NORMALS FOR TODAY
                         NORMAL    RECORD    YEAR
 MAXIMUM TEMPERATURE (F)   90        97      1958
 MINIMUM TEMPERATURE (F)   79        68      1924


SUNRISE AND SUNSET
AUGUST 22 2014........SUNRISE   656 AM EDT   SUNSET   750 PM EDT
AUGUST 23 2014........SUNRISE   657 AM EDT   SUNSET   749 PM EDT


-  INDICATES NEGATIVE NUMBERS.
R  INDICATES RECORD WAS SET OR TIED.
MM INDICATES DATA IS MISSING.
T  INDICATES TRACE AMOUNT.




$$
