000
CDUS42 KMFL 300829
CLIFLL


CLIMATE REPORT
NATIONAL WEATHER SERVICE MIAMI, FL
429 AM EDT FRI SEP 30 2016


...................................

...THE FORT LAUDERDALE CLIMATE SUMMARY FOR SEPTEMBER 29 2016...

CLIMATE NORMAL PERIOD 1981 TO 2010
CLIMATE RECORD PERIOD 1912 TO 2016


WEATHER ITEM   OBSERVED TIME   RECORD YEAR NORMAL DEPARTURE LAST
                VALUE   (LST)  VALUE       VALUE  FROM      YEAR
                                                  NORMAL
..................................................................
TEMPERATURE (F)
 YESTERDAY
  MAXIMUM         90   1107 AM  95    1952  88      2       89
  MINIMUM         77    623 AM  66    1923  77      0       78
  AVERAGE         84                        83      1       84

PRECIPITATION (IN)
  YESTERDAY        0.04          5.20 1948   0.26  -0.22     0.33
  MONTH TO DATE    4.62                      8.34  -3.72    10.10
  SINCE JUN 1     23.25                     31.92  -8.67    19.97
  SINCE JAN 1     42.20                     49.41  -7.21    34.02

SNOWFALL (IN)
  YESTERDAY        0.0
  MONTH TO DATE    0.0
  SINCE SEP 1      0.0
  SINCE JUL 1      0.0
  SNOW DEPTH       0

DEGREE DAYS
 HEATING
  YESTERDAY        0                         0      0        0
  MONTH TO DATE    0                         0      0        0
  SINCE SEP 1      0                         0      0        0
  SINCE JUL 1      0                         0      0        0

 COOLING
  YESTERDAY       19                        18      1       19
  MONTH TO DATE  529                       528      1      520
  SINCE SEP 1    529                       528      1      520
  SINCE JAN 1   3730                      3694     36     3851
..................................................................


WIND (MPH)
  HIGHEST WIND SPEED    14   HIGHEST WIND DIRECTION    SE (140)
  HIGHEST GUST SPEED    18   HIGHEST GUST DIRECTION    SE (130)
  AVERAGE WIND SPEED     4.9


SKY COVER
  AVERAGE SKY COVER 0.7


WEATHER CONDITIONS
 THE FOLLOWING WEATHER WAS RECORDED YESTERDAY.
  THUNDERSTORM
  LIGHT RAIN


RELATIVE HUMIDITY (PERCENT)
 HIGHEST    91
 LOWEST     56
 AVERAGE    74

..........................................................


THE FORT LAUDERDALE CLIMATE NORMALS FOR TODAY
                         NORMAL    RECORD    YEAR
 MAXIMUM TEMPERATURE (F)   88        94      1952
 MINIMUM TEMPERATURE (F)   77        63      1919


SUNRISE AND SUNSET
SEPTEMBER 30 2016.....SUNRISE   713 AM EDT   SUNSET   708 PM EDT
OCTOBER  1 2016.......SUNRISE   713 AM EDT   SUNSET   707 PM EDT


-  INDICATES NEGATIVE NUMBERS.
R  INDICATES RECORD WAS SET OR TIED.
MM INDICATES DATA IS MISSING.
T  INDICATES TRACE AMOUNT.




$$
