000
CDUS42 KMFL 020821
CLIFLL


CLIMATE REPORT
NATIONAL WEATHER SERVICE MIAMI, FL
420 AM EDT THU JUL 2 2015


...................................

...THE FORT LAUDERDALE CLIMATE SUMMARY FOR JULY 1 2015...

CLIMATE NORMAL PERIOD 1981 TO 2010
CLIMATE RECORD PERIOD 1839 TO 2015


WEATHER ITEM   OBSERVED TIME   RECORD YEAR NORMAL DEPARTURE LAST
                VALUE   (LST)  VALUE       VALUE  FROM      YEAR
                                                  NORMAL
..................................................................
TEMPERATURE (F)
 YESTERDAY
  MAXIMUM         91    330 PM  97    1998  90      1       90
  MINIMUM         77    345 AM  66    1923  78     -1       76
  AVERAGE         84                        84      0       83

PRECIPITATION (IN)
  YESTERDAY        0.00          1.70 2009   0.24  -0.24     0.66
  MONTH TO DATE    0.00                      0.24  -0.24     0.66
  SINCE JUN 1      1.09                     10.40  -9.31     9.30
  SINCE JAN 1     15.14                     27.89 -12.75    29.90

SNOWFALL (IN)
  YESTERDAY        0.0
  MONTH TO DATE    0.0
  SINCE JUN 1      0.0
  SINCE JUL 1      0.0
  SNOW DEPTH       0

DEGREE DAYS
 HEATING
  YESTERDAY        0                         0      0        0
  MONTH TO DATE    0                         0      0        0
  SINCE JUN 1      0                         0      0        0
  SINCE JUL 1      0                         0      0        0

 COOLING
  YESTERDAY       19                        19      0       18
  MONTH TO DATE   19                        19      0       18
  SINCE JUN 1    581                       562     19      534
  SINCE JAN 1   2117                      1980    137     2069
..................................................................


WIND (MPH)
  HIGHEST WIND SPEED    16   HIGHEST WIND DIRECTION    SE (130)
  HIGHEST GUST SPEED    21   HIGHEST GUST DIRECTION    SE (130)
  AVERAGE WIND SPEED     8.1


SKY COVER
  AVERAGE SKY COVER 0.5


WEATHER CONDITIONS
 THE FOLLOWING WEATHER WAS RECORDED YESTERDAY.
  NO SIGNIFICANT WEATHER WAS OBSERVED.


RELATIVE HUMIDITY (PERCENT)
 HIGHEST    80
 LOWEST     60
 AVERAGE    70

..........................................................


THE FORT LAUDERDALE CLIMATE NORMALS FOR TODAY
                         NORMAL    RECORD    YEAR
 MAXIMUM TEMPERATURE (F)   90        97      1932
 MINIMUM TEMPERATURE (F)   78        64      1968


SUNRISE AND SUNSET
JULY  2 2015..........SUNRISE   632 AM EDT   SUNSET   817 PM EDT
JULY  3 2015..........SUNRISE   633 AM EDT   SUNSET   817 PM EDT


-  INDICATES NEGATIVE NUMBERS.
R  INDICATES RECORD WAS SET OR TIED.
MM INDICATES DATA IS MISSING.
T  INDICATES TRACE AMOUNT.




$$
