000
CDUS42 KMFL 282016
CLIFLL


CLIMATE REPORT
NATIONAL WEATHER SERVICE MIAMI, FL
415 PM EDT SUN AUG 28 2016


...................................

...THE FORT LAUDERDALE CLIMATE SUMMARY FOR AUGUST 28 2016...
VALID TODAY AS OF 0400 PM LOCAL TIME.

CLIMATE NORMAL PERIOD 1981 TO 2010
CLIMATE RECORD PERIOD 1912 TO 2016


WEATHER ITEM   OBSERVED TIME   RECORD YEAR NORMAL DEPARTURE LAST
                VALUE   (LST)  VALUE       VALUE  FROM      YEAR
                                                  NORMAL
..................................................................
TEMPERATURE (F)
 TODAY
  MAXIMUM         89   1057 AM  97    1964  90     -1       91
  MINIMUM         82   1147 AM  68    1927  78      4       79
  AVERAGE         86                        84      2       85

PRECIPITATION (IN)
  TODAY            0.03          2.20 1926   0.27  -0.24     0.00
  MONTH TO DATE    5.11                      6.62  -1.51     4.91
  SINCE JUN 1     16.57                     22.76  -6.19     9.03
  SINCE JAN 1     35.52                     40.25  -4.73    23.08

SNOWFALL (IN)
  TODAY            0.0
  MONTH TO DATE    0.0
  SINCE JUN 1      0.0
  SINCE JUL 1      0.0
  SNOW DEPTH       0

DEGREE DAYS
 HEATING
  TODAY            0                         0      0        0
  MONTH TO DATE    0                         0      0        0
  SINCE JUN 1      0                         0      0        0
  SINCE JUL 1      0                         0      0        0

 COOLING
  TODAY           21                        19      2       20
  MONTH TO DATE  549                       551     -2      558
  SINCE JUN 1   1744                      1692     52     1742
  SINCE JAN 1   3158                      3110     48     3278
..................................................................


WIND (MPH)
  HIGHEST WIND SPEED    25   HIGHEST WIND DIRECTION     E (110)
  HIGHEST GUST SPEED    38   HIGHEST GUST DIRECTION     E (70)
  AVERAGE WIND SPEED    18.4


SKY COVER
  AVERAGE SKY COVER 0.5


WEATHER CONDITIONS
 THE FOLLOWING WEATHER WAS RECORDED TODAY.
  THUNDERSTORM
  RAIN
  LIGHT RAIN


RELATIVE HUMIDITY (PERCENT)
 HIGHEST    79
 LOWEST     64
 AVERAGE    72

..........................................................


THE FORT LAUDERDALE CLIMATE NORMALS FOR TOMORROW
                         NORMAL    RECORD    YEAR
 MAXIMUM TEMPERATURE (F)   90        96      1944
 MINIMUM TEMPERATURE (F)   78        69      1930
                                             1920


SUNRISE AND SUNSET
AUGUST 28 2016........SUNRISE   659 AM EDT   SUNSET   744 PM EDT
AUGUST 29 2016........SUNRISE   700 AM EDT   SUNSET   743 PM EDT


-  INDICATES NEGATIVE NUMBERS.
R  INDICATES RECORD WAS SET OR TIED.
MM INDICATES DATA IS MISSING.
T  INDICATES TRACE AMOUNT.




$$
