989
CDUS42 KMFL 232117
CLIFLL


CLIMATE REPORT
NATIONAL WEATHER SERVICE MIAMI, FL
417 PM EST THU FEB 23 2017


...................................

...THE FORT LAUDERDALE CLIMATE SUMMARY FOR FEBRUARY 23 2017...
VALID TODAY AS OF 0400 PM LOCAL TIME.

CLIMATE NORMAL PERIOD 1981 TO 2010
CLIMATE RECORD PERIOD 1912 TO 2017


WEATHER ITEM   OBSERVED TIME   RECORD YEAR NORMAL DEPARTURE LAST
                VALUE   (LST)  VALUE       VALUE  FROM      YEAR
                                                  NORMAL
..................................................................
TEMPERATURE (F)
 TODAY
  MAXIMUM         80    357 PM  89    2008  78      2       80
                                      1913
  MINIMUM         63    705 AM  42    1978  65     -2       74
                                      1940
  AVERAGE         72                        71      1       77

PRECIPITATION (IN)
  TODAY            0.00          3.20 1966   0.10  -0.10     0.01
  MONTH TO DATE    1.53                      2.49  -0.96     3.19
  SINCE NOV 1      7.87                     11.82  -3.95    21.82
  SINCE JAN 1      3.24                      6.12  -2.88    10.60

SNOWFALL (IN)
  TODAY            0.0
  MONTH TO DATE    0.0
  SINCE DEC 1      0.0
  SINCE JUL 1      0.0
  SNOW DEPTH       0

DEGREE DAYS
 HEATING
  TODAY            0                         1     -1        0
  MONTH TO DATE    0                        23    -23       33
  SINCE DEC 1     29                       101    -72       78
  SINCE JUL 1     29                       103    -74       78

 COOLING
  TODAY            7                         7      0       12
  MONTH TO DATE  186                       152     34      116
  SINCE DEC 1    742                       538    204      637
  SINCE JAN 1    399                       322     77      240
..................................................................


WIND (MPH)
  HIGHEST WIND SPEED    13   HIGHEST WIND DIRECTION     W (280)
  HIGHEST GUST SPEED    22   HIGHEST GUST DIRECTION     W (260)
  AVERAGE WIND SPEED     7.8


SKY COVER
  AVERAGE SKY COVER 0.6


WEATHER CONDITIONS
 THE FOLLOWING WEATHER WAS RECORDED TODAY.
  LIGHT RAIN


RELATIVE HUMIDITY (PERCENT)
 HIGHEST   100
 LOWEST     42
 AVERAGE    71

..........................................................


THE FORT LAUDERDALE CLIMATE NORMALS FOR TOMORROW
                         NORMAL    RECORD    YEAR
 MAXIMUM TEMPERATURE (F)   78        89      2008
 MINIMUM TEMPERATURE (F)   65        35      1989


SUNRISE AND SUNSET
FEBRUARY 23 2017......SUNRISE   649 AM EST   SUNSET   619 PM EST
FEBRUARY 24 2017......SUNRISE   648 AM EST   SUNSET   619 PM EST


-  INDICATES NEGATIVE NUMBERS.
R  INDICATES RECORD WAS SET OR TIED.
MM INDICATES DATA IS MISSING.
T  INDICATES TRACE AMOUNT.




$$
