000
CDUS42 KMFL 250940
CLIFLL


CLIMATE REPORT
NATIONAL WEATHER SERVICE MIAMI, FL
440 AM EST SUN JAN 25 2015


...................................

...THE FORT LAUDERDALE CLIMATE SUMMARY FOR JANUARY 24 2015...

CLIMATE NORMAL PERIOD 1981 TO 2010
CLIMATE RECORD PERIOD 1839 TO 2015


WEATHER ITEM   OBSERVED TIME   RECORD YEAR NORMAL DEPARTURE LAST
                VALUE   (LST)  VALUE       VALUE  FROM      YEAR
                                                  NORMAL
..................................................................
TEMPERATURE (F)
 YESTERDAY
  MAXIMUM         77   1049 AM  86    1973  77      0       71
  MINIMUM         57   1159 PM  34    1960  62     -5       56
  AVERAGE         67                        69     -2       64

PRECIPITATION (IN)
  YESTERDAY        T             6.67 1925   0.17  -0.17     0.00
  MONTH TO DATE    3.34                      2.40   0.94     1.82
  SINCE NOV 1      8.45                      8.10   0.35    13.94
  SINCE JAN 1      3.34                      2.40   0.94     1.82

SNOWFALL (IN)
  YESTERDAY        0.0
  MONTH TO DATE    0.0
  SINCE DEC 1      0.0
  SINCE JUL 1      0.0
  SNOW DEPTH       0

DEGREE DAYS
 HEATING
  YESTERDAY        0                         1     -1        1
  MONTH TO DATE    2                        40    -38       71
  SINCE DEC 1     18                        70    -52       71
  SINCE JUL 1     28                        72    -44       75

 COOLING
  YESTERDAY        2                         6     -4        0
  MONTH TO DATE  163                       130     33       97
  SINCE DEC 1    375                       346     29      384
  SINCE JAN 1    163                       130     33       97
..................................................................


WIND (MPH)
  HIGHEST WIND SPEED    26   HIGHEST WIND DIRECTION     W (270)
  HIGHEST GUST SPEED    31   HIGHEST GUST DIRECTION     W (270)
  AVERAGE WIND SPEED    12.1


SKY COVER
  AVERAGE SKY COVER 0.7


WEATHER CONDITIONS
 THE FOLLOWING WEATHER WAS RECORDED YESTERDAY.
  LIGHT RAIN
  FOG


RELATIVE HUMIDITY (PERCENT)
 HIGHEST    93
 LOWEST     63
 AVERAGE    78

..........................................................


THE FORT LAUDERDALE CLIMATE NORMALS FOR TODAY
                         NORMAL    RECORD    YEAR
 MAXIMUM TEMPERATURE (F)   77        86      1965
                                             1926
                                             1924
 MINIMUM TEMPERATURE (F)   62        36      1940


SUNRISE AND SUNSET
JANUARY 25 2015.......SUNRISE   708 AM EST   SUNSET   558 PM EST
JANUARY 26 2015.......SUNRISE   707 AM EST   SUNSET   559 PM EST


-  INDICATES NEGATIVE NUMBERS.
R  INDICATES RECORD WAS SET OR TIED.
MM INDICATES DATA IS MISSING.
T  INDICATES TRACE AMOUNT.




$$
