465
CDUS42 KMFL 090926
CLIFLL


CLIMATE REPORT
NATIONAL WEATHER SERVICE MIAMI, FL
426 AM EST FRI DEC 9 2016


...................................

...THE FORT LAUDERDALE CLIMATE SUMMARY FOR DECEMBER 8 2016...

CLIMATE NORMAL PERIOD 1981 TO 2010
CLIMATE RECORD PERIOD 1912 TO 2016


WEATHER ITEM   OBSERVED TIME   RECORD YEAR NORMAL DEPARTURE LAST
                VALUE   (LST)  VALUE       VALUE  FROM      YEAR
                                                  NORMAL
..................................................................
TEMPERATURE (F)
 YESTERDAY
  MAXIMUM         84    126 PM  90    1919  79      5       78
  MINIMUM         72   1159 PM  39    2010  66      6       67
  AVERAGE         78                        72      6       73

PRECIPITATION (IN)
  YESTERDAY        0.62          1.50 1940   0.09   0.53     0.43
  MONTH TO DATE    1.29                      0.68   0.61     5.20
  SINCE NOV 1      2.33                      3.92  -1.59    10.08
  SINCE JAN 1     48.00                     60.40 -12.40    46.81

SNOWFALL (IN)
  YESTERDAY        0.0
  MONTH TO DATE    0.0
  SINCE DEC 1      0.0
  SINCE JUL 1      0.0
  SNOW DEPTH       0

DEGREE DAYS
 HEATING
  YESTERDAY        0                         1     -1        0
  MONTH TO DATE    0                         3     -3        0
  SINCE DEC 1      0                         3     -3        0
  SINCE JUL 1      0                         5     -5        0

 COOLING
  YESTERDAY       13                         8      5        8
  MONTH TO DATE  107                        65     42       82
  SINCE DEC 1    107                        65     42       82
  SINCE JAN 1   4633                      4578     55     4875
..................................................................


WIND (MPH)
  HIGHEST WIND SPEED    13   HIGHEST WIND DIRECTION    NE (60)
  HIGHEST GUST SPEED    17   HIGHEST GUST DIRECTION    NE (60)
  AVERAGE WIND SPEED     4.6


SKY COVER
  AVERAGE SKY COVER 0.8


WEATHER CONDITIONS
 THE FOLLOWING WEATHER WAS RECORDED YESTERDAY.
  THUNDERSTORM
  HEAVY RAIN
  LIGHT RAIN
  FOG


RELATIVE HUMIDITY (PERCENT)
 HIGHEST   100
 LOWEST     74
 AVERAGE    87

..........................................................


THE FORT LAUDERDALE CLIMATE NORMALS FOR TODAY
                         NORMAL    RECORD    YEAR
 MAXIMUM TEMPERATURE (F)   79        89      1919
 MINIMUM TEMPERATURE (F)   65        35      1934


SUNRISE AND SUNSET
DECEMBER  9 2016......SUNRISE   657 AM EST   SUNSET   530 PM EST
DECEMBER 10 2016......SUNRISE   657 AM EST   SUNSET   530 PM EST


-  INDICATES NEGATIVE NUMBERS.
R  INDICATES RECORD WAS SET OR TIED.
MM INDICATES DATA IS MISSING.
T  INDICATES TRACE AMOUNT.




$$
