000
CDUS42 KMFL 010941
CLIFLL


CLIMATE REPORT
NATIONAL WEATHER SERVICE MIAMI, FL
441 AM EST SUN MAR 1 2015


...................................

...THE FORT LAUDERDALE CLIMATE SUMMARY FOR FEBRUARY 28 2015...

CLIMATE NORMAL PERIOD 1981 TO 2010
CLIMATE RECORD PERIOD 1839 TO 2015


WEATHER ITEM   OBSERVED TIME   RECORD YEAR NORMAL DEPARTURE LAST
                VALUE   (LST)  VALUE       VALUE  FROM      YEAR
                                                  NORMAL
..................................................................
TEMPERATURE (F)
 YESTERDAY
  MAXIMUM         76    121 PM  90    1956  78     -2       76
  MINIMUM         70   1058 AM  38    1952  65      5       63
                                      1935
                                      1916
  AVERAGE         73                        72      1       70

PRECIPITATION (IN)
  YESTERDAY        2.23          5.20 1989   0.08   2.15     0.02
  MONTH TO DATE    3.95                      2.96   0.99     1.35
  SINCE NOV 1     12.45                     12.29   0.16    17.63
  SINCE JAN 1      7.34                      6.59   0.75     5.51

SNOWFALL (IN)
  YESTERDAY        0.0
  MONTH TO DATE    0.0
  SINCE DEC 1      0.0
  SINCE JUL 1      0.0
  SNOW DEPTH       0

DEGREE DAYS
 HEATING
  YESTERDAY        0                         1     -1        0
  MONTH TO DATE   48                        28     20        5
  SINCE DEC 1     87                       100    -13       76
  SINCE JUL 1     97                       102     -5       80

 COOLING
  YESTERDAY        8                         7      1        5
  MONTH TO DATE  116                       186    -70      263
  SINCE DEC 1    493                       572    -79      675
  SINCE JAN 1    281                       356    -75      388
..................................................................


WIND (MPH)
  HIGHEST WIND SPEED    23   HIGHEST WIND DIRECTION     E (100)
  HIGHEST GUST SPEED    27   HIGHEST GUST DIRECTION     E (100)
  AVERAGE WIND SPEED    12.8


SKY COVER
  AVERAGE SKY COVER 0.9


WEATHER CONDITIONS
 THE FOLLOWING WEATHER WAS RECORDED YESTERDAY.
  HEAVY RAIN
  RAIN
  LIGHT RAIN
  FOG


RELATIVE HUMIDITY (PERCENT)
 HIGHEST   100
 LOWEST     87
 AVERAGE    94

..........................................................


THE FORT LAUDERDALE CLIMATE NORMALS FOR TODAY
                         NORMAL    RECORD    YEAR
 MAXIMUM TEMPERATURE (F)   79        87      2011
                                             1929
 MINIMUM TEMPERATURE (F)   65        40      1920


SUNRISE AND SUNSET
MARCH  1 2015.........SUNRISE   644 AM EST   SUNSET   622 PM EST
MARCH  2 2015.........SUNRISE   643 AM EST   SUNSET   623 PM EST


-  INDICATES NEGATIVE NUMBERS.
R  INDICATES RECORD WAS SET OR TIED.
MM INDICATES DATA IS MISSING.
T  INDICATES TRACE AMOUNT.




$$
