000
CDUS42 KMFL 220840
CLIFLL


CLIMATE REPORT
NATIONAL WEATHER SERVICE MIAMI, FL
440 AM EDT SAT JUL 22 2017


...................................

...THE FORT LAUDERDALE CLIMATE SUMMARY FOR JULY 21 2017...

CLIMATE NORMAL PERIOD 1981 TO 2010
CLIMATE RECORD PERIOD 1912 TO 2017


WEATHER ITEM   OBSERVED TIME   RECORD YEAR NORMAL DEPARTURE LAST
                VALUE   (LST)  VALUE       VALUE  FROM      YEAR
                                                  NORMAL
..................................................................
TEMPERATURE (F)
 YESTERDAY
  MAXIMUM         90        MM  99    1966  91     -1       88
  MINIMUM         72        MM  68    1974  79     -7       79
  AVERAGE         81                        85     -4       84

PRECIPITATION (IN)
  YESTERDAY        0.97          1.90 1959   0.18   0.79     0.13
  MONTH TO DATE    3.98                      4.20  -0.22     1.46
  SINCE JUN 1     15.76                     14.36   1.40    10.51
  SINCE JAN 1     27.36                     31.85  -4.49    29.46

SNOWFALL (IN)
  YESTERDAY        0.0
  MONTH TO DATE    0.0
  SINCE JUN 1      0.0
  SINCE JUL 1      0.0
  SNOW DEPTH       0

DEGREE DAYS
 HEATING
  YESTERDAY        0                         0      0        0
  MONTH TO DATE    0                         0      0        0
  SINCE JUN 1      0                         0      0        0
  SINCE JUL 1      0                         0      0        0

 COOLING
  YESTERDAY       16                        20     -4       19
  MONTH TO DATE  406                       401      5      437
  SINCE JUN 1    939                       944     -5      998
  SINCE JAN 1   2516                      2362    154     2412
..................................................................


WIND (MPH)
  HIGHEST WIND SPEED    17   HIGHEST WIND DIRECTION     W (280)
  HIGHEST GUST SPEED    23   HIGHEST GUST DIRECTION     W (280)
  AVERAGE WIND SPEED     3.2


SKY COVER
  AVERAGE SKY COVER 0.7


WEATHER CONDITIONS
 THE FOLLOWING WEATHER WAS RECORDED YESTERDAY.
  THUNDERSTORM
  HEAVY RAIN
  LIGHT RAIN
  FOG


RELATIVE HUMIDITY (PERCENT)
 HIGHEST    94
 LOWEST     72
 AVERAGE    83

..........................................................


THE FORT LAUDERDALE CLIMATE NORMALS FOR TODAY
                         NORMAL    RECORD    YEAR
 MAXIMUM TEMPERATURE (F)   91        99      1924
 MINIMUM TEMPERATURE (F)   79        69      1955
                                             1926
                                             1919


SUNRISE AND SUNSET
JULY 22 2017..........SUNRISE   642 AM EDT   SUNSET   812 PM EDT
JULY 23 2017..........SUNRISE   642 AM EDT   SUNSET   812 PM EDT


-  INDICATES NEGATIVE NUMBERS.
R  INDICATES RECORD WAS SET OR TIED.
MM INDICATES DATA IS MISSING.
T  INDICATES TRACE AMOUNT.




$$
