000
CDUS42 KILM 232041
CLIFLO


CLIMATE REPORT
NATIONAL WEATHER SERVICE WILMINGTON NC
441 PM EDT TUE SEP 23 2014


...................................

...THE FLORENCE SC CLIMATE SUMMARY FOR SEPTEMBER 23 2014...
VALID TODAY AS OF 0400 PM LOCAL TIME.

CLIMATE NORMAL PERIOD 1981 TO 2010
CLIMATE RECORD PERIOD 1948 TO 2014


WEATHER ITEM   OBSERVED TIME   RECORD YEAR NORMAL DEPARTURE LAST
                VALUE   (LST)  VALUE       VALUE  FROM      YEAR
                                                  NORMAL
..................................................................
TEMPERATURE (F)
 TODAY
  MAXIMUM         65    444 AM 100    1980  82    -17       80
  MINIMUM         60    222 PM  44    1999  62     -2       57
  AVERAGE         63                        72     -9       69

PRECIPITATION (IN)
  TODAY            0.16          1.89 2000   0.11   0.05     0.00
  MONTH TO DATE    7.93                      2.86   5.07     0.62
  SINCE SEP 1      7.93                      2.86   5.07     0.62
  SINCE JAN 1     35.92                     33.34   2.58    47.08

DEGREE DAYS
 HEATING
  TODAY            2                         0      2        0
  MONTH TO DATE    2                         0      2        0
  SINCE SEP 1      2                         0      2        0
  SINCE JUL 1      2                         0      2        0

 COOLING
  TODAY            0                         8     -8        4
  MONTH TO DATE  295                       242     53      275
  SINCE SEP 1    295                       242     53      275
  SINCE JAN 1   2127                      1912    215     1902
..................................................................


WIND (MPH)
  HIGHEST WIND SPEED    18   HIGHEST WIND DIRECTION     N (20)
  HIGHEST GUST SPEED    25   HIGHEST GUST DIRECTION     N (20)
  AVERAGE WIND SPEED     9.3


SKY COVER
  POSSIBLE SUNSHINE  MM
  AVERAGE SKY COVER 0.7


WEATHER CONDITIONS
 THE FOLLOWING WEATHER WAS RECORDED TODAY.
  LIGHT RAIN


RELATIVE HUMIDITY (PERCENT)
 HIGHEST    90          1000 AM
 LOWEST     84           200 PM
 AVERAGE    87

..........................................................


THE FLORENCE SC CLIMATE NORMALS FOR TOMORROW
                         NORMAL    RECORD    YEAR
 MAXIMUM TEMPERATURE (F)   82        94      2005
                                             1986
 MINIMUM TEMPERATURE (F)   62        45      1999


SUNRISE AND SUNSET
SEPTEMBER 23 2014.....SUNRISE   708 AM EDT   SUNSET   714 PM EDT
SEPTEMBER 24 2014.....SUNRISE   708 AM EDT   SUNSET   713 PM EDT


-  INDICATES NEGATIVE NUMBERS.
R  INDICATES RECORD WAS SET OR TIED.
MM INDICATES DATA IS MISSING.
T  INDICATES TRACE AMOUNT.




$$
