000
CDUS42 KILM 240847
CLIFLO


CLIMATE REPORT
NATIONAL WEATHER SERVICE WILMINGTON NC
447 AM EDT FRI OCT 24 2014


...................................

...THE FLORENCE SC CLIMATE SUMMARY FOR OCTOBER 23 2014...

CLIMATE NORMAL PERIOD 1981 TO 2010
CLIMATE RECORD PERIOD 1948 TO 2014


WEATHER ITEM   OBSERVED TIME   RECORD YEAR NORMAL DEPARTURE LAST
                VALUE   (LST)  VALUE       VALUE  FROM      YEAR
                                                  NORMAL
..................................................................
TEMPERATURE (F)
 YESTERDAY
  MAXIMUM         70    357 PM  88    2007  74     -4       74
  MINIMUM         46    656 AM  32    1974  51     -5       48
  AVERAGE         58                        62     -4       61

PRECIPITATION (IN)
  YESTERDAY        0.00          1.60 1983   0.09  -0.09     0.00
  MONTH TO DATE    1.08                      2.42  -1.34     0.82
  SINCE SEP 1      9.50                      6.09   3.41     1.71
  SINCE JAN 1     37.49                     36.57   0.92    48.17

DEGREE DAYS
 HEATING
  YESTERDAY        7                         5      2        4
  MONTH TO DATE   41                        62    -21       18
  SINCE SEP 1     47                        71    -24       18
  SINCE JUL 1     47                        71    -24       18

 COOLING
  YESTERDAY        0                         2     -2        0
  MONTH TO DATE   99                        74     25      103
  SINCE SEP 1    426                       360     66      401
  SINCE JAN 1   2258                      2030    228     2028
..................................................................


WIND (MPH)
  HIGHEST WIND SPEED    15   HIGHEST WIND DIRECTION     N (340)
  HIGHEST GUST SPEED    20   HIGHEST GUST DIRECTION     N (350)
  AVERAGE WIND SPEED     6.8


SKY COVER
  POSSIBLE SUNSHINE  MM
  AVERAGE SKY COVER 0.0


WEATHER CONDITIONS
 THE FOLLOWING WEATHER WAS RECORDED YESTERDAY.
  NO SIGNIFICANT WEATHER WAS OBSERVED.


RELATIVE HUMIDITY (PERCENT)
 HIGHEST    80          1000 PM
 LOWEST     33           400 PM
 AVERAGE    57

..........................................................


THE FLORENCE SC CLIMATE NORMALS FOR TODAY
                         NORMAL    RECORD    YEAR
 MAXIMUM TEMPERATURE (F)   73        87      2001
                                             1953
 MINIMUM TEMPERATURE (F)   50        32      2006


SUNRISE AND SUNSET
OCTOBER 24 2014.......SUNRISE   732 AM EDT   SUNSET   634 PM EDT
OCTOBER 25 2014.......SUNRISE   732 AM EDT   SUNSET   633 PM EDT


-  INDICATES NEGATIVE NUMBERS.
R  INDICATES RECORD WAS SET OR TIED.
MM INDICATES DATA IS MISSING.
T  INDICATES TRACE AMOUNT.




$$
