000
CDUS42 KILM 280842
CLIFLO


CLIMATE REPORT
NATIONAL WEATHER SERVICE WILMINGTON NC
442 AM EDT WED JUN 28 2017


...................................

...THE FLORENCE SC CLIMATE SUMMARY FOR JUNE 27 2017...

CLIMATE NORMAL PERIOD 1981 TO 2010
CLIMATE RECORD PERIOD 1948 TO 2017


WEATHER ITEM   OBSERVED TIME   RECORD YEAR NORMAL DEPARTURE LAST
                VALUE   (LST)  VALUE       VALUE  FROM      YEAR
                                                  NORMAL
..................................................................
TEMPERATURE (F)
 YESTERDAY
  MAXIMUM         87   1228 PM 108    1954  90     -3       91
  MINIMUM         65    543 AM  58    2012  70     -5       70
  AVERAGE         76                        80     -4       81

PRECIPITATION (IN)
  YESTERDAY        0.00          2.78 1951   0.15  -0.15     0.00
  MONTH TO DATE    3.31                      4.16  -0.85     3.28
  SINCE JUN 1      3.31                      4.16  -0.85     3.28
  SINCE JAN 1     18.02                     19.52  -1.50    24.37

DEGREE DAYS
 HEATING
  YESTERDAY        0                         0      0        0
  MONTH TO DATE    0                         0      0        0
  SINCE JUN 1      0                         0      0        0
  SINCE JUL 1   1836                      2523   -687     1948

 COOLING
  YESTERDAY       11                        15     -4       16
  MONTH TO DATE  337                       351    -14      440
  SINCE JUN 1    337                       351    -14      440
  SINCE JAN 1    768                       658    110      787
..................................................................


WIND (MPH)
  HIGHEST WIND SPEED    13   HIGHEST WIND DIRECTION     N (10)
  HIGHEST GUST SPEED    15   HIGHEST GUST DIRECTION     N (10)
  AVERAGE WIND SPEED     4.6


SKY COVER
  POSSIBLE SUNSHINE  MM
  AVERAGE SKY COVER 0.1


WEATHER CONDITIONS
 THE FOLLOWING WEATHER WAS RECORDED YESTERDAY.
  NO SIGNIFICANT WEATHER WAS OBSERVED.


RELATIVE HUMIDITY (PERCENT)
 HIGHEST    93           300 AM
 LOWEST     44          1100 AM
 AVERAGE    69

..........................................................


THE FLORENCE SC CLIMATE NORMALS FOR TODAY
                         NORMAL    RECORD    YEAR
 MAXIMUM TEMPERATURE (F)   90       102      1998
 MINIMUM TEMPERATURE (F)   70        57      1988


SUNRISE AND SUNSET
JUNE 28 2017..........SUNRISE   610 AM EDT   SUNSET   835 PM EDT
JUNE 29 2017..........SUNRISE   610 AM EDT   SUNSET   835 PM EDT


-  INDICATES NEGATIVE NUMBERS.
R  INDICATES RECORD WAS SET OR TIED.
MM INDICATES DATA IS MISSING.
T  INDICATES TRACE AMOUNT.




$$
