000
CDUS42 KILM 010946
CLIFLO


CLIMATE REPORT
NATIONAL WEATHER SERVICE WILMINGTON NC
446 AM EST SUN MAR 1 2015


...................................

...THE FLORENCE SC CLIMATE SUMMARY FOR FEBRUARY 28 2015...

CLIMATE NORMAL PERIOD 1981 TO 2010
CLIMATE RECORD PERIOD 1948 TO 2015


WEATHER ITEM   OBSERVED TIME   RECORD YEAR NORMAL DEPARTURE LAST
                VALUE   (LST)  VALUE       VALUE  FROM      YEAR
                                                  NORMAL
..................................................................
TEMPERATURE (F)
 YESTERDAY
  MAXIMUM         50    420 PM  84    2011  63    -13       56
                                      1962
  MINIMUM         32    807 AM  19    2002  40     -8       32
  AVERAGE         41                        51    -10       44

PRECIPITATION (IN)
  YESTERDAY        0.02          1.78 1966   0.11  -0.09     0.00
  MONTH TO DATE    4.50                      2.92   1.58     3.36
  SINCE DEC 1     10.13                      9.16   0.97    10.05
  SINCE JAN 1      6.93                      6.15   0.78     5.72

SNOWFALL (IN)
  YESTERDAY       MM
  MONTH TO DATE   MM
  SINCE DEC 1     MM
  SINCE JUL 1     MM
  SNOW DEPTH      MM

DEGREE DAYS
 HEATING
  YESTERDAY       24                        14     10       21
  MONTH TO DATE  646                       464    182      481
  SINCE DEC 1   1738                      1644     94     1659
  SINCE JUL 1   2238                      2066    172     2129

 COOLING
  YESTERDAY        0                         0      0        0
  MONTH TO DATE    0                         4     -4        6
  SINCE DEC 1      3                        10     -7       24
  SINCE JAN 1      3                         6     -3        6
..................................................................


WIND (MPH)
  HIGHEST WIND SPEED    18   HIGHEST WIND DIRECTION    NE (30)
  HIGHEST GUST SPEED    30   HIGHEST GUST DIRECTION     N (20)
  AVERAGE WIND SPEED    11.3


SKY COVER
  POSSIBLE SUNSHINE  MM
  AVERAGE SKY COVER 0.2


WEATHER CONDITIONS
 THE FOLLOWING WEATHER WAS RECORDED YESTERDAY.
  LIGHT RAIN
  HAZE


RELATIVE HUMIDITY (PERCENT)
 HIGHEST    78           600 AM
 LOWEST     36           300 PM
 AVERAGE    57

..........................................................


THE FLORENCE SC CLIMATE NORMALS FOR TODAY
                         NORMAL    RECORD    YEAR
 MAXIMUM TEMPERATURE (F)   63        84      1997
 MINIMUM TEMPERATURE (F)   40        21      2002
                                             1980


SUNRISE AND SUNSET
MARCH  1 2015.........SUNRISE   648 AM EST   SUNSET   615 PM EST
MARCH  2 2015.........SUNRISE   647 AM EST   SUNSET   616 PM EST


-  INDICATES NEGATIVE NUMBERS.
R  INDICATES RECORD WAS SET OR TIED.
MM INDICATES DATA IS MISSING.
T  INDICATES TRACE AMOUNT.




$$
