000
CDUS42 KILM 150948
CLIFLO


CLIMATE REPORT
NATIONAL WEATHER SERVICE WILMINGTON NC
448 AM EST FRI DEC 15 2017


...................................

...THE FLORENCE SC CLIMATE SUMMARY FOR DECEMBER 14 2017...

CLIMATE NORMAL PERIOD 1981 TO 2010
CLIMATE RECORD PERIOD 1948 TO 2017


WEATHER ITEM   OBSERVED TIME   RECORD YEAR NORMAL DEPARTURE LAST
                VALUE   (LST)  VALUE       VALUE  FROM      YEAR
                                                  NORMAL
..................................................................
TEMPERATURE (F)
 YESTERDAY
  MAXIMUM         60    252 PM  80    1956  58      2       57
  MINIMUM         37    738 AM  15    1960  37      0       39
  AVERAGE         49                        47      2       48

PRECIPITATION (IN)
  YESTERDAY        0.00          2.25 1977   0.10  -0.10     0.11
  MONTH TO DATE    3.30                      1.29   2.01     2.86
  SINCE DEC 1      3.30                      1.29   2.01     2.86
  SINCE JAN 1     41.27                     41.19   0.08    59.26

SNOWFALL (IN)
  YESTERDAY       MM
  MONTH TO DATE   MM
  SINCE DEC 1     MM
  SINCE JUL 1     MM
  SNOW DEPTH      MM

DEGREE DAYS
 HEATING
  YESTERDAY       16                        18     -2       17
  MONTH TO DATE  229                       228      1      239
  SINCE DEC 1    229                       228      1      239
  SINCE JUL 1    634                       650    -16      552

 COOLING
  YESTERDAY        0                         0      0        0
  MONTH TO DATE    0                         0      0        0
  SINCE DEC 1      0                         0      0        0
  SINCE JAN 1   2248                      2059    189     2582
..................................................................


WIND (MPH)
  HIGHEST WIND SPEED    15   HIGHEST WIND DIRECTION     W (270)
  HIGHEST GUST SPEED    19   HIGHEST GUST DIRECTION     W (250)
  AVERAGE WIND SPEED     6.5


SKY COVER
  POSSIBLE SUNSHINE  MM
  AVERAGE SKY COVER 0.0


WEATHER CONDITIONS
 THE FOLLOWING WEATHER WAS RECORDED YESTERDAY.
  NO SIGNIFICANT WEATHER WAS OBSERVED.


RELATIVE HUMIDITY (PERCENT)
 HIGHEST    85          1100 PM
 LOWEST     33           200 PM
 AVERAGE    59

..........................................................


THE FLORENCE SC CLIMATE NORMALS FOR TODAY
                         NORMAL    RECORD    YEAR
 MAXIMUM TEMPERATURE (F)   58        78      1971
 MINIMUM TEMPERATURE (F)   36        13      2010


SUNRISE AND SUNSET
DECEMBER 15 2017......SUNRISE   717 AM EST   SUNSET   511 PM EST
DECEMBER 16 2017......SUNRISE   718 AM EST   SUNSET   511 PM EST


-  INDICATES NEGATIVE NUMBERS.
R  INDICATES RECORD WAS SET OR TIED.
MM INDICATES DATA IS MISSING.
T  INDICATES TRACE AMOUNT.




$$
