000
CDUS42 KILM 250946
CLIFLO


CLIMATE REPORT
NATIONAL WEATHER SERVICE WILMINGTON NC
446 AM EST THU DEC 25 2014


...................................

...THE FLORENCE SC CLIMATE SUMMARY FOR DECEMBER 24 2014...

CLIMATE NORMAL PERIOD 1981 TO 2010
CLIMATE RECORD PERIOD 1948 TO 2014


WEATHER ITEM   OBSERVED TIME   RECORD YEAR NORMAL DEPARTURE LAST
                VALUE   (LST)  VALUE       VALUE  FROM      YEAR
                                                  NORMAL
..................................................................
TEMPERATURE (F)
 YESTERDAY
  MAXIMUM         70   1230 PM  76    1998  56     14       55
  MINIMUM         50   1210 AM  12    1983  35     15       36
  AVERAGE         60                        45     15       46

PRECIPITATION (IN)
  YESTERDAY        1.78R         1.12 1997   0.10   1.68     0.04
  MONTH TO DATE    3.16                      2.30   0.86     3.05
  SINCE DEC 1      3.16                      2.30   0.86     3.05
  SINCE JAN 1     44.45                     42.20   2.25    53.39

SNOWFALL (IN)
  YESTERDAY       MM
  MONTH TO DATE   MM
  SINCE DEC 1     MM
  SINCE JUL 1     MM
  SNOW DEPTH      MM

DEGREE DAYS
 HEATING
  YESTERDAY        5                        20    -15       19
  MONTH TO DATE  369                       416    -47      308
  SINCE DEC 1    369                       416    -47      308
  SINCE JUL 1    869                       838     31      778

 COOLING
  YESTERDAY        0                         0      0        0
  MONTH TO DATE    0                         0      0       18
  SINCE DEC 1      0                         0      0       18
  SINCE JAN 1   2282                      2059    223     2064
..................................................................


WIND (MPH)
  HIGHEST WIND SPEED    25   HIGHEST WIND DIRECTION    SW (210)
  HIGHEST GUST SPEED    34   HIGHEST GUST DIRECTION     S (200)
  AVERAGE WIND SPEED    11.5


SKY COVER
  POSSIBLE SUNSHINE  MM
  AVERAGE SKY COVER 0.7


WEATHER CONDITIONS
 THE FOLLOWING WEATHER WAS RECORDED YESTERDAY.
  HEAVY RAIN
  RAIN
  LIGHT RAIN
  FOG


RELATIVE HUMIDITY (PERCENT)
 HIGHEST   100           600 AM
 LOWEST     87          1000 AM
 AVERAGE    94

..........................................................


THE FLORENCE SC CLIMATE NORMALS FOR TODAY
                         NORMAL    RECORD    YEAR
 MAXIMUM TEMPERATURE (F)   56        81      1955
 MINIMUM TEMPERATURE (F)   35         9      1989


SUNRISE AND SUNSET
DECEMBER 25 2014......SUNRISE   723 AM EST   SUNSET   515 PM EST
DECEMBER 26 2014......SUNRISE   723 AM EST   SUNSET   516 PM EST


-  INDICATES NEGATIVE NUMBERS.
R  INDICATES RECORD WAS SET OR TIED.
MM INDICATES DATA IS MISSING.
T  INDICATES TRACE AMOUNT.




$$
