000
CDUS42 KILM 272043
CLIFLO


CLIMATE REPORT
NATIONAL WEATHER SERVICE WILMINGTON NC
443 PM EDT MON MAR 27 2017


...................................

...THE FLORENCE SC CLIMATE SUMMARY FOR MARCH 27 2017...
VALID TODAY AS OF 0400 PM LOCAL TIME.

CLIMATE NORMAL PERIOD 1981 TO 2010
CLIMATE RECORD PERIOD 1948 TO 2017


WEATHER ITEM   OBSERVED TIME   RECORD YEAR NORMAL DEPARTURE LAST
                VALUE   (LST)  VALUE       VALUE  FROM      YEAR
                                                  NORMAL
..................................................................
TEMPERATURE (F)
 TODAY
  MAXIMUM         81    153 PM  86    1949  71     10       MM
  MINIMUM         56    404 AM  22    1955  46     10       MM
  AVERAGE         69                        58     11       MM

PRECIPITATION (IN)
  TODAY            0.00          1.35 1948   0.11  -0.11     0.32
  MONTH TO DATE    1.23                      2.91  -1.68     1.53
  SINCE MAR 1      1.23                      2.91  -1.68     1.53
  SINCE JAN 1      6.10                      9.06  -2.96     8.99

SNOWFALL (IN)
  TODAY           MM
  MONTH TO DATE   MM
  SINCE MAR 1     MM
  SINCE JUL 1     MM
  SNOW DEPTH      MM

DEGREE DAYS
 HEATING
  TODAY            0                         7     -7       MM
  MONTH TO DATE  331                       281     50      153
  SINCE MAR 1    331                       281     50      153
  SINCE JUL 1   1776                      2347   -571     1813

 COOLING
  TODAY            4                         1      3       MM
  MONTH TO DATE   19                        14      5       42
  SINCE MAR 1     19                        14      5       42
  SINCE JAN 1     32                        20     12       43
..................................................................


WIND (MPH)
  HIGHEST WIND SPEED    15   HIGHEST WIND DIRECTION     W (250)
  HIGHEST GUST SPEED    21   HIGHEST GUST DIRECTION     W (250)
  AVERAGE WIND SPEED     7.0


SKY COVER
  POSSIBLE SUNSHINE  MM
  AVERAGE SKY COVER 0.5


WEATHER CONDITIONS
 THE FOLLOWING WEATHER WAS RECORDED TODAY.
  NO SIGNIFICANT WEATHER WAS OBSERVED.


RELATIVE HUMIDITY (PERCENT)
 HIGHEST   100           100 AM
 LOWEST     49           200 PM
 AVERAGE    75

..........................................................


THE FLORENCE SC CLIMATE NORMALS FOR TOMORROW
                         NORMAL    RECORD    YEAR
 MAXIMUM TEMPERATURE (F)   71        87      2007
 MINIMUM TEMPERATURE (F)   46        28      1982


SUNRISE AND SUNSET
MARCH 27 2017.........SUNRISE   713 AM EDT   SUNSET   736 PM EDT
MARCH 28 2017.........SUNRISE   711 AM EDT   SUNSET   737 PM EDT


-  INDICATES NEGATIVE NUMBERS.
R  INDICATES RECORD WAS SET OR TIED.
MM INDICATES DATA IS MISSING.
T  INDICATES TRACE AMOUNT.




$$
