000
CDUS42 KILM 300849
CLIFLO


CLIMATE REPORT
NATIONAL WEATHER SERVICE WILMINGTON NC
448 AM EDT SAT AUG 30 2014


...................................

...THE FLORENCE SC CLIMATE SUMMARY FOR AUGUST 29 2014...

CLIMATE NORMAL PERIOD 1981 TO 2010
CLIMATE RECORD PERIOD 1948 TO 2014


WEATHER ITEM   OBSERVED TIME   RECORD YEAR NORMAL DEPARTURE LAST
                VALUE   (LST)  VALUE       VALUE  FROM      YEAR
                                                  NORMAL
..................................................................
TEMPERATURE (F)
 YESTERDAY
  MAXIMUM         94    357 PM 101    1998  88      6       94
  MINIMUM         69    611 AM  57    1986  69      0       73
  AVERAGE         82                        79      3       84

PRECIPITATION (IN)
  YESTERDAY        0.00          4.22 2004   0.16  -0.16     0.00
  MONTH TO DATE    3.89                      4.94  -1.05     4.44
  SINCE JUN 1     10.63                     14.82  -4.19    27.63
  SINCE JAN 1     27.99                     30.18  -2.19    46.46

DEGREE DAYS
 HEATING
  YESTERDAY        0                         0      0        0
  MONTH TO DATE    0                         0      0        0
  SINCE JUN 1      0                         1     -1        0
  SINCE JUL 1      0                         0      0        0

 COOLING
  YESTERDAY       17                        14      3       19
  MONTH TO DATE  428                       438    -10      413
  SINCE JUN 1   1414                      1337     77     1331
  SINCE JAN 1   1796                      1644    152     1598
..................................................................


WIND (MPH)
  HIGHEST WIND SPEED    14   HIGHEST WIND DIRECTION    SE (140)
  HIGHEST GUST SPEED    17   HIGHEST GUST DIRECTION    SE (140)
  AVERAGE WIND SPEED     4.5


SKY COVER
  POSSIBLE SUNSHINE  MM
  AVERAGE SKY COVER 0.0


WEATHER CONDITIONS
 THE FOLLOWING WEATHER WAS RECORDED YESTERDAY.
  NO SIGNIFICANT WEATHER WAS OBSERVED.


RELATIVE HUMIDITY (PERCENT)
 HIGHEST    90           500 AM
 LOWEST     36           300 PM
 AVERAGE    63

..........................................................


THE FLORENCE SC CLIMATE NORMALS FOR TODAY
                         NORMAL    RECORD    YEAR
 MAXIMUM TEMPERATURE (F)   88       100      1993
 MINIMUM TEMPERATURE (F)   69        55      1965


SUNRISE AND SUNSET
AUGUST 30 2014........SUNRISE   651 AM EDT   SUNSET   747 PM EDT
AUGUST 31 2014........SUNRISE   652 AM EDT   SUNSET   746 PM EDT


-  INDICATES NEGATIVE NUMBERS.
R  INDICATES RECORD WAS SET OR TIED.
MM INDICATES DATA IS MISSING.
T  INDICATES TRACE AMOUNT.




$$
