000
CDUS42 KTBW 172118
CLIFMY


CLIMATE REPORT
NATIONAL WEATHER SERVICE TAMPA BAY FL
515 PM EDT THU AUG 17 2017


...................................

...THE FORT MYERS CLIMATE SUMMARY FOR AUGUST 17 2017...
VALID TODAY AS OF 0500 PM LOCAL TIME.

CLIMATE NORMAL PERIOD 1981 TO 2010
CLIMATE RECORD PERIOD 1902 TO 2017


WEATHER ITEM   OBSERVED TIME   RECORD YEAR NORMAL DEPARTURE LAST
                VALUE   (LST)  VALUE       VALUE  FROM      YEAR
                                                  NORMAL
..................................................................
TEMPERATURE (F)
 TODAY
  MAXIMUM         95    238 PM  96    1989  92      3       93
                                      1987
                                      1985
  MINIMUM         77    638 AM  68    1956  75      2       77
  AVERAGE         86                        83      3       85

PRECIPITATION (IN)
  TODAY            0.00          3.10 2015   0.32  -0.32     0.00
  MONTH TO DATE    1.34                      5.46  -4.12     7.62
  SINCE JUN 1     24.96                     24.59   0.37    29.22
  SINCE JAN 1     31.14                     36.39  -5.25    50.09

DEGREE DAYS
 HEATING
  TODAY            0                         0      0        0
  MONTH TO DATE    0                         0      0        0
  SINCE JUN 1      0                         0      0        0
  SINCE JUL 1      0                         0      0        0

 COOLING
  TODAY           21                        18      3       20
  MONTH TO DATE  340                       306     34      319
  SINCE JUN 1   1424                      1395     29     1473
  SINCE JAN 1   2706                      2461    245     2571
..................................................................


WIND (MPH)
  RESULTANT WIND SPEED   1   RESULTANT WIND DIRECTION   E (80)
  HIGHEST WIND SPEED    14   HIGHEST WIND DIRECTION     W (260)
  HIGHEST GUST SPEED    18   HIGHEST GUST DIRECTION     W (280)
  AVERAGE WIND SPEED     1.7


SKY COVER
  POSSIBLE SUNSHINE  MM
  AVERAGE SKY COVER 0.2


WEATHER CONDITIONS
 THE FOLLOWING WEATHER WAS RECORDED TODAY.
  THUNDERSTORM


RELATIVE HUMIDITY (PERCENT)
 HIGHEST   100          1200 AM
 LOWEST     52           200 PM

..........................................................


THE FORT MYERS CLIMATE NORMALS FOR TOMORROW
                         NORMAL    RECORD    YEAR
 MAXIMUM TEMPERATURE (F)   92        98      1987
                                             1985
 MINIMUM TEMPERATURE (F)   75        70      1956
                                             1918
                                             1904


SUNRISE AND SUNSET
AUGUST 17 2017........SUNRISE   701 AM EDT   SUNSET   802 PM EDT
AUGUST 18 2017........SUNRISE   701 AM EDT   SUNSET   801 PM EDT


-  INDICATES NEGATIVE NUMBERS.
R  INDICATES RECORD WAS SET OR TIED.
MM INDICATES DATA IS MISSING.
T  INDICATES TRACE AMOUNT.




$$


&&
------------------------------------------------------------------
******************** SUPPLEMENTAL DATA ***************************

...GULF WATER TEMPERATURE AT FORT MYERS BEACH 90 DEGREES
