000
CDUS42 KTBW 282220
CLIFMY


CLIMATE REPORT
NATIONAL WEATHER SERVICE TAMPA BAY FL
516 PM EST FRI NOV 28 2014


...................................

...THE FORT MYERS CLIMATE SUMMARY FOR NOVEMBER 28 2014...
VALID TODAY AS OF 0500 PM LOCAL TIME.

CLIMATE NORMAL PERIOD 1981 TO 2010
CLIMATE RECORD PERIOD 1902 TO 2014


WEATHER ITEM   OBSERVED TIME   RECORD YEAR NORMAL DEPARTURE LAST
                VALUE   (LST)  VALUE       VALUE  FROM      YEAR
                                                  NORMAL
..................................................................
TEMPERATURE (F)
 TODAY
  MAXIMUM         66    328 PM  90    1990  79    -13       70
  MINIMUM         48    736 AM  35    1903  60    -12       42
  AVERAGE         57                        70    -13       56

PRECIPITATION (IN)
  TODAY            0.00          1.46 1920   0.05  -0.05     0.00
  MONTH TO DATE    4.47                      1.85   2.62     1.43
  SINCE SEP 1     13.03                     13.04  -0.01    13.69
  SINCE JAN 1     42.27                     54.11 -11.84    53.29

DEGREE DAYS
 HEATING
  TODAY            8                         1      7        9
  MONTH TO DATE   38                        13     25        9
  SINCE SEP 1     38                        15     23        9
  SINCE JUL 1     38                        15     23        9

 COOLING
  TODAY            0                         6     -6        0
  MONTH TO DATE  134                       206    -72      246
  SINCE SEP 1   1014                      1130   -116     1151
  SINCE JAN 1   3925                      3854     71     3869
..................................................................


WIND (MPH)
  RESULTANT WIND SPEED  13   RESULTANT WIND DIRECTION  NE (30)
  HIGHEST WIND SPEED    20   HIGHEST WIND DIRECTION     N (20)
  HIGHEST GUST SPEED    25   HIGHEST GUST DIRECTION    NE (30)
  AVERAGE WIND SPEED    13.0


SKY COVER
  POSSIBLE SUNSHINE  MM
  AVERAGE SKY COVER 0.0


WEATHER CONDITIONS
 THE FOLLOWING WEATHER WAS RECORDED TODAY.
  NO SIGNIFICANT WEATHER WAS OBSERVED.


RELATIVE HUMIDITY (PERCENT)
 HIGHEST    66          1200 AM
 LOWEST     31           400 PM

..........................................................


THE FORT MYERS CLIMATE NORMALS FOR TOMORROW
                         NORMAL    RECORD    YEAR
 MAXIMUM TEMPERATURE (F)   79        89      1990
 MINIMUM TEMPERATURE (F)   60        37      1959


SUNRISE AND SUNSET
NOVEMBER 28 2014......SUNRISE   656 AM EST   SUNSET   534 PM EST
NOVEMBER 29 2014......SUNRISE   657 AM EST   SUNSET   534 PM EST


-  INDICATES NEGATIVE NUMBERS.
R  INDICATES RECORD WAS SET OR TIED.
MM INDICATES DATA IS MISSING.
T  INDICATES TRACE AMOUNT.




$$


&&
------------------------------------------------------------------
******************** SUPPLEMENTAL DATA ***************************

...GULF WATER TEMPERATURE AT FORT MYERS BEACH 66
