000
CDUS42 KTBW 052216
CLIFMY


CLIMATE REPORT
NATIONAL WEATHER SERVICE TAMPA BAY FL
515 PM EST FRI FEB 5 2016


...................................

...THE FORT MYERS CLIMATE SUMMARY FOR FEBRUARY 5 2016...
VALID TODAY AS OF 0500 PM LOCAL TIME.

CLIMATE NORMAL PERIOD 1981 TO 2010
CLIMATE RECORD PERIOD 1902 TO 2016


WEATHER ITEM   OBSERVED TIME   RECORD YEAR NORMAL DEPARTURE LAST
                VALUE   (LST)  VALUE       VALUE  FROM      YEAR
                                                  NORMAL
..................................................................
TEMPERATURE (F)
 TODAY
  MAXIMUM         65    419 PM  86    1982  76    -11       72
  MINIMUM         50    834 AM  31    1958  55     -5       57
  AVERAGE         58                        66     -8       65

PRECIPITATION (IN)
  TODAY            0.09          2.00 1982   0.06   0.03     0.69
  MONTH TO DATE    0.41                      0.35   0.06     0.70
  SINCE DEC 1     16.99                      4.00  12.99     1.32
  SINCE JAN 1     13.39                      2.29  11.10     1.27

DEGREE DAYS
 HEATING
  TODAY            7                         3      4        0
  MONTH TO DATE    7                        15     -8        4
  SINCE DEC 1    114                       198    -84      107
  SINCE JUL 1    114                       216   -102      148

 COOLING
  TODAY            0                         3     -3        0
  MONTH TO DATE   37                        15     22        4
  SINCE DEC 1    359                       219    140      242
  SINCE JAN 1     81                        98    -17      104
..................................................................


WIND (MPH)
  RESULTANT WIND SPEED  14   RESULTANT WIND DIRECTION   N (10)
  HIGHEST WIND SPEED    23   HIGHEST WIND DIRECTION    NE (30)
  HIGHEST GUST SPEED    30   HIGHEST GUST DIRECTION    NE (30)
  AVERAGE WIND SPEED    15.6


SKY COVER
  POSSIBLE SUNSHINE  MM
  AVERAGE SKY COVER 0.2


WEATHER CONDITIONS
 THE FOLLOWING WEATHER WAS RECORDED TODAY.
  RAIN
  LIGHT RAIN
  FOG


RELATIVE HUMIDITY (PERCENT)
 HIGHEST   100          1200 AM
 LOWEST     23           100 PM

..........................................................


THE FORT MYERS CLIMATE NORMALS FOR TOMORROW
                         NORMAL    RECORD    YEAR
 MAXIMUM TEMPERATURE (F)   76        86      1989
 MINIMUM TEMPERATURE (F)   55        33      1947
                                             1917


SUNRISE AND SUNSET
FEBRUARY  5 2016......SUNRISE   710 AM EST   SUNSET   613 PM EST
FEBRUARY  6 2016......SUNRISE   710 AM EST   SUNSET   613 PM EST


-  INDICATES NEGATIVE NUMBERS.
R  INDICATES RECORD WAS SET OR TIED.
MM INDICATES DATA IS MISSING.
T  INDICATES TRACE AMOUNT.




$$


&&
------------------------------------------------------------------
******************** SUPPLEMENTAL DATA ***************************

...GULF WATER TEMPERATURE AT FORT MYERS BEACH 69 DEGREES
