000
CDUS42 KTBW 302130
CLIFMY


CLIMATE REPORT
NATIONAL WEATHER SERVICE TAMPA BAY FL
527 PM EDT THU OCT 30 2014


...................................

...THE FORT MYERS CLIMATE SUMMARY FOR OCTOBER 30 2014...
VALID TODAY AS OF 0500 PM LOCAL TIME.

CLIMATE NORMAL PERIOD 1981 TO 2010
CLIMATE RECORD PERIOD 1902 TO 2014


WEATHER ITEM   OBSERVED TIME   RECORD YEAR NORMAL DEPARTURE LAST
                VALUE   (LST)  VALUE       VALUE  FROM      YEAR
                                                  NORMAL
..................................................................
TEMPERATURE (F)
 TODAY
  MAXIMUM         86   1228 PM  92    1941  84      2       87
  MINIMUM         67    709 AM  50    2008  66      1       67
                                      1953
                                      1952
  AVERAGE         77                        75      2       77

PRECIPITATION (IN)
  TODAY            0.00          1.22 1922   0.07  -0.07     0.00
  MONTH TO DATE    1.24                      2.82  -1.58     1.34
  SINCE SEP 1      8.48                     11.13  -2.65    12.26
  SINCE JAN 1     37.72                     52.20 -14.48    51.86

DEGREE DAYS
 HEATING
  TODAY            0                         0      0        0
  MONTH TO DATE    0                         0      0        0
  SINCE SEP 1      0                         0      0        0
  SINCE JUL 1      0                         0      0        0

 COOLING
  TODAY           12                        10      2       12
  MONTH TO DATE  372                       391    -19      405
  SINCE SEP 1    872                       913    -41      892
  SINCE JAN 1   3783                      3637    146     3610
..................................................................


WIND (MPH)
  RESULTANT WIND SPEED   1   RESULTANT WIND DIRECTION   S (200)
  HIGHEST WIND SPEED    12   HIGHEST WIND DIRECTION     W (250)
  HIGHEST GUST SPEED    16   HIGHEST GUST DIRECTION     W (250)
  AVERAGE WIND SPEED     3.6


SKY COVER
  POSSIBLE SUNSHINE  MM
  AVERAGE SKY COVER 0.2


WEATHER CONDITIONS
 THE FOLLOWING WEATHER WAS RECORDED TODAY.
  NO SIGNIFICANT WEATHER WAS OBSERVED.


RELATIVE HUMIDITY (PERCENT)
 HIGHEST    93           400 AM
 LOWEST     48          1200 PM

..........................................................


THE FORT MYERS CLIMATE NORMALS FOR TOMORROW
                         NORMAL    RECORD    YEAR
 MAXIMUM TEMPERATURE (F)   84        91      1992
                                             1919
 MINIMUM TEMPERATURE (F)   65        49      1953


SUNRISE AND SUNSET
OCTOBER 30 2014.......SUNRISE   736 AM EDT   SUNSET   646 PM EDT
OCTOBER 31 2014.......SUNRISE   736 AM EDT   SUNSET   646 PM EDT


-  INDICATES NEGATIVE NUMBERS.
R  INDICATES RECORD WAS SET OR TIED.
MM INDICATES DATA IS MISSING.
T  INDICATES TRACE AMOUNT.




$$


&&
------------------------------------------------------------------
******************** SUPPLEMENTAL DATA ***************************

...GULF WATER TEMPERATURE AT FORT MYERS BEACH 78
