786
CDUS42 KTBW 312113
CLIFMY


CLIMATE REPORT
NATIONAL WEATHER SERVICE TAMPA BAY FL
512 PM EDT TUE MAY 31 2016


...................................

...THE FORT MYERS CLIMATE SUMMARY FOR MAY 31 2016...
VALID TODAY AS OF 0500 PM LOCAL TIME.

CLIMATE NORMAL PERIOD 1981 TO 2010
CLIMATE RECORD PERIOD 1902 TO 2016


WEATHER ITEM   OBSERVED TIME   RECORD YEAR NORMAL DEPARTURE LAST
                VALUE   (LST)  VALUE       VALUE  FROM      YEAR
                                                  NORMAL
..................................................................
TEMPERATURE (F)
 TODAY
  MAXIMUM         92    217 PM  98    1945  91      1       94
  MINIMUM         70    607 AM  60    1971  72     -2       69
  AVERAGE         81                        82     -1       82

PRECIPITATION (IN)
  TODAY            0.00          4.26 1907   0.15  -0.15     0.71
  MONTH TO DATE    3.26                      2.65   0.61     2.17
  SINCE MAR 1      5.76                      7.71  -1.95     5.66
  SINCE JAN 1     20.87                     11.80   9.07     8.85

DEGREE DAYS
 HEATING
  TODAY            0                         0      0        0
  MONTH TO DATE    0                         0      0        0
  SINCE MAR 1      9                        27    -18        0
  SINCE JUL 1    204                       287    -83      231

 COOLING
  TODAY           16                        16      0       17
  MONTH TO DATE  439                       436      3      479
  SINCE MAR 1    987                       881    106     1206
  SINCE JAN 1   1098                      1066     32     1354
..................................................................


WIND (MPH)
  RESULTANT WIND SPEED   2   RESULTANT WIND DIRECTION   E (90)
  HIGHEST WIND SPEED    13   HIGHEST WIND DIRECTION     S (170)
  HIGHEST GUST SPEED    15   HIGHEST GUST DIRECTION     S (160)
  AVERAGE WIND SPEED     3.4


SKY COVER
  POSSIBLE SUNSHINE  MM
  AVERAGE SKY COVER 0.1


WEATHER CONDITIONS
 THE FOLLOWING WEATHER WAS RECORDED TODAY.
  NO SIGNIFICANT WEATHER WAS OBSERVED.


RELATIVE HUMIDITY (PERCENT)
 HIGHEST   100           400 AM
 LOWEST     38           200 PM

..........................................................


THE FORT MYERS CLIMATE NORMALS FOR TOMORROW
                         NORMAL    RECORD    YEAR
 MAXIMUM TEMPERATURE (F)   91        98      1981
 MINIMUM TEMPERATURE (F)   72        60      1984


SUNRISE AND SUNSET
MAY 31 2016...........SUNRISE   634 AM EDT   SUNSET   816 PM EDT
JUNE  1 2016..........SUNRISE   634 AM EDT   SUNSET   817 PM EDT


-  INDICATES NEGATIVE NUMBERS.
R  INDICATES RECORD WAS SET OR TIED.
MM INDICATES DATA IS MISSING.
T  INDICATES TRACE AMOUNT.




$$


&&
------------------------------------------------------------------
******************** SUPPLEMENTAL DATA ***************************

...GULF WATER TEMPERATURE AT FORT MYERS BEACH 86 DEGREES
