000
CDUS42 KTBW 202213
CLIFMY


CLIMATE REPORT
NATIONAL WEATHER SERVICE TAMPA BAY FL
512 PM EST SAT DEC 20 2014


...................................

...THE FORT MYERS CLIMATE SUMMARY FOR DECEMBER 20 2014...
VALID TODAY AS OF 0500 PM LOCAL TIME.

CLIMATE NORMAL PERIOD 1981 TO 2010
CLIMATE RECORD PERIOD 1902 TO 2014


WEATHER ITEM   OBSERVED TIME   RECORD YEAR NORMAL DEPARTURE LAST
                VALUE   (LST)  VALUE       VALUE  FROM      YEAR
                                                  NORMAL
..................................................................
TEMPERATURE (F)
 TODAY
  MAXIMUM         81    210 PM  87    1990  76      5       85
  MINIMUM         54    732 AM  33    1981  56     -2       61
  AVERAGE         68                        66      2       73

PRECIPITATION (IN)
  TODAY            0.00          1.04 1925   0.06  -0.06     0.00
  MONTH TO DATE    0.01                      1.03  -1.02     0.32
  SINCE DEC 1      0.01                      1.03  -1.02     0.32
  SINCE JAN 1     42.28                     55.25 -12.97    53.61

DEGREE DAYS
 HEATING
  TODAY            0                         3     -3        0
  MONTH TO DATE   48                        38     10        4
  SINCE DEC 1     48                        38     10        4
  SINCE JUL 1     89                        56     33       13

 COOLING
  TODAY            3                         4     -1        8
  MONTH TO DATE   60                        87    -27      131
  SINCE DEC 1     60                        87    -27      131
  SINCE JAN 1   3987                      3950     37     4005
..................................................................


WIND (MPH)
  RESULTANT WIND SPEED   2   RESULTANT WIND DIRECTION   S (170)
  HIGHEST WIND SPEED    12   HIGHEST WIND DIRECTION    SW (230)
  HIGHEST GUST SPEED    16   HIGHEST GUST DIRECTION    SW (210)
  AVERAGE WIND SPEED     3.8


SKY COVER
  POSSIBLE SUNSHINE  MM
  AVERAGE SKY COVER 0.1


WEATHER CONDITIONS
 THE FOLLOWING WEATHER WAS RECORDED TODAY.
  NO SIGNIFICANT WEATHER WAS OBSERVED.


RELATIVE HUMIDITY (PERCENT)
 HIGHEST   100           800 AM
 LOWEST     52           200 PM

..........................................................


THE FORT MYERS CLIMATE NORMALS FOR TOMORROW
                         NORMAL    RECORD    YEAR
 MAXIMUM TEMPERATURE (F)   76        87      2013
                                             1990
 MINIMUM TEMPERATURE (F)   55        35      2000


SUNRISE AND SUNSET
DECEMBER 20 2014......SUNRISE   711 AM EST   SUNSET   539 PM EST
DECEMBER 21 2014......SUNRISE   711 AM EST   SUNSET   540 PM EST


-  INDICATES NEGATIVE NUMBERS.
R  INDICATES RECORD WAS SET OR TIED.
MM INDICATES DATA IS MISSING.
T  INDICATES TRACE AMOUNT.




$$


&&
------------------------------------------------------------------
******************** SUPPLEMENTAL DATA ***************************

...GULF WATER TEMPERATURE AT FORT MYERS BEACH 69
