000
CDUS42 KTBW 142115
CLIFMY


CLIMATE REPORT
NATIONAL WEATHER SERVICE TAMPA BAY FL
512 PM EDT SUN SEP 14 2014


...................................

...THE FORT MYERS CLIMATE SUMMARY FOR SEPTEMBER 14 2014...
VALID TODAY AS OF 0500 PM LOCAL TIME.

CLIMATE NORMAL PERIOD 1981 TO 2010
CLIMATE RECORD PERIOD 1902 TO 2014


WEATHER ITEM   OBSERVED TIME   RECORD YEAR NORMAL DEPARTURE LAST
                VALUE   (LST)  VALUE       VALUE  FROM      YEAR
                                                  NORMAL
..................................................................
TEMPERATURE (F)
 TODAY
  MAXIMUM         86   1118 AM  95    1990  91     -5       91
                                      1989
                                      1984
  MINIMUM         72    538 AM  68    1918  75     -3       75
                                      1917
  AVERAGE         79                        83     -4       83

PRECIPITATION (IN)
  TODAY            0.49          5.35 1979   0.30   0.19     0.21
  MONTH TO DATE    2.76                      4.42  -1.66     3.70
  SINCE SEP 1      2.76                      4.42  -1.66     3.70
  SINCE JAN 1     32.00                     45.49 -13.49    43.30

DEGREE DAYS
 HEATING
  TODAY            0                         0      0        0
  MONTH TO DATE    0                         0      0        0
  SINCE SEP 1      0                         0      0        0
  SINCE JUL 1      0                         0      0        0

 COOLING
  TODAY           14                        18     -4       18
  MONTH TO DATE  249                       252     -3      240
  SINCE SEP 1    249                       252     -3      240
  SINCE JAN 1   3160                      2976    184     2958
..................................................................


WIND (MPH)
  RESULTANT WIND SPEED   6   RESULTANT WIND DIRECTION  SE (140)
  HIGHEST WIND SPEED    22   HIGHEST WIND DIRECTION     S (190)
  HIGHEST GUST SPEED    32   HIGHEST GUST DIRECTION     S (190)
  AVERAGE WIND SPEED     6.9


SKY COVER
  POSSIBLE SUNSHINE  MM
  AVERAGE SKY COVER 0.2


WEATHER CONDITIONS
 THE FOLLOWING WEATHER WAS RECORDED TODAY.
  HEAVY RAIN
  RAIN
  LIGHT RAIN
  FOG


RELATIVE HUMIDITY (PERCENT)
 HIGHEST   100           200 AM
 LOWEST     69           400 PM

..........................................................


THE FORT MYERS CLIMATE NORMALS FOR TOMORROW
                         NORMAL    RECORD    YEAR
 MAXIMUM TEMPERATURE (F)   91        96      1995
 MINIMUM TEMPERATURE (F)   75        67      1918


SUNRISE AND SUNSET
SEPTEMBER 14 2014.....SUNRISE   713 AM EDT   SUNSET   733 PM EDT
SEPTEMBER 15 2014.....SUNRISE   713 AM EDT   SUNSET   732 PM EDT


-  INDICATES NEGATIVE NUMBERS.
R  INDICATES RECORD WAS SET OR TIED.
MM INDICATES DATA IS MISSING.
T  INDICATES TRACE AMOUNT.




$$


&&
------------------------------------------------------------------
******************** SUPPLEMENTAL DATA ***************************

...GULF WATER TEMPERATURE AT NAPLES 86
