000
CDUS43 KDTX 302036
CLIFNT


CLIMATE REPORT
NATIONAL WEATHER SERVICE DETROIT/PONTIAC MI
431 PM EDT THU MAR 30 2017


...................................

...THE FLINT MI CLIMATE SUMMARY FOR MARCH 30 2017...
VALID TODAY AS OF 0400 PM LOCAL TIME.

CLIMATE NORMAL PERIOD 1981 TO 2010
CLIMATE RECORD PERIOD 1921 TO 2017


WEATHER ITEM   OBSERVED TIME   RECORD YEAR NORMAL DEPARTURE LAST
                VALUE   (LST)  VALUE       VALUE  FROM      YEAR
                                                  NORMAL
..................................................................
TEMPERATURE (F)
 TODAY
  MAXIMUM         40    502 AM  79    1998  50    -10       62
  MINIMUM         35    820 AM   4    1954  30      5       34
  AVERAGE         38                        40     -2       48

PRECIPITATION (IN)
  TODAY            0.84R         0.83 1960   0.07   0.77     0.05
  MONTH TO DATE    2.90                      1.83   1.07     3.64
  SINCE MAR 1      2.90                      1.83   1.07     3.64
  SINCE JAN 1      8.45                      4.94   3.51     7.49

SNOWFALL (IN)
  TODAY            0.1           0.6  1975   0.2   -0.1      0.0
  MONTH TO DATE    5.5                       6.4   -0.9     11.6
  SINCE MAR 1      5.5                       6.4   -0.9     11.6
  SINCE JUL 1     38.0                      45.0   -7.0     62.2
  SNOW DEPTH       0

DEGREE DAYS
 HEATING
  TODAY           27                        25      2       17
  MONTH TO DATE  930                       931     -1      707
  SINCE MAR 1    930                       931     -1      707
  SINCE JUL 1   5079                      6019   -940     4577

 COOLING
  TODAY            0                         0      0        0
  MONTH TO DATE    0                         0      0        1
  SINCE MAR 1      0                         0      0        1
  SINCE JAN 1      0                         0      0        1
..................................................................


WIND (MPH)
  HIGHEST WIND SPEED    21   HIGHEST WIND DIRECTION     E (90)
  HIGHEST GUST SPEED    27   HIGHEST GUST DIRECTION     E (90)
  AVERAGE WIND SPEED    10.7


SKY COVER
  POSSIBLE SUNSHINE  MM
  AVERAGE SKY COVER 1.0


WEATHER CONDITIONS
 THE FOLLOWING WEATHER WAS RECORDED TODAY.
  RAIN
  LIGHT RAIN
  LIGHT SNOW
  FOG


RELATIVE HUMIDITY (PERCENT)
 HIGHEST    92           800 AM
 LOWEST     70          1200 AM
 AVERAGE    81

..........................................................


THE FLINT MI CLIMATE NORMALS FOR TOMORROW
                         NORMAL    RECORD    YEAR
 MAXIMUM TEMPERATURE (F)   50        77      1943
 MINIMUM TEMPERATURE (F)   30         0      1923


SUNRISE AND SUNSET
MARCH 30 2017.........SUNRISE   720 AM EDT   SUNSET   759 PM EDT
MARCH 31 2017.........SUNRISE   718 AM EDT   SUNSET   800 PM EDT


-  INDICATES NEGATIVE NUMBERS.
R  INDICATES RECORD WAS SET OR TIED.
MM INDICATES DATA IS MISSING.
T  INDICATES TRACE AMOUNT.




$$
