000
CDUS43 KDTX 242026
CLIFNT


CLIMATE REPORT
NATIONAL WEATHER SERVICE DETROIT/PONTIAC MI
426 PM EDT SAT SEP 24 2016


...................................

...THE FLINT MI CLIMATE SUMMARY FOR SEPTEMBER 24 2016...
VALID TODAY AS OF 0400 PM LOCAL TIME.

CLIMATE NORMAL PERIOD 1981 TO 2010
CLIMATE RECORD PERIOD 1921 TO 2016


WEATHER ITEM   OBSERVED TIME   RECORD YEAR NORMAL DEPARTURE LAST
                VALUE   (LST)  VALUE       VALUE  FROM      YEAR
                                                  NORMAL
..................................................................
TEMPERATURE (F)
 TODAY
  MAXIMUM         68    259 PM  89    2007  69     -1       80
  MINIMUM         51    646 AM  31    1989  47      4       52
  AVERAGE         60                        58      2       66

PRECIPITATION (IN)
  TODAY            0.00          1.10 2003   0.13  -0.13     0.00
  MONTH TO DATE    2.66                      3.05  -0.39     3.48
  SINCE SEP 1      2.66                      3.05  -0.39     3.48
  SINCE JAN 1     22.21                     23.61  -1.40    22.85

SNOWFALL (IN)
  TODAY            0.0           0.0    MM   0.0    0.0      0.0
  MONTH TO DATE    0.0                       0.0    0.0      0.0
  SINCE SEP 1      0.0                       0.0    0.0      0.0
  SINCE JUL 1      0.0                       0.0    0.0      0.0
  SNOW DEPTH       0

DEGREE DAYS
 HEATING
  TODAY            5                         8     -3        0
  MONTH TO DATE   29                       109    -80       42
  SINCE SEP 1     29                       109    -80       42
  SINCE JUL 1     29                       153   -124       64

 COOLING
  TODAY            0                         1     -1        1
  MONTH TO DATE   72                        43     29      132
  SINCE SEP 1     72                        43     29      132
  SINCE JAN 1   1011                       520    491      745
..................................................................


WIND (MPH)
  HIGHEST WIND SPEED    14   HIGHEST WIND DIRECTION     E (70)
  HIGHEST GUST SPEED    18   HIGHEST GUST DIRECTION     E (80)
  AVERAGE WIND SPEED     7.8


SKY COVER
  POSSIBLE SUNSHINE  MM
  AVERAGE SKY COVER 0.4


WEATHER CONDITIONS
 THE FOLLOWING WEATHER WAS RECORDED TODAY.
  NO SIGNIFICANT WEATHER WAS OBSERVED.


RELATIVE HUMIDITY (PERCENT)
 HIGHEST    89           200 AM
 LOWEST     53           300 PM
 AVERAGE    71

..........................................................


THE FLINT MI CLIMATE NORMALS FOR TOMORROW
                         NORMAL    RECORD    YEAR
 MAXIMUM TEMPERATURE (F)   69        86      1935
                                             1933
 MINIMUM TEMPERATURE (F)   46        30      1947
                                             1942


SUNRISE AND SUNSET
SEPTEMBER 24 2016.....SUNRISE   725 AM EDT   SUNSET   728 PM EDT
SEPTEMBER 25 2016.....SUNRISE   726 AM EDT   SUNSET   726 PM EDT


-  INDICATES NEGATIVE NUMBERS.
R  INDICATES RECORD WAS SET OR TIED.
MM INDICATES DATA IS MISSING.
T  INDICATES TRACE AMOUNT.




$$
