000
CDUS43 KDTX 290536
CLIFNT


CLIMATE REPORT
NATIONAL WEATHER SERVICE DETROIT/PONTIAC MI
1236 AM EST SAT NOV 29 2014


...................................

...THE FLINT MI CLIMATE SUMMARY FOR NOVEMBER 28 2014...

CLIMATE NORMAL PERIOD 1981 TO 2010
CLIMATE RECORD PERIOD 1921 TO 2014


WEATHER ITEM   OBSERVED TIME   RECORD YEAR NORMAL DEPARTURE LAST
                VALUE   (LST)  VALUE       VALUE  FROM      YEAR
                                                  NORMAL
..................................................................
TEMPERATURE (F)
 YESTERDAY
  MAXIMUM         29   1159 PM  64    2006  41    -12       28
                                      2005
  MINIMUM         15    411 AM   2    1930  27    -12       14
  AVERAGE         22                        34    -12       21

PRECIPITATION (IN)
  YESTERDAY        0.02          1.64 1968   0.08  -0.06     0.02
  MONTH TO DATE    1.69                      2.51  -0.82     1.67
  SINCE SEP 1      6.79                      8.73  -1.94     5.19
  SINCE JAN 1     33.78                     29.29   4.49    30.78

SNOWFALL (IN)
  YESTERDAY        0.7           4.2  1991   0.1    0.6      0.6
  MONTH TO DATE    8.7                       2.1    6.6      1.6
  SINCE SEP 1      9.4                       2.5    6.9      1.6
  SINCE JUL 1      9.4                       2.5    6.9      1.6
  SNOW DEPTH       0

DEGREE DAYS
 HEATING
  YESTERDAY       43                        31     12       44
  MONTH TO DATE  840                       721    119      764
  SINCE SEP 1   1398                      1373     25     1308
  SINCE JUL 1   1422                      1417      5     1330

 COOLING
  YESTERDAY        0                         0      0        0
  MONTH TO DATE    0                         0      0        0
  SINCE SEP 1     65                        54     11       88
  SINCE JAN 1    597                       531     66      758
..................................................................


WIND (MPH)
  HIGHEST WIND SPEED    13   HIGHEST WIND DIRECTION     S (200)
  HIGHEST GUST SPEED    15   HIGHEST GUST DIRECTION     S (180)
  AVERAGE WIND SPEED     6.9


SKY COVER
  POSSIBLE SUNSHINE  MM
  AVERAGE SKY COVER 0.6


WEATHER CONDITIONS
 THE FOLLOWING WEATHER WAS RECORDED YESTERDAY.
  LIGHT SNOW
  FOG
  HAZE


RELATIVE HUMIDITY (PERCENT)
 HIGHEST    81           500 PM
 LOWEST     53           200 PM
 AVERAGE    67

..........................................................


THE FLINT MI CLIMATE NORMALS FOR TODAY
                         NORMAL    RECORD    YEAR
 MAXIMUM TEMPERATURE (F)   40        68      1941
 MINIMUM TEMPERATURE (F)   26         1      1929


SUNRISE AND SUNSET
NOVEMBER 29 2014......SUNRISE   744 AM EST   SUNSET   502 PM EST
NOVEMBER 30 2014......SUNRISE   745 AM EST   SUNSET   502 PM EST


-  INDICATES NEGATIVE NUMBERS.
R  INDICATES RECORD WAS SET OR TIED.
MM INDICATES DATA IS MISSING.
T  INDICATES TRACE AMOUNT.




$$
