000
CDUS43 KDTX 300537
CLIFNT


CLIMATE REPORT
NATIONAL WEATHER SERVICE DETROIT/PONTIAC MI
137 AM EDT MON MAR 30 2015


...................................

...THE FLINT MI CLIMATE SUMMARY FOR MARCH 29 2015...

CLIMATE NORMAL PERIOD 1981 TO 2010
CLIMATE RECORD PERIOD 1921 TO 2015


WEATHER ITEM   OBSERVED TIME   RECORD YEAR NORMAL DEPARTURE LAST
                VALUE   (LST)  VALUE       VALUE  FROM      YEAR
                                                  NORMAL
..................................................................
TEMPERATURE (F)
 YESTERDAY
  MAXIMUM         46    123 PM  77    1963  49     -3       38
                                      1946
  MINIMUM         23    601 AM  12    1923  29     -6       29
  AVERAGE         35                        39     -4       34

PRECIPITATION (IN)
  YESTERDAY        0.01          0.94 1973   0.08  -0.07     0.00
  MONTH TO DATE    0.44                      1.76  -1.32     1.21
  SINCE MAR 1      0.44                      1.76  -1.32     1.21
  SINCE JAN 1      2.61                      4.87  -2.26     5.22

SNOWFALL (IN)
  YESTERDAY        T             6.0  1954   0.1   -0.1      0.0
  MONTH TO DATE    3.7                       6.2   -2.5      9.4
  SINCE MAR 1      3.7                       6.2   -2.5      9.4
  SINCE JUL 1     44.2                      44.8   -0.6     82.6
  SNOW DEPTH       0

DEGREE DAYS
 HEATING
  YESTERDAY       30                        26      4       31
  MONTH TO DATE  948                       906     42     1154
  SINCE MAR 1    948                       906     42     1154
  SINCE JUL 1   6256                      5994    262     6675

 COOLING
  YESTERDAY        0                         0      0        0
  MONTH TO DATE    0                         0      0        0
  SINCE MAR 1      0                         0      0        0
  SINCE JAN 1      0                         0      0        0
..................................................................


WIND (MPH)
  HIGHEST WIND SPEED    30   HIGHEST WIND DIRECTION     S (190)
  HIGHEST GUST SPEED    39   HIGHEST GUST DIRECTION    SW (210)
  AVERAGE WIND SPEED    14.9


SKY COVER
  POSSIBLE SUNSHINE  MM
  AVERAGE SKY COVER 0.3


WEATHER CONDITIONS
 THE FOLLOWING WEATHER WAS RECORDED YESTERDAY.
  LIGHT RAIN
  LIGHT SNOW
  FOG
  HAZE


RELATIVE HUMIDITY (PERCENT)
 HIGHEST    79          1000 PM
 LOWEST     30          1100 AM
 AVERAGE    55

..........................................................


THE FLINT MI CLIMATE NORMALS FOR TODAY
                         NORMAL    RECORD    YEAR
 MAXIMUM TEMPERATURE (F)   50        79      1998
 MINIMUM TEMPERATURE (F)   30         4      1954


SUNRISE AND SUNSET
MARCH 30 2015.........SUNRISE   721 AM EDT   SUNSET   759 PM EDT
MARCH 31 2015.........SUNRISE   719 AM EDT   SUNSET   800 PM EDT


-  INDICATES NEGATIVE NUMBERS.
R  INDICATES RECORD WAS SET OR TIED.
MM INDICATES DATA IS MISSING.
T  INDICATES TRACE AMOUNT.




$$
