000
CDUS43 KFSD 210652
CLIFSD


CLIMATE REPORT
NATIONAL WEATHER SERVICE SIOUX FALLS SD
150 AM CDT THU SEP 21 2017


...................................

...THE SIOUX FALLS SD CLIMATE SUMMARY FOR SEPTEMBER 20 2017...

CLIMATE NORMAL PERIOD 1981 TO 2010
CLIMATE RECORD PERIOD 1893 TO 2017


WEATHER ITEM   OBSERVED TIME   RECORD YEAR NORMAL DEPARTURE LAST
                VALUE   (LST)  VALUE       VALUE  FROM      YEAR
                                                  NORMAL
..................................................................
TEMPERATURE (F)
 YESTERDAY
  MAXIMUM         74    241 PM  93    1910  72      2       86
  MINIMUM         50   1156 PM  25    1918  47      3       54
  AVERAGE         62                        59      3       70

PRECIPITATION (IN)
  YESTERDAY        T             2.91 1950   0.09  -0.09     0.00
  MONTH TO DATE    0.60                      1.88  -1.28     6.32
  SINCE SEP 1      0.60                      1.88  -1.28     6.32
  SINCE JAN 1     18.19                     21.27  -3.08    24.18

SNOWFALL (IN)
  YESTERDAY        0.0           0.0    MM   0.0    0.0      0.0
  MONTH TO DATE    0.0                       0.0    0.0      0.0
  SINCE SEP 1      0.0                       0.0    0.0      0.0
  SINCE JUL 1      0.0                       0.0    0.0      0.0
  SNOW DEPTH       0

DEGREE DAYS
 HEATING
  YESTERDAY        3                         7     -4        0
  MONTH TO DATE   44                        83    -39       25
  SINCE SEP 1     44                        83    -39       25
  SINCE JUL 1     50                       114    -64       33

 COOLING
  YESTERDAY        0                         1     -1        5
  MONTH TO DATE   74                        53     21       61
  SINCE SEP 1     74                        53     21       61
  SINCE JAN 1    748                       678     70      841
..................................................................


WIND (MPH)
  HIGHEST WIND SPEED    17   HIGHEST WIND DIRECTION    NW (320)
  HIGHEST GUST SPEED    23   HIGHEST GUST DIRECTION    NW (320)
  AVERAGE WIND SPEED     5.3


SKY COVER
  POSSIBLE SUNSHINE  MM
  AVERAGE SKY COVER 0.2


WEATHER CONDITIONS
 THE FOLLOWING WEATHER WAS RECORDED YESTERDAY.
  THUNDERSTORM
  LIGHT RAIN


RELATIVE HUMIDITY (PERCENT)
 HIGHEST   100           200 AM
 LOWEST     44           300 PM
 AVERAGE    72

..........................................................


THE SIOUX FALLS SD CLIMATE NORMALS FOR TODAY
                         NORMAL    RECORD    YEAR
 MAXIMUM TEMPERATURE (F)   71        93      1937
 MINIMUM TEMPERATURE (F)   47        25      1913


SUNRISE AND SUNSET
SEPTEMBER 21 2017.....SUNRISE   713 AM CDT   SUNSET   726 PM CDT
SEPTEMBER 22 2017.....SUNRISE   714 AM CDT   SUNSET   724 PM CDT


-  INDICATES NEGATIVE NUMBERS.
R  INDICATES RECORD WAS SET OR TIED.
MM INDICATES DATA IS MISSING.
T  INDICATES TRACE AMOUNT.




$$
