000
CDUS43 KFSD 310629
CLIFSD


CLIMATE REPORT
NATIONAL WEATHER SERVICE SIOUX FALLS SD
126 AM CDT TUE MAY 31 2016


...................................

...THE SIOUX FALLS SD CLIMATE SUMMARY FOR MAY 30 2016...

CLIMATE NORMAL PERIOD 1981 TO 2010
CLIMATE RECORD PERIOD 1893 TO 2016


WEATHER ITEM   OBSERVED TIME   RECORD YEAR NORMAL DEPARTURE LAST
                VALUE   (LST)  VALUE       VALUE  FROM      YEAR
                                                  NORMAL
..................................................................
TEMPERATURE (F)
 YESTERDAY
  MAXIMUM         82    544 PM 104    1934  74      8       62
  MINIMUM         54   1209 AM  30    1897  51      3       42
  AVERAGE         68                        62      6       52

PRECIPITATION (IN)
  YESTERDAY        0.13          1.95 1943   0.13   0.00     0.00
  MONTH TO DATE    2.95                      3.28  -0.33     4.00
  SINCE MAR 1      9.66                      8.05   1.61     5.33
  SINCE JAN 1     11.34                      9.21   2.13     6.55

SNOWFALL (IN)
  YESTERDAY        0.0          MM      MM   0.0    0.0      0.0
  MONTH TO DATE    0.0                       0.4   -0.4       T
  SINCE MAR 1     12.2                      13.4   -1.2      1.7
  SINCE JUL 1     68.5                      44.9   23.6     31.9
  SNOW DEPTH       0

DEGREE DAYS
 HEATING
  YESTERDAY        0                         4     -4       13
  MONTH TO DATE  213                       244    -31      226
  SINCE MAR 1   1459                      1801   -342     1477
  SINCE JUL 1   6495                      7651  -1156     7226

 COOLING
  YESTERDAY        3                         2      1        0
  MONTH TO DATE   32                        30      2       18
  SINCE MAR 1     32                        35     -3       22
  SINCE JAN 1     32                        35     -3       22
..................................................................


WIND (MPH)
  HIGHEST WIND SPEED    28   HIGHEST WIND DIRECTION     W (270)
  HIGHEST GUST SPEED    45   HIGHEST GUST DIRECTION    SW (240)
  AVERAGE WIND SPEED    10.2


SKY COVER
  POSSIBLE SUNSHINE  MM
  AVERAGE SKY COVER 0.8


WEATHER CONDITIONS
 THE FOLLOWING WEATHER WAS RECORDED YESTERDAY.
  THUNDERSTORM
  RAIN
  FOG


RELATIVE HUMIDITY (PERCENT)
 HIGHEST    93           100 AM
 LOWEST     42           500 PM
 AVERAGE    68

..........................................................


THE SIOUX FALLS SD CLIMATE NORMALS FOR TODAY
                         NORMAL    RECORD    YEAR
 MAXIMUM TEMPERATURE (F)   74       100      1934
 MINIMUM TEMPERATURE (F)   51        30      1897


SUNRISE AND SUNSET
MAY 31 2016...........SUNRISE   549 AM CDT   SUNSET   901 PM CDT
JUNE  1 2016..........SUNRISE   548 AM CDT   SUNSET   902 PM CDT


-  INDICATES NEGATIVE NUMBERS.
R  INDICATES RECORD WAS SET OR TIED.
MM INDICATES DATA IS MISSING.
T  INDICATES TRACE AMOUNT.




$$
