975
CDUS44 KTSA 060800
CLIFSM

CLIMATE REPORT
NATIONAL WEATHER SERVICE TULSA OK
300 AM CDT FRI MAY 6 2016

...................................

...THE FORT SMITH ARKANSAS CLIMATE SUMMARY FOR MAY 5 2016...

CLIMATE NORMAL PERIOD 1981 TO 2010
CLIMATE RECORD PERIOD 1882 TO 2016


WEATHER ITEM   OBSERVED TIME   RECORD YEAR NORMAL DEPARTURE LAST
                VALUE   (LST)  VALUE       VALUE  FROM      YEAR
                                                  NORMAL
..................................................................
TEMPERATURE (F)
 YESTERDAY
  MAXIMUM         79    325 PM  93    2014  78      1       84
  MINIMUM         47    535 AM  39    2013  56     -9       61
  AVERAGE         63                        67     -4       73

PRECIPITATION (IN)
  YESTERDAY        0.00          3.05 1960   0.17  -0.17     0.00
  MONTH TO DATE    0.03                      0.88  -0.85     0.00
  SINCE MAR 1     11.39                      9.03   2.36     8.79
  SINCE JAN 1     13.54                     14.60  -1.06    13.40

DEGREE DAYS
 COOLING
  YESTERDAY        0                         4     -4        8
  MONTH TO DATE    0                        16    -16       21
  SINCE MAR 1     48                        81    -33       89
  SINCE JAN 1     49                        82    -33       89
..................................................................


WIND (MPH)
  HIGHEST WIND SPEED    18   HIGHEST WIND DIRECTION     N (350)
  HIGHEST GUST SPEED    29   HIGHEST GUST DIRECTION    NW (320)
  AVERAGE WIND SPEED     6.1


SKY COVER
  POSSIBLE SUNSHINE  MM
  AVERAGE SKY COVER 0.0


WEATHER CONDITIONS
 THE FOLLOWING WEATHER WAS RECORDED YESTERDAY.
  HAZE


RELATIVE HUMIDITY (PERCENT)
 HIGHEST    80           500 AM
 LOWEST     23           200 PM
 AVERAGE    52

..........................................................


THE FORT SMITH ARKANSAS CLIMATE NORMALS FOR TODAY
                         NORMAL    RECORD    YEAR
 MAXIMUM TEMPERATURE (F)   78        91      2012
                                             2010
                                             1952
 MINIMUM TEMPERATURE (F)   56        40      1944


SUNRISE AND SUNSET
MAY  6 2016...........SUNRISE   620 AM CDT   SUNSET   808 PM CDT
MAY  7 2016...........SUNRISE   620 AM CDT   SUNSET   809 PM CDT


-  INDICATES NEGATIVE NUMBERS.
R  INDICATES RECORD WAS SET OR TIED.
MM INDICATES DATA IS MISSING.
T  INDICATES TRACE AMOUNT.




$$

&&
...........................................................

THE ARKANSAS RIVER AT VAN BUREN

                   OBSERVED      24 HOUR     24 HOUR
                    VALUE        CHANGE      FORECAST

 STAGE (FEET)
  THIS MORNING       19.7         +0.2

MEAN FLOW (CFS)
  TODAY                                        92300
...........................................................
ALL DATA MEASURED AT THE FORT SMITH REGIONAL AIRPORT
