000
CDUS44 KTSA 260803
CLIFSM

CLIMATE REPORT
NATIONAL WEATHER SERVICE TULSA OK
147 AM CDT THU MAR 26 2015


...................................

...THE FORT SMITH ARKANSAS CLIMATE SUMMARY FOR MARCH 25 2015...

CLIMATE NORMAL PERIOD 1981 TO 2010
CLIMATE RECORD PERIOD 1882 TO 2015


WEATHER ITEM   OBSERVED TIME   RECORD YEAR NORMAL DEPARTURE LAST
                VALUE   (LST)  VALUE       VALUE  FROM      YEAR
                                                  NORMAL
..................................................................
TEMPERATURE (F)
 YESTERDAY
  MAXIMUM         86R   256 PM  86    1910  68     18       56
  MINIMUM         55    652 AM  21    1955  43     12       32
  AVERAGE         71                        56     15       44

PRECIPITATION (IN)
  YESTERDAY        0.49          1.85 2002   0.13   0.36     0.00
  MONTH TO DATE    4.13                      3.03   1.10     3.33
  SINCE MAR 1      4.13                      3.03   1.10     3.33
  SINCE JAN 1      8.74                      8.60   0.14     5.10

SNOWFALL (IN)
  YESTERDAY        0.0                                       0.0
  MONTH TO DATE    1.0                                       0.5
  SINCE MAR 1      1.0                                       0.5
  SINCE JUL 1      6.6                                      10.7

DEGREE DAYS
 HEATING
  YESTERDAY        0                        10    -10       21
  MONTH TO DATE  336                       331      5      407
  SINCE MAR 1    336                       331      5      407
  SINCE JUL 1   3150                      3004    146     3352

 COOLING
  YESTERDAY        6                         1      5        0
  MONTH TO DATE    9                         3      6        0
  SINCE MAR 1      9                         3      6        0
  SINCE JAN 1      9                         4      5        0
..................................................................


WIND (MPH)
  HIGHEST WIND SPEED    38   HIGHEST WIND DIRECTION     N (350)
  HIGHEST GUST SPEED    51   HIGHEST GUST DIRECTION     N (350)
  AVERAGE WIND SPEED     8.5


SKY COVER
  POSSIBLE SUNSHINE  MM
  AVERAGE SKY COVER 0.5


WEATHER CONDITIONS
 THE FOLLOWING WEATHER WAS RECORDED YESTERDAY.
  THUNDERSTORM
  HEAVY RAIN
  RAIN
  LIGHT RAIN
  HAIL
  FOG


RELATIVE HUMIDITY (PERCENT)
 HIGHEST    78          1200 AM
 LOWEST     35           300 PM
 AVERAGE    57

..........................................................


THE FORT SMITH ARKANSAS CLIMATE NORMALS FOR TODAY
                         NORMAL    RECORD    YEAR
 MAXIMUM TEMPERATURE (F)   68        85      2012
                                             1925
 MINIMUM TEMPERATURE (F)   44        15      1955


SUNRISE AND SUNSET
MARCH 26 2015.........SUNRISE   713 AM CDT   SUNSET   734 PM CDT
MARCH 27 2015.........SUNRISE   712 AM CDT   SUNSET   735 PM CDT


-  INDICATES NEGATIVE NUMBERS.
R  INDICATES RECORD WAS SET OR TIED.
MM INDICATES DATA IS MISSING.
T  INDICATES TRACE AMOUNT.




$$

&&
...........................................................

THE ARKANSAS RIVER AT VAN BUREN

                   OBSERVED      24 HOUR     24 HOUR
                    VALUE        CHANGE      FORECAST

 STAGE (FEET)
  THIS MORNING       19.3         +0.0

MEAN FLOW (CFS)
  TODAY                                        22100
...........................................................
ALL DATA MEASURED AT THE FORT SMITH REGIONAL AIRPORT
