000
CDUS44 KTSA 012122
CLIFSM

CLIMATE REPORT
NATIONAL WEATHER SERVICE TULSA OK
418 PM CDT FRI AUG 1 2014


...................................

...THE FORT SMITH ARKANSAS CLIMATE SUMMARY FOR AUGUST 1 2014...
VALID TODAY AS OF 0400 PM LOCAL TIME.

CLIMATE NORMAL PERIOD 1981 TO 2010
CLIMATE RECORD PERIOD 1882 TO 2014


WEATHER ITEM   OBSERVED TIME   RECORD YEAR NORMAL DEPARTURE LAST
                VALUE   (LST)  VALUE       VALUE  FROM      YEAR
                                                  NORMAL
..................................................................
TEMPERATURE (F)
 TODAY
  MAXIMUM         81    259 PM 111    2011  94    -13       94
  MINIMUM         69    647 AM  60    1971  72     -3       75
                                      1925
  AVERAGE         75                        83     -8       85

PRECIPITATION (IN)
  TODAY            0.00          1.63 1895   0.09  -0.09     0.00
  MONTH TO DATE    0.00                      0.09  -0.09     0.00
  SINCE JUN 1      7.13                      7.67  -0.54    10.05
  SINCE JAN 1     21.87                     26.86  -4.99    31.03

DEGREE DAYS
 COOLING
  TODAY           10                        18     -8       20
  MONTH TO DATE   10                        18     -8       20
  SINCE JUN 1    867                       939    -72     1007
  SINCE JAN 1   1145                      1183    -38     1281
..................................................................


WIND (MPH)
  HIGHEST WIND SPEED     8   HIGHEST WIND DIRECTION     E (70)
  HIGHEST GUST SPEED     9   HIGHEST GUST DIRECTION    NE (50)
  AVERAGE WIND SPEED     4.2


SKY COVER
  POSSIBLE SUNSHINE  MM
  AVERAGE SKY COVER 1.0


WEATHER CONDITIONS
 THE FOLLOWING WEATHER WAS RECORDED TODAY.
  FOG
  HAZE


RELATIVE HUMIDITY (PERCENT)
 HIGHEST    90          1200 AM
 LOWEST     62          1200 PM
 AVERAGE    76

..........................................................


THE FORT SMITH ARKANSAS CLIMATE NORMALS FOR TOMORROW
                         NORMAL    RECORD    YEAR
 MAXIMUM TEMPERATURE (F)   94       113      2011
 MINIMUM TEMPERATURE (F)   72        56      1965


SUNRISE AND SUNSET
AUGUST  1 2014........SUNRISE   626 AM CDT   SUNSET   821 PM CDT
AUGUST  2 2014........SUNRISE   627 AM CDT   SUNSET   820 PM CDT


-  INDICATES NEGATIVE NUMBERS.
R  INDICATES RECORD WAS SET OR TIED.
MM INDICATES DATA IS MISSING.
T  INDICATES TRACE AMOUNT.




$$

&&
...........................................................

THE ARKANSAS RIVER AT VAN BUREN

                   OBSERVED      24 HOUR     24 HOUR
                    VALUE        CHANGE      FORECAST

 STAGE (FEET)
  THIS AFTERNOON     19.4         +0.0

MEAN FLOW (CFS)
  TODAY                                        8200
...........................................................
ALL DATA MEASURED AT THE FORT SMITH REGIONAL AIRPORT
