000
CDUS44 KTSA 310902
CLIFSM

CLIMATE REPORT
NATIONAL WEATHER SERVICE TULSA OK
302 AM CST SAT JAN 31 2015


...................................

...THE FORT SMITH ARKANSAS CLIMATE SUMMARY FOR JANUARY 30 2015...

CLIMATE NORMAL PERIOD 1981 TO 2010
CLIMATE RECORD PERIOD 1882 TO 2015


WEATHER ITEM   OBSERVED TIME   RECORD YEAR NORMAL DEPARTURE LAST
                VALUE   (LST)  VALUE       VALUE  FROM      YEAR
                                                  NORMAL
..................................................................
TEMPERATURE (F)
 YESTERDAY
  MAXIMUM         52    346 PM  77    1917  52      0       51
                                      1890
  MINIMUM         27    620 AM   0    1966  30     -3       17
  AVERAGE         40                        41     -1       34

PRECIPITATION (IN)
  YESTERDAY        0.00          2.76 1982   0.09  -0.09     0.00
  MONTH TO DATE    2.16                      2.71  -0.55     0.79
  SINCE DEC 1      4.47                      6.00  -1.53     4.89
  SINCE JAN 1      2.16                      2.71  -0.55     0.79

SNOWFALL (IN)
  YESTERDAY        0.0                                       0.0
  MONTH TO DATE    T                                          T
  SINCE DEC 1      T                                         5.0
  SINCE JUL 1      T                                         5.0

DEGREE DAYS
 HEATING
  YESTERDAY       25                        24      1       31
  MONTH TO DATE  757                       769    -12      837
  SINCE DEC 1   1416                      1503    -87     1634
  SINCE JUL 1   2035                      2068    -33     2224
..................................................................


WIND (MPH)
  HIGHEST WIND SPEED    10   HIGHEST WIND DIRECTION    NE (40)
  HIGHEST GUST SPEED    14   HIGHEST GUST DIRECTION    NE (50)
  AVERAGE WIND SPEED     4.6


SKY COVER
  POSSIBLE SUNSHINE  MM
  AVERAGE SKY COVER 0.0


WEATHER CONDITIONS
 THE FOLLOWING WEATHER WAS RECORDED YESTERDAY.
  NO SIGNIFICANT WEATHER WAS OBSERVED.


RELATIVE HUMIDITY (PERCENT)
 HIGHEST    85           700 AM
 LOWEST     32           400 PM
 AVERAGE    59

..........................................................


THE FORT SMITH ARKANSAS CLIMATE NORMALS FOR TODAY
                         NORMAL    RECORD    YEAR
 MAXIMUM TEMPERATURE (F)   52        77      1989
 MINIMUM TEMPERATURE (F)   30         3      1979


SUNRISE AND SUNSET
JANUARY 31 2015.......SUNRISE   718 AM CST   SUNSET   544 PM CST
FEBRUARY  1 2015......SUNRISE   717 AM CST   SUNSET   545 PM CST


-  INDICATES NEGATIVE NUMBERS.
R  INDICATES RECORD WAS SET OR TIED.
MM INDICATES DATA IS MISSING.
T  INDICATES TRACE AMOUNT.




$$

&&
...........................................................

THE ARKANSAS RIVER AT VAN BUREN

                   OBSERVED      24 HOUR     24 HOUR
                    VALUE        CHANGE      FORECAST

 STAGE (FEET)
  THIS MORNING       19.4         +0.6

MEAN FLOW (CFS)
  TODAY                                        4500
...........................................................
ALL DATA MEASURED AT THE FORT SMITH REGIONAL AIRPORT
