000
CDUS44 KTSA 260700
CLIFSM

CLIMATE REPORT
NATIONAL WEATHER SERVICE TULSA OK
200 AM CDT THU MAY 25 2017

...................................

...THE FORT SMITH ARKANSAS CLIMATE SUMMARY FOR MAY 24 2017...

CLIMATE NORMAL PERIOD 1981 TO 2010
CLIMATE RECORD PERIOD 1882 TO 2017


WEATHER ITEM   OBSERVED TIME   RECORD YEAR NORMAL DEPARTURE LAST
                VALUE   (LST)  VALUE       VALUE  FROM      YEAR
                                                  NORMAL
..................................................................
TEMPERATURE (F)
 YESTERDAY
  MAXIMUM         71    447 PM  95    1962  82    -11       84
  MINIMUM         52    537 AM  45    1983  62    -10       67
  AVERAGE         62                        72    -10       76

PRECIPITATION (IN)
  YESTERDAY        0.00          2.90 1909   0.17  -0.17     0.08
  MONTH TO DATE    6.35                      4.31   2.04     3.39
  SINCE MAR 1     17.16                     12.46   4.70    14.75
  SINCE JAN 1     21.98                     18.03   3.95    16.90

DEGREE DAYS
 COOLING
  YESTERDAY        0                         7     -7       11
  MONTH TO DATE  110                       119     -9       68
  SINCE MAR 1    230                       184     46      116
  SINCE JAN 1    246                       185     61      117
..................................................................


WIND (MPH)
  HIGHEST WIND SPEED    23   HIGHEST WIND DIRECTION     W (290)
  HIGHEST GUST SPEED    30   HIGHEST GUST DIRECTION     W (260)
  AVERAGE WIND SPEED    10.7


SKY COVER
  POSSIBLE SUNSHINE  MM
  AVERAGE SKY COVER 0.3


WEATHER CONDITIONS
 THE FOLLOWING WEATHER WAS RECORDED YESTERDAY.
  NO SIGNIFICANT WEATHER WAS OBSERVED.


RELATIVE HUMIDITY (PERCENT)
 HIGHEST    77           300 AM
 LOWEST     37           200 PM
 AVERAGE    57

..........................................................


THE FORT SMITH ARKANSAS CLIMATE NORMALS FOR TODAY
                         NORMAL    RECORD    YEAR
 MAXIMUM TEMPERATURE (F)   83        95      1964
 MINIMUM TEMPERATURE (F)   62        47      2001
                                             1979


SUNRISE AND SUNSET
MAY 25 2017...........SUNRISE   607 AM CDT   SUNSET   823 PM CDT
MAY 26 2017...........SUNRISE   606 AM CDT   SUNSET   823 PM CDT


-  INDICATES NEGATIVE NUMBERS.
R  INDICATES RECORD WAS SET OR TIED.
MM INDICATES DATA IS MISSING.
T  INDICATES TRACE AMOUNT.




$$

&&
...........................................................

THE ARKANSAS RIVER AT VAN BUREN

                   OBSERVED      24 HOUR     24 HOUR
                    VALUE        CHANGE      FORECAST

 STAGE (FEET)
  THIS MORNING       20.8         +0.3

MEAN FLOW (CFS)
  TODAY                                        -99
...........................................................
ALL DATA MEASURED AT THE FORT SMITH REGIONAL AIRPORT
CDUS44 KTSA 252118
CLIFYV
CLIMATE REPORT
NATIONAL WEATHER SERVICE TULSA OK
418 PM CDT THU MAY 25 2017


...................................

...THE FAYETTEVILLE ARKANSAS CLIMATE SUMMARY FOR MAY 25 2017...
VALID TODAY AS OF 0400 PM LOCAL TIME.

CLIMATE NORMAL PERIOD 1981 TO 2010
CLIMATE RECORD PERIOD 1905 TO 2017


WEATHER ITEM   OBSERVED TIME   RECORD YEAR NORMAL DEPARTURE LAST
                VALUE   (LST)  VALUE       VALUE  FROM      YEAR
                                                  NORMAL
..................................................................
TEMPERATURE (F)
 TODAY
  MAXIMUM         78    259 PM  91    2006  78      0       80
                                      1980
  MINIMUM         42    526 AM  40    2001  57    -15       61
  AVERAGE         60                        67     -7       71

PRECIPITATION (IN)
  TODAY            0.00                      0.19  -0.19     1.94
  MONTH TO DATE    4.67                      4.94  -0.27     4.08
  SINCE MAR 1     23.48                     13.46  10.02    11.74
  SINCE JAN 1     26.98                     19.11   7.87    12.89

DEGREE DAYS
 COOLING
  TODAY            0                         4     -4        6
  MONTH TO DATE   33                        58    -25       29
  SINCE MAR 1     65                        86    -21       42
  SINCE JAN 1     70                        86    -16       42
..................................................................


WIND (MPH)
  HIGHEST WIND SPEED    20   HIGHEST WIND DIRECTION     S (190)
  HIGHEST GUST SPEED    28   HIGHEST GUST DIRECTION     S (200)
  AVERAGE WIND SPEED     7.0


SKY COVER
  POSSIBLE SUNSHINE  MM
  AVERAGE SKY COVER 0.0


WEATHER CONDITIONS
 THE FOLLOWING WEATHER WAS RECORDED TODAY.
  NO SIGNIFICANT WEATHER WAS OBSERVED.


RELATIVE HUMIDITY (PERCENT)
 HIGHEST   100          1200 AM
 LOWEST     46          1200 PM
 AVERAGE    73

..........................................................


THE FAYETTEVILLE ARKANSAS CLIMATE NORMALS FOR TOMORROW
                         NORMAL    RECORD    YEAR
 MAXIMUM TEMPERATURE (F)   78        90      2012
                                             1953
 MINIMUM TEMPERATURE (F)   57        38      1988


SUNRISE AND SUNSET
MAY 25 2017...........SUNRISE   604 AM CDT   SUNSET   823 PM CDT
MAY 26 2017...........SUNRISE   604 AM CDT   SUNSET   824 PM CDT


-  INDICATES NEGATIVE NUMBERS.
R  INDICATES RECORD WAS SET OR TIED.
MM INDICATES DATA IS MISSING.
T  INDICATES TRACE AMOUNT.




$$
CDUS44 KTSA 252118
CLIFSM
CLIMATE REPORT
NATIONAL WEATHER SERVICE TULSA OK
418 PM CDT THU MAY 25 2017


...................................

...THE FORT SMITH ARKANSAS CLIMATE SUMMARY FOR MAY 25 2017...
VALID TODAY AS OF 0400 PM LOCAL TIME.

CLIMATE NORMAL PERIOD 1981 TO 2010
CLIMATE RECORD PERIOD 1882 TO 2017


WEATHER ITEM   OBSERVED TIME   RECORD YEAR NORMAL DEPARTURE LAST
                VALUE   (LST)  VALUE       VALUE  FROM      YEAR
                                                  NORMAL
..................................................................
TEMPERATURE (F)
 TODAY
  MAXIMUM         85    259 PM  95    1964  83      2       87
  MINIMUM         49    459 AM  47    2001  62    -13       66
                                      1979
  AVERAGE         67                        72     -5       77

PRECIPITATION (IN)
  TODAY            0.00          2.22 1994   0.16  -0.16     0.26
  MONTH TO DATE    6.35                      4.47   1.88     3.65
  SINCE MAR 1     17.16                     12.62   4.54    15.01
  SINCE JAN 1     21.98                     18.19   3.79    17.16

DEGREE DAYS
 COOLING
  TODAY            2                         8     -6       12
  MONTH TO DATE  112                       127    -15       80
  SINCE MAR 1    232                       192     40      128
  SINCE JAN 1    248                       193     55      129
..................................................................


WIND (MPH)
  HIGHEST WIND SPEED    13   HIGHEST WIND DIRECTION     S (160)
  HIGHEST GUST SPEED    17   HIGHEST GUST DIRECTION     S (170)
  AVERAGE WIND SPEED     5.0


SKY COVER
  POSSIBLE SUNSHINE  MM
  AVERAGE SKY COVER 0.0


WEATHER CONDITIONS
 THE FOLLOWING WEATHER WAS RECORDED TODAY.
  NO SIGNIFICANT WEATHER WAS OBSERVED.


RELATIVE HUMIDITY (PERCENT)
 HIGHEST    93           500 AM
 LOWEST     32           300 PM
 AVERAGE    63

..........................................................


THE FORT SMITH ARKANSAS CLIMATE NORMALS FOR TOMORROW
                         NORMAL    RECORD    YEAR
 MAXIMUM TEMPERATURE (F)   83        95      2012
                                             1964
 MINIMUM TEMPERATURE (F)   62        44      1988


SUNRISE AND SUNSET
MAY 25 2017...........SUNRISE   607 AM CDT   SUNSET   823 PM CDT
MAY 26 2017...........SUNRISE   606 AM CDT   SUNSET   823 PM CDT


-  INDICATES NEGATIVE NUMBERS.
R  INDICATES RECORD WAS SET OR TIED.
MM INDICATES DATA IS MISSING.
T  INDICATES TRACE AMOUNT.




$$

&&
...........................................................

THE ARKANSAS RIVER AT VAN BUREN

                   OBSERVED      24 HOUR     24 HOUR
                    VALUE        CHANGE      FORECAST

 STAGE (FEET)
  THIS AFTERNOON     21.6         +1.5

MEAN FLOW (CFS)
  TODAY                                        -99
...........................................................
ALL DATA MEASURED AT THE FORT SMITH REGIONAL AIRPORT
CDUS44 KTSA 000000
CLITUL
CLIMATE REPORT
NATIONAL WEATHER SERVICE TULSA OK
147 AM CDT FRI MAY 26 2017


...................................

...THE TULSA OKLAHOMA CLIMATE SUMMARY FOR MAY 25 2017...

CLIMATE NORMAL PERIOD 1981 TO 2010
CLIMATE RECORD PERIOD 1882 TO 2017


WEATHER ITEM   OBSERVED TIME   RECORD YEAR NORMAL DEPARTURE LAST
                VALUE   (LST)  VALUE       VALUE  FROM      YEAR
                                                  NORMAL
..................................................................
TEMPERATURE (F)
 YESTERDAY
  MAXIMUM         84    501 PM  97    2006  82      2       88
  MINIMUM         50    355 AM  45    1925  62    -12       65
  AVERAGE         67                        72     -5       77

PRECIPITATION (IN)
  YESTERDAY        0.00          1.80 1974   0.19  -0.19     1.35
  MONTH TO DATE    5.88                      4.78   1.10     3.75
  SINCE MAR 1     18.09                     11.86   6.23    12.50
  SINCE JAN 1     22.69                     15.37   7.32    13.70

DEGREE DAYS
 COOLING
  YESTERDAY        2                         7     -5       12
  MONTH TO DATE   98                       121    -23       92
  SINCE MAR 1    202                       185     17      140
  SINCE JAN 1    218                       186     32      146
..................................................................


WIND (MPH)
  HIGHEST WIND SPEED    26   HIGHEST WIND DIRECTION     S (170)
  HIGHEST GUST SPEED    37   HIGHEST GUST DIRECTION     S (170)
  AVERAGE WIND SPEED    13.8


SKY COVER
  POSSIBLE SUNSHINE  MM
  AVERAGE SKY COVER 0.3


WEATHER CONDITIONS
 THE FOLLOWING WEATHER WAS RECORDED YESTERDAY.
  NO SIGNIFICANT WEATHER WAS OBSERVED.


RELATIVE HUMIDITY (PERCENT)
 HIGHEST    93           300 AM
 LOWEST     40           200 PM
 AVERAGE    67

..........................................................


THE TULSA OKLAHOMA CLIMATE NORMALS FOR TODAY
                         NORMAL    RECORD    YEAR
 MAXIMUM TEMPERATURE (F)   82        94      1926
                                             1920
 MINIMUM TEMPERATURE (F)   62        44      1925


SUNRISE AND SUNSET
MAY 26 2017...........SUNRISE   610 AM CDT   SUNSET   832 PM CDT
MAY 27 2017...........SUNRISE   610 AM CDT   SUNSET   832 PM CDT


-  INDICATES NEGATIVE NUMBERS.
R  INDICATES RECORD WAS SET OR TIED.
MM INDICATES DATA IS MISSING.
T  INDICATES TRACE AMOUNT.




$$

&&
...........................................................

THE TULSA PRECIPITATION NORMALS FOR TODAY
                       NORMAL    RECORD      YEAR
  TODAY                 0.19      2.40       1984
  MONTH TO DATE         4.97
  YEAR TO DATE         15.56
...........................................................
ALL DATA MEASURED AT THE TULSA INTERNATIONAL AIRPORT...
EXCEPT SNOWFALL...WHICH IS MEASURED AT THE NWS OFFICE.
CDUS44 KTSA 000000
CLITUL
CLIMATE REPORT
NATIONAL WEATHER SERVICE TULSA OK
147 AM CDT FRI MAY 26 2017


...................................

...THE TULSA OKLAHOMA CLIMATE SUMMARY FOR MAY 25 2017...

CLIMATE NORMAL PERIOD 1981 TO 2010
CLIMATE RECORD PERIOD 1882 TO 2017


WEATHER ITEM   OBSERVED TIME   RECORD YEAR NORMAL DEPARTURE LAST
                VALUE   (LST)  VALUE       VALUE  FROM      YEAR
                                                  NORMAL
..................................................................
TEMPERATURE (F)
 YESTERDAY
  MAXIMUM         84    501 PM  97    2006  82      2       88
  MINIMUM         50    355 AM  45    1925  62    -12       65
  AVERAGE         67                        72     -5       77

PRECIPITATION (IN)
  YESTERDAY        0.00          1.80 1974   0.19  -0.19     1.35
  MONTH TO DATE    5.88                      4.78   1.10     3.75
  SINCE MAR 1     18.09                     11.86   6.23    12.50
  SINCE JAN 1     22.69                     15.37   7.32    13.70

DEGREE DAYS
 COOLING
  YESTERDAY        2                         7     -5       12
  MONTH TO DATE   98                       121    -23       92
  SINCE MAR 1    202                       185     17      140
  SINCE JAN 1    218                       186     32      146
..................................................................


WIND (MPH)
  HIGHEST WIND SPEED    26   HIGHEST WIND DIRECTION     S (170)
  HIGHEST GUST SPEED    37   HIGHEST GUST DIRECTION     S (170)
  AVERAGE WIND SPEED    13.8


SKY COVER
  POSSIBLE SUNSHINE  MM
  AVERAGE SKY COVER 0.3


WEATHER CONDITIONS
 THE FOLLOWING WEATHER WAS RECORDED YESTERDAY.
  NO SIGNIFICANT WEATHER WAS OBSERVED.


RELATIVE HUMIDITY (PERCENT)
 HIGHEST    93           300 AM
 LOWEST     40           200 PM
 AVERAGE    67

..........................................................


THE TULSA OKLAHOMA CLIMATE NORMALS FOR TODAY
                         NORMAL    RECORD    YEAR
 MAXIMUM TEMPERATURE (F)   82        94      1926
                                             1920
 MINIMUM TEMPERATURE (F)   62        44      1925


SUNRISE AND SUNSET
MAY 26 2017...........SUNRISE   610 AM CDT   SUNSET   832 PM CDT
MAY 27 2017...........SUNRISE   610 AM CDT   SUNSET   832 PM CDT


-  INDICATES NEGATIVE NUMBERS.
R  INDICATES RECORD WAS SET OR TIED.
MM INDICATES DATA IS MISSING.
T  INDICATES TRACE AMOUNT.




$$

&&
...........................................................

THE TULSA PRECIPITATION NORMALS FOR TODAY
                       NORMAL    RECORD      YEAR
  TODAY                 0.19      2.40       1984
  MONTH TO DATE         4.97
  YEAR TO DATE         15.56
...........................................................
ALL DATA MEASURED AT THE TULSA INTERNATIONAL AIRPORT...
EXCEPT SNOWFALL...WHICH IS MEASURED AT THE NWS OFFICE.
