000
CDUS44 KTSA 060904
CLIFSM

CLIMATE REPORT
NATIONAL WEATHER SERVICE TULSA OK
305 AM CST FRI MAR 6 2015

...................................

...THE FORT SMITH ARKANSAS CLIMATE SUMMARY FOR MARCH 5 2015...

CLIMATE NORMAL PERIOD 1981 TO 2010
CLIMATE RECORD PERIOD 1882 TO 2015


WEATHER ITEM   OBSERVED TIME   RECORD YEAR NORMAL DEPARTURE LAST
                VALUE   (LST)  VALUE       VALUE  FROM      YEAR
                                                  NORMAL
..................................................................
TEMPERATURE (F)
 YESTERDAY
  MAXIMUM         43    357 PM  84    1991  61    -18       47
  MINIMUM         18    636 AM  16    1960  38    -20       26
  AVERAGE         31                        50    -19       37

PRECIPITATION (IN)
  YESTERDAY        0.01          2.46 1894   0.12  -0.11     0.00
  MONTH TO DATE    1.19                      0.56   0.63     1.04
  SINCE MAR 1      1.19                      0.56   0.63     1.04
  SINCE JAN 1      5.80                      6.13  -0.33     2.81

SNOWFALL (IN)
  YESTERDAY       MM                                         0.0
  MONTH TO DATE    1.0                                       0.5
  SINCE MAR 1      1.0                                       0.5
  SINCE JUL 1      6.6                                      10.7

DEGREE DAYS
 HEATING
  YESTERDAY       34                        15     19       28
  MONTH TO DATE  143                        80     63      148
  SINCE MAR 1    143                        80     63      148
  SINCE JUL 1   2957                      2753    204     3093

 COOLING
  YESTERDAY        0                         0      0        0
  MONTH TO DATE    0                         0      0        0
  SINCE MAR 1      0                         0      0        0
  SINCE JAN 1      0                         1     -1        0
..................................................................


WIND (MPH)
  HIGHEST WIND SPEED    17   HIGHEST WIND DIRECTION     N (360)
  HIGHEST GUST SPEED    21   HIGHEST GUST DIRECTION     N (20)
  AVERAGE WIND SPEED     5.8


SKY COVER
  POSSIBLE SUNSHINE  MM
  AVERAGE SKY COVER 0.1


WEATHER CONDITIONS
 THE FOLLOWING WEATHER WAS RECORDED YESTERDAY.
  LIGHT SNOW
  FOG


RELATIVE HUMIDITY (PERCENT)
 HIGHEST    84           600 AM
 LOWEST     33           400 PM
 AVERAGE    59

..........................................................


THE FORT SMITH ARKANSAS CLIMATE NORMALS FOR TODAY
                         NORMAL    RECORD    YEAR
 MAXIMUM TEMPERATURE (F)   62        85      1956
 MINIMUM TEMPERATURE (F)   39        17      1943


SUNRISE AND SUNSET
MARCH  6 2015.........SUNRISE   641 AM CST   SUNSET   617 PM CST
MARCH  7 2015.........SUNRISE   639 AM CST   SUNSET   618 PM CST


-  INDICATES NEGATIVE NUMBERS.
R  INDICATES RECORD WAS SET OR TIED.
MM INDICATES DATA IS MISSING.
T  INDICATES TRACE AMOUNT.


$$

&&
...........................................................

THE ARKANSAS RIVER AT VAN BUREN

                   OBSERVED      24 HOUR     24 HOUR
                    VALUE        CHANGE      FORECAST

 STAGE (FEET)
  THIS MORNING       19.8         +0.3

MEAN FLOW (CFS)
  TODAY                                        14400
...........................................................
ALL DATA MEASURED AT THE FORT SMITH REGIONAL AIRPORT
