000
CDUS44 KTSA 290813
CLIFSM

CLIMATE REPORT
NATIONAL WEATHER SERVICE TULSA OK
147 AM CDT SUN MAY 29 2016


...................................

...THE FORT SMITH ARKANSAS CLIMATE SUMMARY FOR MAY 28 2016...

CLIMATE NORMAL PERIOD 1981 TO 2010
CLIMATE RECORD PERIOD 1882 TO 2016


WEATHER ITEM   OBSERVED TIME   RECORD YEAR NORMAL DEPARTURE LAST
                VALUE   (LST)  VALUE       VALUE  FROM      YEAR
                                                  NORMAL
..................................................................
TEMPERATURE (F)
 YESTERDAY
  MAXIMUM         87    451 PM  97    2012  83      4       79
  MINIMUM         62    611 AM  48    1961  63     -1       67
                                      1891
  AVERAGE         75                        73      2       73

PRECIPITATION (IN)
  YESTERDAY        0.00          2.90 1982   0.17  -0.17     0.19
  MONTH TO DATE    3.68                      4.98  -1.30    18.53
  SINCE MAR 1     15.04                     13.13   1.91    27.32
  SINCE JAN 1     17.19                     18.70  -1.51    31.93

DEGREE DAYS
 COOLING
  YESTERDAY       10                         8      2        8
  MONTH TO DATE  110                       151    -41      152
  SINCE MAR 1    158                       216    -58      220
  SINCE JAN 1    159                       217    -58      220
..................................................................


WIND (MPH)
  HIGHEST WIND SPEED    13   HIGHEST WIND DIRECTION     W (260)
  HIGHEST GUST SPEED    16   HIGHEST GUST DIRECTION    SE (150)
  AVERAGE WIND SPEED     5.1


SKY COVER
  POSSIBLE SUNSHINE  MM
  AVERAGE SKY COVER 0.1


WEATHER CONDITIONS
 THE FOLLOWING WEATHER WAS RECORDED YESTERDAY.
  NO SIGNIFICANT WEATHER WAS OBSERVED.


RELATIVE HUMIDITY (PERCENT)
 HIGHEST    93           600 AM
 LOWEST     42           500 PM
 AVERAGE    68

..........................................................


THE FORT SMITH ARKANSAS CLIMATE NORMALS FOR TODAY
                         NORMAL    RECORD    YEAR
 MAXIMUM TEMPERATURE (F)   84        98      1951
 MINIMUM TEMPERATURE (F)   63        46      1947


SUNRISE AND SUNSET
MAY 29 2016...........SUNRISE   605 AM CDT   SUNSET   825 PM CDT
MAY 30 2016...........SUNRISE   604 AM CDT   SUNSET   826 PM CDT


-  INDICATES NEGATIVE NUMBERS.
R  INDICATES RECORD WAS SET OR TIED.
MM INDICATES DATA IS MISSING.
T  INDICATES TRACE AMOUNT.




$$

&&
...........................................................

THE ARKANSAS RIVER AT VAN BUREN

                   OBSERVED      24 HOUR     24 HOUR
                    VALUE        CHANGE      FORECAST

 STAGE (FEET)
  THIS MORNING       19.9         +0.6

MEAN FLOW (CFS)
  TODAY                                        -99
...........................................................
ALL DATA MEASURED AT THE FORT SMITH REGIONAL AIRPORT
