637
CDUS42 KFFC 050920
CLIFTY


CLIMATE REPORT
NATIONAL WEATHER SERVICE PEACHTREE CITY GA
420 AM EST MON DEC 5 2016


...................................

...THE FULTON COUNTY AIRPORT CLIMATE SUMMARY FOR DECEMBER 4 2016...

CLIMATE NORMAL PERIOD 1981 TO 2010
CLIMATE RECORD PERIOD 9999 TO 9999


WEATHER ITEM   OBSERVED TIME   RECORD YEAR NORMAL DEPARTURE LAST
                VALUE   (LST)  VALUE       VALUE  FROM      YEAR
                                                  NORMAL
..................................................................
TEMPERATURE (F)
 YESTERDAY
  MAXIMUM         47    710 AM  MM      MM  57    -10       57
  MINIMUM         44   1159 PM  MM      MM  37      7       30
  AVERAGE         46                        47     -1       44

PRECIPITATION (IN)
  YESTERDAY        0.61         MM      MM   0.16   0.45     0.00
  MONTH TO DATE    0.73                      0.68   0.05     0.11
  SINCE DEC 1      0.73                      0.68   0.05     0.11
  SINCE JAN 1     30.23                     47.86 -17.63    44.47

SNOWFALL (IN)
  YESTERDAY        0.0          MM      MM  MM     MM        0.0
  MONTH TO DATE    0.0                      MM     MM        0.0
  SINCE DEC 1      0.0                      MM     MM        0.0
  SINCE JUL 1      0.0                      MM     MM        0.1
  SNOW DEPTH       0

DEGREE DAYS
 HEATING
  YESTERDAY       19                        18      1       21
  MONTH TO DATE   73                        69      4       56
  SINCE DEC 1     73                        69      4       56
  SINCE JUL 1    393                       579   -186      413
..................................................................


WIND (MPH)
  RESULTANT WIND SPEED   8   RESULTANT WIND DIRECTION   E (70)
  HIGHEST WIND SPEED    14   HIGHEST WIND DIRECTION     E (90)
  HIGHEST GUST SPEED    19   HIGHEST GUST DIRECTION     E (80)
  AVERAGE WIND SPEED     8.2


SKY COVER
  AVERAGE SKY COVER 1.0


WEATHER CONDITIONS
 THE FOLLOWING WEATHER WAS RECORDED YESTERDAY.
  RAIN
  LIGHT RAIN
  FOG


RELATIVE HUMIDITY (PERCENT)
 HIGHEST    93          1200 AM
 LOWEST     76           700 AM
 AVERAGE    85

..........................................................


THE FULTON COUNTY AIRPORT CLIMATE NORMALS FOR TODAY
                         NORMAL    RECORD    YEAR
 MAXIMUM TEMPERATURE (F)   57        MM        MM
 MINIMUM TEMPERATURE (F)   37        MM        MM


SUNRISE AND SUNSET
DECEMBER  5 2016......SUNRISE   729 AM EST   SUNSET   529 PM EST
DECEMBER  6 2016......SUNRISE   729 AM EST   SUNSET   529 PM EST


-  INDICATES NEGATIVE NUMBERS.
R  INDICATES RECORD WAS SET OR TIED.
MM INDICATES DATA IS MISSING.
T  INDICATES TRACE AMOUNT.




$$
