000
CDUS42 KFFC 230924
CLIFTY


CLIMATE REPORT
NATIONAL WEATHER SERVICE PEACHTREE CITY GA
424 AM EST MON JAN 23 2017


...................................

...THE FULTON COUNTY AIRPORT CLIMATE SUMMARY FOR JANUARY 22 2017...

CLIMATE NORMAL PERIOD 1981 TO 2010
CLIMATE RECORD PERIOD 9999 TO 9999


WEATHER ITEM   OBSERVED TIME   RECORD YEAR NORMAL DEPARTURE LAST
                VALUE   (LST)  VALUE       VALUE  FROM      YEAR
                                                  NORMAL
..................................................................
TEMPERATURE (F)
 YESTERDAY
  MAXIMUM         63    617 PM  MM      MM  54      9       45
  MINIMUM         50   1159 PM  MM      MM  33     17       32
  AVERAGE         57                        43     14       39

PRECIPITATION (IN)
  YESTERDAY        0.78         MM      MM   0.15   0.63     1.47
  MONTH TO DATE    6.01                      2.67   3.34     4.57
  SINCE DEC 1      8.79                      6.66   2.13    13.45
  SINCE JAN 1      6.01                      2.67   3.34     4.57

SNOWFALL (IN)
  YESTERDAY        0.0          MM      MM  MM     MM       MM
  MONTH TO DATE    0.0                      MM     MM        0.0
  SINCE DEC 1      0.0                      MM     MM        0.0
  SINCE JUL 1      0.0                      MM     MM        0.1
  SNOW DEPTH       0

DEGREE DAYS
 HEATING
  YESTERDAY        8                        22    -14       26
  MONTH TO DATE  294                       484   -190      546
  SINCE DEC 1    814                      1111   -297      842
  SINCE JUL 1   1134                      1621   -487     1199
..................................................................


WIND (MPH)
  RESULTANT WIND SPEED   5   RESULTANT WIND DIRECTION  SE (130)
  HIGHEST WIND SPEED    24   HIGHEST WIND DIRECTION     S (190)
  HIGHEST GUST SPEED    38   HIGHEST GUST DIRECTION     S (170)
  AVERAGE WIND SPEED     8.4


SKY COVER
  AVERAGE SKY COVER 0.9


WEATHER CONDITIONS
 THE FOLLOWING WEATHER WAS RECORDED YESTERDAY.
  THUNDERSTORM
  HEAVY RAIN
  RAIN
  LIGHT RAIN
  FOG


RELATIVE HUMIDITY (PERCENT)
 HIGHEST    93          1200 AM
 LOWEST     83           900 PM
 AVERAGE    88

..........................................................


THE FULTON COUNTY AIRPORT CLIMATE NORMALS FOR TODAY
                         NORMAL    RECORD    YEAR
 MAXIMUM TEMPERATURE (F)   54        MM        MM
 MINIMUM TEMPERATURE (F)   33        MM        MM


SUNRISE AND SUNSET
JANUARY 23 2017.......SUNRISE   740 AM EST   SUNSET   600 PM EST
JANUARY 24 2017.......SUNRISE   739 AM EST   SUNSET   601 PM EST


-  INDICATES NEGATIVE NUMBERS.
R  INDICATES RECORD WAS SET OR TIED.
MM INDICATES DATA IS MISSING.
T  INDICATES TRACE AMOUNT.




$$
