772
CDUS46 KSGX 181140
CLIFUL


CLIMATE REPORT
NATIONAL WEATHER SERVICE SAN DIEGO, CA
430 AM PDT WED OCT 18 2017


...................................

...THE FULLERTON AIRPORT CA CLIMATE SUMMARY FOR OCTOBER 17 2017...

CLIMATE NORMAL PERIOD 1981 TO 2010
CLIMATE RECORD PERIOD 1998 TO 2017


WEATHER ITEM   OBSERVED TIME   RECORD YEAR NORMAL DEPARTURE LAST
                VALUE   (LST)  VALUE       VALUE  FROM      YEAR
                                                  NORMAL
..................................................................
TEMPERATURE (F)
 YESTERDAY
  MAXIMUM         95   1225 PM  99    2012  78     17       74
  MINIMUM         60    618 AM  54    2013  57      3       62
                                      2008
  AVERAGE         78                        68     10       68

PRECIPITATION (IN)
  YESTERDAY        0.00          1.01 2004   0.03  -0.03     0.27
  MONTH TO DATE    T                         0.32  -0.32     0.27
  SINCE OCT 1      T                         0.32  -0.32     0.27
  SINCE JAN 1     11.18                     10.30   0.88     4.48

DEGREE DAYS
 HEATING
  YESTERDAY        0                         1     -1        0
  MONTH TO DATE    0                         2     -2        0
  SINCE SEP 1      0                         3     -3        0
  SINCE JUL 1      0                         3     -3        0

 COOLING
  YESTERDAY       13                         3     10        3
  MONTH TO DATE  133                        77     56      107
  SINCE SEP 1    435                       332    103      429
  SINCE JAN 1   1665                      1195    470     1704
..................................................................


WIND (MPH)
  RESULTANT WIND SPEED   1   RESULTANT WIND DIRECTION   S (190)
  HIGHEST WIND SPEED    12   HIGHEST WIND DIRECTION    SW (220)
  HIGHEST GUST SPEED    15   HIGHEST GUST DIRECTION    SW (230)
  AVERAGE WIND SPEED     1.9


SKY COVER
  POSSIBLE SUNSHINE  MM
  AVERAGE SKY COVER 0.2


WEATHER CONDITIONS
 THE FOLLOWING WEATHER WAS RECORDED YESTERDAY.
  NO SIGNIFICANT WEATHER WAS OBSERVED.


RELATIVE HUMIDITY (PERCENT)
 HIGHEST    68          1100 PM
 LOWEST     12          1200 PM
 AVERAGE    40

..........................................................


THE FULLERTON AIRPORT CA CLIMATE NORMALS FOR TODAY
                         NORMAL    RECORD    YEAR
 MAXIMUM TEMPERATURE (F)   78        93      2003
 MINIMUM TEMPERATURE (F)   57        50      1998


SUNRISE AND SUNSET
OCTOBER 18 2017.......SUNRISE   659 AM PDT   SUNSET   614 PM PDT
OCTOBER 19 2017.......SUNRISE   700 AM PDT   SUNSET   613 PM PDT


-  INDICATES NEGATIVE NUMBERS.
R  INDICATES RECORD WAS SET OR TIED.
MM INDICATES DATA IS MISSING.
T  INDICATES TRACE AMOUNT.




$$
