142
CDUS46 KSGX 281138
CLIFUL


CLIMATE REPORT
NATIONAL WEATHER SERVICE SAN DIEGO, CA
438 AM PDT FRI APR 28 2017


...................................

...THE FULLERTON AIRPORT CA CLIMATE SUMMARY FOR APRIL 27 2017...

CLIMATE NORMAL PERIOD 1981 TO 2010
CLIMATE RECORD PERIOD 1998 TO 2017


WEATHER ITEM   OBSERVED TIME   RECORD YEAR NORMAL DEPARTURE LAST
                VALUE   (LST)  VALUE       VALUE  FROM      YEAR
                                                  NORMAL
..................................................................
TEMPERATURE (F)
 YESTERDAY
  MAXIMUM         85    456 PM 102    2008  74     11       73
                                      2004
  MINIMUM         60    510 AM  52    2003  55      5       55
  AVERAGE         73                        64      9       64

PRECIPITATION (IN)
  YESTERDAY        0.00          0.00   MM   0.03  -0.03     0.00
  MONTH TO DATE    0.03                      0.80  -0.77     0.10
  SINCE OCT 1     16.37                     13.14   3.23     5.20
  SINCE JAN 1     10.46                      9.24   1.22     4.15

DEGREE DAYS
 HEATING
  YESTERDAY        0                         2     -2        1
  MONTH TO DATE   15                        96    -81       14
  SINCE MAR 1     72                       266   -194       77
  SINCE JUL 1    769                      1188   -419      756

 COOLING
  YESTERDAY        8                         2      6        0
  MONTH TO DATE   74                        27     47       84
  SINCE MAR 1    112                        40     72      105
  SINCE JAN 1    115                        49     66      177
..................................................................


WIND (MPH)
  RESULTANT WIND SPEED   3   RESULTANT WIND DIRECTION   S (170)
  HIGHEST WIND SPEED    18   HIGHEST WIND DIRECTION    NW (300)
  HIGHEST GUST SPEED    30   HIGHEST GUST DIRECTION    NW (300)
  AVERAGE WIND SPEED     6.6


SKY COVER
  POSSIBLE SUNSHINE  MM
  AVERAGE SKY COVER 0.4


WEATHER CONDITIONS
 THE FOLLOWING WEATHER WAS RECORDED YESTERDAY.
  NO SIGNIFICANT WEATHER WAS OBSERVED.


RELATIVE HUMIDITY (PERCENT)
 HIGHEST    90           500 AM
 LOWEST     15           500 PM
 AVERAGE    53

..........................................................


THE FULLERTON AIRPORT CA CLIMATE NORMALS FOR TODAY
                         NORMAL    RECORD    YEAR
 MAXIMUM TEMPERATURE (F)   74        98      2008
 MINIMUM TEMPERATURE (F)   55        48      2002


SUNRISE AND SUNSET
APRIL 28 2017.........SUNRISE   606 AM PDT   SUNSET   733 PM PDT
APRIL 29 2017.........SUNRISE   605 AM PDT   SUNSET   734 PM PDT


-  INDICATES NEGATIVE NUMBERS.
R  INDICATES RECORD WAS SET OR TIED.
MM INDICATES DATA IS MISSING.
T  INDICATES TRACE AMOUNT.




$$
