000
CDUS46 KSGX 100139
CLIFUL


CLIMATE REPORT
NATIONAL WEATHER SERVICE SAN DIEGO, CA
529 PM PST TUE FEB 9 2016


...................................

...THE FULLERTON AIRPORT CA CLIMATE SUMMARY FOR FEBRUARY 9 2016...
VALID TODAY AS OF 0500 PM LOCAL TIME.

CLIMATE NORMAL PERIOD 1981 TO 2010
CLIMATE RECORD PERIOD 1998 TO 2016


WEATHER ITEM   OBSERVED TIME   RECORD YEAR NORMAL DEPARTURE LAST
                VALUE   (LST)  VALUE       VALUE  FROM      YEAR
                                                  NORMAL
..................................................................
TEMPERATURE (F)
 TODAY
  MAXIMUM         93R   345 PM  86    2008  68     25       77
  MINIMUM         55    655 AM  39    2013  47      8       57
  AVERAGE         74                        57     17       67

PRECIPITATION (IN)
  TODAY            0.00          0.57 2010   0.12  -0.12     0.00
  MONTH TO DATE    0.00                      0.84  -0.84      T
  SINCE OCT 1      3.71                      7.77  -4.06     4.69
  SINCE JAN 1      2.66                      3.87  -1.21     0.87

DEGREE DAYS
 HEATING
  TODAY            0                         8     -8        0
  MONTH TO DATE   49                        72    -23        8
  SINCE DEC 1    555                       625    -70      297
  SINCE JUL 1    660                       789   -129      321

 COOLING
  TODAY            9                         0      9        2
  MONTH TO DATE   20                         0     20        8
  SINCE DEC 1     21                         5     16       31
  SINCE JAN 1     20                         4     16       27
..................................................................


WIND (MPH)
  RESULTANT WIND SPEED   2   RESULTANT WIND DIRECTION  NE (50)
  HIGHEST WIND SPEED    13   HIGHEST WIND DIRECTION     E (80)
  HIGHEST GUST SPEED    19   HIGHEST GUST DIRECTION     E (90)
  AVERAGE WIND SPEED     3.1


SKY COVER
  POSSIBLE SUNSHINE  MM
  AVERAGE SKY COVER 0.0


WEATHER CONDITIONS
 THE FOLLOWING WEATHER WAS RECORDED TODAY.
  NO SIGNIFICANT WEATHER WAS OBSERVED.


RELATIVE HUMIDITY (PERCENT)
 HIGHEST    43           400 AM
 LOWEST      8           300 PM
 AVERAGE    26

..........................................................


THE FULLERTON AIRPORT CA CLIMATE NORMALS FOR TOMORROW
                         NORMAL    RECORD    YEAR
 MAXIMUM TEMPERATURE (F)   68        80      2015
                                             2008
 MINIMUM TEMPERATURE (F)   47        37      2009


SUNRISE AND SUNSET
FEBRUARY  9 2016......SUNRISE   642 AM PST   SUNSET   530 PM PST
FEBRUARY 10 2016......SUNRISE   642 AM PST   SUNSET   531 PM PST


-  INDICATES NEGATIVE NUMBERS.
R  INDICATES RECORD WAS SET OR TIED.
MM INDICATES DATA IS MISSING.
T  INDICATES TRACE AMOUNT.




$$
