000
CDUS46 KSGX 300017
CLIFUL


CLIMATE REPORT
NATIONAL WEATHER SERVICE SAN DIEGO, CA
517 PM PDT SUN MAR 29 2015


...................................

...THE FULLERTON AIRPORT CA CLIMATE SUMMARY FOR MARCH 29 2015...
VALID TODAY AS OF 0500 PM LOCAL TIME.

CLIMATE NORMAL PERIOD 1981 TO 2010
CLIMATE RECORD PERIOD 1998 TO 2015


WEATHER ITEM   OBSERVED TIME   RECORD YEAR NORMAL DEPARTURE LAST
                VALUE   (LST)  VALUE       VALUE  FROM      YEAR
                                                  NORMAL
..................................................................
TEMPERATURE (F)
 TODAY
  MAXIMUM         82    220 PM  93    2004  71     11       77
  MINIMUM         61    605 AM  45    2007  50     11       52
  AVERAGE         72                        60     12       65

PRECIPITATION (IN)
  TODAY            0.00          0.09 2006   0.04  -0.04     0.00
  MONTH TO DATE    0.39                      2.10  -1.71     0.71
  SINCE OCT 1      5.33                     12.28  -6.95     4.35
  SINCE JAN 1      1.51                      8.38  -6.87     3.04

SNOWFALL (IN)
  TODAY            0.0
  MONTH TO DATE    0.0
  SINCE MAR 1      0.0
  SINCE JUL 1      0.0
  SNOW DEPTH       0

DEGREE DAYS
 HEATING
  TODAY            0                         5     -5        0
  MONTH TO DATE   33                       160   -127       49
  SINCE MAR 1     33                       160   -127       49
  SINCE JUL 1    396                      1082   -686      547

 COOLING
  TODAY            7                         0      7        0
  MONTH TO DATE  142                         8    134       34
  SINCE MAR 1    142                         8    134       34
  SINCE JAN 1    193                        17    176       54
..................................................................


WIND (MPH)
  RESULTANT WIND SPEED   3   RESULTANT WIND DIRECTION   S (190)
  HIGHEST WIND SPEED    12   HIGHEST WIND DIRECTION    SW (220)
  HIGHEST GUST SPEED    15   HIGHEST GUST DIRECTION    SW (220)
  AVERAGE WIND SPEED     4.0


SKY COVER
  POSSIBLE SUNSHINE  MM
  AVERAGE SKY COVER 0.3


WEATHER CONDITIONS
 THE FOLLOWING WEATHER WAS RECORDED TODAY.
  FOG
  HAZE


RELATIVE HUMIDITY (PERCENT)
 HIGHEST    90           400 AM
 LOWEST     30           200 PM
 AVERAGE    60

..........................................................


THE FULLERTON AIRPORT CA CLIMATE NORMALS FOR TOMORROW
                         NORMAL    RECORD    YEAR
 MAXIMUM TEMPERATURE (F)   71        91      2003
 MINIMUM TEMPERATURE (F)   50        47      2007


SUNRISE AND SUNSET
MARCH 29 2015.........SUNRISE   644 AM PDT   SUNSET   710 PM PDT
MARCH 30 2015.........SUNRISE   642 AM PDT   SUNSET   711 PM PDT


-  INDICATES NEGATIVE NUMBERS.
R  INDICATES RECORD WAS SET OR TIED.
MM INDICATES DATA IS MISSING.
T  INDICATES TRACE AMOUNT.




$$
