000
CDUS46 KSGX 301421
CLIFUL


CLIMATE REPORT
NATIONAL WEATHER SERVICE SAN DIEGO, CA
721 AM PDT THU JUL 30 2015


...................................

...THE FULLERTON AIRPORT CA CLIMATE SUMMARY FOR JULY 29 2015...

CLIMATE NORMAL PERIOD 1981 TO 2010
CLIMATE RECORD PERIOD 1998 TO 2015


WEATHER ITEM   OBSERVED TIME   RECORD YEAR NORMAL DEPARTURE LAST
                VALUE   (LST)  VALUE       VALUE  FROM      YEAR
                                                  NORMAL
..................................................................
TEMPERATURE (F)
 YESTERDAY
  MAXIMUM         84    409 PM  89    2014  84      0       89
  MINIMUM         70    605 AM  59    2010  65      5       70
  AVERAGE         77                        75      2       80

PRECIPITATION (IN)
  YESTERDAY        0.00          0.05 2003   0.00   0.00     0.00
  MONTH TO DATE    0.48                      0.04   0.44      T
  SINCE OCT 1      6.83                     13.59  -6.76     4.77
  SINCE JAN 1      3.01                      9.69  -6.68     3.46

DEGREE DAYS
 HEATING
  YESTERDAY        0                         0      0        0
  MONTH TO DATE    0                         0      0        0
  SINCE JUN 1      0                         2     -2        0
  SINCE JUL 1      0                         0      0        0

 COOLING
  YESTERDAY       12                        10      2       15
  MONTH TO DATE  320                       254     66      365
  SINCE JUN 1    574                       399    175      582
  SINCE JAN 1    916                       522    394      940
..................................................................


WIND (MPH)
  RESULTANT WIND SPEED   3   RESULTANT WIND DIRECTION   S (180)
  HIGHEST WIND SPEED    12   HIGHEST WIND DIRECTION     S (190)
  HIGHEST GUST SPEED    16   HIGHEST GUST DIRECTION     S (190)
  AVERAGE WIND SPEED     4.4


SKY COVER
  POSSIBLE SUNSHINE  MM
  AVERAGE SKY COVER 0.4


WEATHER CONDITIONS
 THE FOLLOWING WEATHER WAS RECORDED YESTERDAY.
  HAZE


RELATIVE HUMIDITY (PERCENT)
 HIGHEST    84           300 AM
 LOWEST     55          1200 PM
 AVERAGE    70

..........................................................


THE FULLERTON AIRPORT CA CLIMATE NORMALS FOR TODAY
                         NORMAL    RECORD    YEAR
 MAXIMUM TEMPERATURE (F)   84        90      2014
 MINIMUM TEMPERATURE (F)   65        61      2010


SUNRISE AND SUNSET
JULY 30 2015..........SUNRISE   602 AM PDT   SUNSET   754 PM PDT
JULY 31 2015..........SUNRISE   603 AM PDT   SUNSET   753 PM PDT


-  INDICATES NEGATIVE NUMBERS.
R  INDICATES RECORD WAS SET OR TIED.
MM INDICATES DATA IS MISSING.
T  INDICATES TRACE AMOUNT.




$$
