000
CDUS46 KSGX 251136
CLIFUL


CLIMATE REPORT
NATIONAL WEATHER SERVICE SAN DIEGO, CA
436 AM PDT SUN JUN 25 2017


...................................

...THE FULLERTON AIRPORT CA CLIMATE SUMMARY FOR JUNE 24 2017...

CLIMATE NORMAL PERIOD 1981 TO 2010
CLIMATE RECORD PERIOD 1998 TO 2017


WEATHER ITEM   OBSERVED TIME   RECORD YEAR NORMAL DEPARTURE LAST
                VALUE   (LST)  VALUE       VALUE  FROM      YEAR
                                                  NORMAL
..................................................................
TEMPERATURE (F)
 YESTERDAY
  MAXIMUM         81   1131 AM  85    2015  80      1       79
                                      2012
                                      2006
  MINIMUM         63    325 AM  58    2005  62      1       65
  AVERAGE         72                        71      1       72

PRECIPITATION (IN)
  YESTERDAY        0.00          0.00   MM   0.00   0.00     0.00
  MONTH TO DATE    0.01                      0.08  -0.07      T
  SINCE OCT 1     16.92                     13.54   3.38     5.26
  SINCE JAN 1     11.01                      9.64   1.37     4.21

DEGREE DAYS
 HEATING
  YESTERDAY        0                         0      0        0
  MONTH TO DATE    0                         0      0        0
  SINCE JUN 1      0                         0      0        0
  SINCE JUL 1    795                      1224   -429      770

 COOLING
  YESTERDAY        7                         6      1        7
  MONTH TO DATE  151                       104     47      188
  SINCE JUN 1    151                       104     47      188
  SINCE JAN 1    390                       227    163      424
..................................................................


WIND (MPH)
  RESULTANT WIND SPEED   3   RESULTANT WIND DIRECTION   S (200)
  HIGHEST WIND SPEED    14   HIGHEST WIND DIRECTION     S (200)
  HIGHEST GUST SPEED    19   HIGHEST GUST DIRECTION     S (190)
  AVERAGE WIND SPEED     4.1


SKY COVER
  POSSIBLE SUNSHINE  MM
  AVERAGE SKY COVER 0.3


WEATHER CONDITIONS
 THE FOLLOWING WEATHER WAS RECORDED YESTERDAY.
  FOG
  HAZE


RELATIVE HUMIDITY (PERCENT)
 HIGHEST    87          1200 AM
 LOWEST     54           300 PM
 AVERAGE    71

..........................................................


THE FULLERTON AIRPORT CA CLIMATE NORMALS FOR TODAY
                         NORMAL    RECORD    YEAR
 MAXIMUM TEMPERATURE (F)   80        97      2006
 MINIMUM TEMPERATURE (F)   62        58      2005


SUNRISE AND SUNSET
JUNE 25 2017..........SUNRISE   543 AM PDT   SUNSET   807 PM PDT
JUNE 26 2017..........SUNRISE   543 AM PDT   SUNSET   807 PM PDT


-  INDICATES NEGATIVE NUMBERS.
R  INDICATES RECORD WAS SET OR TIED.
MM INDICATES DATA IS MISSING.
T  INDICATES TRACE AMOUNT.




$$
