000
CDUS46 KSGX 260024
CLIFUL


CLIMATE REPORT
NATIONAL WEATHER SERVICE SAN DIEGO, CA
524 PM PDT THU AUG 25 2016


...................................

...THE FULLERTON AIRPORT CA CLIMATE SUMMARY FOR AUGUST 25 2016...
VALID TODAY AS OF 0500 PM LOCAL TIME.

CLIMATE NORMAL PERIOD 1981 TO 2010
CLIMATE RECORD PERIOD 1998 TO 2016


WEATHER ITEM   OBSERVED TIME   RECORD YEAR NORMAL DEPARTURE LAST
                VALUE   (LST)  VALUE       VALUE  FROM      YEAR
                                                  NORMAL
..................................................................
TEMPERATURE (F)
 TODAY
  MAXIMUM         80    222 PM  97    2005  86     -6       89
  MINIMUM         67    617 AM  58    2002  65      2       71
  AVERAGE         74                        76     -2       80

PRECIPITATION (IN)
  TODAY            0.00          0.04 2003   0.00   0.00     0.00
  MONTH TO DATE    0.00                      0.04  -0.04     0.00
  SINCE OCT 1      5.26                     13.63  -8.37     6.83
  SINCE JAN 1      4.21                      9.73  -5.52     3.01

DEGREE DAYS
 HEATING
  TODAY            0                         0      0        0
  MONTH TO DATE    0                         0      0        0
  SINCE JUN 1      0                         2     -2        0
  SINCE JUL 1      0                         0      0        0

 COOLING
  TODAY            9                        11     -2       15
  MONTH TO DATE  305                       258     47      330
  SINCE JUN 1    968                       677    291      933
  SINCE JAN 1   1204                       800    404     1275
..................................................................


WIND (MPH)
  RESULTANT WIND SPEED   3   RESULTANT WIND DIRECTION   S (170)
  HIGHEST WIND SPEED    12   HIGHEST WIND DIRECTION    SW (220)
  HIGHEST GUST SPEED    18   HIGHEST GUST DIRECTION     S (200)
  AVERAGE WIND SPEED     3.6


SKY COVER
  POSSIBLE SUNSHINE  MM
  AVERAGE SKY COVER 0.3


WEATHER CONDITIONS
 THE FOLLOWING WEATHER WAS RECORDED TODAY.
  NO SIGNIFICANT WEATHER WAS OBSERVED.


RELATIVE HUMIDITY (PERCENT)
 HIGHEST    81           400 AM
 LOWEST     52          1100 AM
 AVERAGE    67

..........................................................


THE FULLERTON AIRPORT CA CLIMATE NORMALS FOR TOMORROW
                         NORMAL    RECORD    YEAR
 MAXIMUM TEMPERATURE (F)   86       101      2009
 MINIMUM TEMPERATURE (F)   65        61      2009


SUNRISE AND SUNSET
AUGUST 25 2016........SUNRISE   621 AM PDT   SUNSET   726 PM PDT
AUGUST 26 2016........SUNRISE   622 AM PDT   SUNSET   725 PM PDT


-  INDICATES NEGATIVE NUMBERS.
R  INDICATES RECORD WAS SET OR TIED.
MM INDICATES DATA IS MISSING.
T  INDICATES TRACE AMOUNT.




$$
