000
CDUS46 KSGX 240016
CLIFUL


CLIMATE REPORT
NATIONAL WEATHER SERVICE SAN DIEGO, CA
516 PM PDT SAT MAY 23 2015


...................................

...THE FULLERTON AIRPORT CA CLIMATE SUMMARY FOR MAY 23 2015...
VALID TODAY AS OF 0500 PM LOCAL TIME.

CLIMATE NORMAL PERIOD 1981 TO 2010
CLIMATE RECORD PERIOD 1998 TO 2015


WEATHER ITEM   OBSERVED TIME   RECORD YEAR NORMAL DEPARTURE LAST
                VALUE   (LST)  VALUE       VALUE  FROM      YEAR
                                                  NORMAL
..................................................................
TEMPERATURE (F)
 TODAY
  MAXIMUM         72    318 PM  82    2001  75     -3       74
  MINIMUM         58    515 AM  54    2010  59     -1       62
  AVERAGE         65                        67     -2       68

PRECIPITATION (IN)
  TODAY            0.00          0.01 2008   0.00   0.00     0.00
  MONTH TO DATE    0.80                      0.23   0.57     0.00
  SINCE OCT 1      6.35                     13.44  -7.09     4.77
  SINCE JAN 1      2.53                      9.54  -7.01     3.46

SNOWFALL (IN)
  TODAY            0.0
  MONTH TO DATE    0.0
  SINCE MAR 1      0.0
  SINCE JUL 1      0.0
  SNOW DEPTH       0

DEGREE DAYS
 HEATING
  TODAY            0                         1     -1        0
  MONTH TO DATE   26                        28     -2        2
  SINCE MAR 1     90                       300   -210       93
  SINCE JUL 1    453                      1222   -769      591

 COOLING
  TODAY            0                         3     -3        3
  MONTH TO DATE   32                        47    -15      153
  SINCE MAR 1    269                        90    179      280
  SINCE JAN 1    320                        99    221      300
..................................................................


WIND (MPH)
  RESULTANT WIND SPEED   2   RESULTANT WIND DIRECTION   S (180)
  HIGHEST WIND SPEED    14   HIGHEST WIND DIRECTION     S (200)
  HIGHEST GUST SPEED    19   HIGHEST GUST DIRECTION    SW (230)
  AVERAGE WIND SPEED     2.9


SKY COVER
  POSSIBLE SUNSHINE  MM
  AVERAGE SKY COVER 0.8


WEATHER CONDITIONS
 THE FOLLOWING WEATHER WAS RECORDED TODAY.
  NO SIGNIFICANT WEATHER WAS OBSERVED.


RELATIVE HUMIDITY (PERCENT)
 HIGHEST    78           100 AM
 LOWEST     47           300 PM
 AVERAGE    63

..........................................................


THE FULLERTON AIRPORT CA CLIMATE NORMALS FOR TOMORROW
                         NORMAL    RECORD    YEAR
 MAXIMUM TEMPERATURE (F)   75        85      2006
 MINIMUM TEMPERATURE (F)   59        54      2010


SUNRISE AND SUNSET
MAY 23 2015...........SUNRISE   546 AM PDT   SUNSET   752 PM PDT
MAY 24 2015...........SUNRISE   545 AM PDT   SUNSET   752 PM PDT


-  INDICATES NEGATIVE NUMBERS.
R  INDICATES RECORD WAS SET OR TIED.
MM INDICATES DATA IS MISSING.
T  INDICATES TRACE AMOUNT.




$$
