000
CDUS41 KCAR 240528
CLIFVE


CLIMATE REPORT
NATIONAL WEATHER SERVICE CARIBOU, ME
128 AM EDT TUE OCT 24 2017


...................................

...THE FRENCHVILLE ME CLIMATE SUMMARY FOR OCTOBER 23 2017...

CLIMATE NORMAL PERIOD 1981 TO 2010
CLIMATE RECORD PERIOD 9999 TO 9999


WEATHER ITEM   OBSERVED TIME   RECORD YEAR NORMAL DEPARTURE LAST
                VALUE   (LST)  VALUE       VALUE  FROM      YEAR
                                                  NORMAL
..................................................................
TEMPERATURE (F)
 YESTERDAY
  MAXIMUM         58    252 PM              46     12
  MINIMUM         37    539 AM              33      4
  AVERAGE         48                        39      9

PRECIPITATION (IN)
  YESTERDAY        0.00         MM      MM   0.08  -0.08     0.07
  MONTH TO DATE    2.54                      1.92   0.62     2.62
  SINCE SEP 1      6.07                      5.44   0.63     5.14
  SINCE JAN 1     27.46                     27.50  -0.04    27.88

SNOWFALL (IN)
  YESTERDAY       MM            MM      MM  MM     MM       MM
  MONTH TO DATE   MM                        MM     MM       MM
  SINCE SEP 1     MM                        MM     MM       MM
  SINCE JUL 1     MM                        MM     MM       MM
  SNOW DEPTH      MM

DEGREE DAYS
 HEATING
  YESTERDAY       17                               -9
  MONTH TO DATE  383                             -116
  SINCE JUL 1    800                             -243

 COOLING
  YESTERDAY        0                                0
  MONTH TO DATE    0                                0
  SINCE JAN 1    105                              -29
..................................................................


WIND (MPH)
  HIGHEST WIND SPEED    14   HIGHEST WIND DIRECTION    SE (140)
  HIGHEST GUST SPEED    17   HIGHEST GUST DIRECTION    SE (140)
  AVERAGE WIND SPEED     9.1




..........................................................


THE FRENCHVILLE ME CLIMATE NORMALS FOR TODAY
                         NORMAL
 MAXIMUM TEMPERATURE (F)   46
 MINIMUM TEMPERATURE (F)   32


SUNRISE AND SUNSET
OCTOBER 24 2017.......SUNRISE   705 AM EDT   SUNSET   529 PM EDT
OCTOBER 25 2017.......SUNRISE   706 AM EDT   SUNSET   527 PM EDT


-  INDICATES NEGATIVE NUMBERS.
R  INDICATES RECORD WAS SET OR TIED.
MM INDICATES DATA IS MISSING.
T  INDICATES TRACE AMOUNT.




$$
