000
CDUS41 KCAR 090528
CLIFVE


CLIMATE REPORT
NATIONAL WEATHER SERVICE CARIBOU, ME
1228 AM EST FRI DEC 9 2016


...................................

...THE FRENCHVILLE ME CLIMATE SUMMARY FOR DECEMBER 8 2016...

CLIMATE NORMAL PERIOD 1981 TO 2010
CLIMATE RECORD PERIOD 9999 TO 9999


WEATHER ITEM   OBSERVED TIME   RECORD YEAR NORMAL DEPARTURE LAST
                VALUE   (LST)  VALUE       VALUE  FROM      YEAR
                                                  NORMAL
..................................................................
TEMPERATURE (F)
 YESTERDAY
  MAXIMUM         30    520 PM              26      4
  MINIMUM         22   1248 AM              14      8
  AVERAGE         26                        20      6

PRECIPITATION (IN)
  YESTERDAY        0.03         MM      MM   0.09  -0.06      T
  MONTH TO DATE    0.62                      0.77  -0.15     0.69
  SINCE DEC 1      0.62                      0.77  -0.15     0.69
  SINCE JAN 1     30.96                     31.83  -0.87    26.05

SNOWFALL (IN)
  YESTERDAY       MM            MM      MM  MM     MM       MM
  MONTH TO DATE   MM                        MM     MM       MM
  SINCE DEC 1     MM                        MM     MM       MM
  SINCE JUL 1     MM                        MM     MM       MM
  SNOW DEPTH      MM

DEGREE DAYS
 HEATING
  YESTERDAY       39                               -6
  MONTH TO DATE  300                              -49
  SINCE JUL 1   2136                             -523

 COOLING
  YESTERDAY        0                                0
  MONTH TO DATE    0                                0
  SINCE JAN 1    221                               87
..................................................................


WIND (MPH)
  HIGHEST WIND SPEED    12   HIGHEST WIND DIRECTION     W (250)
  HIGHEST GUST SPEED    16   HIGHEST GUST DIRECTION    SW (230)
  AVERAGE WIND SPEED     6.2




..........................................................


THE FRENCHVILLE ME CLIMATE NORMALS FOR TODAY
                         NORMAL
 MAXIMUM TEMPERATURE (F)   26
 MINIMUM TEMPERATURE (F)   13


SUNRISE AND SUNSET
DECEMBER  9 2016......SUNRISE   709 AM EST   SUNSET   343 PM EST
DECEMBER 10 2016......SUNRISE   710 AM EST   SUNSET   343 PM EST


-  INDICATES NEGATIVE NUMBERS.
R  INDICATES RECORD WAS SET OR TIED.
MM INDICATES DATA IS MISSING.
T  INDICATES TRACE AMOUNT.




$$
