000
CDUS41 KCAR 030528
CLIFVE


CLIMATE REPORT
NATIONAL WEATHER SERVICE CARIBOU, ME
126 AM EDT THU SEP 3 2015


...................................

...THE FRENCHVILLE ME CLIMATE SUMMARY FOR SEPTEMBER 2 2015...

CLIMATE NORMAL PERIOD 1981 TO 2010
CLIMATE RECORD PERIOD 9999 TO 9999


WEATHER ITEM   OBSERVED TIME   RECORD YEAR NORMAL DEPARTURE LAST
                VALUE   (LST)  VALUE       VALUE  FROM      YEAR
                                                  NORMAL
..................................................................
TEMPERATURE (F)
 YESTERDAY
  MAXIMUM         80   1128 AM              68     12
  MINIMUM         57    425 AM              49      8
  AVERAGE         69                        59     10

PRECIPITATION (IN)
  YESTERDAY        0.03         MM      MM   0.12  -0.09     0.07
  MONTH TO DATE    0.03                      0.26  -0.23     0.09
  SINCE SEP 1      0.03                      0.26  -0.23     0.09
  SINCE JAN 1     17.72                     22.32  -4.60    22.88

SNOWFALL (IN)
  YESTERDAY       MM            MM      MM  MM     MM       MM
  MONTH TO DATE   MM                        MM     MM       MM
  SINCE SEP 1     MM                        MM     MM       MM
  SINCE JUL 1      0.0                      MM     MM       MM
  SNOW DEPTH      MM

DEGREE DAYS
 HEATING
  YESTERDAY        0                               -7
  MONTH TO DATE    4                              -10
  SINCE JUL 1    166                              -40

 COOLING
  YESTERDAY        4                                3
  MONTH TO DATE    4                                2
  SINCE JAN 1    124                               -2
..................................................................


WIND (MPH)
  HIGHEST WIND SPEED    20   HIGHEST WIND DIRECTION     W (280)
  HIGHEST GUST SPEED    26   HIGHEST GUST DIRECTION     W (270)
  AVERAGE WIND SPEED     5.7




..........................................................


THE FRENCHVILLE ME CLIMATE NORMALS FOR TODAY
                         NORMAL
 MAXIMUM TEMPERATURE (F)   68
 MINIMUM TEMPERATURE (F)   49


SUNRISE AND SUNSET
SEPTEMBER  3 2015.....SUNRISE   554 AM EDT   SUNSET   710 PM EDT
SEPTEMBER  4 2015.....SUNRISE   556 AM EDT   SUNSET   708 PM EDT


-  INDICATES NEGATIVE NUMBERS.
R  INDICATES RECORD WAS SET OR TIED.
MM INDICATES DATA IS MISSING.
T  INDICATES TRACE AMOUNT.




$$
