000
CDUS41 KCAR 272132
CLIFVE


CLIMATE REPORT
NATIONAL WEATHER SERVICE CARIBOU, ME
431 PM EST TUE JAN 27 2015


...................................

...THE FRENCHVILLE ME CLIMATE SUMMARY FOR JANUARY 27 2015...
VALID TODAY AS OF 0400 PM LOCAL TIME.

CLIMATE NORMAL PERIOD 1981 TO 2010
CLIMATE RECORD PERIOD 9999 TO 9999


WEATHER ITEM   OBSERVED TIME   RECORD YEAR NORMAL DEPARTURE LAST
                VALUE   (LST)  VALUE       VALUE  FROM      YEAR
                                                  NORMAL
..................................................................
TEMPERATURE (F)
 TODAY
  MAXIMUM          4    359 PM              17    -13
  MINIMUM         -6    120 AM               0     -6
  AVERAGE         -1                         8     -9

PRECIPITATION (IN)
  TODAY            T            MM      MM   0.03  -0.03     0.13
  MONTH TO DATE    0.60                      1.62  -1.02     2.00
  SINCE DEC 1      3.08                      4.16  -1.08     3.02
  SINCE JAN 1      0.60                      1.62  -1.02     2.00

SNOWFALL (IN)
  TODAY           MM            MM      MM  MM     MM       MM
  MONTH TO DATE   MM                        MM     MM       MM
  SINCE DEC 1     MM                        MM     MM       MM
  SINCE JUL 1     MM                        MM     MM       MM
  SNOW DEPTH      MM

DEGREE DAYS
 HEATING
  TODAY           66                                9
  MONTH TO DATE 1596                               81
  SINCE JUL 1   5160                             -162

 COOLING
  TODAY            0                                0
  MONTH TO DATE    0                                0
  SINCE JAN 1      0                                0
..................................................................


WIND (MPH)
  HIGHEST WIND SPEED    25   HIGHEST WIND DIRECTION    NE (30)
  HIGHEST GUST SPEED    35   HIGHEST GUST DIRECTION    NE (40)
  AVERAGE WIND SPEED    12.9




..........................................................


THE FRENCHVILLE ME CLIMATE NORMALS FOR TOMORROW
                         NORMAL
 MAXIMUM TEMPERATURE (F)   17
 MINIMUM TEMPERATURE (F)    0


SUNRISE AND SUNSET
JANUARY 27 2015.......SUNRISE   705 AM EST   SUNSET   427 PM EST
JANUARY 28 2015.......SUNRISE   704 AM EST   SUNSET   429 PM EST


-  INDICATES NEGATIVE NUMBERS.
R  INDICATES RECORD WAS SET OR TIED.
MM INDICATES DATA IS MISSING.
T  INDICATES TRACE AMOUNT.




$$
