000
CDUS43 KIWX 100542
CLIFWA


CLIMATE REPORT
NATIONAL WEATHER SERVICE NORTHERN INDIANA
1240 AM EST WED FEB 10 2016


...................................

...THE FORT WAYNE CLIMATE SUMMARY FOR FEBRUARY 9 2016...

CLIMATE NORMAL PERIOD 1981 TO 2010
CLIMATE RECORD PERIOD 1897 TO 2016


WEATHER ITEM   OBSERVED TIME   RECORD YEAR NORMAL DEPARTURE LAST
                VALUE   (LST)  VALUE       VALUE  FROM      YEAR
                                                  NORMAL
..................................................................
TEMPERATURE (F)
 YESTERDAY
  MAXIMUM         31    354 PM  59    2001  35     -4       32
                                      1966
  MINIMUM         19   1159 PM -19    1899  19      0       18
  AVERAGE         25                        27     -2       25

PRECIPITATION (IN)
  YESTERDAY        0.01          1.20 1959   0.07  -0.06      T
  MONTH TO DATE    0.25                      0.63  -0.38     1.11
  SINCE DEC 1      6.02                      5.66   0.36     5.06
  SINCE JAN 1      1.87                      2.89  -1.02     3.34

SNOWFALL (IN)
  YESTERDAY        0.5           3.9  2010   0.3    0.2       T
  MONTH TO DATE    0.6                       2.8   -2.2     12.3
  SINCE DEC 1      7.7                      21.4  -13.7     25.6
  SINCE JUL 1     11.9                      23.5  -11.6     29.8
  SNOW DEPTH       0

DEGREE DAYS
 HEATING
  YESTERDAY       40                        38      2       40
  MONTH TO DATE  279                       350    -71      381
  SINCE DEC 1   2186                      2704   -518     2710
  SINCE JUL 1   3155                      3921   -766     4156

 COOLING
  YESTERDAY        0                         0      0        0
  MONTH TO DATE    0                         0      0        0
  SINCE DEC 1      0                         0      0        0
  SINCE JAN 1      0                         0      0        0
..................................................................


WIND (MPH)
  HIGHEST WIND SPEED    23   HIGHEST WIND DIRECTION     W (270)
  HIGHEST GUST SPEED    28   HIGHEST GUST DIRECTION     W (270)
  AVERAGE WIND SPEED    16.1


SKY COVER
  AVERAGE SKY COVER 0.9


WEATHER CONDITIONS
 THE FOLLOWING WEATHER WAS RECORDED YESTERDAY.
  LIGHT SNOW


RELATIVE HUMIDITY (PERCENT)
 HIGHEST    84           700 PM
 LOWEST     47           400 PM
 AVERAGE    66

..........................................................


THE FORT WAYNE CLIMATE NORMALS FOR TODAY
                         NORMAL    RECORD    YEAR
 MAXIMUM TEMPERATURE (F)   35        65      1932
                                             1898
 MINIMUM TEMPERATURE (F)   19       -18      1982


SUNRISE AND SUNSET
FEBRUARY 10 2016......SUNRISE   742 AM EST   SUNSET   608 PM EST
FEBRUARY 11 2016......SUNRISE   741 AM EST   SUNSET   610 PM EST


-  INDICATES NEGATIVE NUMBERS.
R  INDICATES RECORD WAS SET OR TIED.
MM INDICATES DATA IS MISSING.
T  INDICATES TRACE AMOUNT.




$$
