000
CDUS43 KIWX 032020
CLIFWA


CLIMATE REPORT
NATIONAL WEATHER SERVICE NORTHERN INDIANA
420 PM EDT WED JUN 3 2015


...................................

...THE FORT WAYNE CLIMATE SUMMARY FOR JUNE 3 2015...
VALID TODAY AS OF 0400 PM LOCAL TIME.

CLIMATE NORMAL PERIOD 1981 TO 2010
CLIMATE RECORD PERIOD 1897 TO 2015


WEATHER ITEM   OBSERVED TIME   RECORD YEAR NORMAL DEPARTURE LAST
                VALUE   (LST)  VALUE       VALUE  FROM      YEAR
                                                  NORMAL
..................................................................
TEMPERATURE (F)
 TODAY
  MAXIMUM         71    210 PM  96    1934  77     -6       87
  MINIMUM         47    523 AM  38    1929  56     -9       59
  AVERAGE         59                        66     -7       73

PRECIPITATION (IN)
  TODAY            0.00          4.40 1989   0.15  -0.15     0.00
  MONTH TO DATE    0.00                      0.47  -0.47     0.11
  SINCE JUN 1      0.00                      0.47  -0.47     0.11
  SINCE JAN 1     14.13                     15.27  -1.14    16.81

DEGREE DAYS
 HEATING
  TODAY            6                         2      4        0
  MONTH TO DATE   24                         8     16        0
  SINCE JUN 1     24                         8     16        0
  SINCE JUL 1   6675                      6080    595     6951

 COOLING
  TODAY            0                         4     -4        8
  MONTH TO DATE    0                        11    -11       27
  SINCE JUN 1      0                        11    -11       27
  SINCE JAN 1     96                        68     28      108
..................................................................


WIND (MPH)
  HIGHEST WIND SPEED    10   HIGHEST WIND DIRECTION    SE (120)
  HIGHEST GUST SPEED    14   HIGHEST GUST DIRECTION     E (70)
  AVERAGE WIND SPEED     4.7


SKY COVER
  POSSIBLE SUNSHINE  MM
  AVERAGE SKY COVER 0.6


WEATHER CONDITIONS
 THE FOLLOWING WEATHER WAS RECORDED TODAY.
  NO SIGNIFICANT WEATHER WAS OBSERVED.


RELATIVE HUMIDITY (PERCENT)
 HIGHEST    93           400 AM
 LOWEST     66           200 PM
 AVERAGE    80

..........................................................


THE FORT WAYNE CLIMATE NORMALS FOR TOMORROW
                         NORMAL    RECORD    YEAR
 MAXIMUM TEMPERATURE (F)   78        97      2011
 MINIMUM TEMPERATURE (F)   56        39      1945


SUNRISE AND SUNSET
JUNE  3 2015..........SUNRISE   610 AM EDT   SUNSET   908 PM EDT
JUNE  4 2015..........SUNRISE   610 AM EDT   SUNSET   909 PM EDT


-  INDICATES NEGATIVE NUMBERS.
R  INDICATES RECORD WAS SET OR TIED.
MM INDICATES DATA IS MISSING.
T  INDICATES TRACE AMOUNT.




$$
