000
CDUS43 KIWX 140527
CLIFWA


CLIMATE REPORT
NATIONAL WEATHER SERVICE NORTHERN INDIANA
126 AM EDT MON JUL 14 2014


...................................

...THE FORT WAYNE CLIMATE SUMMARY FOR JULY 13 2014...

CLIMATE NORMAL PERIOD 1981 TO 2010
CLIMATE RECORD PERIOD 1897 TO 2014


WEATHER ITEM   OBSERVED TIME   RECORD YEAR NORMAL DEPARTURE LAST
                VALUE   (LST)  VALUE       VALUE  FROM      YEAR
                                                  NORMAL
..................................................................
TEMPERATURE (F)
 YESTERDAY
  MAXIMUM         85    505 PM 104    1936  85      0       83
  MINIMUM         67   1157 PM  45    1904  63      4       59
  AVERAGE         76                        74      2       71

PRECIPITATION (IN)
  YESTERDAY        0.02          2.41 1948   0.15  -0.13     0.00
  MONTH TO DATE    0.78                      1.80  -1.02     2.47
  SINCE JUN 1      6.59                      5.96   0.63     8.38
  SINCE JAN 1     23.13                     20.76   2.37    26.05

SNOWFALL (IN)
  YESTERDAY        0.0           0.0  2002   0.0    0.0      0.0
                                      2001
  MONTH TO DATE    T                         0.0    0.0      0.0
  SINCE JUN 1      T                         0.0    0.0      0.0
  SINCE JUL 1      T                         0.0    0.0      0.0
  SNOW DEPTH       0

DEGREE DAYS
 HEATING
  YESTERDAY        0                         0      0        0
  MONTH TO DATE    0                         0      0        0
  SINCE JUN 1     14                        29    -15       19
  SINCE JUL 1      0                         0      0        0

 COOLING
  YESTERDAY       11                         9      2        6
  MONTH TO DATE   86                       117    -31       95
  SINCE JUN 1    316                       299     17      283
  SINCE JAN 1    397                       356     41      388
..................................................................


WIND (MPH)
  HIGHEST WIND SPEED    26   HIGHEST WIND DIRECTION     W (250)
  HIGHEST GUST SPEED    36   HIGHEST GUST DIRECTION     W (250)
  AVERAGE WIND SPEED    10.4


SKY COVER
  AVERAGE SKY COVER 0.7


WEATHER CONDITIONS
 THE FOLLOWING WEATHER WAS RECORDED YESTERDAY.
  LIGHT RAIN
  FOG


RELATIVE HUMIDITY (PERCENT)
 HIGHEST    87          1200 AM
 LOWEST     44           500 PM
 AVERAGE    66

..........................................................


THE FORT WAYNE CLIMATE NORMALS FOR TODAY
                         NORMAL    RECORD    YEAR
 MAXIMUM TEMPERATURE (F)   85       106      1936
 MINIMUM TEMPERATURE (F)   63        44      1967


SUNRISE AND SUNSET
JULY 14 2014..........SUNRISE   621 AM EDT   SUNSET   912 PM EDT
JULY 15 2014..........SUNRISE   622 AM EDT   SUNSET   912 PM EDT


-  INDICATES NEGATIVE NUMBERS.
R  INDICATES RECORD WAS SET OR TIED.
MM INDICATES DATA IS MISSING.
T  INDICATES TRACE AMOUNT.




$$
