000
CDUS43 KIWX 270521
CLIFWA


CLIMATE REPORT
NATIONAL WEATHER SERVICE NORTHERN INDIANA
121 AM EDT WED JUL 27 2016


...................................

...THE FORT WAYNE CLIMATE SUMMARY FOR JULY 26 2016...

CLIMATE NORMAL PERIOD 1981 TO 2010
CLIMATE RECORD PERIOD 1897 TO 2016


WEATHER ITEM   OBSERVED TIME   RECORD YEAR NORMAL DEPARTURE LAST
                VALUE   (LST)  VALUE       VALUE  FROM      YEAR
                                                  NORMAL
..................................................................
TEMPERATURE (F)
 YESTERDAY
  MAXIMUM         88    441 PM  99    1941  84      4       85
  MINIMUM         61    557 AM  48    1904  62     -1       67
  AVERAGE         75                        73      2       76

PRECIPITATION (IN)
  YESTERDAY        0.00          2.30 2005   0.14  -0.14     0.07
  MONTH TO DATE    0.68                      3.58  -2.90     5.97
  SINCE JUN 1      6.12                      7.74  -1.62    17.95
  SINCE JAN 1     20.31                     22.54  -2.23    32.08

SNOWFALL (IN)
  YESTERDAY        0.0           0.0  2002   0.0    0.0      0.0
                                      2001
  MONTH TO DATE    0.0                       0.0    0.0      0.0
  SINCE JUN 1      T                         0.0    0.0      0.0
  SINCE JUL 1      0.0                       0.0    0.0      0.0
  SNOW DEPTH       0

DEGREE DAYS
 HEATING
  YESTERDAY        0                         0      0        0
  MONTH TO DATE    3                         0      3        0
  SINCE JUN 1     14                        29    -15       28
  SINCE JUL 1      3                         0      3        0

 COOLING
  YESTERDAY       10                         8      2       11
  MONTH TO DATE  251                       229     22      159
  SINCE JUN 1    457                       411     46      335
  SINCE JAN 1    531                       468     63      431
..................................................................


WIND (MPH)
  HIGHEST WIND SPEED     9   HIGHEST WIND DIRECTION     S (200)
  HIGHEST GUST SPEED    13   HIGHEST GUST DIRECTION     S (190)
  AVERAGE WIND SPEED     4.0


SKY COVER
  AVERAGE SKY COVER 0.5


WEATHER CONDITIONS
 THE FOLLOWING WEATHER WAS RECORDED YESTERDAY.
  NO SIGNIFICANT WEATHER WAS OBSERVED.


RELATIVE HUMIDITY (PERCENT)
 HIGHEST    97           600 AM
 LOWEST     39           100 PM
 AVERAGE    68

..........................................................


THE FORT WAYNE CLIMATE NORMALS FOR TODAY
                         NORMAL    RECORD    YEAR
 MAXIMUM TEMPERATURE (F)   84        99      1956
                                             1955
                                             1936
 MINIMUM TEMPERATURE (F)   62        50      1977


SUNRISE AND SUNSET
JULY 27 2016..........SUNRISE   632 AM EDT   SUNSET   902 PM EDT
JULY 28 2016..........SUNRISE   633 AM EDT   SUNSET   901 PM EDT


-  INDICATES NEGATIVE NUMBERS.
R  INDICATES RECORD WAS SET OR TIED.
MM INDICATES DATA IS MISSING.
T  INDICATES TRACE AMOUNT.




$$
