000
CDUS43 KIWX 180528
CLIFWA


CLIMATE REPORT
NATIONAL WEATHER SERVICE NORTHERN INDIANA
1227 AM EST MON DEC 18 2017


...................................

...THE FORT WAYNE CLIMATE SUMMARY FOR DECEMBER 17 2017...

CLIMATE NORMAL PERIOD 1981 TO 2010
CLIMATE RECORD PERIOD 1897 TO 2017


WEATHER ITEM   OBSERVED TIME   RECORD YEAR NORMAL DEPARTURE LAST
                VALUE   (LST)  VALUE       VALUE  FROM      YEAR
                                                  NORMAL
..................................................................
TEMPERATURE (F)
 YESTERDAY
  MAXIMUM         41    307 PM  58    1984  35      6       33
  MINIMUM         26    757 AM -11    1989  22      4       22
  AVERAGE         34                        28      6       28

PRECIPITATION (IN)
  YESTERDAY        0.01          0.83 1929   0.09  -0.08     0.09
  MONTH TO DATE    0.30                      1.54  -1.24     1.24
  SINCE DEC 1      0.30                      1.54  -1.24     1.24
  SINCE JAN 1     47.98                     37.11  10.87    36.30

SNOWFALL (IN)
  YESTERDAY        0.0           3.7  1996   0.3   -0.3      0.0
  MONTH TO DATE    3.7                       4.1   -0.4     10.4
  SINCE DEC 1      3.7                       4.1   -0.4     10.4
  SINCE JUL 1      3.7                       6.2   -2.5     10.8
  SNOW DEPTH       0

DEGREE DAYS
 HEATING
  YESTERDAY       31                        37     -6       37
  MONTH TO DATE  560                       576    -16      666
  SINCE DEC 1    560                       576    -16      666
  SINCE JUL 1   1613                      1793   -180     1511

 COOLING
  YESTERDAY        0                         0      0        0
  MONTH TO DATE    0                         0      0        0
  SINCE DEC 1      0                         0      0        0
  SINCE JAN 1    836                       809     27     1104
..................................................................


WIND (MPH)
  HIGHEST WIND SPEED    16   HIGHEST WIND DIRECTION     S (200)
  HIGHEST GUST SPEED    19   HIGHEST GUST DIRECTION     S (200)
  AVERAGE WIND SPEED     6.7


SKY COVER
  AVERAGE SKY COVER 0.9


WEATHER CONDITIONS
 THE FOLLOWING WEATHER WAS RECORDED YESTERDAY.
  LIGHT RAIN
  FOG


RELATIVE HUMIDITY (PERCENT)
 HIGHEST   100          1000 PM
 LOWEST     84           100 AM
 AVERAGE    92

..........................................................


THE FORT WAYNE CLIMATE NORMALS FOR TODAY
                         NORMAL    RECORD    YEAR
 MAXIMUM TEMPERATURE (F)   35        54      1957
 MINIMUM TEMPERATURE (F)   21        -5      1989


SUNRISE AND SUNSET
DECEMBER 18 2017......SUNRISE   801 AM EST   SUNSET   514 PM EST
DECEMBER 19 2017......SUNRISE   801 AM EST   SUNSET   515 PM EST


-  INDICATES NEGATIVE NUMBERS.
R  INDICATES RECORD WAS SET OR TIED.
MM INDICATES DATA IS MISSING.
T  INDICATES TRACE AMOUNT.




$$
