000
CDUS43 KIWX 012025
CLIFWA


CLIMATE REPORT
NATIONAL WEATHER SERVICE NORTHERN INDIANA
421 PM EDT SUN MAY 1 2016


...................................

...THE FORT WAYNE CLIMATE SUMMARY FOR MAY 1 2016...
VALID TODAY AS OF 0400 PM LOCAL TIME.

CLIMATE NORMAL PERIOD 1981 TO 2010
CLIMATE RECORD PERIOD 1897 TO 2016


WEATHER ITEM   OBSERVED TIME   RECORD YEAR NORMAL DEPARTURE LAST
                VALUE   (LST)  VALUE       VALUE  FROM      YEAR
                                                  NORMAL
..................................................................
TEMPERATURE (F)
 TODAY
  MAXIMUM         63    254 PM  88    1942  67     -4       73
  MINIMUM         49    301 AM  27    1963  44      5       40
  AVERAGE         56                        56      0       57

PRECIPITATION (IN)
  TODAY            0.01          1.18 1983   0.11  -0.10     0.00
  MONTH TO DATE    0.01                      0.11  -0.10     0.00
  SINCE MAR 1      7.02                      6.34   0.68     5.35
  SINCE JAN 1     10.07                     10.64  -0.57     9.12

SNOWFALL (IN)
  TODAY            0.0           T    1997   0.0    0.0      0.0
                                      1940
  MONTH TO DATE    0.0                       0.0    0.0      0.0
  SINCE MAR 1      3.9                       5.1   -1.2      8.6
  SINCE JUL 1     20.1                      33.5  -13.4     45.1

DEGREE DAYS
 HEATING
  TODAY            9                        10     -1        8
  MONTH TO DATE    9                        10     -1        8
  SINCE MAR 1   1100                      1294   -194     1397
  SINCE JUL 1   4927                      5892   -965     6546

 COOLING
  TODAY            0                         0      0        0
  MONTH TO DATE    0                         0      0        0
  SINCE MAR 1      0                         8     -8        0
  SINCE JAN 1      0                         8     -8        0
..................................................................


WIND (MPH)
  HIGHEST WIND SPEED     9   HIGHEST WIND DIRECTION     E (70)
  HIGHEST GUST SPEED    11   HIGHEST GUST DIRECTION    NE (60)
  AVERAGE WIND SPEED     4.9


SKY COVER
  POSSIBLE SUNSHINE  MM
  AVERAGE SKY COVER 0.9


WEATHER CONDITIONS
 THE FOLLOWING WEATHER WAS RECORDED TODAY.
  LIGHT RAIN
  FOG
  FOG W/VISIBILITY <= 1/4 MILE
  HAZE


RELATIVE HUMIDITY (PERCENT)
 HIGHEST   100           900 AM
 LOWEST     78           300 PM
 AVERAGE    89

..........................................................


THE FORT WAYNE CLIMATE NORMALS FOR TOMORROW
                         NORMAL    RECORD    YEAR
 MAXIMUM TEMPERATURE (F)   67        88      1959
 MINIMUM TEMPERATURE (F)   45        30      1903


SUNRISE AND SUNSET
MAY  1 2016...........SUNRISE   638 AM EDT   SUNSET   838 PM EDT
MAY  2 2016...........SUNRISE   637 AM EDT   SUNSET   839 PM EDT


-  INDICATES NEGATIVE NUMBERS.
R  INDICATES RECORD WAS SET OR TIED.
MM INDICATES DATA IS MISSING.
T  INDICATES TRACE AMOUNT.




$$
