665
CDUS43 KIWX 020525
CLIFWA


CLIMATE REPORT
NATIONAL WEATHER SERVICE NORTHERN INDIANA
1225 AM EST FRI DEC 2 2016


...................................

...THE FORT WAYNE CLIMATE SUMMARY FOR DECEMBER 1 2016...

CLIMATE NORMAL PERIOD 1981 TO 2010
CLIMATE RECORD PERIOD 1897 TO 2016


WEATHER ITEM   OBSERVED TIME   RECORD YEAR NORMAL DEPARTURE LAST
                VALUE   (LST)  VALUE       VALUE  FROM      YEAR
                                                  NORMAL
..................................................................
TEMPERATURE (F)
 YESTERDAY
  MAXIMUM         40    409 PM  67    1970  42     -2       49
  MINIMUM         35    202 AM   8    1979  27      8       31
  AVERAGE         38                        34      4       40

PRECIPITATION (IN)
  YESTERDAY        T             0.79 2006   0.10  -0.10     0.05
  MONTH TO DATE    T                         0.10  -0.10     0.05
  SINCE DEC 1      T                         0.10  -0.10     0.05
  SINCE JAN 1     35.06                     35.67  -0.61    42.29

SNOWFALL (IN)
  YESTERDAY        T             3.7  1974   0.2   -0.2      0.0
  MONTH TO DATE    T                         0.2   -0.2      0.0
  SINCE DEC 1      T                         0.2   -0.2      0.0
  SINCE JUL 1      0.4                       2.3   -1.9      4.2
  SNOW DEPTH       0

DEGREE DAYS
 HEATING
  YESTERDAY       27                        31     -4       25
  MONTH TO DATE   27                        31     -4       25
  SINCE DEC 1     27                        31     -4       25
  SINCE JUL 1    872                      1248   -376      994

 COOLING
  YESTERDAY        0                         0      0        0
  MONTH TO DATE    0                         0      0        0
  SINCE DEC 1      0                         0      0        0
  SINCE JAN 1   1104                       809    295      811
..................................................................


WIND (MPH)
  HIGHEST WIND SPEED    24   HIGHEST WIND DIRECTION     W (250)
  HIGHEST GUST SPEED    31   HIGHEST GUST DIRECTION    SW (240)
  AVERAGE WIND SPEED    15.5


SKY COVER
  AVERAGE SKY COVER 0.8


WEATHER CONDITIONS
 THE FOLLOWING WEATHER WAS RECORDED YESTERDAY.
  LIGHT RAIN
  SNOW
  FOG


RELATIVE HUMIDITY (PERCENT)
 HIGHEST    82           600 AM
 LOWEST     70           200 PM
 AVERAGE    76

..........................................................


THE FORT WAYNE CLIMATE NORMALS FOR TODAY
                         NORMAL    RECORD    YEAR
 MAXIMUM TEMPERATURE (F)   41        71      1982
 MINIMUM TEMPERATURE (F)   27         0      1976


SUNRISE AND SUNSET
DECEMBER  2 2016......SUNRISE   748 AM EST   SUNSET   513 PM EST
DECEMBER  3 2016......SUNRISE   749 AM EST   SUNSET   513 PM EST


-  INDICATES NEGATIVE NUMBERS.
R  INDICATES RECORD WAS SET OR TIED.
MM INDICATES DATA IS MISSING.
T  INDICATES TRACE AMOUNT.




$$
