000
CDUS43 KIWX 230521
CLIFWA


CLIMATE REPORT
NATIONAL WEATHER SERVICE NORTHERN INDIANA
121 AM EDT THU OCT 23 2014


...................................

...THE FORT WAYNE CLIMATE SUMMARY FOR OCTOBER 22 2014...

CLIMATE NORMAL PERIOD 1981 TO 2010
CLIMATE RECORD PERIOD 1897 TO 2014


WEATHER ITEM   OBSERVED TIME   RECORD YEAR NORMAL DEPARTURE LAST
                VALUE   (LST)  VALUE       VALUE  FROM      YEAR
                                                  NORMAL
..................................................................
TEMPERATURE (F)
 YESTERDAY
  MAXIMUM         53    244 PM  84    1963  61     -8       49
  MINIMUM         34   1057 PM  27    1989  40     -6       30
                                      1987
  AVERAGE         44                        51     -7       40

PRECIPITATION (IN)
  YESTERDAY        0.00          1.47 1983   0.09  -0.09     0.11
  MONTH TO DATE    2.48                      2.06   0.42     1.78
  SINCE SEP 1      7.38                      4.86   2.52     3.67
  SINCE JAN 1     37.77                     31.70   6.07    36.01

SNOWFALL (IN)
  YESTERDAY        0.0           1.4  1913   0.0    0.0      0.0
  MONTH TO DATE    T                         0.1   -0.1      0.0
  SINCE SEP 1      T                         0.1   -0.1      0.0
  SINCE JUL 1      T                         0.1   -0.1      0.0
  SNOW DEPTH       0

DEGREE DAYS
 HEATING
  YESTERDAY       21                        14      7       25
  MONTH TO DATE  271                       249     22      202
  SINCE SEP 1    391                       353     38      300
  SINCE JUL 1    415                       365     50      320

 COOLING
  YESTERDAY        0                         0      0        0
  MONTH TO DATE    3                         8     -5       28
  SINCE SEP 1     57                        91    -34      126
  SINCE JAN 1    731                       808    -77      855
..................................................................


WIND (MPH)
  HIGHEST WIND SPEED    12   HIGHEST WIND DIRECTION    NE (60)
  HIGHEST GUST SPEED    17   HIGHEST GUST DIRECTION    NE (50)
  AVERAGE WIND SPEED     5.6


SKY COVER
  AVERAGE SKY COVER 0.4


WEATHER CONDITIONS
 THE FOLLOWING WEATHER WAS RECORDED YESTERDAY.
  FOG


RELATIVE HUMIDITY (PERCENT)
 HIGHEST    92           500 AM
 LOWEST     63           200 PM
 AVERAGE    78

..........................................................


THE FORT WAYNE CLIMATE NORMALS FOR TODAY
                         NORMAL    RECORD    YEAR
 MAXIMUM TEMPERATURE (F)   61        85      1963
 MINIMUM TEMPERATURE (F)   40        25      1982


SUNRISE AND SUNSET
OCTOBER 23 2014.......SUNRISE   801 AM EDT   SUNSET   648 PM EDT
OCTOBER 24 2014.......SUNRISE   802 AM EDT   SUNSET   647 PM EDT


-  INDICATES NEGATIVE NUMBERS.
R  INDICATES RECORD WAS SET OR TIED.
MM INDICATES DATA IS MISSING.
T  INDICATES TRACE AMOUNT.




$$
