000
CDUS43 KIWX 050526
CLIFWA


CLIMATE REPORT
NATIONAL WEATHER SERVICE NORTHERN INDIANA
1224 AM EST THU MAR 5 2015


...................................

...THE FORT WAYNE CLIMATE SUMMARY FOR MARCH 4 2015...

CLIMATE NORMAL PERIOD 1981 TO 2010
CLIMATE RECORD PERIOD 1897 TO 2015


WEATHER ITEM   OBSERVED TIME   RECORD YEAR NORMAL DEPARTURE LAST
                VALUE   (LST)  VALUE       VALUE  FROM      YEAR
                                                  NORMAL
..................................................................
TEMPERATURE (F)
 YESTERDAY
  MAXIMUM         34    206 AM  78    1983  43     -9       22
  MINIMUM         18   1159 PM  -1    2014  25     -7       -1
  AVERAGE         26                        34     -8       11

PRECIPITATION (IN)
  YESTERDAY        0.00          1.16 1982   0.08  -0.08     0.00
  MONTH TO DATE    0.44                      0.31   0.13     0.33
  SINCE MAR 1      0.44                      0.31   0.13     0.33
  SINCE JAN 1      4.21                      4.61  -0.40     6.57

SNOWFALL (IN)
  YESTERDAY        0.0           3.7  1993   0.2   -0.2      0.0
  MONTH TO DATE    3.6                       0.8    2.8      4.2
  SINCE MAR 1      3.6                       0.8    2.8      4.2
  SINCE JUL 1     40.1                      29.2   10.9     66.0
  SNOW DEPTH       5

DEGREE DAYS
 HEATING
  YESTERDAY       39                        31      8       54
  MONTH TO DATE  166                       127     39      198
  SINCE MAR 1    166                       127     39      198
  SINCE JUL 1   5315                      4725    590     5451

 COOLING
  YESTERDAY        0                         0      0        0
  MONTH TO DATE    0                         0      0        0
  SINCE MAR 1      0                         0      0        0
  SINCE JAN 1      0                         0      0        0
..................................................................


WIND (MPH)
  HIGHEST WIND SPEED    21   HIGHEST WIND DIRECTION    NW (320)
  HIGHEST GUST SPEED    26   HIGHEST GUST DIRECTION    NW (320)
  AVERAGE WIND SPEED    10.5


SKY COVER
  AVERAGE SKY COVER 1.0


WEATHER CONDITIONS
 THE FOLLOWING WEATHER WAS RECORDED YESTERDAY.
  HAZE


RELATIVE HUMIDITY (PERCENT)
 HIGHEST    89          1200 AM
 LOWEST     56           900 PM
 AVERAGE    73

..........................................................


THE FORT WAYNE CLIMATE NORMALS FOR TODAY
                         NORMAL    RECORD    YEAR
 MAXIMUM TEMPERATURE (F)   43        80      1983
 MINIMUM TEMPERATURE (F)   25        -5      1978


SUNRISE AND SUNSET
MARCH  5 2015.........SUNRISE   709 AM EST   SUNSET   636 PM EST
MARCH  6 2015.........SUNRISE   708 AM EST   SUNSET   637 PM EST


-  INDICATES NEGATIVE NUMBERS.
R  INDICATES RECORD WAS SET OR TIED.
MM INDICATES DATA IS MISSING.
T  INDICATES TRACE AMOUNT.




$$
