000
CDUS44 KTSA 271415
CLIFYV

CLIMATE REPORT
NATIONAL WEATHER SERVICE TULSA OK
915 AM CDT FRI MAR 27 2015


...................................

...THE FAYETTEVILLE ARKANSAS CLIMATE SUMMARY FOR MARCH 27 2015...
VALID AS OF 0900 AM LOCAL TIME.

CLIMATE NORMAL PERIOD 1981 TO 2010
CLIMATE RECORD PERIOD 1905 TO 2015


WEATHER ITEM   OBSERVED RECORD YEAR NORMAL DEPARTURE LAST
                VALUE   VALUE       VALUE  FROM      YEAR
                                           NORMAL
...........................................................
TEMPERATURE (F)
 TODAY
  MAXIMUM         40     78    2012  64
                               2008
                               1956
  MINIMUM         36     15    1955  39
  AVERAGE         38

PRECIPITATION (IN)
  TODAY            0.00   3.76 1977   0.13  -0.13     0.13
  MONTH TO DATE    4.60               3.37   1.23     4.60
  SINCE MAR 1      4.60               3.37   1.23     4.60
  SINCE JAN 1      7.66               9.02  -1.36     7.08

SNOWFALL (IN)
  TODAY            0.0    T    1983   0.0             0.0
  MONTH TO DATE    2.6                1.3             3.8
  SINCE MAR 1      2.6                1.3             3.8
  SINCE JUL 1      7.9                6.9            17.9

DEGREE DAYS
 HEATING
  TODAY           27

 COOLING
  TODAY            0
...........................................................


WIND (MPH)
  RESULTANT WIND SPEED   2   RESULTANT WIND DIRECTION  NE (60)
  HIGHEST WIND SPEED     9   HIGHEST WIND DIRECTION    NE (30)
  HIGHEST GUST SPEED    14   HIGHEST GUST DIRECTION     N (20)


SKY COVER
  POSSIBLE SUNSHINE  MM
  AVERAGE SKY COVER 0.9


WEATHER CONDITIONS
 THE FOLLOWING WEATHER WAS RECORDED TODAY.
  NO SIGNIFICANT WEATHER WAS OBSERVED.


RELATIVE HUMIDITY (PERCENT)
 HIGHEST   100
 LOWEST     85
 AVERAGE    93

..........................................................


THE FAYETTEVILLE ARKANSAS CLIMATE NORMALS FOR TOMORROW
                         NORMAL    RECORD    YEAR
 MAXIMUM TEMPERATURE (F)   64        86      1963
 MINIMUM TEMPERATURE (F)   39        26      1958
                                             1955


SUNRISE AND SUNSET
MARCH 27 2015.........SUNRISE   710 AM CDT   SUNSET   734 PM CDT
MARCH 28 2015.........SUNRISE   709 AM CDT   SUNSET   735 PM CDT


-  INDICATES NEGATIVE NUMBERS.
R  INDICATES RECORD WAS SET OR TIED.
MM INDICATES DATA IS MISSING.
T  INDICATES TRACE AMOUNT.




$$
