000
CDUS44 KTSA 172121 RRA
CLIFYV

CLIMATE REPORT
NATIONAL WEATHER SERVICE TULSA OK
418 PM CDT THU AUG 17 2017


...................................

...THE FAYETTEVILLE ARKANSAS CLIMATE SUMMARY FOR AUGUST 17 2017...
VALID TODAY AS OF 0400 PM LOCAL TIME.

CLIMATE NORMAL PERIOD 1981 TO 2010
CLIMATE RECORD PERIOD 1905 TO 2017


WEATHER ITEM   OBSERVED TIME   RECORD YEAR NORMAL DEPARTURE LAST
                VALUE   (LST)  VALUE       VALUE  FROM      YEAR
                                                  NORMAL
..................................................................
TEMPERATURE (F)
 TODAY
  MAXIMUM         82    259 PM 101    1954  90     -8       87
  MINIMUM         66    132 AM  47    1992  65      1       64
  AVERAGE         74                        77     -3       76

PRECIPITATION (IN)
  TODAY            0.90                      0.11   0.79     0.00
  MONTH TO DATE    5.28                      1.75   3.53     0.81
  SINCE JUN 1     13.91                     10.19   3.72    10.56
  SINCE JAN 1     42.46                     30.40  12.06    24.90

DEGREE DAYS
 COOLING
  TODAY            9                        12     -3       11
  MONTH TO DATE  144                       220    -76      237
  SINCE JUN 1    783                       856    -73     1009
  SINCE JAN 1    887                       969    -82     1076
..................................................................


WIND (MPH)
  HIGHEST WIND SPEED    12   HIGHEST WIND DIRECTION     W (270)
  HIGHEST GUST SPEED    16   HIGHEST GUST DIRECTION    SW (220)
  AVERAGE WIND SPEED     5.8


SKY COVER
  POSSIBLE SUNSHINE  MM
  AVERAGE SKY COVER 0.7


WEATHER CONDITIONS
 THE FOLLOWING WEATHER WAS RECORDED TODAY.
  THUNDERSTORM
  HEAVY RAIN
  RAIN
  LIGHT RAIN
  FOG


RELATIVE HUMIDITY (PERCENT)
 HIGHEST   100           100 AM
 LOWEST     69           200 PM
 AVERAGE    85

..........................................................


THE FAYETTEVILLE ARKANSAS CLIMATE NORMALS FOR TOMORROW
                         NORMAL    RECORD    YEAR
 MAXIMUM TEMPERATURE (F)   89       101      2006
                                             1954
 MINIMUM TEMPERATURE (F)   65        53      1992


SUNRISE AND SUNSET
AUGUST 17 2017........SUNRISE   637 AM CDT   SUNSET   804 PM CDT
AUGUST 18 2017........SUNRISE   638 AM CDT   SUNSET   803 PM CDT


-  INDICATES NEGATIVE NUMBERS.
R  INDICATES RECORD WAS SET OR TIED.
MM INDICATES DATA IS MISSING.
T  INDICATES TRACE AMOUNT.




$$
