000
CDUS44 KTSA 280823 RRA
CLIFYV

CLIMATE REPORT
NATIONAL WEATHER SERVICE TULSA OK
147 AM CDT SAT MAY 28 2016


...................................

...THE FAYETTEVILLE ARKANSAS CLIMATE SUMMARY FOR MAY 27 2016...

CLIMATE NORMAL PERIOD 1981 TO 2010
CLIMATE RECORD PERIOD 1905 TO 2016


WEATHER ITEM   OBSERVED TIME   RECORD YEAR NORMAL DEPARTURE LAST
                VALUE   (LST)  VALUE       VALUE  FROM      YEAR
                                                  NORMAL
..................................................................
TEMPERATURE (F)
 YESTERDAY
  MAXIMUM         77   1258 PM  91    2012  79     -2       83
  MINIMUM         64   1121 PM  37    1961  57      7       59
  AVERAGE         71                        68      3       71

PRECIPITATION (IN)
  YESTERDAY        0.02                      0.19  -0.17     0.06
  MONTH TO DATE    4.82                      5.32  -0.50    12.06
  SINCE MAR 1     12.40                     13.84  -1.44    19.45
  SINCE JAN 1     13.55                     19.49  -5.94    22.51

DEGREE DAYS
 COOLING
  YESTERDAY        6                         4      2        6
  MONTH TO DATE   42                        66    -24       63
  SINCE MAR 1     55                        94    -39       86
  SINCE JAN 1     55                        94    -39       86
..................................................................


WIND (MPH)
  HIGHEST WIND SPEED    21   HIGHEST WIND DIRECTION     S (170)
  HIGHEST GUST SPEED    25   HIGHEST GUST DIRECTION     S (170)
  AVERAGE WIND SPEED     9.0


SKY COVER
  POSSIBLE SUNSHINE  MM
  AVERAGE SKY COVER 0.3


WEATHER CONDITIONS
 THE FOLLOWING WEATHER WAS RECORDED YESTERDAY.
  LIGHT RAIN
  FOG


RELATIVE HUMIDITY (PERCENT)
 HIGHEST    97           900 AM
 LOWEST     69           200 PM
 AVERAGE    83

..........................................................


THE FAYETTEVILLE ARKANSAS CLIMATE NORMALS FOR TODAY
                         NORMAL    RECORD    YEAR
 MAXIMUM TEMPERATURE (F)   79        91      2012
 MINIMUM TEMPERATURE (F)   57        44      1961


SUNRISE AND SUNSET
MAY 28 2016...........SUNRISE   603 AM CDT   SUNSET   826 PM CDT
MAY 29 2016...........SUNRISE   602 AM CDT   SUNSET   826 PM CDT


-  INDICATES NEGATIVE NUMBERS.
R  INDICATES RECORD WAS SET OR TIED.
MM INDICATES DATA IS MISSING.
T  INDICATES TRACE AMOUNT.




$$
