000
CDUS44 KTSA 010852
CLIFYV

CLIMATE REPORT
NATIONAL WEATHER SERVICE TULSA OK
147 AM CDT TUE SEP 1 2015


...................................

...THE FAYETTEVILLE ARKANSAS CLIMATE SUMMARY FOR AUGUST 31 2015...

CLIMATE NORMAL PERIOD 1981 TO 2010
CLIMATE RECORD PERIOD 1905 TO 2015


WEATHER ITEM   OBSERVED TIME   RECORD YEAR NORMAL DEPARTURE LAST
                VALUE   (LST)  VALUE       VALUE  FROM      YEAR
                                                  NORMAL
..................................................................
TEMPERATURE (F)
 YESTERDAY
  MAXIMUM         87    320 PM 101    2000  87      0       89
  MINIMUM         65    302 AM  48    1967  63      2       65
  AVERAGE         76                        74      2       77

PRECIPITATION (IN)
  YESTERDAY        0.00                      0.12  -0.12     0.00
  MONTH TO DATE    4.41                      3.24   1.17     2.08
  SINCE JUN 1     19.23                     11.68   7.55     8.61
  SINCE JAN 1     42.69                     31.89  10.80    23.13

DEGREE DAYS
 COOLING
  YESTERDAY       11                        10      1       12
  MONTH TO DATE  283                       376    -93      373
  SINCE JUN 1   1030                      1012     18      887
  SINCE JAN 1   1127                      1125      2     1035
..................................................................


WIND (MPH)
  HIGHEST WIND SPEED    15   HIGHEST WIND DIRECTION     S (180)
  HIGHEST GUST SPEED    19   HIGHEST GUST DIRECTION     S (190)
  AVERAGE WIND SPEED     4.5


SKY COVER
  POSSIBLE SUNSHINE  MM
  AVERAGE SKY COVER 0.1


WEATHER CONDITIONS
 THE FOLLOWING WEATHER WAS RECORDED YESTERDAY.
  FOG


RELATIVE HUMIDITY (PERCENT)
 HIGHEST   100           300 AM
 LOWEST     55           300 PM
 AVERAGE    78

..........................................................


THE FAYETTEVILLE ARKANSAS CLIMATE NORMALS FOR TODAY
                         NORMAL    RECORD    YEAR
 MAXIMUM TEMPERATURE (F)   86       102      2000
 MINIMUM TEMPERATURE (F)   62        43      1967


SUNRISE AND SUNSET
SEPTEMBER  1 2015.....SUNRISE   648 AM CDT   SUNSET   744 PM CDT
SEPTEMBER  2 2015.....SUNRISE   649 AM CDT   SUNSET   743 PM CDT


-  INDICATES NEGATIVE NUMBERS.
R  INDICATES RECORD WAS SET OR TIED.
MM INDICATES DATA IS MISSING.
T  INDICATES TRACE AMOUNT.




$$
