000
CDUS44 KTSA 220908
CLIFYV

CLIMATE REPORT
NATIONAL WEATHER SERVICE TULSA OK
1247 AM CST WED FEB 22 2017


...................................

...THE FAYETTEVILLE ARKANSAS CLIMATE SUMMARY FOR FEBRUARY 21 2017...

CLIMATE NORMAL PERIOD 1981 TO 2010
CLIMATE RECORD PERIOD 1905 TO 2017


WEATHER ITEM   OBSERVED TIME   RECORD YEAR NORMAL DEPARTURE LAST
                VALUE   (LST)  VALUE       VALUE  FROM      YEAR
                                                  NORMAL
..................................................................
TEMPERATURE (F)
 YESTERDAY
  MAXIMUM         66    225 PM  83    1996  53     13       70
  MINIMUM         48   1102 PM   6    1963  30     18       48
  AVERAGE         57                        41     16       59

PRECIPITATION (IN)
  YESTERDAY        0.03                      0.11  -0.08      T
  MONTH TO DATE    1.10                      2.03  -0.93     0.02
  SINCE DEC 1      5.32                      8.11  -2.79    11.48
  SINCE JAN 1      3.49                      4.87  -1.38     0.53

SNOWFALL (IN)
  YESTERDAY       MM                                         0.0
  MONTH TO DATE    0.0                                       0.0
  SINCE DEC 1      0.8                                        T
  SINCE JUL 1      0.8                                        T

DEGREE DAYS
 HEATING
  YESTERDAY        8                        24    -16        6
  MONTH TO DATE  350                       551   -201      464
  SINCE DEC 1   1947                      2316   -369     1995
  SINCE JUL 1   2474                      3145   -671     2637
..................................................................


WIND (MPH)
  HIGHEST WIND SPEED    16   HIGHEST WIND DIRECTION    NW (310)
  HIGHEST GUST SPEED    21   HIGHEST GUST DIRECTION    NW (320)
  AVERAGE WIND SPEED     4.6


SKY COVER
  POSSIBLE SUNSHINE  MM
  AVERAGE SKY COVER 0.9


WEATHER CONDITIONS
 THE FOLLOWING WEATHER WAS RECORDED YESTERDAY.
  LIGHT RAIN
  FOG


RELATIVE HUMIDITY (PERCENT)
 HIGHEST   100          1200 AM
 LOWEST     67           200 PM
 AVERAGE    84

..........................................................


THE FAYETTEVILLE ARKANSAS CLIMATE NORMALS FOR TODAY
                         NORMAL    RECORD    YEAR
 MAXIMUM TEMPERATURE (F)   53        87      1996
 MINIMUM TEMPERATURE (F)   30         4      1963


SUNRISE AND SUNSET
FEBRUARY 22 2017......SUNRISE   655 AM CST   SUNSET   605 PM CST
FEBRUARY 23 2017......SUNRISE   654 AM CST   SUNSET   606 PM CST


-  INDICATES NEGATIVE NUMBERS.
R  INDICATES RECORD WAS SET OR TIED.
MM INDICATES DATA IS MISSING.
T  INDICATES TRACE AMOUNT.




$$
