000
CDUS44 KTSA 271424
CLIFYV

CLIMATE REPORT
NATIONAL WEATHER SERVICE TULSA OK
912 AM CDT SAT AUG 27 2016


...................................

...THE FAYETTEVILLE ARKANSAS CLIMATE SUMMARY FOR AUGUST 27 2016...
VALID AS OF 0900 AM LOCAL TIME.

CLIMATE NORMAL PERIOD 1981 TO 2010
CLIMATE RECORD PERIOD 1905 TO 2016


WEATHER ITEM   OBSERVED RECORD YEAR NORMAL DEPARTURE LAST
                VALUE   VALUE       VALUE  FROM      YEAR
                                           NORMAL
...........................................................
TEMPERATURE (F)
 TODAY
  MAXIMUM         74    100    1963  88
                               1954
  MINIMUM         65     50    2010  64
  AVERAGE         70

PRECIPITATION (IN)
  TODAY            0.00   1.98 1965   0.11  -0.11     0.00
  MONTH TO DATE    1.09               2.79  -1.70     4.41
  SINCE JUN 1     10.84              11.23  -0.39    19.23
  SINCE JAN 1     25.10              31.44  -6.34    42.69

DEGREE DAYS
 COOLING
  TODAY            5
...........................................................


WIND (MPH)
  RESULTANT WIND SPEED   1   RESULTANT WIND DIRECTION   S (170)
  HIGHEST WIND SPEED     5   HIGHEST WIND DIRECTION     S (180)
  HIGHEST GUST SPEED     8   HIGHEST GUST DIRECTION    SE (140)


SKY COVER
  POSSIBLE SUNSHINE  MM
  AVERAGE SKY COVER 0.2


WEATHER CONDITIONS
 THE FOLLOWING WEATHER WAS RECORDED TODAY.
  FOG


RELATIVE HUMIDITY (PERCENT)
 HIGHEST   100
 LOWEST     93
 AVERAGE    97

..........................................................


THE FAYETTEVILLE ARKANSAS CLIMATE NORMALS FOR TOMORROW
                         NORMAL    RECORD    YEAR
 MAXIMUM TEMPERATURE (F)   87       100      1990
                                             1963
                                             1954
 MINIMUM TEMPERATURE (F)   63        46      1967


SUNRISE AND SUNSET
AUGUST 27 2016........SUNRISE   645 AM CDT   SUNSET   750 PM CDT
AUGUST 28 2016........SUNRISE   646 AM CDT   SUNSET   749 PM CDT


-  INDICATES NEGATIVE NUMBERS.
R  INDICATES RECORD WAS SET OR TIED.
MM INDICATES DATA IS MISSING.
T  INDICATES TRACE AMOUNT.




$$
