000
CDUS43 KUNR 150853
CLIGCC


CLIMATE REPORT
NATIONAL WEATHER SERVICE RAPID CITY SD
153 AM MST FRI DEC 15 2017


...................................

...THE GILLETTE AIRPORT WY CLIMATE SUMMARY FOR DECEMBER 14 2017...

CLIMATE NORMAL PERIOD 1981 TO 2010
CLIMATE RECORD PERIOD 9999 TO 9999


WEATHER ITEM   OBSERVED TIME   NORMAL DEPARTURE LAST
                VALUE   (LST)  VALUE  FROM      YEAR
                                      NORMAL
......................................................
TEMPERATURE (F)
 YESTERDAY
  MAXIMUM         36    238 AM  34      2       13
  MINIMUM         19    553 PM  13      6       -1
  AVERAGE         28            24      4        6

PRECIPITATION (IN)
  YESTERDAY        0.02          0.01   0.01     0.00
  MONTH TO DATE    0.20          0.21  -0.01     0.24
  SINCE DEC 1      0.20          0.21  -0.01     0.24
  SINCE JAN 1     13.54         13.70  -0.16    13.63

DEGREE DAYS
 HEATING
  YESTERDAY       37            42     -5       59
  MONTH TO DATE  427           567   -140      736
  SINCE DEC 1    427           567   -140      736
  SINCE JUL 1   2198          2442   -244     2129

 COOLING
  YESTERDAY        0             0      0        0
  MONTH TO DATE    0             0      0        0
  SINCE DEC 1      0             0      0        0
  SINCE JAN 1    617           502    115      569
......................................................


WIND (MPH)
  HIGHEST WIND SPEED    30   HIGHEST WIND DIRECTION    NW (330)
  HIGHEST GUST SPEED    36   HIGHEST GUST DIRECTION    NW (330)
  AVERAGE WIND SPEED    14.3


SKY COVER
  AVERAGE SKY COVER 0.6


WEATHER CONDITIONS
 THE FOLLOWING WEATHER WAS RECORDED YESTERDAY.
  LIGHT SNOW
  FOG
  HAZE


RELATIVE HUMIDITY (PERCENT)
 HIGHEST    85          1000 AM
 LOWEST     61           500 AM
 AVERAGE    73

..........................................................




SUNRISE AND SUNSET
DECEMBER 15 2017......SUNRISE   731 AM MST   SUNSET   424 PM MST
DECEMBER 16 2017......SUNRISE   732 AM MST   SUNSET   424 PM MST


-  INDICATES NEGATIVE NUMBERS.
R  INDICATES RECORD WAS SET OR TIED.
MM INDICATES DATA IS MISSING.
T  INDICATES TRACE AMOUNT.




$$
