000
CDUS43 KUNR 240911
CLIGCC


CLIMATE REPORT
NATIONAL WEATHER SERVICE RAPID CITY SD
307 AM MDT FRI MAR 24 2017


...................................

...THE GILLETTE AIRPORT WY CLIMATE SUMMARY FOR MARCH 23 2017...

CLIMATE NORMAL PERIOD 1981 TO 2010
CLIMATE RECORD PERIOD 9999 TO 9999


WEATHER ITEM   OBSERVED TIME   NORMAL DEPARTURE LAST
                VALUE   (LST)  VALUE  FROM      YEAR
                                      NORMAL
......................................................
TEMPERATURE (F)
 YESTERDAY
  MAXIMUM         51    248 AM  49      2       31
  MINIMUM         34    518 AM  24     10       17
  AVERAGE         43            36      7       24

PRECIPITATION (IN)
  YESTERDAY        0.32          0.03   0.29     0.03
  MONTH TO DATE    0.79          0.65   0.14     0.60
  SINCE MAR 1      0.79          0.65   0.14     0.60
  SINCE JAN 1      1.63          1.43   0.20     2.11

DEGREE DAYS
 HEATING
  YESTERDAY       22            28     -6       41
  MONTH TO DATE  554           718   -164      561
  SINCE MAR 1    554           718   -164      561
  SINCE JUL 1   5311          6126   -815     5292

 COOLING
  YESTERDAY        0             0      0        0
  MONTH TO DATE    0             0      0        0
  SINCE MAR 1      0             0      0        0
  SINCE JAN 1      0             0      0        0
......................................................


WIND (MPH)
  HIGHEST WIND SPEED    24   HIGHEST WIND DIRECTION     N (10)
  HIGHEST GUST SPEED    31   HIGHEST GUST DIRECTION     N (360)
  AVERAGE WIND SPEED     9.9


SKY COVER
  AVERAGE SKY COVER 0.9


WEATHER CONDITIONS
 THE FOLLOWING WEATHER WAS RECORDED YESTERDAY.
  RAIN
  LIGHT RAIN
  FOG
  FOG W/VISIBILITY <= 1/4 MILE


RELATIVE HUMIDITY (PERCENT)
 HIGHEST   100           500 AM
 LOWEST     71           200 AM
 AVERAGE    86

..........................................................




SUNRISE AND SUNSET
MARCH 24 2017.........SUNRISE   657 AM MDT   SUNSET   720 PM MDT
MARCH 25 2017.........SUNRISE   655 AM MDT   SUNSET   721 PM MDT


-  INDICATES NEGATIVE NUMBERS.
R  INDICATES RECORD WAS SET OR TIED.
MM INDICATES DATA IS MISSING.
T  INDICATES TRACE AMOUNT.




$$
