000
CDUS43 KUNR 120833
CLIGCC


CLIMATE REPORT
NATIONAL WEATHER SERVICE RAPID CITY SD
231 AM MDT SAT JUL 12 2014


...................................

...THE GILLETTE AIRPORT WY CLIMATE SUMMARY FOR JULY 11 2014...

CLIMATE NORMAL PERIOD 1981 TO 2010
CLIMATE RECORD PERIOD 9999 TO 9999


WEATHER ITEM   OBSERVED TIME   NORMAL DEPARTURE LAST
                VALUE   (LST)  VALUE  FROM      YEAR
                                      NORMAL
......................................................
TEMPERATURE (F)
 YESTERDAY
  MAXIMUM         85    956 AM  86     -1       99
  MINIMUM         58    419 AM  56      2       63
  AVERAGE         72            71      1       81

PRECIPITATION (IN)
  YESTERDAY        T             0.06  -0.06     0.00
  MONTH TO DATE    0.08          0.56  -0.48     1.65
  SINCE JUN 1      3.21          2.77   0.44     4.16
  SINCE JAN 1     12.81          8.43   4.38    11.20

DEGREE DAYS
 HEATING
  YESTERDAY        0             1     -1        0
  MONTH TO DATE   10            12     -2        0
  SINCE JUN 1    202           154     48      117
  SINCE JUL 1     10            12     -2        0

 COOLING
  YESTERDAY        7             7      0       16
  MONTH TO DATE   62            62      0       92
  SINCE JUN 1     77           122    -45      138
  SINCE JAN 1     85           130    -45      146
......................................................


WIND (MPH)
  HIGHEST WIND SPEED    25   HIGHEST WIND DIRECTION     S (190)
  HIGHEST GUST SPEED    31   HIGHEST GUST DIRECTION     S (190)
  AVERAGE WIND SPEED     7.8


SKY COVER
  AVERAGE SKY COVER 0.2


WEATHER CONDITIONS
 THE FOLLOWING WEATHER WAS RECORDED YESTERDAY.
  THUNDERSTORM
  LIGHT RAIN


RELATIVE HUMIDITY (PERCENT)
 HIGHEST    87           500 AM
 LOWEST     37          1000 AM
 AVERAGE    62

..........................................................




SUNRISE AND SUNSET
JULY 12 2014..........SUNRISE   530 AM MDT   SUNSET   846 PM MDT
JULY 13 2014..........SUNRISE   530 AM MDT   SUNSET   845 PM MDT


-  INDICATES NEGATIVE NUMBERS.
R  INDICATES RECORD WAS SET OR TIED.
MM INDICATES DATA IS MISSING.
T  INDICATES TRACE AMOUNT.




$$
