000
CDUS43 KUNR 280838
CLIGCC


CLIMATE REPORT
NATIONAL WEATHER SERVICE RAPID CITY SD
237 AM MDT FRI AUG 28 2015


...................................

...THE GILLETTE AIRPORT WY CLIMATE SUMMARY FOR AUGUST 27 2015...

CLIMATE NORMAL PERIOD 1981 TO 2010
CLIMATE RECORD PERIOD 9999 TO 9999


WEATHER ITEM   OBSERVED TIME   NORMAL DEPARTURE LAST
                VALUE   (LST)  VALUE  FROM      YEAR
                                      NORMAL
......................................................
TEMPERATURE (F)
 YESTERDAY
  MAXIMUM         84    238 PM  83      1       81
  MINIMUM         61    757 AM  50     11       50
  AVERAGE         73            67      6       66

PRECIPITATION (IN)
  YESTERDAY        0.01          0.02  -0.01     0.11
  MONTH TO DATE    1.87          0.83   1.04     1.95
  SINCE JUN 1      6.02          4.70   1.32     5.46
  SINCE JAN 1     13.14         10.36   2.78    15.06

DEGREE DAYS
 HEATING
  YESTERDAY        0             2     -2        0
  MONTH TO DATE   43            28     15       29
  SINCE JUN 1    104           189    -85      234
  SINCE JUL 1     65            47     18       42

 COOLING
  YESTERDAY        8             4      4        1
  MONTH TO DATE  176           164     12      143
  SINCE JUN 1    414           438    -24      337
  SINCE JAN 1    414           446    -32      345
......................................................


WIND (MPH)
  HIGHEST WIND SPEED    33   HIGHEST WIND DIRECTION     N (340)
  HIGHEST GUST SPEED    38   HIGHEST GUST DIRECTION     N (340)
  AVERAGE WIND SPEED    10.6


SKY COVER
  AVERAGE SKY COVER 0.4


WEATHER CONDITIONS
 THE FOLLOWING WEATHER WAS RECORDED YESTERDAY.
  LIGHT RAIN


RELATIVE HUMIDITY (PERCENT)
 HIGHEST    90           800 AM
 LOWEST     28           300 PM
 AVERAGE    59

..........................................................




SUNRISE AND SUNSET
AUGUST 28 2015........SUNRISE   620 AM MDT   SUNSET   746 PM MDT
AUGUST 29 2015........SUNRISE   621 AM MDT   SUNSET   744 PM MDT


-  INDICATES NEGATIVE NUMBERS.
R  INDICATES RECORD WAS SET OR TIED.
MM INDICATES DATA IS MISSING.
T  INDICATES TRACE AMOUNT.




$$
