000
CDUS43 KUNR 260835
CLIGCC


CLIMATE REPORT
NATIONAL WEATHER SERVICE RAPID CITY SD
234 AM MDT WED APR 26 2017


...................................

...THE GILLETTE AIRPORT WY CLIMATE SUMMARY FOR APRIL 25 2017...

CLIMATE NORMAL PERIOD 1981 TO 2010
CLIMATE RECORD PERIOD 9999 TO 9999


WEATHER ITEM   OBSERVED TIME   NORMAL DEPARTURE LAST
                VALUE   (LST)  VALUE  FROM      YEAR
                                      NORMAL
......................................................
TEMPERATURE (F)
 YESTERDAY
  MAXIMUM         43   1212 AM  59    -16       51
  MINIMUM         26   1150 PM  33     -7       34
  AVERAGE         35            46    -11       43

PRECIPITATION (IN)
  YESTERDAY        0.73          0.07   0.66     0.00
  MONTH TO DATE    2.74          1.10   1.64     1.74
  SINCE MAR 1      3.53          2.06   1.47     2.85
  SINCE JAN 1      4.37          2.84   1.53     4.36

DEGREE DAYS
 HEATING
  YESTERDAY       30            19     11       22
  MONTH TO DATE  495           578    -83      462
  SINCE MAR 1   1200          1517   -317     1250
  SINCE JUL 1   5957          6925   -968     5981

 COOLING
  YESTERDAY        0             0      0        0
  MONTH TO DATE    0             0      0        0
  SINCE MAR 1      0             0      0        0
  SINCE JAN 1      0             0      0        0
......................................................


WIND (MPH)
  HIGHEST WIND SPEED    24   HIGHEST WIND DIRECTION     N (10)
  HIGHEST GUST SPEED    32   HIGHEST GUST DIRECTION     N (10)
  AVERAGE WIND SPEED    14.5


SKY COVER
  AVERAGE SKY COVER 1.0


WEATHER CONDITIONS
 THE FOLLOWING WEATHER WAS RECORDED YESTERDAY.
  RAIN
  LIGHT RAIN
  SNOW
  LIGHT SNOW


RELATIVE HUMIDITY (PERCENT)
 HIGHEST   100          1200 AM
 LOWEST    100          1200 AM
 AVERAGE   100

..........................................................




SUNRISE AND SUNSET
APRIL 26 2017.........SUNRISE   600 AM MDT   SUNSET   801 PM MDT
APRIL 27 2017.........SUNRISE   558 AM MDT   SUNSET   802 PM MDT


-  INDICATES NEGATIVE NUMBERS.
R  INDICATES RECORD WAS SET OR TIED.
MM INDICATES DATA IS MISSING.
T  INDICATES TRACE AMOUNT.




$$
