000
CDUS43 KUNR 020858
CLIGCC


CLIMATE REPORT
NATIONAL WEATHER SERVICE RAPID CITY SD
258 AM MDT TUE SEP 2 2014


...................................

...THE GILLETTE AIRPORT WY CLIMATE SUMMARY FOR SEPTEMBER 1 2014...

CLIMATE NORMAL PERIOD 1981 TO 2010
CLIMATE RECORD PERIOD 9999 TO 9999


WEATHER ITEM   OBSERVED TIME   NORMAL DEPARTURE LAST
                VALUE   (LST)  VALUE  FROM      YEAR
                                      NORMAL
......................................................
TEMPERATURE (F)
 YESTERDAY
  MAXIMUM         64    422 PM  81    -17       88
  MINIMUM         47   1036 PM  49     -2       45
  AVERAGE         56            65     -9       67

PRECIPITATION (IN)
  YESTERDAY        0.02          0.04  -0.02     0.00
  MONTH TO DATE    0.02          0.04  -0.02     0.00
  SINCE SEP 1      0.02          0.04  -0.02     0.00
  SINCE JAN 1     15.28         10.52   4.76    13.43

DEGREE DAYS
 HEATING
  YESTERDAY        9             3      6        0
  MONTH TO DATE    9             3      6        0
  SINCE SEP 1      9             3      6        0
  SINCE JUL 1     58            60     -2        0

 COOLING
  YESTERDAY        0             3     -3        2
  MONTH TO DATE    0             3     -3        2
  SINCE SEP 1      0             3     -3        2
  SINCE JAN 1    355           463   -108      524
......................................................


WIND (MPH)
  HIGHEST WIND SPEED    25   HIGHEST WIND DIRECTION    NW (310)
  HIGHEST GUST SPEED    33   HIGHEST GUST DIRECTION    NW (310)
  AVERAGE WIND SPEED     7.1


SKY COVER
  AVERAGE SKY COVER 0.4


WEATHER CONDITIONS
 THE FOLLOWING WEATHER WAS RECORDED YESTERDAY.
  LIGHT RAIN
  FOG


RELATIVE HUMIDITY (PERCENT)
 HIGHEST    80           100 AM
 LOWEST     46           500 PM
 AVERAGE    63

..........................................................




SUNRISE AND SUNSET
SEPTEMBER  2 2014.....SUNRISE   626 AM MDT   SUNSET   736 PM MDT
SEPTEMBER  3 2014.....SUNRISE   627 AM MDT   SUNSET   735 PM MDT


-  INDICATES NEGATIVE NUMBERS.
R  INDICATES RECORD WAS SET OR TIED.
MM INDICATES DATA IS MISSING.
T  INDICATES TRACE AMOUNT.




$$
