000
CDUS43 KUNR 270838
CLIGCC


CLIMATE REPORT
NATIONAL WEATHER SERVICE RAPID CITY SD
236 AM MDT FRI MAR 27 2015


...................................

...THE GILLETTE AIRPORT WY CLIMATE SUMMARY FOR MARCH 26 2015...

CLIMATE NORMAL PERIOD 1981 TO 2010
CLIMATE RECORD PERIOD 9999 TO 9999


WEATHER ITEM   OBSERVED TIME   NORMAL DEPARTURE LAST
                VALUE   (LST)  VALUE  FROM      YEAR
                                      NORMAL
......................................................
TEMPERATURE (F)
 YESTERDAY
  MAXIMUM         53    407 PM  50      3       56
  MINIMUM         37    114 AM  24     13       31
  AVERAGE         45            37      8       44

PRECIPITATION (IN)
  YESTERDAY        0.06          0.04   0.02     0.00
  MONTH TO DATE    0.43          0.77  -0.34     0.61
  SINCE MAR 1      0.43          0.77  -0.34     0.61
  SINCE JAN 1      1.28          1.55  -0.27     1.89

DEGREE DAYS
 HEATING
  YESTERDAY       20            28     -8       21
  MONTH TO DATE  636           802   -166      818
  SINCE MAR 1    636           802   -166      818
  SINCE JUL 1   5726          6210   -484     6463

 COOLING
  YESTERDAY        0             0      0        0
  MONTH TO DATE    0             0      0        0
  SINCE MAR 1      0             0      0        0
  SINCE JAN 1      0             0      0        0
......................................................


WIND (MPH)
  HIGHEST WIND SPEED    23   HIGHEST WIND DIRECTION    NW (310)
  HIGHEST GUST SPEED    30   HIGHEST GUST DIRECTION    NW (310)
  AVERAGE WIND SPEED    11.9


SKY COVER
  AVERAGE SKY COVER 1.0


WEATHER CONDITIONS
 THE FOLLOWING WEATHER WAS RECORDED YESTERDAY.
  LIGHT RAIN
  FOG


RELATIVE HUMIDITY (PERCENT)
 HIGHEST    79           700 AM
 LOWEST     46           400 PM
 AVERAGE    63

..........................................................




SUNRISE AND SUNSET
MARCH 27 2015.........SUNRISE   653 AM MDT   SUNSET   723 PM MDT
MARCH 28 2015.........SUNRISE   651 AM MDT   SUNSET   724 PM MDT


-  INDICATES NEGATIVE NUMBERS.
R  INDICATES RECORD WAS SET OR TIED.
MM INDICATES DATA IS MISSING.
T  INDICATES TRACE AMOUNT.




$$
