000
CDUS43 KDDC 032332
CLIGCK


CLIMATE REPORT
NATIONAL WEATHER SERVICE DODGE CITY KS
630 PM CDT MON AUG 3 2015


...................................

...THE GARDEN CITY REGIONAL ARPT KS CLIMATE SUMMARY FOR AUGUST 3 2015...
VALID TODAY AS OF 0500 PM LOCAL TIME.

CLIMATE NORMAL PERIOD 1981 TO 2010
CLIMATE RECORD PERIOD 1948 TO 2015


WEATHER ITEM   OBSERVED TIME   RECORD YEAR NORMAL DEPARTURE LAST
                VALUE   (LST)  VALUE       VALUE  FROM      YEAR
                                                  NORMAL
..................................................................
TEMPERATURE (F)
 TODAY
  MAXIMUM         90    232 PM 104    1987  91     -1       88
  MINIMUM         67    626 AM  49    1974  65      2       60
  AVERAGE         79                        78      1       74

PRECIPITATION (IN)
  TODAY            0.00          1.23 1991   0.09  -0.09     0.00
  MONTH TO DATE    0.00                      0.29  -0.29     0.00
  SINCE JUN 1      9.08                      6.55   2.53    14.44
  SINCE JAN 1     17.90                     13.49   4.41    15.80

DEGREE DAYS
 HEATING
  TODAY            0                         0      0        0
  MONTH TO DATE    0                         0      0        0
  SINCE JUN 1      0                        17    -17       21
  SINCE JUL 1      0                         1     -1       10

 COOLING
  TODAY           14                        13      1        9
  MONTH TO DATE   42                        39      3       27
  SINCE JUN 1    798                       701     97      643
  SINCE JAN 1    828                       790     38      786
..................................................................


WIND (MPH)
  HIGHEST WIND SPEED    16   HIGHEST WIND DIRECTION    SE (140)
  HIGHEST GUST SPEED    21   HIGHEST GUST DIRECTION    SE (150)
  AVERAGE WIND SPEED     8.0



WEATHER CONDITIONS
 THE FOLLOWING WEATHER WAS RECORDED TODAY.
  NO SIGNIFICANT WEATHER WAS OBSERVED.


RELATIVE HUMIDITY (PERCENT)
 HIGHEST    90           200 AM
 LOWEST     38           200 PM
 AVERAGE    64

..........................................................


THE GARDEN CITY REGIONAL ARPT KS CLIMATE NORMALS FOR TOMORROW
                         NORMAL    RECORD    YEAR
 MAXIMUM TEMPERATURE (F)   91       105      2008
 MINIMUM TEMPERATURE (F)   65        55      1974


SUNRISE AND SUNSET
AUGUST  3 2015........SUNRISE   648 AM CDT   SUNSET   850 PM CDT
AUGUST  4 2015........SUNRISE   648 AM CDT   SUNSET   849 PM CDT


-  INDICATES NEGATIVE NUMBERS.
R  INDICATES RECORD WAS SET OR TIED.
MM INDICATES DATA IS MISSING.
T  INDICATES TRACE AMOUNT.




$$
