000
CDUS43 KDDC 200706
CLIGCK


CLIMATE REPORT
NATIONAL WEATHER SERVICE DODGE CITY KS
205 AM CDT SUN AUG 20 2017


...................................

...THE GARDEN CITY REGIONAL ARPT KS CLIMATE SUMMARY FOR AUGUST 19 2017...

CLIMATE NORMAL PERIOD 1981 TO 2010
CLIMATE RECORD PERIOD 1948 TO 2017


WEATHER ITEM   OBSERVED TIME   RECORD YEAR NORMAL DEPARTURE LAST
                VALUE   (LST)  VALUE       VALUE  FROM      YEAR
                                                  NORMAL
..................................................................
TEMPERATURE (F)
 YESTERDAY
  MAXIMUM         95    353 PM 103    2011  90      5       83
  MINIMUM         61    622 AM  49    2012  64     -3       61
  AVERAGE         78                        77      1       72

PRECIPITATION (IN)
  YESTERDAY        0.00          0.74 2006   0.08  -0.08     0.00
  MONTH TO DATE    2.44                      1.67   0.77     1.50
  SINCE JUN 1      6.46                      7.93  -1.47    14.15
  SINCE JAN 1     14.77                     14.87  -0.10    19.61

DEGREE DAYS
 HEATING
  YESTERDAY        0                         0      0
  MONTH TO DATE    0                         0      0
  SINCE JUN 1      0                        17    -17
  SINCE JUL 1      0                         1     -1

 COOLING
  YESTERDAY       13                        12      1
  MONTH TO DATE  162                       239    -77
  SINCE JUN 1    956                       901     55
  SINCE JAN 1   1046                       990     56
..................................................................


WIND (MPH)
  HIGHEST WIND SPEED    22   HIGHEST WIND DIRECTION     S (180)
  HIGHEST GUST SPEED    27   HIGHEST GUST DIRECTION     S (170)
  AVERAGE WIND SPEED    10.2



WEATHER CONDITIONS
 THE FOLLOWING WEATHER WAS RECORDED YESTERDAY.
  NO SIGNIFICANT WEATHER WAS OBSERVED.


RELATIVE HUMIDITY (PERCENT)
 HIGHEST    87           600 AM
 LOWEST     36           200 PM
 AVERAGE    62

..........................................................


THE GARDEN CITY REGIONAL ARPT KS CLIMATE NORMALS FOR TODAY
                         NORMAL    RECORD    YEAR
 MAXIMUM TEMPERATURE (F)   89       104      2007
                                             1987
 MINIMUM TEMPERATURE (F)   64        46      1950


SUNRISE AND SUNSET
AUGUST 20 2017........SUNRISE   703 AM CDT   SUNSET   829 PM CDT
AUGUST 21 2017........SUNRISE   704 AM CDT   SUNSET   828 PM CDT


-  INDICATES NEGATIVE NUMBERS.
R  INDICATES RECORD WAS SET OR TIED.
MM INDICATES DATA IS MISSING.
T  INDICATES TRACE AMOUNT.




$$
