000
CDUS43 KDDC 091428
CLIGCK


CLIMATE REPORT
NATIONAL WEATHER SERVICE DODGE CITY KS
825 AM CST FRI DEC 9 2016


...................................

...THE GARDEN CITY REGIONAL ARPT KS CLIMATE SUMMARY FOR DECEMBER 9 2016...
VALID AS OF 0800 AM LOCAL TIME.

CLIMATE NORMAL PERIOD 1981 TO 2010
CLIMATE RECORD PERIOD 1948 TO 2016


WEATHER ITEM   OBSERVED TIME   RECORD YEAR NORMAL DEPARTURE LAST
                VALUE   (LST)  VALUE       VALUE  FROM      YEAR
                                                  NORMAL
..................................................................
TEMPERATURE (F)
 TODAY
  MAXIMUM         21    759 AM  77    1996  45    -24       71
  MINIMUM         19   1238 AM  -6    1978  19      0       32
  AVERAGE         20                        32    -12       52

PRECIPITATION (IN)
  TODAY            0.00          0.29 1966   0.01  -0.01     0.00
  MONTH TO DATE    0.03                      0.16  -0.13     0.00
  SINCE DEC 1      0.03                      0.16  -0.13     0.00
  SINCE JAN 1     20.12                     19.11   1.01    24.05

..................................................................


WIND (MPH)
  HIGHEST WIND SPEED    20   HIGHEST WIND DIRECTION    SE (150)
  HIGHEST GUST SPEED    26   HIGHEST GUST DIRECTION    SE (150)



WEATHER CONDITIONS
 THE FOLLOWING WEATHER WAS RECORDED TODAY.
  NO SIGNIFICANT WEATHER WAS OBSERVED.


RELATIVE HUMIDITY (PERCENT)
 HIGHEST    56          1200 AM
 LOWEST     47           500 AM

..........................................................


THE GARDEN CITY REGIONAL ARPT KS CLIMATE NORMALS FOR TOMORROW
                         NORMAL    RECORD    YEAR
 MAXIMUM TEMPERATURE (F)   45        72      1996
 MINIMUM TEMPERATURE (F)   19       -11      1972


SUNRISE AND SUNSET
DECEMBER  9 2016......SUNRISE   747 AM CST   SUNSET   523 PM CST
DECEMBER 10 2016......SUNRISE   748 AM CST   SUNSET   524 PM CST


-  INDICATES NEGATIVE NUMBERS.
R  INDICATES RECORD WAS SET OR TIED.
MM INDICATES DATA IS MISSING.
T  INDICATES TRACE AMOUNT.




$$
