000
CDUS43 KDDC 212327
CLIGCK


CLIMATE REPORT
NATIONAL WEATHER SERVICE DODGE CITY KS
626 PM CDT THU AUG 21 2014


...................................

...THE GARDEN CITY REGIONAL ARPT KS CLIMATE SUMMARY FOR AUGUST 21 2014...
VALID TODAY AS OF 0500 PM LOCAL TIME.

CLIMATE NORMAL PERIOD 1981 TO 2010
CLIMATE RECORD PERIOD 1948 TO 2014


WEATHER ITEM   OBSERVED TIME   RECORD YEAR NORMAL DEPARTURE LAST
                VALUE   (LST)  VALUE       VALUE  FROM      YEAR
                                                  NORMAL
..................................................................
TEMPERATURE (F)
 TODAY
  MAXIMUM         96    359 PM 106    1983  89      7       94
  MINIMUM         71    626 AM  53    1950  63      8       65
  AVERAGE         84                        76      8       80

PRECIPITATION (IN)
  TODAY            0.00          1.73 1970   0.07  -0.07     0.00
  MONTH TO DATE    0.71                      1.81  -1.10     4.92
  SINCE JUN 1     15.15                      8.07   7.08     8.59
  SINCE JAN 1     16.51                     15.01   1.50    10.16

DEGREE DAYS
 HEATING
  TODAY            0                         0      0        0
  MONTH TO DATE    0                         0      0        0
  SINCE JUN 1     21                        17      4       12
  SINCE JUL 1     10                         1      9        0

 COOLING
  TODAY           19                        11      8       15
  MONTH TO DATE  275                       262     13      197
  SINCE JUN 1    891                       924    -33     1032
  SINCE JAN 1   1034                      1013     21     1179
..................................................................


WIND (MPH)
  HIGHEST WIND SPEED    15   HIGHEST WIND DIRECTION     S (200)
  HIGHEST GUST SPEED    20   HIGHEST GUST DIRECTION     S (180)
  AVERAGE WIND SPEED     8.9



WEATHER CONDITIONS
 THE FOLLOWING WEATHER WAS RECORDED TODAY.
  NO SIGNIFICANT WEATHER WAS OBSERVED.


RELATIVE HUMIDITY (PERCENT)
 HIGHEST    73           600 AM
 LOWEST     28           400 PM
 AVERAGE    51

..........................................................


THE GARDEN CITY REGIONAL ARPT KS CLIMATE NORMALS FOR TOMORROW
                         NORMAL    RECORD    YEAR
 MAXIMUM TEMPERATURE (F)   89       103      1973
 MINIMUM TEMPERATURE (F)   63        53      1966


SUNRISE AND SUNSET
AUGUST 21 2014........SUNRISE   703 AM CDT   SUNSET   828 PM CDT
AUGUST 22 2014........SUNRISE   704 AM CDT   SUNSET   827 PM CDT


-  INDICATES NEGATIVE NUMBERS.
R  INDICATES RECORD WAS SET OR TIED.
MM INDICATES DATA IS MISSING.
T  INDICATES TRACE AMOUNT.




$$
