000
CDUS43 KDDC 011426
CLIGCK


CLIMATE REPORT
NATIONAL WEATHER SERVICE DODGE CITY KS
826 AM CST SUN FEB 1 2015


...................................

...THE GARDEN CITY REGIONAL ARPT KS CLIMATE SUMMARY FOR FEBRUARY 1 2015...
VALID AS OF 0800 AM LOCAL TIME.

CLIMATE NORMAL PERIOD 1981 TO 2010
CLIMATE RECORD PERIOD 1948 TO 2015


WEATHER ITEM   OBSERVED TIME   RECORD YEAR NORMAL DEPARTURE LAST
                VALUE   (LST)  VALUE       VALUE  FROM      YEAR
                                                  NORMAL
..................................................................
TEMPERATURE (F)
 TODAY
  MAXIMUM         34    111 AM  84    1963  45    -11       29
  MINIMUM         21    759 AM -14    1951  19      2        9
  AVERAGE         28                        32     -4       19

PRECIPITATION (IN)
  TODAY            0.00          0.48 1983   0.02  -0.02      T
  MONTH TO DATE    0.00                      0.02  -0.02      T
  SINCE DEC 1      0.43                      0.88  -0.45     0.04
  SINCE JAN 1      0.38                      0.36   0.02     0.03

..................................................................


WIND (MPH)
  HIGHEST WIND SPEED    37   HIGHEST WIND DIRECTION     N (340)
  HIGHEST GUST SPEED    45   HIGHEST GUST DIRECTION     N (340)



WEATHER CONDITIONS
 THE FOLLOWING WEATHER WAS RECORDED TODAY.
  NO SIGNIFICANT WEATHER WAS OBSERVED.


RELATIVE HUMIDITY (PERCENT)
 HIGHEST   100

..........................................................


THE GARDEN CITY REGIONAL ARPT KS CLIMATE NORMALS FOR TOMORROW
                         NORMAL    RECORD    YEAR
 MAXIMUM TEMPERATURE (F)   45        70      1995
 MINIMUM TEMPERATURE (F)   19        -8      1996


SUNRISE AND SUNSET
FEBRUARY  1 2015......SUNRISE   747 AM CST   SUNSET   606 PM CST
FEBRUARY  2 2015......SUNRISE   746 AM CST   SUNSET   607 PM CST


-  INDICATES NEGATIVE NUMBERS.
R  INDICATES RECORD WAS SET OR TIED.
MM INDICATES DATA IS MISSING.
T  INDICATES TRACE AMOUNT.




$$
