000
CDUS43 KDDC 240705
CLIGCK


CLIMATE REPORT
NATIONAL WEATHER SERVICE DODGE CITY KS
205 AM CDT SAT JUN 24 2017


...................................

...THE GARDEN CITY REGIONAL ARPT KS CLIMATE SUMMARY FOR JUNE 23 2017...

CLIMATE NORMAL PERIOD 1981 TO 2010
CLIMATE RECORD PERIOD 1948 TO 2017


WEATHER ITEM   OBSERVED TIME   RECORD YEAR NORMAL DEPARTURE LAST
                VALUE   (LST)  VALUE       VALUE  FROM      YEAR
                                                  NORMAL
..................................................................
TEMPERATURE (F)
 YESTERDAY
  MAXIMUM         75    432 PM 108    1952  89    -14       89
  MINIMUM         63   1009 AM  46    1989  62      1       64
  AVERAGE         69                        75     -6       77

PRECIPITATION (IN)
  YESTERDAY        0.00          1.56 1991   0.12  -0.12     0.80
  MONTH TO DATE    0.56                      2.68  -2.12     2.93
  SINCE JUN 1      0.56                      2.68  -2.12     2.93
  SINCE JAN 1      8.87                      9.62  -0.75     8.39

DEGREE DAYS
 HEATING
  YESTERDAY        0                         0      0
  MONTH TO DATE    0                        14    -14
  SINCE JUN 1      0                        14    -14
  SINCE JUL 1   4431                      5205   -774

 COOLING
  YESTERDAY        4                        10     -6
  MONTH TO DATE  268                       174     94
  SINCE JUN 1    268                       174     94
  SINCE JAN 1    358                       263     95
..................................................................


WIND (MPH)
  HIGHEST WIND SPEED    36   HIGHEST WIND DIRECTION    NE (30)
  HIGHEST GUST SPEED    43   HIGHEST GUST DIRECTION    NE (40)
  AVERAGE WIND SPEED    15.0



WEATHER CONDITIONS
 THE FOLLOWING WEATHER WAS RECORDED YESTERDAY.
  NO SIGNIFICANT WEATHER WAS OBSERVED.


RELATIVE HUMIDITY (PERCENT)
 HIGHEST    90           600 AM
 LOWEST     35           400 PM
 AVERAGE    63

..........................................................


THE GARDEN CITY REGIONAL ARPT KS CLIMATE NORMALS FOR TODAY
                         NORMAL    RECORD    YEAR
 MAXIMUM TEMPERATURE (F)   89       110      1953
 MINIMUM TEMPERATURE (F)   62        52      1967


SUNRISE AND SUNSET
JUNE 24 2017..........SUNRISE   622 AM CDT   SUNSET   909 PM CDT
JUNE 25 2017..........SUNRISE   622 AM CDT   SUNSET   909 PM CDT


-  INDICATES NEGATIVE NUMBERS.
R  INDICATES RECORD WAS SET OR TIED.
MM INDICATES DATA IS MISSING.
T  INDICATES TRACE AMOUNT.




$$
