000
CDUS43 KDDC 060709
CLIGCK


CLIMATE REPORT
NATIONAL WEATHER SERVICE DODGE CITY KS
208 AM CDT FRI MAY 6 2016


...................................

...THE GARDEN CITY REGIONAL ARPT KS CLIMATE SUMMARY FOR MAY 5 2016...

CLIMATE NORMAL PERIOD 1981 TO 2010
CLIMATE RECORD PERIOD 1948 TO 2016


WEATHER ITEM   OBSERVED TIME   RECORD YEAR NORMAL DEPARTURE LAST
                VALUE   (LST)  VALUE       VALUE  FROM      YEAR
                                                  NORMAL
..................................................................
TEMPERATURE (F)
 YESTERDAY
  MAXIMUM         82    337 PM  95    2012  73      9       61
  MINIMUM         48    614 AM  28    2013  46      2       52
  AVERAGE         65                        60      5       57

PRECIPITATION (IN)
  YESTERDAY        0.00          1.73 2008   0.07  -0.07     1.17
  MONTH TO DATE    0.00                      0.37  -0.37     1.73
  SINCE MAR 1      4.54                      3.55   0.99     2.41
  SINCE JAN 1      4.76                      4.43   0.33     3.18

DEGREE DAYS
 HEATING
  YESTERDAY        0                         6     -6
  MONTH TO DATE   57                        35     22
  SINCE MAR 1    906                      1073   -167
  SINCE JUL 1   4319                      5097   -778

 COOLING
  YESTERDAY        0                         1     -1
  MONTH TO DATE    0                         5     -5
  SINCE MAR 1      5                        17    -12
  SINCE JAN 1      6                        17    -11
..................................................................


WIND (MPH)
  HIGHEST WIND SPEED    21   HIGHEST WIND DIRECTION    SE (150)
  HIGHEST GUST SPEED    29   HIGHEST GUST DIRECTION    SE (140)
  AVERAGE WIND SPEED    11.2



WEATHER CONDITIONS
 THE FOLLOWING WEATHER WAS RECORDED YESTERDAY.
  NO SIGNIFICANT WEATHER WAS OBSERVED.


RELATIVE HUMIDITY (PERCENT)
 HIGHEST    80           300 AM
 LOWEST     26           300 PM
 AVERAGE    53

..........................................................


THE GARDEN CITY REGIONAL ARPT KS CLIMATE NORMALS FOR TODAY
                         NORMAL    RECORD    YEAR
 MAXIMUM TEMPERATURE (F)   74        96      2014
 MINIMUM TEMPERATURE (F)   47        33      1989


SUNRISE AND SUNSET
MAY  6 2016...........SUNRISE   641 AM CDT   SUNSET   839 PM CDT
MAY  7 2016...........SUNRISE   640 AM CDT   SUNSET   840 PM CDT


-  INDICATES NEGATIVE NUMBERS.
R  INDICATES RECORD WAS SET OR TIED.
MM INDICATES DATA IS MISSING.
T  INDICATES TRACE AMOUNT.




$$
