000
CDUS43 KDDC 241429
CLIGCK


CLIMATE REPORT
NATIONAL WEATHER SERVICE DODGE CITY KS
927 AM CDT WED MAY 24 2017


...................................

...THE GARDEN CITY REGIONAL ARPT KS CLIMATE SUMMARY FOR MAY 24 2017...
VALID AS OF 0800 AM LOCAL TIME.

CLIMATE NORMAL PERIOD 1981 TO 2010
CLIMATE RECORD PERIOD 1948 TO 2017


WEATHER ITEM   OBSERVED TIME   RECORD YEAR NORMAL DEPARTURE LAST
                VALUE   (LST)  VALUE       VALUE  FROM      YEAR
                                                  NORMAL
..................................................................
TEMPERATURE (F)
 TODAY
  MAXIMUM         50    759 AM 102    1967  79    -29       90
  MINIMUM         35R   601 AM  37    1979  53    -18       61
  AVERAGE         43                        66    -23       76

PRECIPITATION (IN)
  TODAY            0.00          1.92 1999   0.10  -0.10      T
  MONTH TO DATE    0.95                      2.12  -1.17     0.38
  SINCE MAR 1      6.89                      5.30   1.59     4.92
  SINCE JAN 1      8.18                      6.18   2.00     5.14

..................................................................


WIND (MPH)
  HIGHEST WIND SPEED    10   HIGHEST WIND DIRECTION    SW (240)
  HIGHEST GUST SPEED    12   HIGHEST GUST DIRECTION    NW (300)



WEATHER CONDITIONS
 THE FOLLOWING WEATHER WAS RECORDED TODAY.
  NO SIGNIFICANT WEATHER WAS OBSERVED.


RELATIVE HUMIDITY (PERCENT)
 HIGHEST    85           200 AM
 LOWEST     61           800 AM

..........................................................


THE GARDEN CITY REGIONAL ARPT KS CLIMATE NORMALS FOR TOMORROW
                         NORMAL    RECORD    YEAR
 MAXIMUM TEMPERATURE (F)   79       103      1953
 MINIMUM TEMPERATURE (F)   53        36      2002


SUNRISE AND SUNSET
MAY 24 2017...........SUNRISE   626 AM CDT   SUNSET   854 PM CDT
MAY 25 2017...........SUNRISE   625 AM CDT   SUNSET   855 PM CDT


-  INDICATES NEGATIVE NUMBERS.
R  INDICATES RECORD WAS SET OR TIED.
MM INDICATES DATA IS MISSING.
T  INDICATES TRACE AMOUNT.




$$
