000
CDUS43 KDDC 120718
CLIGCK


CLIMATE REPORT
NATIONAL WEATHER SERVICE DODGE CITY KS
118 AM CST TUE DEC 12 2017


...................................

...THE GARDEN CITY REGIONAL ARPT KS CLIMATE SUMMARY FOR DECEMBER 11 2017...

CLIMATE NORMAL PERIOD 1981 TO 2010
CLIMATE RECORD PERIOD 1948 TO 2017


WEATHER ITEM   OBSERVED TIME   RECORD YEAR NORMAL DEPARTURE LAST
                VALUE   (LST)  VALUE       VALUE  FROM      YEAR
                                                  NORMAL
..................................................................
TEMPERATURE (F)
 YESTERDAY
  MAXIMUM         64    159 PM  69    1996  45     19       42
                                      2004
  MINIMUM         22    334 AM  -8    1961  19      3       23
  AVERAGE         43                        32     11       33

PRECIPITATION (IN)
  YESTERDAY        0.00          0.52 1991   0.02  -0.02     0.00
  MONTH TO DATE    0.00                      0.20  -0.20     0.03
  SINCE DEC 1      0.00                      0.20  -0.20     0.03
  SINCE JAN 1     20.57                     19.15   1.42    20.12

DEGREE DAYS
 HEATING
  YESTERDAY       22                        33    -11
  MONTH TO DATE  283                       350    -67
  SINCE DEC 1    283                       350    -67
  SINCE JUL 1   1239                      1439   -200

 COOLING
  YESTERDAY        0                         0      0
  MONTH TO DATE    0                         0      0
  SINCE DEC 1      0                         0      0
  SINCE JAN 1   1373                      1298     75
..................................................................


WIND (MPH)
  HIGHEST WIND SPEED    36   HIGHEST WIND DIRECTION     N (350)
  HIGHEST GUST SPEED    48   HIGHEST GUST DIRECTION     N (340)
  AVERAGE WIND SPEED    15.2



WEATHER CONDITIONS
 THE FOLLOWING WEATHER WAS RECORDED YESTERDAY.
  HAZE


RELATIVE HUMIDITY (PERCENT)
 HIGHEST    53          1100 PM
 LOWEST     11           300 PM
 AVERAGE    32

..........................................................


THE GARDEN CITY REGIONAL ARPT KS CLIMATE NORMALS FOR TODAY
                         NORMAL    RECORD    YEAR
 MAXIMUM TEMPERATURE (F)   45        71      1977
 MINIMUM TEMPERATURE (F)   19       -15      1961


SUNRISE AND SUNSET
DECEMBER 12 2017......SUNRISE   750 AM CST   SUNSET   524 PM CST
DECEMBER 13 2017......SUNRISE   750 AM CST   SUNSET   524 PM CST


-  INDICATES NEGATIVE NUMBERS.
R  INDICATES RECORD WAS SET OR TIED.
MM INDICATES DATA IS MISSING.
T  INDICATES TRACE AMOUNT.




$$
