000
CDUS43 KDDC 272347
CLIGCK


CLIMATE REPORT
NATIONAL WEATHER SERVICE DODGE CITY KS
643 PM CDT WED JUL 27 2016


...................................

...THE GARDEN CITY REGIONAL ARPT KS CLIMATE SUMMARY FOR JULY 27 2016...
VALID TODAY AS OF 0500 PM LOCAL TIME.

CLIMATE NORMAL PERIOD 1981 TO 2010
CLIMATE RECORD PERIOD 1948 TO 2016


WEATHER ITEM   OBSERVED TIME   RECORD YEAR NORMAL DEPARTURE LAST
                VALUE   (LST)  VALUE       VALUE  FROM      YEAR
                                                  NORMAL
..................................................................
TEMPERATURE (F)
 TODAY
  MAXIMUM         92    315 PM 108    1960  92      0       94
  MINIMUM         69    724 AM  49    2005  65      4       66
  AVERAGE         81                        78      3       80

PRECIPITATION (IN)
  TODAY            0.00          2.40 1971   0.09  -0.09     0.39
  MONTH TO DATE    7.20                      2.43   4.77     6.39
  SINCE JUN 1     12.28                      5.91   6.37     8.94
  SINCE JAN 1     17.74                     12.85   4.89    17.76

DEGREE DAYS
 HEATING
  TODAY            0                         0      0        0
  MONTH TO DATE    0                         0      0        0
  SINCE JUN 1      2                        16    -14        0
  SINCE JUL 1      0                         0      0        0

 COOLING
  TODAY           16                        13      3       15
  MONTH TO DATE  383                       359     24      368
  SINCE JUN 1    729                       611    118      714
  SINCE JAN 1    788                       700     88      744
..................................................................


WIND (MPH)
  HIGHEST WIND SPEED    25   HIGHEST WIND DIRECTION     E (80)
  HIGHEST GUST SPEED    32   HIGHEST GUST DIRECTION     E (70)
  AVERAGE WIND SPEED     9.3



WEATHER CONDITIONS
 THE FOLLOWING WEATHER WAS RECORDED TODAY.
  THUNDERSTORM


RELATIVE HUMIDITY (PERCENT)
 HIGHEST    90           100 AM
 LOWEST     34           500 PM
 AVERAGE    62

..........................................................


THE GARDEN CITY REGIONAL ARPT KS CLIMATE NORMALS FOR TOMORROW
                         NORMAL    RECORD    YEAR
 MAXIMUM TEMPERATURE (F)   92       104      1980
 MINIMUM TEMPERATURE (F)   65        52      2005


SUNRISE AND SUNSET
JULY 27 2016..........SUNRISE   642 AM CDT   SUNSET   856 PM CDT
JULY 28 2016..........SUNRISE   643 AM CDT   SUNSET   855 PM CDT


-  INDICATES NEGATIVE NUMBERS.
R  INDICATES RECORD WAS SET OR TIED.
MM INDICATES DATA IS MISSING.
T  INDICATES TRACE AMOUNT.




$$
