000
CDUS43 KDDC 082328
CLIGCK


CLIMATE REPORT
NATIONAL WEATHER SERVICE DODGE CITY KS
528 PM CST MON FEB 8 2016


...................................

...THE GARDEN CITY REGIONAL ARPT KS CLIMATE SUMMARY FOR FEBRUARY 8 2016...
VALID TODAY AS OF 0500 PM LOCAL TIME.

CLIMATE NORMAL PERIOD 1981 TO 2010
CLIMATE RECORD PERIOD 1948 TO 2016


WEATHER ITEM   OBSERVED TIME   RECORD YEAR NORMAL DEPARTURE LAST
                VALUE   (LST)  VALUE       VALUE  FROM      YEAR
                                                  NORMAL
..................................................................
TEMPERATURE (F)
 TODAY
  MAXIMUM         45    354 PM  74    1976  46     -1       71
  MINIMUM         24    710 AM  -5    1980  20      4       36
  AVERAGE         35                        33      2       54

PRECIPITATION (IN)
  TODAY            0.00          0.40 1966   0.02  -0.02     0.00
  MONTH TO DATE    0.07                      0.13  -0.06      T
  SINCE DEC 1      1.20                      0.99   0.21     0.43
  SINCE JAN 1      0.10                      0.47  -0.37     0.38

DEGREE DAYS
 HEATING
  TODAY           30                        32     -2       11
  MONTH TO DATE  269                       261      8      211
  SINCE DEC 1   2158                      2352   -194     2184
  SINCE JUL 1   2995                      3441   -446     3223

 COOLING
  TODAY            0                         0      0        0
  MONTH TO DATE    0                         0      0        0
  SINCE DEC 1      0                         0      0        0
  SINCE JAN 1      0                         0      0        0
..................................................................


WIND (MPH)
  HIGHEST WIND SPEED    32   HIGHEST WIND DIRECTION     N (340)
  HIGHEST GUST SPEED    39   HIGHEST GUST DIRECTION     N (350)
  AVERAGE WIND SPEED    19.7



WEATHER CONDITIONS
 THE FOLLOWING WEATHER WAS RECORDED TODAY.
  NO SIGNIFICANT WEATHER WAS OBSERVED.


RELATIVE HUMIDITY (PERCENT)
 HIGHEST    60           700 AM
 LOWEST     16           300 PM
 AVERAGE    38

..........................................................


THE GARDEN CITY REGIONAL ARPT KS CLIMATE NORMALS FOR TOMORROW
                         NORMAL    RECORD    YEAR
 MAXIMUM TEMPERATURE (F)   47        85      1976
 MINIMUM TEMPERATURE (F)   20        -9      2011


SUNRISE AND SUNSET
FEBRUARY  8 2016......SUNRISE   741 AM CST   SUNSET   614 PM CST
FEBRUARY  9 2016......SUNRISE   740 AM CST   SUNSET   615 PM CST


-  INDICATES NEGATIVE NUMBERS.
R  INDICATES RECORD WAS SET OR TIED.
MM INDICATES DATA IS MISSING.
T  INDICATES TRACE AMOUNT.




$$
