000
CDUS41 KPHI 010628
CLIGED


CLIMATE REPORT
NATIONAL WEATHER SERVICE MOUNT HOLLY NJ
228 AM EDT WED OCT 1 2014


...................................

...THE GEORGETOWN DE CLIMATE SUMMARY FOR SEPTEMBER 30 2014...

CLIMATE NORMAL PERIOD 1981 TO 2010
CLIMATE RECORD PERIOD 1948 TO 2014


WEATHER ITEM   OBSERVED TIME   RECORD YEAR NORMAL DEPARTURE LAST
                VALUE   (LST)  VALUE       VALUE  FROM      YEAR
                                                  NORMAL
..................................................................
TEMPERATURE (F)
 YESTERDAY
  MAXIMUM         77    242 PM  88    1973  73      4       75
  MINIMUM         61   1159 PM  33    1951  53      8       49
  AVERAGE         69                        63      6       62

PRECIPITATION (IN)
  YESTERDAY        0.01          3.15 1964   0.12  -0.11     0.00
  MONTH TO DATE    3.90                      4.13  -0.23     0.69
  SINCE SEP 1      3.90                      4.13  -0.23     0.69
  SINCE JAN 1     34.20                     33.40   0.80    42.68

SNOWFALL (IN)
  YESTERDAY       MM            MM      MM  MM     MM       MM
  MONTH TO DATE   MM                        MM     MM       MM
  SINCE SEP 1     MM                        MM     MM       MM
  SINCE JUL 1     MM                        MM     MM       MM
  SNOW DEPTH      MM

DEGREE DAYS
 HEATING
  YESTERDAY        0                         4     -4        3
  MONTH TO DATE   15                        37    -22       52
  SINCE SEP 1     15                        37    -22       52
  SINCE JUL 1     15                        38    -23       52

 COOLING
  YESTERDAY        4                         2      2        0
  MONTH TO DATE  175                       142     33      136
  SINCE SEP 1    175                       142     33      136
  SINCE JAN 1   1126                      1171    -45     1323
..................................................................


WIND (MPH)
  HIGHEST WIND SPEED    16   HIGHEST WIND DIRECTION     E (90)
  HIGHEST GUST SPEED    22   HIGHEST GUST DIRECTION     E (80)
  AVERAGE WIND SPEED     7.7


SKY COVER
  POSSIBLE SUNSHINE  MM
  AVERAGE SKY COVER 0.4


WEATHER CONDITIONS
 THE FOLLOWING WEATHER WAS RECORDED YESTERDAY.
  LIGHT RAIN
  FOG


RELATIVE HUMIDITY (PERCENT)
 HIGHEST    97           600 AM
 LOWEST     54           100 PM
 AVERAGE    76

..........................................................


THE GEORGETOWN DE CLIMATE NORMALS FOR TODAY
                         NORMAL    RECORD    YEAR
 MAXIMUM TEMPERATURE (F)   73        87      1986
 MINIMUM TEMPERATURE (F)   53        36      1993


SUNRISE AND SUNSET
OCTOBER  1 2014.......SUNRISE   657 AM EDT   SUNSET   644 PM EDT
OCTOBER  2 2014.......SUNRISE   658 AM EDT   SUNSET   643 PM EDT


-  INDICATES NEGATIVE NUMBERS.
R  INDICATES RECORD WAS SET OR TIED.
MM INDICATES DATA IS MISSING.
T  INDICATES TRACE AMOUNT.




$$
