000
CDUS41 KPHI 210547
CLIGED


CLIMATE REPORT
NATIONAL WEATHER SERVICE MOUNT HOLLY NJ
147 AM EDT MON AUG 21 2017


...................................

...THE GEORGETOWN DE CLIMATE SUMMARY FOR AUGUST 20 2017...

CLIMATE NORMAL PERIOD 1981 TO 2010
CLIMATE RECORD PERIOD 1948 TO 2017


WEATHER ITEM   OBSERVED TIME   RECORD YEAR NORMAL DEPARTURE LAST
                VALUE   (LST)  VALUE       VALUE  FROM      YEAR
                                                  NORMAL
..................................................................
TEMPERATURE (F)
 YESTERDAY
  MAXIMUM         86    424 PM  94    1962  85      1       89
  MINIMUM         67   1129 PM  48    1976  66      1       67
  AVERAGE         77                        75      2       78

PRECIPITATION (IN)
  YESTERDAY        0.00          2.40 1969   0.13  -0.13     0.00
  MONTH TO DATE    6.00                      2.15   3.85     3.08
  SINCE JUN 1     16.42                     10.95   5.47    10.33
  SINCE JAN 1     32.60                     27.89   4.71    28.56

DEGREE DAYS
 HEATING
  YESTERDAY        0                         0      0        0
  MONTH TO DATE    0                         0      0        0
  SINCE JUN 1     12                        13     -1        1
  SINCE JUL 1      0                         0      0        0

 COOLING
  YESTERDAY       12                        10      2       13
  MONTH TO DATE  233                       227      6      304
  SINCE JUN 1   1000                       833    167      999
  SINCE JAN 1   1146                       927    219     1089
..................................................................


WIND (MPH)
  HIGHEST WIND SPEED     9   HIGHEST WIND DIRECTION     W (290)
  HIGHEST GUST SPEED    13   HIGHEST GUST DIRECTION     W (280)
  AVERAGE WIND SPEED     3.6


SKY COVER
  POSSIBLE SUNSHINE  MM
  AVERAGE SKY COVER 0.1


WEATHER CONDITIONS
 THE FOLLOWING WEATHER WAS RECORDED YESTERDAY.
  NO SIGNIFICANT WEATHER WAS OBSERVED.


RELATIVE HUMIDITY (PERCENT)
 HIGHEST    93          1100 PM
 LOWEST     40           300 PM
 AVERAGE    67

..........................................................


THE GEORGETOWN DE CLIMATE NORMALS FOR TODAY
                         NORMAL    RECORD    YEAR
 MAXIMUM TEMPERATURE (F)   84        97      1983
 MINIMUM TEMPERATURE (F)   66        46      1976


SUNRISE AND SUNSET
AUGUST 21 2017........SUNRISE   621 AM EDT   SUNSET   747 PM EDT
AUGUST 22 2017........SUNRISE   622 AM EDT   SUNSET   746 PM EDT


-  INDICATES NEGATIVE NUMBERS.
R  INDICATES RECORD WAS SET OR TIED.
MM INDICATES DATA IS MISSING.
T  INDICATES TRACE AMOUNT.




$$
