000
CDUS41 KPHI 272134
CLIGED


CLIMATE REPORT
NATIONAL WEATHER SERVICE MOUNT HOLLY NJ
532 PM EDT TUE JUN 27 2017


...................................

...THE GEORGETOWN DE CLIMATE SUMMARY FOR JUNE 27 2017...
VALID TODAY AS OF 0500 PM LOCAL TIME.

CLIMATE NORMAL PERIOD 1981 TO 2010
CLIMATE RECORD PERIOD 1948 TO 2017


WEATHER ITEM   OBSERVED TIME   RECORD YEAR NORMAL DEPARTURE LAST
                VALUE   (LST)  VALUE       VALUE  FROM      YEAR
                                                  NORMAL
..................................................................
TEMPERATURE (F)
 TODAY
  MAXIMUM         83    257 PM  98    1952  85     -2       86
  MINIMUM         64    541 AM  45    1979  66     -2       60
  AVERAGE         74                        75     -1       73

PRECIPITATION (IN)
  TODAY            0.04          1.15 1958   0.16  -0.12     0.00
  MONTH TO DATE    1.81                      4.13  -2.32     2.73
  SINCE JUN 1      1.81                      4.13  -2.32     2.73
  SINCE JAN 1     17.99                     21.07  -3.08    20.96

DEGREE DAYS
 HEATING
  TODAY            0                         0      0        0
  MONTH TO DATE   12                        10      2        1
  SINCE JUN 1     12                        10      2        1
  SINCE JUL 1   3590                      4403   -813     3660

 COOLING
  TODAY            9                        10     -1        8
  MONTH TO DATE  276                       207     69      188
  SINCE JUN 1    276                       207     69      188
  SINCE JAN 1    422                       301    121      278
..................................................................


WIND (MPH)
  HIGHEST WIND SPEED    13   HIGHEST WIND DIRECTION     W (250)
  HIGHEST GUST SPEED    21   HIGHEST GUST DIRECTION     W (290)
  AVERAGE WIND SPEED     6.5


SKY COVER
  POSSIBLE SUNSHINE  MM
  AVERAGE SKY COVER 0.2


WEATHER CONDITIONS
 THE FOLLOWING WEATHER WAS RECORDED TODAY.
  LIGHT RAIN


RELATIVE HUMIDITY (PERCENT)
 HIGHEST    87           800 AM
 LOWEST     31           300 PM
 AVERAGE    59

..........................................................


THE GEORGETOWN DE CLIMATE NORMALS FOR TOMORROW
                         NORMAL    RECORD    YEAR
 MAXIMUM TEMPERATURE (F)   85        97      1959
 MINIMUM TEMPERATURE (F)   66        51      1988


SUNRISE AND SUNSET
JUNE 27 2017..........SUNRISE   539 AM EDT   SUNSET   830 PM EDT
JUNE 28 2017..........SUNRISE   539 AM EDT   SUNSET   830 PM EDT


-  INDICATES NEGATIVE NUMBERS.
R  INDICATES RECORD WAS SET OR TIED.
MM INDICATES DATA IS MISSING.
T  INDICATES TRACE AMOUNT.




$$
