000
CDUS41 KPHI 150547
CLIGED


CLIMATE REPORT
NATIONAL WEATHER SERVICE MOUNT HOLLY NJ
1246 AM EST FRI DEC 15 2017


...................................

...THE GEORGETOWN DE CLIMATE SUMMARY FOR DECEMBER 14 2017...

CLIMATE NORMAL PERIOD 1981 TO 2010
CLIMATE RECORD PERIOD 1948 TO 2017


WEATHER ITEM   OBSERVED TIME   RECORD YEAR NORMAL DEPARTURE LAST
                VALUE   (LST)  VALUE       VALUE  FROM      YEAR
                                                  NORMAL
..................................................................
TEMPERATURE (F)
 YESTERDAY
  MAXIMUM         45   1057 AM  75    2015  48     -3       47
  MINIMUM         24    712 PM   3    1958  31     -7       37
  AVERAGE         35                        40     -5       42

PRECIPITATION (IN)
  YESTERDAY        0.00          2.13 1996   0.11  -0.11     0.00
  MONTH TO DATE    0.83                      1.61  -0.78     1.86
  SINCE DEC 1      0.83                      1.61  -0.78     1.86
  SINCE JAN 1     42.56                     42.09   0.47    47.13

DEGREE DAYS
 HEATING
  YESTERDAY       30                        25      5       23
  MONTH TO DATE  344                       328     16      330
  SINCE DEC 1    344                       328     16      330
  SINCE JUL 1    961                      1112   -151      964

 COOLING
  YESTERDAY        0                         0      0        0
  MONTH TO DATE    0                         0      0        0
  SINCE DEC 1      0                         0      0        0
  SINCE JAN 1   1517                      1196    321     1506
..................................................................


WIND (MPH)
  HIGHEST WIND SPEED    20   HIGHEST WIND DIRECTION    NW (320)
  HIGHEST GUST SPEED    30   HIGHEST GUST DIRECTION    NW (330)
  AVERAGE WIND SPEED     7.8


SKY COVER
  POSSIBLE SUNSHINE  MM
  AVERAGE SKY COVER 0.4


WEATHER CONDITIONS
 THE FOLLOWING WEATHER WAS RECORDED YESTERDAY.
  NO SIGNIFICANT WEATHER WAS OBSERVED.


RELATIVE HUMIDITY (PERCENT)
 HIGHEST    78           100 AM
 LOWEST     40           400 PM
 AVERAGE    59

..........................................................


THE GEORGETOWN DE CLIMATE NORMALS FOR TODAY
                         NORMAL    RECORD    YEAR
 MAXIMUM TEMPERATURE (F)   48        70      2015
                                             2008
 MINIMUM TEMPERATURE (F)   30         7      1962


SUNRISE AND SUNSET
DECEMBER 15 2017......SUNRISE   712 AM EST   SUNSET   441 PM EST
DECEMBER 16 2017......SUNRISE   713 AM EST   SUNSET   441 PM EST


-  INDICATES NEGATIVE NUMBERS.
R  INDICATES RECORD WAS SET OR TIED.
MM INDICATES DATA IS MISSING.
T  INDICATES TRACE AMOUNT.




$$
