000
CDUS46 KOTX 070832
CLIGEG


CLIMATE REPORT
NATIONAL WEATHER SERVICE SPOKANE, WA
131 AM PDT TUE JUL 7 2015


...................................

...THE SPOKANE WA AIRPORT CLIMATE SUMMARY FOR JULY 6 2015...

CLIMATE NORMAL PERIOD 1981 TO 2010
CLIMATE RECORD PERIOD 1881 TO 2015


WEATHER ITEM   OBSERVED TIME   RECORD YEAR NORMAL DEPARTURE LAST
                VALUE   (LST)  VALUE       VALUE  FROM      YEAR
                                                  NORMAL
..................................................................
TEMPERATURE (F)
 YESTERDAY
  MAXIMUM         92    416 PM 101    1968  81     11       90
  MINIMUM         63    534 AM  41    1977  55      8       63
  AVERAGE         78                        68     10       77

PRECIPITATION (IN)
  YESTERDAY        0.00          0.36 1997   0.02  -0.02     0.00
  MONTH TO DATE    0.00                      0.16  -0.16     0.00
  SINCE OCT 1     11.56                     14.82  -3.26    11.57
  SINCE JAN 1      6.83                      9.04  -2.21     9.24

SNOWFALL (IN)
  YESTERDAY        0.0           0.0  2002   0.0    0.0      0.0
                                      2000
  MONTH TO DATE    0.0                       0.0    0.0      0.0
  SINCE JUN 1      0.0                       0.0    0.0      0.0
  SINCE JUL 1      0.0                       0.0    0.0      0.0
  SNOW DEPTH       0

DEGREE DAYS
 HEATING
  YESTERDAY        0                         2     -2        0
  MONTH TO DATE    0                        12    -12        0
  SINCE JUN 1     25                       148   -123      106
  SINCE JUL 1      0                        12    -12        0

 COOLING
  YESTERDAY       13                         4      9       12
  MONTH TO DATE   95                        22     73       57
  SINCE JUN 1    320                        71    249       71
  SINCE JAN 1    352                        85    267       77
..................................................................


WIND (MPH)
  HIGHEST WIND SPEED    17   HIGHEST WIND DIRECTION     E (70)
  HIGHEST GUST SPEED    23   HIGHEST GUST DIRECTION     E (80)
  AVERAGE WIND SPEED     8.2


SKY COVER
  POSSIBLE SUNSHINE  MM
  AVERAGE SKY COVER 0.6


WEATHER CONDITIONS
 THE FOLLOWING WEATHER WAS RECORDED YESTERDAY.
  NO SIGNIFICANT WEATHER WAS OBSERVED.


RELATIVE HUMIDITY (PERCENT)
 HIGHEST    44           600 AM
 LOWEST     16           400 PM
 AVERAGE    30

..........................................................


THE SPOKANE WA AIRPORT CLIMATE NORMALS FOR TODAY
                         NORMAL    RECORD    YEAR
 MAXIMUM TEMPERATURE (F)   81        99      1968
                                             1960
 MINIMUM TEMPERATURE (F)   55        38      1971


SUNRISE AND SUNSET
JULY  7 2015..........SUNRISE   500 AM PDT   SUNSET   849 PM PDT
JULY  8 2015..........SUNRISE   501 AM PDT   SUNSET   849 PM PDT


-  INDICATES NEGATIVE NUMBERS.
R  INDICATES RECORD WAS SET OR TIED.
MM INDICATES DATA IS MISSING.
T  INDICATES TRACE AMOUNT.




$$
