000
CDUS46 KOTX 290828
CLIGEG


CLIMATE REPORT
NATIONAL WEATHER SERVICE SPOKANE, WA
1228 AM PST THU JAN 29 2015


...................................

...THE SPOKANE WA AIRPORT CLIMATE SUMMARY FOR JANUARY 28 2015...

CLIMATE NORMAL PERIOD 1981 TO 2010
CLIMATE RECORD PERIOD 1881 TO 2015


WEATHER ITEM   OBSERVED TIME   RECORD YEAR NORMAL DEPARTURE LAST
                VALUE   (LST)  VALUE       VALUE  FROM      YEAR
                                                  NORMAL
..................................................................
TEMPERATURE (F)
 YESTERDAY
  MAXIMUM         37    226 PM  58    1931  36      1       29
  MINIMUM         31    921 PM -17    1882  26      5       25
  AVERAGE         34                        31      3       27

PRECIPITATION (IN)
  YESTERDAY        T             0.44 1888   0.05  -0.05     0.01
  MONTH TO DATE    1.91                      1.65   0.26     0.60
  SINCE OCT 1      6.64                      7.43  -0.79     2.93
  SINCE JAN 1      1.91                      1.65   0.26     0.60

SNOWFALL (IN)
  YESTERDAY        0.0           2.8  1929   0.3   -0.3      0.1
  MONTH TO DATE   10.1                      10.6   -0.5      3.1
  SINCE DEC 1     13.8                      25.2  -11.4      6.8
  SINCE JUL 1     14.3                      32.7  -18.4      9.9
  SNOW DEPTH       0

DEGREE DAYS
 HEATING
  YESTERDAY       31                        34     -3       38
  MONTH TO DATE  945                       997    -52      970
  SINCE DEC 1   1936                      2164   -228     2183
  SINCE JUL 1   3305                      3831   -526     3838

 COOLING
  YESTERDAY        0                         0      0        0
  MONTH TO DATE    0                         0      0        0
  SINCE DEC 1      0                         0      0        0
  SINCE JAN 1      0                         0      0        0
..................................................................


WIND (MPH)
  HIGHEST WIND SPEED    10   HIGHEST WIND DIRECTION    NE (50)
  HIGHEST GUST SPEED    12   HIGHEST GUST DIRECTION    NE (40)
  AVERAGE WIND SPEED     5.1


SKY COVER
  POSSIBLE SUNSHINE  MM
  AVERAGE SKY COVER 0.9


WEATHER CONDITIONS
 THE FOLLOWING WEATHER WAS RECORDED YESTERDAY.
  LIGHT RAIN
  FOG
  FOG W/VISIBILITY <= 1/4 MILE


RELATIVE HUMIDITY (PERCENT)
 HIGHEST   100          1200 AM
 LOWEST     92           700 PM
 AVERAGE    96

..........................................................


THE SPOKANE WA AIRPORT CLIMATE NORMALS FOR TODAY
                         NORMAL    RECORD    YEAR
 MAXIMUM TEMPERATURE (F)   36        53      1967
 MINIMUM TEMPERATURE (F)   26       -24      1950


SUNRISE AND SUNSET
JANUARY 29 2015.......SUNRISE   721 AM PST   SUNSET   446 PM PST
JANUARY 30 2015.......SUNRISE   719 AM PST   SUNSET   448 PM PST


-  INDICATES NEGATIVE NUMBERS.
R  INDICATES RECORD WAS SET OR TIED.
MM INDICATES DATA IS MISSING.
T  INDICATES TRACE AMOUNT.




$$
