000
CDUS46 KOTX 240830
CLIGEG


CLIMATE REPORT
NATIONAL WEATHER SERVICE SPOKANE, WA
129 AM PDT FRI MAR 24 2017


...................................

...THE SPOKANE WA AIRPORT CLIMATE SUMMARY FOR MARCH 23 2017...

CLIMATE NORMAL PERIOD 1981 TO 2010
CLIMATE RECORD PERIOD 1881 TO 2017


WEATHER ITEM   OBSERVED TIME   RECORD YEAR NORMAL DEPARTURE LAST
                VALUE   (LST)  VALUE       VALUE  FROM      YEAR
                                                  NORMAL
..................................................................
TEMPERATURE (F)
 YESTERDAY
  MAXIMUM         48    448 PM  70    1939  51     -3       50
  MINIMUM         34    703 AM  14    1964  33      1       34
  AVERAGE         41                        42     -1       42

PRECIPITATION (IN)
  YESTERDAY        0.00          0.68 1986   0.05  -0.05     0.08
  MONTH TO DATE    3.04                      1.20   1.84     2.95
  SINCE OCT 1     18.57                     10.10   8.47    12.77
  SINCE JAN 1      9.28                      4.32   4.96     6.41

SNOWFALL (IN)
  YESTERDAY        0.0           2.6  1897   0.1   -0.1      0.0
  MONTH TO DATE    5.4                       2.7    2.7       T
  SINCE MAR 1      5.4                       2.7    2.7       T
  SINCE JUL 1     61.0                      43.0   18.0     33.6
  SNOW DEPTH       0

DEGREE DAYS
 HEATING
  YESTERDAY       24                        23      1       23
  MONTH TO DATE  565                       594    -29      520
  SINCE MAR 1    565                       594    -29      520
  SINCE JUL 1   5558                      5423    135     4809

 COOLING
  YESTERDAY        0                         0      0        0
  MONTH TO DATE    0                         0      0        0
  SINCE MAR 1      0                         0      0        0
  SINCE JAN 1      0                         0      0        0
..................................................................


WIND (MPH)
  HIGHEST WIND SPEED    18   HIGHEST WIND DIRECTION     S (200)
  HIGHEST GUST SPEED    22   HIGHEST GUST DIRECTION    SW (210)
  AVERAGE WIND SPEED     9.2


SKY COVER
  POSSIBLE SUNSHINE  MM
  AVERAGE SKY COVER 0.6


WEATHER CONDITIONS
 THE FOLLOWING WEATHER WAS RECORDED YESTERDAY.
  NO SIGNIFICANT WEATHER WAS OBSERVED.


RELATIVE HUMIDITY (PERCENT)
 HIGHEST    92          1200 AM
 LOWEST     45           300 PM
 AVERAGE    69

..........................................................


THE SPOKANE WA AIRPORT CLIMATE NORMALS FOR TODAY
                         NORMAL    RECORD    YEAR
 MAXIMUM TEMPERATURE (F)   52        68      1939
                                             1918
 MINIMUM TEMPERATURE (F)   34        11      1965


SUNRISE AND SUNSET
MARCH 24 2017.........SUNRISE   644 AM PDT   SUNSET   709 PM PDT
MARCH 25 2017.........SUNRISE   642 AM PDT   SUNSET   711 PM PDT


-  INDICATES NEGATIVE NUMBERS.
R  INDICATES RECORD WAS SET OR TIED.
MM INDICATES DATA IS MISSING.
T  INDICATES TRACE AMOUNT.




$$
