000
CDUS46 KOTX 062337
CLIGEG


CLIMATE REPORT
NATIONAL WEATHER SERVICE SPOKANE, WA
435 PM PDT FRI MAY 6 2016


...................................

...THE SPOKANE WA AIRPORT CLIMATE SUMMARY FOR MAY 6 2016...
VALID AS OF 0400 PM LOCAL TIME.

CLIMATE NORMAL PERIOD 1981 TO 2010
CLIMATE RECORD PERIOD 1881 TO 2016


WEATHER ITEM   OBSERVED TIME   RECORD YEAR NORMAL DEPARTURE LAST
                VALUE   (LST)  VALUE       VALUE  FROM      YEAR
                                                  NORMAL
..................................................................
TEMPERATURE (F)
 TODAY
  MAXIMUM         77    249 PM  89    1992  64     13       61
  MINIMUM         53    430 AM  26    1965  41     12       37
  AVERAGE         65                        52     13       49

PRECIPITATION (IN)
  TODAY            0.00          0.50 1897   0.04  -0.04     0.00
  MONTH TO DATE    0.09                      0.24  -0.15      T
  SINCE OCT 1     13.53                     12.03   1.50    10.64
  SINCE JAN 1      7.17                      6.25   0.92     5.91

SNOWFALL (IN)
  TODAY            0.0           0.8  1984   0.0    0.0      0.0
  MONTH TO DATE    0.0                       0.0    0.0      0.0
  SINCE MAR 1      0.6                       4.5   -3.9      1.9
  SINCE JUL 1     34.2                      44.8  -10.6     17.6
  SNOW DEPTH      MM

DEGREE DAYS
 HEATING
  TODAY            0                        13    -13       16
  MONTH TO DATE    9                        82    -73       62
  SINCE MAR 1   1000                      1389   -389     1178
  SINCE JUL 1   5289                      6218   -929     5300

 COOLING
  TODAY            0                         0      0        0
  MONTH TO DATE    2                         0      2        0
  SINCE MAR 1      8                         0      8        0
  SINCE JAN 1      8                         0      8        0
..................................................................


WIND (MPH)
  HIGHEST WIND SPEED    24   HIGHEST WIND DIRECTION    NE (40)
  HIGHEST GUST SPEED    31   HIGHEST GUST DIRECTION    NE (60)
  AVERAGE WIND SPEED    13.1


SKY COVER
  POSSIBLE SUNSHINE  MM
  AVERAGE SKY COVER 0.8


WEATHER CONDITIONS
 THE FOLLOWING WEATHER WAS RECORDED TODAY.
  HAZE


RELATIVE HUMIDITY (PERCENT)
 HIGHEST    83           300 AM
 LOWEST     31           300 PM
 AVERAGE    57

..........................................................


THE SPOKANE WA AIRPORT CLIMATE NORMALS FOR TOMORROW
                         NORMAL    RECORD    YEAR
 MAXIMUM TEMPERATURE (F)   64        88      1987
                                             1890
 MINIMUM TEMPERATURE (F)   41        28      2002
                                             1984


SUNRISE AND SUNSET
MAY  6 2016...........SUNRISE   524 AM PDT   SUNSET   810 PM PDT
MAY  7 2016...........SUNRISE   523 AM PDT   SUNSET   811 PM PDT


-  INDICATES NEGATIVE NUMBERS.
R  INDICATES RECORD WAS SET OR TIED.
MM INDICATES DATA IS MISSING.
T  INDICATES TRACE AMOUNT.




$$
