000
CDUS46 KOTX 290831
CLIGEG


CLIMATE REPORT
NATIONAL WEATHER SERVICE SPOKANE, WA
131 AM PDT SUN MAY 29 2016


...................................

...THE SPOKANE WA AIRPORT CLIMATE SUMMARY FOR MAY 28 2016...

CLIMATE NORMAL PERIOD 1981 TO 2010
CLIMATE RECORD PERIOD 1881 TO 2016


WEATHER ITEM   OBSERVED TIME   RECORD YEAR NORMAL DEPARTURE LAST
                VALUE   (LST)  VALUE       VALUE  FROM      YEAR
                                                  NORMAL
..................................................................
TEMPERATURE (F)
 YESTERDAY
  MAXIMUM         64    411 PM  96    1934  70     -6       79
  MINIMUM         41    350 AM  34    1950  47     -6       53
  AVERAGE         53                        58     -5       66

PRECIPITATION (IN)
  YESTERDAY        0.00          0.79 1988   0.06  -0.06     0.00
  MONTH TO DATE    0.78                      1.43  -0.65     0.85
  SINCE OCT 1     14.22                     13.22   1.00    11.49
  SINCE JAN 1      7.86                      7.44   0.42     6.76

SNOWFALL (IN)
  YESTERDAY        0.0           T    1979   0.0    0.0      0.0
  MONTH TO DATE    0.0                       0.1   -0.1      0.0
  SINCE MAR 1      0.6                       4.6   -4.0      1.9
  SINCE JUL 1     34.2                      44.9  -10.7     17.6
  SNOW DEPTH       0

DEGREE DAYS
 HEATING
  YESTERDAY       12                         7      5        0
  MONTH TO DATE  183                       299   -116      157
  SINCE MAR 1   1174                      1606   -432     1273
  SINCE JUL 1   5463                      6435   -972     5395

 COOLING
  YESTERDAY        0                         1     -1        1
  MONTH TO DATE    6                         7     -1       16
  SINCE MAR 1     12                         7      5       16
  SINCE JAN 1     12                         7      5       16
..................................................................


WIND (MPH)
  HIGHEST WIND SPEED    16   HIGHEST WIND DIRECTION    SW (210)
  HIGHEST GUST SPEED    23   HIGHEST GUST DIRECTION     S (180)
  AVERAGE WIND SPEED     9.3


SKY COVER
  POSSIBLE SUNSHINE  MM
  AVERAGE SKY COVER 0.7


WEATHER CONDITIONS
 THE FOLLOWING WEATHER WAS RECORDED YESTERDAY.
  NO SIGNIFICANT WEATHER WAS OBSERVED.


RELATIVE HUMIDITY (PERCENT)
 HIGHEST    70           400 AM
 LOWEST     34           300 PM
 AVERAGE    52

..........................................................


THE SPOKANE WA AIRPORT CLIMATE NORMALS FOR TODAY
                         NORMAL    RECORD    YEAR
 MAXIMUM TEMPERATURE (F)   70        95      1986
                                             1897
 MINIMUM TEMPERATURE (F)   47        34      1979
                                             1951


SUNRISE AND SUNSET
MAY 29 2016...........SUNRISE   458 AM PDT   SUNSET   838 PM PDT
MAY 30 2016...........SUNRISE   457 AM PDT   SUNSET   839 PM PDT


-  INDICATES NEGATIVE NUMBERS.
R  INDICATES RECORD WAS SET OR TIED.
MM INDICATES DATA IS MISSING.
T  INDICATES TRACE AMOUNT.




$$
