000
CDUS46 KOTX 300827
CLIGEG


CLIMATE REPORT
NATIONAL WEATHER SERVICE SPOKANE, WA
127 AM PDT FRI SEP 30 2016


...................................

...THE SPOKANE WA AIRPORT CLIMATE SUMMARY FOR SEPTEMBER 29 2016...

CLIMATE NORMAL PERIOD 1981 TO 2010
CLIMATE RECORD PERIOD 1881 TO 2016


WEATHER ITEM   OBSERVED TIME   RECORD YEAR NORMAL DEPARTURE LAST
                VALUE   (LST)  VALUE       VALUE  FROM      YEAR
                                                  NORMAL
..................................................................
TEMPERATURE (F)
 YESTERDAY
  MAXIMUM         80    338 PM  86    1890  67     13       76
                                      1888
  MINIMUM         52    311 AM  24    1985  43      9       45
  AVERAGE         66                        55     11       61

PRECIPITATION (IN)
  YESTERDAY        T             0.44 1977   0.03  -0.03     0.00
  MONTH TO DATE    0.20                      0.65  -0.45     0.52
  SINCE OCT 1     15.36                     16.54  -1.18    12.45
  SINCE JAN 1      9.00                     10.76  -1.76     7.72

SNOWFALL (IN)
  YESTERDAY        0.0           0.0  2002   0.0    0.0      0.0
                                      2001
                                      1999
  MONTH TO DATE    0.0                       0.0    0.0      0.0
  SINCE SEP 1      0.0                       0.0    0.0      0.0
  SINCE JUL 1      0.0                       0.0    0.0      0.0
  SNOW DEPTH       0

DEGREE DAYS
 HEATING
  YESTERDAY        0                        10    -10        4
  MONTH TO DATE  158                       174    -16      195
  SINCE SEP 1    158                       174    -16      195
  SINCE JUL 1    188                       239    -51      211

 COOLING
  YESTERDAY        1                         0      1        0
  MONTH TO DATE    7                        37    -30       20
  SINCE SEP 1      7                        37    -30       20
  SINCE JAN 1    494                       448     46      828
..................................................................


WIND (MPH)
  HIGHEST WIND SPEED    17   HIGHEST WIND DIRECTION    SW (220)
  HIGHEST GUST SPEED    20   HIGHEST GUST DIRECTION    SW (220)
  AVERAGE WIND SPEED     4.5


SKY COVER
  POSSIBLE SUNSHINE  MM
  AVERAGE SKY COVER 0.7


WEATHER CONDITIONS
 THE FOLLOWING WEATHER WAS RECORDED YESTERDAY.
  LIGHT RAIN


RELATIVE HUMIDITY (PERCENT)
 HIGHEST    66           500 AM
 LOWEST     29           500 PM
 AVERAGE    48

..........................................................


THE SPOKANE WA AIRPORT CLIMATE NORMALS FOR TODAY
                         NORMAL    RECORD    YEAR
 MAXIMUM TEMPERATURE (F)   67        89      1992
 MINIMUM TEMPERATURE (F)   42        29      1903


SUNRISE AND SUNSET
SEPTEMBER 30 2016.....SUNRISE   649 AM PDT   SUNSET   630 PM PDT
OCTOBER  1 2016.......SUNRISE   650 AM PDT   SUNSET   628 PM PDT


-  INDICATES NEGATIVE NUMBERS.
R  INDICATES RECORD WAS SET OR TIED.
MM INDICATES DATA IS MISSING.
T  INDICATES TRACE AMOUNT.




$$
