000
CDUS46 KOTX 260821
CLIGEG


CLIMATE REPORT
NATIONAL WEATHER SERVICE SPOKANE, WA
121 AM PDT WED JUL 26 2017


...................................

...THE SPOKANE WA AIRPORT CLIMATE SUMMARY FOR JULY 25 2017...

CLIMATE NORMAL PERIOD 1981 TO 2010
CLIMATE RECORD PERIOD 1881 TO 2017


WEATHER ITEM   OBSERVED TIME   RECORD YEAR NORMAL DEPARTURE LAST
                VALUE   (LST)  VALUE       VALUE  FROM      YEAR
                                                  NORMAL
..................................................................
TEMPERATURE (F)
 YESTERDAY
  MAXIMUM         90    347 PM 104    1928  86      4       93
  MINIMUM         60    442 AM  46    1882  58      2       62
  AVERAGE         75                        72      3       78

PRECIPITATION (IN)
  YESTERDAY        0.00          0.76 1990   0.02  -0.02     0.00
  MONTH TO DATE    T                         0.55  -0.55     0.27
  SINCE OCT 1     23.26                     15.21   8.05    15.00
  SINCE JAN 1     13.97                      9.43   4.54     8.64

SNOWFALL (IN)
  YESTERDAY        0.0           0.0  2002   0.0    0.0      0.0
                                      2001
                                      2000
  MONTH TO DATE    0.0                       0.0    0.0      0.0
  SINCE JUN 1      0.0                       0.0    0.0      0.0
  SINCE JUL 1      0.0                       0.0    0.0      0.0
  SNOW DEPTH       0

DEGREE DAYS
 HEATING
  YESTERDAY        0                         0      0        0
  MONTH TO DATE    0                        31    -31       20
  SINCE JUN 1     66                       167   -101      130
  SINCE JUL 1      0                        31    -31       20

 COOLING
  YESTERDAY       10                         7      3       13
  MONTH TO DATE  231                       136     95       72
  SINCE JUN 1    317                       185    132      186
  SINCE JAN 1    352                       199    153      198
..................................................................


WIND (MPH)
  HIGHEST WIND SPEED    15   HIGHEST WIND DIRECTION     W (260)
  HIGHEST GUST SPEED    20   HIGHEST GUST DIRECTION     W (270)
  AVERAGE WIND SPEED     4.7


SKY COVER
  POSSIBLE SUNSHINE  MM
  AVERAGE SKY COVER 0.2


WEATHER CONDITIONS
 THE FOLLOWING WEATHER WAS RECORDED YESTERDAY.
  NO SIGNIFICANT WEATHER WAS OBSERVED.


RELATIVE HUMIDITY (PERCENT)
 HIGHEST    49           500 AM
 LOWEST     12           500 PM
 AVERAGE    31

..........................................................


THE SPOKANE WA AIRPORT CLIMATE NORMALS FOR TODAY
                         NORMAL    RECORD    YEAR
 MAXIMUM TEMPERATURE (F)   86       108      1928
 MINIMUM TEMPERATURE (F)   58        42      1969


SUNRISE AND SUNSET
JULY 26 2017..........SUNRISE   521 AM PDT   SUNSET   832 PM PDT
JULY 27 2017..........SUNRISE   522 AM PDT   SUNSET   831 PM PDT


-  INDICATES NEGATIVE NUMBERS.
R  INDICATES RECORD WAS SET OR TIED.
MM INDICATES DATA IS MISSING.
T  INDICATES TRACE AMOUNT.




$$
