000
CDUS46 KOTX 160853
CLIGEG


CLIMATE REPORT
NATIONAL WEATHER SERVICE SPOKANE, WA
1253 AM PST MON JAN 16 2017


...................................

...THE SPOKANE WA AIRPORT CLIMATE SUMMARY FOR JANUARY 15 2017...

CLIMATE NORMAL PERIOD 1981 TO 2010
CLIMATE RECORD PERIOD 1881 TO 2017


WEATHER ITEM   OBSERVED TIME   RECORD YEAR NORMAL DEPARTURE LAST
                VALUE   (LST)  VALUE       VALUE  FROM      YEAR
                                                  NORMAL
..................................................................
TEMPERATURE (F)
 YESTERDAY
  MAXIMUM         13   1245 PM  51    1973  34    -21       31
  MINIMUM         -2    152 AM -30    1888  25    -27       18
  AVERAGE          6                        30    -24       25

PRECIPITATION (IN)
  YESTERDAY        T             0.76 1971   0.06  -0.06     0.02
  MONTH TO DATE    0.95                      0.95   0.00     0.67
  SINCE OCT 1     10.24                      6.73   3.51     7.03
  SINCE JAN 1      0.95                      0.95   0.00     0.67

SNOWFALL (IN)
  YESTERDAY        T             4.7  1956   0.4   -0.4      0.5
  MONTH TO DATE   11.2                       6.7    4.5      2.7
  SINCE DEC 1     30.2                      21.3    8.9     26.8
  SINCE JUL 1     33.5                      28.8    4.7     28.3
  SNOW DEPTH      10

DEGREE DAYS
 HEATING
  YESTERDAY       59                        35     24       40
  MONTH TO DATE  784                       549    235      570
  SINCE DEC 1   2073                      1716    357     1624
  SINCE JUL 1   3406                      3383     23     3058

 COOLING
  YESTERDAY        0                         0      0        0
  MONTH TO DATE    0                         0      0        0
  SINCE DEC 1      0                         0      0        0
  SINCE JAN 1      0                         0      0        0
..................................................................


WIND (MPH)
  HIGHEST WIND SPEED    10   HIGHEST WIND DIRECTION    SW (240)
  HIGHEST GUST SPEED    11   HIGHEST GUST DIRECTION    SW (230)
  AVERAGE WIND SPEED     4.0


SKY COVER
  POSSIBLE SUNSHINE  MM
  AVERAGE SKY COVER 0.8


WEATHER CONDITIONS
 THE FOLLOWING WEATHER WAS RECORDED YESTERDAY.
  LIGHT SNOW
  FOG
  FOG W/VISIBILITY <= 1/4 MILE
  HAZE


RELATIVE HUMIDITY (PERCENT)
 HIGHEST   100          1200 PM
 LOWEST     76           300 PM
 AVERAGE    88

..........................................................


THE SPOKANE WA AIRPORT CLIMATE NORMALS FOR TODAY
                         NORMAL    RECORD    YEAR
 MAXIMUM TEMPERATURE (F)   34        51      2011
 MINIMUM TEMPERATURE (F)   25       -30      1888


SUNRISE AND SUNSET
JANUARY 16 2017.......SUNRISE   733 AM PST   SUNSET   428 PM PST
JANUARY 17 2017.......SUNRISE   732 AM PST   SUNSET   429 PM PST


-  INDICATES NEGATIVE NUMBERS.
R  INDICATES RECORD WAS SET OR TIED.
MM INDICATES DATA IS MISSING.
T  INDICATES TRACE AMOUNT.




$$
