000
CDUS45 KRIW 230734
CLIGEY


CLIMATE REPORT
NATIONAL WEATHER SERVICE RIVERTON WY
128 AM MDT WED JUL 23 2014


...................................

...THE GREYBULL WY CLIMATE SUMMARY FOR JULY 22 2014...

CLIMATE NORMAL PERIOD 1981 TO 2010
CLIMATE RECORD PERIOD 1998 TO 2014


WEATHER ITEM   OBSERVED TIME   RECORD YEAR NORMAL DEPARTURE LAST
                VALUE   (LST)  VALUE       VALUE  FROM      YEAR
                                                  NORMAL
..................................................................
TEMPERATURE (F)
 YESTERDAY
  MAXIMUM         98    402 PM 105    2007  92      6      100
  MINIMUM         61    607 AM  54    2010  58      3       58
  AVERAGE         80                        75      5       79

PRECIPITATION (IN)
  YESTERDAY        T             0.12 2004   0.02  -0.02     0.00
  MONTH TO DATE    0.21                      0.52  -0.31     0.27
  SINCE JUN 1      1.15                      1.72  -0.57     0.67
  SINCE JAN 1      2.85                      4.89  -2.04     2.57

DEGREE DAYS
 HEATING
  YESTERDAY        0                         0      0        0
  MONTH TO DATE    0                         1     -1        0
  SINCE JUN 1     56                        71    -15       36
  SINCE JUL 1      0                         1     -1        0

 COOLING
  YESTERDAY       15                        10      5       14
  MONTH TO DATE  245                       188     57      293
  SINCE JUN 1    294                       294      0      466
  SINCE JAN 1    336                       314     22      493
..................................................................


WIND (MPH)
  HIGHEST WIND SPEED    25   HIGHEST WIND DIRECTION    NW (330)
  HIGHEST GUST SPEED    32   HIGHEST GUST DIRECTION     N (340)
  AVERAGE WIND SPEED     6.3


SKY COVER
  POSSIBLE SUNSHINE  MM
  AVERAGE SKY COVER 0.0


WEATHER CONDITIONS
 THE FOLLOWING WEATHER WAS RECORDED YESTERDAY.
  LIGHT RAIN


RELATIVE HUMIDITY (PERCENT)
 HIGHEST    67           400 AM
 LOWEST     12           200 PM
 AVERAGE    40

..........................................................


THE GREYBULL WY CLIMATE NORMALS FOR TODAY
                         NORMAL    RECORD    YEAR
 MAXIMUM TEMPERATURE (F)   92       105      2007
                                             2003
 MINIMUM TEMPERATURE (F)   58        54      2004


SUNRISE AND SUNSET
JULY 23 2014..........SUNRISE   549 AM MDT   SUNSET   847 PM MDT
JULY 24 2014..........SUNRISE   550 AM MDT   SUNSET   846 PM MDT


-  INDICATES NEGATIVE NUMBERS.
R  INDICATES RECORD WAS SET OR TIED.
MM INDICATES DATA IS MISSING.
T  INDICATES TRACE AMOUNT.




$$
