000
CDUS45 KRIW 260039
CLIGEY


CLIMATE REPORT
NATIONAL WEATHER SERVICE RIVERTON WY
629 PM MDT SAT OCT 25 2014


...................................

...THE GREYBULL WY CLIMATE SUMMARY FOR OCTOBER 25 2014...
VALID TODAY AS OF 0500 PM LOCAL TIME.

CLIMATE NORMAL PERIOD 1981 TO 2010
CLIMATE RECORD PERIOD 1998 TO 2014


WEATHER ITEM   OBSERVED TIME   RECORD YEAR NORMAL DEPARTURE LAST
                VALUE   (LST)  VALUE       VALUE  FROM      YEAR
                                                  NORMAL
..................................................................
TEMPERATURE (F)
 TODAY
  MAXIMUM         80R       MM  72    1999  56     24       64
  MINIMUM         31        MM  17    2001  29      2       28
  AVERAGE         56

PRECIPITATION (IN)
  TODAY            0.00          0.21 2000   0.01  -0.01     0.00
  MONTH TO DATE    0.01                      0.54  -0.53     1.04
  SINCE SEP 1      0.87                      1.42  -0.55     2.15
  SINCE JAN 1      4.73                      6.87  -2.14     4.77

DEGREE DAYS
 HEATING
  TODAY            9                        22    -13       19
  MONTH TO DATE  284                       445   -161      535
  SINCE SEP 1    436                       655   -219      657
  SINCE JUL 1    463                       676   -213      657

 COOLING
  TODAY            0                         0      0        0
  MONTH TO DATE    0                         0      0        0
  SINCE SEP 1     43                        36      7       96
  SINCE JAN 1    698                       669     29     1005
..................................................................


WIND (MPH)
  HIGHEST WIND SPEED    16   HIGHEST WIND DIRECTION    SE (150)
  HIGHEST GUST SPEED    22   HIGHEST GUST DIRECTION    SE (150)
  AVERAGE WIND SPEED     4.3


SKY COVER
  POSSIBLE SUNSHINE  MM
  AVERAGE SKY COVER 0.0


WEATHER CONDITIONS
 THE FOLLOWING WEATHER WAS RECORDED TODAY.
  NO SIGNIFICANT WEATHER WAS OBSERVED.


RELATIVE HUMIDITY (PERCENT)
 HIGHEST    85           700 AM
 LOWEST     12           400 PM
 AVERAGE    49

..........................................................


THE GREYBULL WY CLIMATE NORMALS FOR TOMORROW
                         NORMAL    RECORD    YEAR
 MAXIMUM TEMPERATURE (F)   56        76      1999
 MINIMUM TEMPERATURE (F)   28        18      2001


SUNRISE AND SUNSET
OCTOBER 25 2014.......SUNRISE   740 AM MDT   SUNSET   612 PM MDT
OCTOBER 26 2014.......SUNRISE   742 AM MDT   SUNSET   610 PM MDT


-  INDICATES NEGATIVE NUMBERS.
R  INDICATES RECORD WAS SET OR TIED.
MM INDICATES DATA IS MISSING.
T  INDICATES TRACE AMOUNT.




$$
