000
CDUS45 KRIW 060743
CLIGEY


CLIMATE REPORT
NATIONAL WEATHER SERVICE RIVERTON WY
131 AM MDT MON JUL 6 2015


...................................

...THE GREYBULL WY CLIMATE SUMMARY FOR JULY 5 2015...

CLIMATE NORMAL PERIOD 1981 TO 2010
CLIMATE RECORD PERIOD 1998 TO 2015


WEATHER ITEM   OBSERVED TIME   RECORD YEAR NORMAL DEPARTURE LAST
                VALUE   (LST)  VALUE       VALUE  FROM      YEAR
                                                  NORMAL
..................................................................
TEMPERATURE (F)
 YESTERDAY
  MAXIMUM         79   1230 AM 102    2001  88     -9      101
  MINIMUM         58   1159 PM  48    2000  56      2       57
  AVERAGE         69                        72     -3       79

PRECIPITATION (IN)
  YESTERDAY        T             0.06 2006   0.03  -0.03     0.00
  MONTH TO DATE    T                         0.15  -0.15      T
  SINCE JUN 1      0.25                      1.35  -1.10     0.94
  SINCE JAN 1      1.83                      4.52  -2.69     2.64

DEGREE DAYS
 HEATING
  YESTERDAY        0                         0      0        0
  MONTH TO DATE    0                         1     -1        0
  SINCE JUN 1      0                        71    -71       56
  SINCE JUL 1      0                         1     -1        0

 COOLING
  YESTERDAY        4                         7     -3       14
  MONTH TO DATE   65                        35     30       43
  SINCE JUN 1    310                       141    169       92
  SINCE JAN 1    315                       161    154      134
..................................................................


WIND (MPH)
  HIGHEST WIND SPEED    36   HIGHEST WIND DIRECTION    NW (320)
  HIGHEST GUST SPEED    43   HIGHEST GUST DIRECTION    NW (320)
  AVERAGE WIND SPEED    13.8


SKY COVER
  POSSIBLE SUNSHINE  MM
  AVERAGE SKY COVER 0.4


WEATHER CONDITIONS
 THE FOLLOWING WEATHER WAS RECORDED YESTERDAY.
  LIGHT RAIN
  FOG
  HAZE


RELATIVE HUMIDITY (PERCENT)
 HIGHEST    90           300 PM
 LOWEST     38          1200 AM
 AVERAGE    64

..........................................................


THE GREYBULL WY CLIMATE NORMALS FOR TODAY
                         NORMAL    RECORD    YEAR
 MAXIMUM TEMPERATURE (F)   89       104      2007
 MINIMUM TEMPERATURE (F)   56        47      2004


SUNRISE AND SUNSET
JULY  6 2015..........SUNRISE   534 AM MDT   SUNSET   859 PM MDT
JULY  7 2015..........SUNRISE   535 AM MDT   SUNSET   859 PM MDT


-  INDICATES NEGATIVE NUMBERS.
R  INDICATES RECORD WAS SET OR TIED.
MM INDICATES DATA IS MISSING.
T  INDICATES TRACE AMOUNT.




$$
