731
CDUS45 KRIW 280740
CLIGEY


CLIMATE REPORT
NATIONAL WEATHER SERVICE RIVERTON WY
128 AM MDT SAT MAY 28 2016


...................................

...THE GREYBULL WY CLIMATE SUMMARY FOR MAY 27 2016...

CLIMATE NORMAL PERIOD 1981 TO 2010
CLIMATE RECORD PERIOD 1998 TO 2016


WEATHER ITEM   OBSERVED TIME   RECORD YEAR NORMAL DEPARTURE LAST
                VALUE   (LST)  VALUE       VALUE  FROM      YEAR
                                                  NORMAL
..................................................................
TEMPERATURE (F)
 YESTERDAY
  MAXIMUM         73    210 PM  87    2010  74     -1       74
  MINIMUM         45    515 AM  39    2012  46     -1       54
                                      2005
  AVERAGE         59                        60     -1       64

PRECIPITATION (IN)
  YESTERDAY        0.07          0.20 2008   0.07   0.00      T
  MONTH TO DATE    1.30                      1.35  -0.05     0.97
  SINCE MAR 1      2.12                      2.46  -0.34     1.22
  SINCE JAN 1      2.23                      2.87  -0.64     1.48

DEGREE DAYS
 HEATING
  YESTERDAY        6                         6      0        1
  MONTH TO DATE  228                       258    -30      265
  SINCE MAR 1   1423                      1686   -263     1466
  SINCE JUL 1   6576                      7657  -1081     7110

 COOLING
  YESTERDAY        0                         1     -1        0
  MONTH TO DATE   11                        12     -1        0
  SINCE MAR 1     11                        13     -2        0
  SINCE JAN 1     11                        13     -2        0
..................................................................


WIND (MPH)
  HIGHEST WIND SPEED    26   HIGHEST WIND DIRECTION    SW (220)
  HIGHEST GUST SPEED    31   HIGHEST GUST DIRECTION    SW (210)
  AVERAGE WIND SPEED     6.3


SKY COVER
  POSSIBLE SUNSHINE  MM
  AVERAGE SKY COVER 0.2


WEATHER CONDITIONS
 THE FOLLOWING WEATHER WAS RECORDED YESTERDAY.
  LIGHT RAIN


RELATIVE HUMIDITY (PERCENT)
 HIGHEST    86          1200 AM
 LOWEST     25           200 PM
 AVERAGE    56

..........................................................


THE GREYBULL WY CLIMATE NORMALS FOR TODAY
                         NORMAL    RECORD    YEAR
 MAXIMUM TEMPERATURE (F)   74        96      2014
 MINIMUM TEMPERATURE (F)   47        39      2012


SUNRISE AND SUNSET
MAY 28 2016...........SUNRISE   533 AM MDT   SUNSET   847 PM MDT
MAY 29 2016...........SUNRISE   532 AM MDT   SUNSET   848 PM MDT


-  INDICATES NEGATIVE NUMBERS.
R  INDICATES RECORD WAS SET OR TIED.
MM INDICATES DATA IS MISSING.
T  INDICATES TRACE AMOUNT.




$$
