000
CDUS45 KRIW 300825
CLIGEY


CLIMATE REPORT
NATIONAL WEATHER SERVICE RIVERTON WY
156 AM MDT TUE MAY 30 2017


...................................

...THE GREYBULL WY CLIMATE SUMMARY FOR MAY 29 2017...

CLIMATE NORMAL PERIOD 1981 TO 2010
CLIMATE RECORD PERIOD 1998 TO 2017


WEATHER ITEM   OBSERVED TIME   RECORD YEAR NORMAL DEPARTURE LAST
                VALUE   (LST)  VALUE       VALUE  FROM      YEAR
                                                  NORMAL
..................................................................
TEMPERATURE (F)
 YESTERDAY
  MAXIMUM         76    437 PM  98    2003  75      1       79
  MINIMUM         44    503 AM  38    2012  47     -3       50
  AVERAGE         60                        61     -1       65

PRECIPITATION (IN)
  YESTERDAY        0.00          0.34 2013   0.07  -0.07     0.00
  MONTH TO DATE    0.52                      1.49  -0.97     1.36
  SINCE MAR 1      1.33                      2.60  -1.27     2.18
  SINCE JAN 1      1.54                      3.01  -1.47     2.29

DEGREE DAYS
 HEATING
  YESTERDAY        5                         6     -1        0
  MONTH TO DATE  231                       270    -39      232
  SINCE MAR 1   1392                      1698   -306     1427
  SINCE JUL 1   7433                      7669   -236     6580

 COOLING
  YESTERDAY        0                         1     -1        0
  MONTH TO DATE    9                        14     -5       11
  SINCE MAR 1      9                        15     -6       11
  SINCE JAN 1      9                        15     -6       11
..................................................................


WIND (MPH)
  HIGHEST WIND SPEED    21   HIGHEST WIND DIRECTION     N (340)
  HIGHEST GUST SPEED    27   HIGHEST GUST DIRECTION    NW (330)
  AVERAGE WIND SPEED     7.3


SKY COVER
  POSSIBLE SUNSHINE  MM
  AVERAGE SKY COVER 0.1


WEATHER CONDITIONS
 THE FOLLOWING WEATHER WAS RECORDED YESTERDAY.
  NO SIGNIFICANT WEATHER WAS OBSERVED.


RELATIVE HUMIDITY (PERCENT)
 HIGHEST    76           300 AM
 LOWEST     15           500 PM
 AVERAGE    46

..........................................................


THE GREYBULL WY CLIMATE NORMALS FOR TODAY
                         NORMAL    RECORD    YEAR
 MAXIMUM TEMPERATURE (F)   75        91      2002
 MINIMUM TEMPERATURE (F)   47        37      2006


SUNRISE AND SUNSET
MAY 30 2017...........SUNRISE   532 AM MDT   SUNSET   849 PM MDT
MAY 31 2017...........SUNRISE   531 AM MDT   SUNSET   850 PM MDT


-  INDICATES NEGATIVE NUMBERS.
R  INDICATES RECORD WAS SET OR TIED.
MM INDICATES DATA IS MISSING.
T  INDICATES TRACE AMOUNT.




$$
