000
CDUS45 KRIW 200739
CLIGEY


CLIMATE REPORT
NATIONAL WEATHER SERVICE RIVERTON WY
137 AM MDT SUN APR 20 2014


...................................

...THE GREYBULL WY CLIMATE SUMMARY FOR APRIL 19 2014...

CLIMATE NORMAL PERIOD 1981 TO 2010
CLIMATE RECORD PERIOD 1998 TO 2014


WEATHER ITEM   OBSERVED TIME   RECORD YEAR NORMAL DEPARTURE LAST
                VALUE   (LST)  VALUE       VALUE  FROM      YEAR
                                                  NORMAL
..................................................................
TEMPERATURE (F)
 YESTERDAY
  MAXIMUM         68    445 PM  77    2008  62      6       59
  MINIMUM         32    604 AM  27    2002  33     -1       29
  AVERAGE         50                        47      3       44

PRECIPITATION (IN)
  YESTERDAY        0.00          0.50 2005   0.03  -0.03     0.00
  MONTH TO DATE    0.46                      0.38   0.08     0.16
  SINCE MAR 1      0.64                      0.78  -0.14     0.25
  SINCE JAN 1      0.90                      1.19  -0.29     0.67

DEGREE DAYS
 HEATING
  YESTERDAY       15                        18     -3       21
  MONTH TO DATE  400                       385     15      461
  SINCE MAR 1   1305                      1256     49     1319
  SINCE JUL 1   7192                      7227    -35     7193

 COOLING
  YESTERDAY        0                         0      0        0
  MONTH TO DATE    0                         0      0        0
  SINCE MAR 1      0                         0      0        0
  SINCE JAN 1      0                         0      0        0
..................................................................


WIND (MPH)
  HIGHEST WIND SPEED    15   HIGHEST WIND DIRECTION    SE (150)
  HIGHEST GUST SPEED    23   HIGHEST GUST DIRECTION    SE (150)
  AVERAGE WIND SPEED     4.3


SKY COVER
  POSSIBLE SUNSHINE  MM
  AVERAGE SKY COVER 0.0


WEATHER CONDITIONS
 THE FOLLOWING WEATHER WAS RECORDED YESTERDAY.
  NO SIGNIFICANT WEATHER WAS OBSERVED.


RELATIVE HUMIDITY (PERCENT)
 HIGHEST    85           600 AM
 LOWEST     14           400 PM
 AVERAGE    50

..........................................................


THE GREYBULL WY CLIMATE NORMALS FOR TODAY
                         NORMAL    RECORD    YEAR
 MAXIMUM TEMPERATURE (F)   62        76      2009
 MINIMUM TEMPERATURE (F)   34        13      2008


SUNRISE AND SUNSET
APRIL 20 2014.........SUNRISE   620 AM MDT   SUNSET   803 PM MDT
APRIL 21 2014.........SUNRISE   618 AM MDT   SUNSET   805 PM MDT


-  INDICATES NEGATIVE NUMBERS.
R  INDICATES RECORD WAS SET OR TIED.
MM INDICATES DATA IS MISSING.
T  INDICATES TRACE AMOUNT.




$$
