000
CDUS43 KIND 290550
CLIGEZ


CLIMATE REPORT
NATIONAL WEATHER SERVICE INDIANAPOLIS IN
150 AM EDT WED JUL 29 2015


...................................

...THE SHELBYVILLE IN CLIMATE SUMMARY FOR JULY 28 2015...

CLIMATE NORMAL PERIOD 1981 TO 2010
CLIMATE RECORD PERIOD 9999 TO 9999


WEATHER ITEM   OBSERVED TIME   NORMAL DEPARTURE LAST
                VALUE   (LST)  VALUE  FROM      YEAR
                                      NORMAL
......................................................
TEMPERATURE (F)
 YESTERDAY
  MAXIMUM         92    248 PM  84      8       76
  MINIMUM         71    556 AM  63      8       54
  AVERAGE         82            74      8       65

PRECIPITATION (IN)
  YESTERDAY        0.20          0.14   0.06     0.00
  MONTH TO DATE    7.94          4.30   3.64     3.03
  SINCE JUN 1     15.76          8.70   7.06     8.43
  SINCE JAN 1     29.80         26.48   3.32    23.92

DEGREE DAYS
 HEATING
  YESTERDAY        0             0      0        0
  MONTH TO DATE    0             0      0        1
  SINCE JUN 1     21            15      6        2
  SINCE JUL 1      0             0      0        1

 COOLING
  YESTERDAY       17             9      8        0
  MONTH TO DATE  272           252     20      190
  SINCE JUN 1    563           461    102      506
  SINCE JAN 1    751           542    209      669
......................................................


WIND (MPH)
  HIGHEST WIND SPEED    13   HIGHEST WIND DIRECTION    NW (300)
  HIGHEST GUST SPEED    17   HIGHEST GUST DIRECTION    NW (300)
  AVERAGE WIND SPEED     2.4


SKY COVER
  AVERAGE SKY COVER 0.1


WEATHER CONDITIONS
 THE FOLLOWING WEATHER WAS RECORDED YESTERDAY.
  HEAVY RAIN
  RAIN
  LIGHT RAIN
  FOG
  HAZE


RELATIVE HUMIDITY (PERCENT)
 HIGHEST    94          1100 PM
 LOWEST     56           200 PM
 AVERAGE    75

..........................................................


THE SHELBYVILLE IN CLIMATE NORMALS FOR TODAY
                         NORMAL
 MAXIMUM TEMPERATURE (F)   84
 MINIMUM TEMPERATURE (F)   63


SUNRISE AND SUNSET
JULY 29 2015..........SUNRISE   640 AM EDT   SUNSET   859 PM EDT
JULY 30 2015..........SUNRISE   641 AM EDT   SUNSET   858 PM EDT


-  INDICATES NEGATIVE NUMBERS.
R  INDICATES RECORD WAS SET OR TIED.
MM INDICATES DATA IS MISSING.
T  INDICATES TRACE AMOUNT.




$$
