000
CDUS43 KIND 010641
CLIGEZ


CLIMATE REPORT
NATIONAL WEATHER SERVICE INDIANAPOLIS IN
139 AM EST SUN FEB 1 2015


...................................

...THE SHELBYVILLE IN CLIMATE SUMMARY FOR JANUARY 31 2015...

CLIMATE NORMAL PERIOD 1981 TO 2010
CLIMATE RECORD PERIOD 9999 TO 9999


WEATHER ITEM   OBSERVED TIME   NORMAL DEPARTURE LAST
                VALUE   (LST)  VALUE  FROM      YEAR
                                      NORMAL
......................................................
TEMPERATURE (F)
 YESTERDAY
  MAXIMUM         39    539 PM  37      2       36
  MINIMUM         20    645 AM  22     -2       31
  AVERAGE         30            29      1       34

PRECIPITATION (IN)
  YESTERDAY        0.06          0.06   0.00     0.02
  MONTH TO DATE    1.92          2.39  -0.47     2.03
  SINCE DEC 1      4.90          5.66  -0.76     7.91
  SINCE JAN 1      1.92          2.39  -0.47     2.03

DEGREE DAYS
 HEATING
  YESTERDAY       35            36     -1       31
  MONTH TO DATE 1131          1116     15     1287
  SINCE DEC 1   2028          2154   -126     2300
  SINCE JUL 1   3212          3229    -17     3366

 COOLING
  YESTERDAY        0             0      0        0
  MONTH TO DATE    0             0      0        0
  SINCE DEC 1      0             0      0        0
  SINCE JAN 1      0             0      0        0
......................................................


WIND (MPH)
  HIGHEST WIND SPEED    15   HIGHEST WIND DIRECTION    SW (220)
  HIGHEST GUST SPEED    18   HIGHEST GUST DIRECTION    SW (230)
  AVERAGE WIND SPEED     7.7


SKY COVER
  AVERAGE SKY COVER 0.4


WEATHER CONDITIONS
 THE FOLLOWING WEATHER WAS RECORDED YESTERDAY.
  LT FREEZING RAIN
  LIGHT SNOW
  FOG


RELATIVE HUMIDITY (PERCENT)
 HIGHEST    89           900 PM
 LOWEST     48           300 PM
 AVERAGE    69

..........................................................


THE SHELBYVILLE IN CLIMATE NORMALS FOR TODAY
                         NORMAL
 MAXIMUM TEMPERATURE (F)   37
 MINIMUM TEMPERATURE (F)   22


SUNRISE AND SUNSET
FEBRUARY  1 2015......SUNRISE   751 AM EST   SUNSET   603 PM EST
FEBRUARY  2 2015......SUNRISE   750 AM EST   SUNSET   604 PM EST


-  INDICATES NEGATIVE NUMBERS.
R  INDICATES RECORD WAS SET OR TIED.
MM INDICATES DATA IS MISSING.
T  INDICATES TRACE AMOUNT.




$$
