000
CDUS43 KIND 230545
CLIGEZ


CLIMATE REPORT
NATIONAL WEATHER SERVICE INDIANAPOLIS IN
144 AM EDT SAT SEP 23 2017


...................................

...THE SHELBYVILLE IN CLIMATE SUMMARY FOR SEPTEMBER 22 2017...

CLIMATE NORMAL PERIOD 1981 TO 2010
CLIMATE RECORD PERIOD 9999 TO 9999


WEATHER ITEM   OBSERVED TIME   NORMAL DEPARTURE LAST
                VALUE   (LST)  VALUE  FROM      YEAR
                                      NORMAL
......................................................
TEMPERATURE (F)
 YESTERDAY
  MAXIMUM         93    415 PM  76     17       91
  MINIMUM         67    639 AM  51     16       59
  AVERAGE         80            63     17       75

PRECIPITATION (IN)
  YESTERDAY        0.00          0.10  -0.10     0.00
  MONTH TO DATE    1.76          2.33  -0.57     2.51
  SINCE SEP 1      1.76          2.33  -0.57     2.51
  SINCE JAN 1     34.65         32.61   2.04    35.70

DEGREE DAYS
 HEATING
  YESTERDAY        0             4     -4        0
  MONTH TO DATE   41            36      5        0
  SINCE SEP 1     41            36      5        0
  SINCE JUL 1     41            42     -1        2

 COOLING
  YESTERDAY       15             2     13       10
  MONTH TO DATE   91            81     10      185
  SINCE SEP 1     91            81     10      185
  SINCE JAN 1   1027           887    140     1364
......................................................


WIND (MPH)
  HIGHEST WIND SPEED    13   HIGHEST WIND DIRECTION    NE (30)
  HIGHEST GUST SPEED    17   HIGHEST GUST DIRECTION    NE (30)
  AVERAGE WIND SPEED     3.0


SKY COVER
  AVERAGE SKY COVER 0.2


WEATHER CONDITIONS
 THE FOLLOWING WEATHER WAS RECORDED YESTERDAY.
  THUNDERSTORM


RELATIVE HUMIDITY (PERCENT)
 HIGHEST    90          1200 AM
 LOWEST     38           400 PM
 AVERAGE    64

..........................................................


THE SHELBYVILLE IN CLIMATE NORMALS FOR TODAY
                         NORMAL
 MAXIMUM TEMPERATURE (F)   75
 MINIMUM TEMPERATURE (F)   50


SUNRISE AND SUNSET
SEPTEMBER 23 2017.....SUNRISE   732 AM EDT   SUNSET   738 PM EDT
SEPTEMBER 24 2017.....SUNRISE   733 AM EDT   SUNSET   737 PM EDT


-  INDICATES NEGATIVE NUMBERS.
R  INDICATES RECORD WAS SET OR TIED.
MM INDICATES DATA IS MISSING.
T  INDICATES TRACE AMOUNT.




$$
