000
CDUS43 KIND 280530
CLIGEZ


CLIMATE REPORT
NATIONAL WEATHER SERVICE INDIANAPOLIS IN
130 AM EDT MON JUL 28 2014


...................................

...THE SHELBYVILLE IN CLIMATE SUMMARY FOR JULY 27 2014...

CLIMATE NORMAL PERIOD 1981 TO 2010
CLIMATE RECORD PERIOD 9999 TO 9999


WEATHER ITEM   OBSERVED TIME   NORMAL DEPARTURE LAST
                VALUE   (LST)  VALUE  FROM      YEAR
                                      NORMAL
......................................................
TEMPERATURE (F)
 YESTERDAY
  MAXIMUM         86    322 PM  84      2       78
  MINIMUM         69   1159 PM  64      5       60
  AVERAGE         78            74      4       69

PRECIPITATION (IN)
  YESTERDAY        0.23          0.14   0.09     0.34
  MONTH TO DATE    3.03          4.16  -1.13     1.35
  SINCE JUN 1      8.43          8.56  -0.13     5.83
  SINCE JAN 1     23.92         26.34  -2.42    18.14

DEGREE DAYS
 HEATING
  YESTERDAY        0             0      0        0
  MONTH TO DATE    1             0      1        0
  SINCE JUN 1      2            15    -13        5
  SINCE JUL 1      1             0      1        0

 COOLING
  YESTERDAY       13             9      4        4
  MONTH TO DATE  190           243    -53      283
  SINCE JUN 1    506           452     54      549
  SINCE JAN 1    669           533    136      717
......................................................


WIND (MPH)
  HIGHEST WIND SPEED    28   HIGHEST WIND DIRECTION    NW (300)
  HIGHEST GUST SPEED    37   HIGHEST GUST DIRECTION    NW (300)
  AVERAGE WIND SPEED    11.6


SKY COVER
  AVERAGE SKY COVER 0.6


WEATHER CONDITIONS
 THE FOLLOWING WEATHER WAS RECORDED YESTERDAY.
  THUNDERSTORM
  HEAVY RAIN
  RAIN
  LIGHT RAIN
  FOG


RELATIVE HUMIDITY (PERCENT)
 HIGHEST    93           100 AM
 LOWEST     52           800 PM
 AVERAGE    73

..........................................................


THE SHELBYVILLE IN CLIMATE NORMALS FOR TODAY
                         NORMAL
 MAXIMUM TEMPERATURE (F)   84
 MINIMUM TEMPERATURE (F)   63


SUNRISE AND SUNSET
JULY 28 2014..........SUNRISE   639 AM EDT   SUNSET   900 PM EDT
JULY 29 2014..........SUNRISE   640 AM EDT   SUNSET   859 PM EDT


-  INDICATES NEGATIVE NUMBERS.
R  INDICATES RECORD WAS SET OR TIED.
MM INDICATES DATA IS MISSING.
T  INDICATES TRACE AMOUNT.




$$
