000
CDUS43 KIND 260531
CLIGEZ


CLIMATE REPORT
NATIONAL WEATHER SERVICE INDIANAPOLIS IN
131 AM EDT TUE MAY 26 2015


...................................

...THE SHELBYVILLE IN CLIMATE SUMMARY FOR MAY 25 2015...

CLIMATE NORMAL PERIOD 1981 TO 2010
CLIMATE RECORD PERIOD 9999 TO 9999


WEATHER ITEM   OBSERVED TIME   NORMAL DEPARTURE LAST
                VALUE   (LST)  VALUE  FROM      YEAR
                                      NORMAL
......................................................
TEMPERATURE (F)
 YESTERDAY
  MAXIMUM         82    256 PM  76      6       82
  MINIMUM         69   1045 PM  55     14       59
  AVERAGE         76            66     10       71

PRECIPITATION (IN)
  YESTERDAY        0.06          0.16  -0.10     0.00
  MONTH TO DATE    1.33          4.45  -3.12     4.13
  SINCE MAR 1      9.86         12.20  -2.34    11.59
  SINCE JAN 1     12.88         16.95  -4.07    15.47

DEGREE DAYS
 HEATING
  YESTERDAY        0             3     -3        0
  MONTH TO DATE   59           124    -65      103
  SINCE MAR 1   1113          1221   -108     1204
  SINCE JUL 1   5554          5384    170     5702

 COOLING
  YESTERDAY       11             3      8        6
  MONTH TO DATE  127            46     81       85
  SINCE MAR 1    135            59     76       95
  SINCE JAN 1    135            59     76       95
......................................................


WIND (MPH)
  HIGHEST WIND SPEED    28   HIGHEST WIND DIRECTION     S (190)
  HIGHEST GUST SPEED    34   HIGHEST GUST DIRECTION     S (190)
  AVERAGE WIND SPEED    15.5


SKY COVER
  AVERAGE SKY COVER 0.5


WEATHER CONDITIONS
 THE FOLLOWING WEATHER WAS RECORDED YESTERDAY.
  LIGHT RAIN
  FOG


RELATIVE HUMIDITY (PERCENT)
 HIGHEST    84           700 AM
 LOWEST     53          1200 AM
 AVERAGE    69

..........................................................


THE SHELBYVILLE IN CLIMATE NORMALS FOR TODAY
                         NORMAL
 MAXIMUM TEMPERATURE (F)   77
 MINIMUM TEMPERATURE (F)   56


SUNRISE AND SUNSET
MAY 26 2015...........SUNRISE   621 AM EDT   SUNSET   900 PM EDT
MAY 27 2015...........SUNRISE   620 AM EDT   SUNSET   901 PM EDT


-  INDICATES NEGATIVE NUMBERS.
R  INDICATES RECORD WAS SET OR TIED.
MM INDICATES DATA IS MISSING.
T  INDICATES TRACE AMOUNT.




$$
