000
CDUS43 KFGF 250631
CLIGFK


CLIMATE REPORT
NATIONAL WEATHER SERVICE EASTERN NORTH DAKOTA/GRAND FORKS
131 AM CDT MON MAY 25 2015


...................................

...THE GRAND FORKS INTL AP ND CLIMATE SUMMARY FOR MAY 24 2015...

CLIMATE NORMAL PERIOD 1981 TO 2010
CLIMATE RECORD PERIOD 1941 TO 2015


WEATHER ITEM   OBSERVED TIME   RECORD YEAR NORMAL DEPARTURE LAST
                VALUE   (LST)  VALUE       VALUE  FROM      YEAR
                                                  NORMAL
..................................................................
TEMPERATURE (F)
 YESTERDAY
  MAXIMUM         76    436 PM  91    1980  70      6       90
  MINIMUM         46    515 AM  24    2002  45      1       59
  AVERAGE         61                        58      3       75

PRECIPITATION (IN)
  YESTERDAY        0.00          1.13 2010   0.09  -0.09     0.00
  MONTH TO DATE    3.80                      1.99   1.81     1.75
  SINCE MAR 1      4.84                      3.96   0.88     5.30
  SINCE JAN 1      5.66                      5.03   0.63     6.37

SNOWFALL (IN)
  YESTERDAY        0.0          MM      MM   0.0    0.0      0.0
  MONTH TO DATE    T                         0.1   -0.1      0.0
  SINCE MAR 1      2.7                      10.2   -7.5     14.6
  SINCE JUL 1     17.0                      47.4  -30.4     60.3
  SNOW DEPTH       0

DEGREE DAYS
 HEATING
  YESTERDAY        4                         8     -4        0
  MONTH TO DATE  326                       284     42      366
  SINCE MAR 1   1984                      2212   -228     2645
  SINCE JUL 1   8901                      9362   -461    10540

 COOLING
  YESTERDAY        0                         1     -1       10
  MONTH TO DATE    0                         9     -9       11
  SINCE MAR 1      0                        10    -10       11
  SINCE JAN 1      0                        10    -10       11
..................................................................


WIND (MPH)
  HIGHEST WIND SPEED    13   HIGHEST WIND DIRECTION    SE (130)
  HIGHEST GUST SPEED    17   HIGHEST GUST DIRECTION    SE (130)
  AVERAGE WIND SPEED     4.2


SKY COVER
  POSSIBLE SUNSHINE  MM
  AVERAGE SKY COVER 0.6


WEATHER CONDITIONS
 THE FOLLOWING WEATHER WAS RECORDED YESTERDAY.
  NO SIGNIFICANT WEATHER WAS OBSERVED.


RELATIVE HUMIDITY (PERCENT)
 HIGHEST    93           300 AM
 LOWEST     36           300 PM
 AVERAGE    65

..........................................................


THE GRAND FORKS INTL AP ND CLIMATE NORMALS FOR TODAY
                         NORMAL    RECORD    YEAR
 MAXIMUM TEMPERATURE (F)   71        90      1978
                                             1959
 MINIMUM TEMPERATURE (F)   45        29      1893


SUNRISE AND SUNSET
MAY 25 2015...........SUNRISE   539 AM CDT   SUNSET   913 PM CDT
MAY 26 2015...........SUNRISE   538 AM CDT   SUNSET   914 PM CDT


-  INDICATES NEGATIVE NUMBERS.
R  INDICATES RECORD WAS SET OR TIED.
MM INDICATES DATA IS MISSING.
T  INDICATES TRACE AMOUNT.




$$
