000
CDUS43 KFGF 110635
CLIGFK


CLIMATE REPORT
NATIONAL WEATHER SERVICE EASTERN NORTH DAKOTA/GRAND FORKS
134 AM CDT FRI JUL 11 2014


...................................

...THE GRAND FORKS INTL AP ND CLIMATE SUMMARY FOR JULY 10 2014...

CLIMATE NORMAL PERIOD 1981 TO 2010
CLIMATE RECORD PERIOD 1941 TO 2014


WEATHER ITEM   OBSERVED TIME   RECORD YEAR NORMAL DEPARTURE LAST
                VALUE   (LST)  VALUE       VALUE  FROM      YEAR
                                                  NORMAL
..................................................................
TEMPERATURE (F)
 YESTERDAY
  MAXIMUM         82    434 PM 100    1980  81      1       80
  MINIMUM         53    430 AM  42    1965  56     -3       55
                                      1951
  AVERAGE         68                        68      0       68

PRECIPITATION (IN)
  YESTERDAY        0.00          1.49 2002   0.11  -0.11     0.00
  MONTH TO DATE    0.82                      1.17  -0.35     0.25
  SINCE JUN 1      7.42                      4.65   2.77     3.35
  SINCE JAN 1     14.60                     10.37   4.23    11.52

SNOWFALL (IN)
  YESTERDAY        0.0          MM      MM   0.0    0.0      0.0
  MONTH TO DATE    0.0                       0.0    0.0      0.0
  SINCE JUN 1      0.0                       0.0    0.0      0.0
  SINCE JUL 1      0.0                       0.0    0.0      0.0
  SNOW DEPTH       0

DEGREE DAYS
 HEATING
  YESTERDAY        0                         1     -1        0
  MONTH TO DATE   14                        11      3        0
  SINCE JUN 1     60                       114    -54       77
  SINCE JUL 1     14                        11      3        0

 COOLING
  YESTERDAY        3                         4     -1        3
  MONTH TO DATE   36                        40     -4       78
  SINCE JUN 1    103                       115    -12      191
  SINCE JAN 1    156                       132     24      200
..................................................................


WIND (MPH)
  HIGHEST WIND SPEED    18   HIGHEST WIND DIRECTION    SE (140)
  HIGHEST GUST SPEED    25   HIGHEST GUST DIRECTION     S (180)
  AVERAGE WIND SPEED     9.5


SKY COVER
  POSSIBLE SUNSHINE  MM
  AVERAGE SKY COVER 0.5


WEATHER CONDITIONS
 THE FOLLOWING WEATHER WAS RECORDED YESTERDAY.
  NO SIGNIFICANT WEATHER WAS OBSERVED.


RELATIVE HUMIDITY (PERCENT)
 HIGHEST    93           500 AM
 LOWEST     48          1100 AM
 AVERAGE    71

..........................................................


THE GRAND FORKS INTL AP ND CLIMATE NORMALS FOR TODAY
                         NORMAL    RECORD    YEAR
 MAXIMUM TEMPERATURE (F)   81        97      1957
                                             1954
 MINIMUM TEMPERATURE (F)   56        42      1959


SUNRISE AND SUNSET
JULY 11 2014..........SUNRISE   541 AM CDT   SUNSET   927 PM CDT
JULY 12 2014..........SUNRISE   542 AM CDT   SUNSET   926 PM CDT


-  INDICATES NEGATIVE NUMBERS.
R  INDICATES RECORD WAS SET OR TIED.
MM INDICATES DATA IS MISSING.
T  INDICATES TRACE AMOUNT.




$$
