000
CDUS43 KFGF 220654
CLIGFK


CLIMATE REPORT
NATIONAL WEATHER SERVICE EASTERN NORTH DAKOTA/GRAND FORKS
153 AM CDT WED OCT 22 2014


...................................

...THE GRAND FORKS INTL AP ND CLIMATE SUMMARY FOR OCTOBER 21 2014...

CLIMATE NORMAL PERIOD 1981 TO 2010
CLIMATE RECORD PERIOD 1941 TO 2014


WEATHER ITEM   OBSERVED TIME   RECORD YEAR NORMAL DEPARTURE LAST
                VALUE   (LST)  VALUE       VALUE  FROM      YEAR
                                                  NORMAL
..................................................................
TEMPERATURE (F)
 YESTERDAY
  MAXIMUM         66    339 PM  79    1947  52     14       38
  MINIMUM         37    731 AM  14    1987  30      7       26
  AVERAGE         52                        41     11       32

PRECIPITATION (IN)
  YESTERDAY        0.00          0.34 1959   0.06  -0.06     0.00
  MONTH TO DATE    0.33                      1.43  -1.10     2.48
  SINCE SEP 1      1.62                      3.48  -1.86     4.45
  SINCE JAN 1     22.30                     18.71   3.59    18.68

SNOWFALL (IN)
  YESTERDAY        0.0           1.7  1981   0.0    0.0      0.0
  MONTH TO DATE    0.0                       0.7   -0.7       T
  SINCE SEP 1      0.0                       0.7   -0.7       T
  SINCE JUL 1      0.0                       0.7   -0.7       T
  SNOW DEPTH       0

DEGREE DAYS
 HEATING
  YESTERDAY       13                        24    -11       33
  MONTH TO DATE  361                       410    -49      390
  SINCE SEP 1    553                       679   -126      522
  SINCE JUL 1    607                       761   -154      604

 COOLING
  YESTERDAY        0                         0      0        0
  MONTH TO DATE    0                         0      0        0
  SINCE SEP 1     34                        26      8       39
  SINCE JAN 1    395                       378     17      487
..................................................................


WIND (MPH)
  HIGHEST WIND SPEED    32   HIGHEST WIND DIRECTION    SE (150)
  HIGHEST GUST SPEED    39   HIGHEST GUST DIRECTION    SE (150)
  AVERAGE WIND SPEED    18.3


SKY COVER
  POSSIBLE SUNSHINE  MM
  AVERAGE SKY COVER 0.0


WEATHER CONDITIONS
 THE FOLLOWING WEATHER WAS RECORDED YESTERDAY.
  NO SIGNIFICANT WEATHER WAS OBSERVED.


RELATIVE HUMIDITY (PERCENT)
 HIGHEST    92           500 AM
 LOWEST     44           200 PM
 AVERAGE    68

..........................................................


THE GRAND FORKS INTL AP ND CLIMATE NORMALS FOR TODAY
                         NORMAL    RECORD    YEAR
 MAXIMUM TEMPERATURE (F)   51        78      1963
 MINIMUM TEMPERATURE (F)   30        13      1976


SUNRISE AND SUNSET
OCTOBER 22 2014.......SUNRISE   758 AM CDT   SUNSET   627 PM CDT
OCTOBER 23 2014.......SUNRISE   800 AM CDT   SUNSET   625 PM CDT


-  INDICATES NEGATIVE NUMBERS.
R  INDICATES RECORD WAS SET OR TIED.
MM INDICATES DATA IS MISSING.
T  INDICATES TRACE AMOUNT.




$$
