000
CDUS43 KFGF 060645
CLIGFK


CLIMATE REPORT
NATIONAL WEATHER SERVICE EASTERN NORTH DAKOTA/GRAND FORKS
1244 AM CST FRI MAR 6 2015


...................................

...THE GRAND FORKS INTL AP ND CLIMATE SUMMARY FOR MARCH 5 2015...

CLIMATE NORMAL PERIOD 1981 TO 2010
CLIMATE RECORD PERIOD 1941 TO 2015


WEATHER ITEM   OBSERVED TIME   RECORD YEAR NORMAL DEPARTURE LAST
                VALUE   (LST)  VALUE       VALUE  FROM      YEAR
                                                  NORMAL
..................................................................
TEMPERATURE (F)
 YESTERDAY
  MAXIMUM         25    523 PM  62    2000  28     -3       21
  MINIMUM        -15    328 AM -25    2003  11    -26       -5
  AVERAGE          5                        19    -14        8

PRECIPITATION (IN)
  YESTERDAY        0.00          0.46 1966   0.03  -0.03      T
  MONTH TO DATE    T                         0.15  -0.15     0.08
  SINCE MAR 1      T                         0.15  -0.15     0.08
  SINCE JAN 1      0.82                      1.22  -0.40     1.15

SNOWFALL (IN)
  YESTERDAY        0.0          MM      MM   0.3   -0.3       T
  MONTH TO DATE    T                         1.5   -1.5      1.1
  SINCE MAR 1      T                         1.5   -1.5      1.1
  SINCE JUL 1     14.3                      38.7  -24.4     46.8
  SNOW DEPTH       2

DEGREE DAYS
 HEATING
  YESTERDAY       60                        46     14       57
  MONTH TO DATE  291                       233     58      356
  SINCE MAR 1    291                       233     58      356
  SINCE JUL 1   7208                      7383   -175     8251

 COOLING
  YESTERDAY        0                         0      0        0
  MONTH TO DATE    0                         0      0        0
  SINCE MAR 1      0                         0      0        0
  SINCE JAN 1      0                         0      0        0
..................................................................


WIND (MPH)
  HIGHEST WIND SPEED    26   HIGHEST WIND DIRECTION     S (180)
  HIGHEST GUST SPEED    31   HIGHEST GUST DIRECTION     S (190)
  AVERAGE WIND SPEED    13.6


SKY COVER
  POSSIBLE SUNSHINE  MM
  AVERAGE SKY COVER 0.1


WEATHER CONDITIONS
 THE FOLLOWING WEATHER WAS RECORDED YESTERDAY.
  NO SIGNIFICANT WEATHER WAS OBSERVED.


RELATIVE HUMIDITY (PERCENT)
 HIGHEST    81          1200 AM
 LOWEST     55           500 PM
 AVERAGE    68

..........................................................


THE GRAND FORKS INTL AP ND CLIMATE NORMALS FOR TODAY
                         NORMAL    RECORD    YEAR
 MAXIMUM TEMPERATURE (F)   29        58      2000
 MINIMUM TEMPERATURE (F)   11       -25      1955


SUNRISE AND SUNSET
MARCH  6 2015.........SUNRISE   700 AM CST   SUNSET   620 PM CST
MARCH  7 2015.........SUNRISE   658 AM CST   SUNSET   622 PM CST


-  INDICATES NEGATIVE NUMBERS.
R  INDICATES RECORD WAS SET OR TIED.
MM INDICATES DATA IS MISSING.
T  INDICATES TRACE AMOUNT.




$$
