000
CDUS43 KFGF 300633
CLIGFK


CLIMATE REPORT
NATIONAL WEATHER SERVICE EASTERN NORTH DAKOTA/GRAND FORKS
132 AM CDT THU OCT 30 2014


...................................

...THE GRAND FORKS INTL AP ND CLIMATE SUMMARY FOR OCTOBER 29 2014...

CLIMATE NORMAL PERIOD 1981 TO 2010
CLIMATE RECORD PERIOD 1941 TO 2014


WEATHER ITEM   OBSERVED TIME   RECORD YEAR NORMAL DEPARTURE LAST
                VALUE   (LST)  VALUE       VALUE  FROM      YEAR
                                                  NORMAL
..................................................................
TEMPERATURE (F)
 YESTERDAY
  MAXIMUM         42    134 PM  77    1950  47     -5       38
  MINIMUM         34    728 AM   8    1988  27      7       16
  AVERAGE         38                        37      1       27

PRECIPITATION (IN)
  YESTERDAY        T             0.95 1960   0.05  -0.05     0.00
  MONTH TO DATE    0.37                      1.87  -1.50     2.48
  SINCE SEP 1      1.66                      3.92  -2.26     4.45
  SINCE JAN 1     22.34                     19.15   3.19    18.68

SNOWFALL (IN)
  YESTERDAY        0.0           0.7  1972   0.1   -0.1      0.0
  MONTH TO DATE    T                         1.3   -1.3       T
  SINCE SEP 1      T                         1.3   -1.3       T
  SINCE JUL 1      T                         1.3   -1.3       T
  SNOW DEPTH       0

DEGREE DAYS
 HEATING
  YESTERDAY       27                        28     -1       38
  MONTH TO DATE  502                       622   -120      637
  SINCE SEP 1    694                       891   -197      769
  SINCE JUL 1    748                       973   -225      851

 COOLING
  YESTERDAY        0                         0      0        0
  MONTH TO DATE    0                         0      0        0
  SINCE SEP 1     34                        26      8       39
  SINCE JAN 1    395                       378     17      487
..................................................................


WIND (MPH)
  HIGHEST WIND SPEED    17   HIGHEST WIND DIRECTION    NW (330)
  HIGHEST GUST SPEED    20   HIGHEST GUST DIRECTION    NW (330)
  AVERAGE WIND SPEED     7.0


SKY COVER
  POSSIBLE SUNSHINE  MM
  AVERAGE SKY COVER 1.0


WEATHER CONDITIONS
 THE FOLLOWING WEATHER WAS RECORDED YESTERDAY.
  LIGHT RAIN


RELATIVE HUMIDITY (PERCENT)
 HIGHEST    82           700 AM
 LOWEST     59           200 PM
 AVERAGE    71

..........................................................


THE GRAND FORKS INTL AP ND CLIMATE NORMALS FOR TODAY
                         NORMAL    RECORD    YEAR
 MAXIMUM TEMPERATURE (F)   46        73      1950
 MINIMUM TEMPERATURE (F)   26         7      1991


SUNRISE AND SUNSET
OCTOBER 30 2014.......SUNRISE   811 AM CDT   SUNSET   614 PM CDT
OCTOBER 31 2014.......SUNRISE   812 AM CDT   SUNSET   612 PM CDT


-  INDICATES NEGATIVE NUMBERS.
R  INDICATES RECORD WAS SET OR TIED.
MM INDICATES DATA IS MISSING.
T  INDICATES TRACE AMOUNT.




$$
