000
CDUS43 KFGF 030636
CLIGFK


CLIMATE REPORT
NATIONAL WEATHER SERVICE EASTERN NORTH DAKOTA/GRAND FORKS
135 AM CDT TUE MAY 3 2016


...................................

...THE GRAND FORKS INTL AP ND CLIMATE SUMMARY FOR MAY 2 2016...

CLIMATE NORMAL PERIOD 1981 TO 2010
CLIMATE RECORD PERIOD 1941 TO 2016


WEATHER ITEM   OBSERVED TIME   RECORD YEAR NORMAL DEPARTURE LAST
                VALUE   (LST)  VALUE       VALUE  FROM      YEAR
                                                  NORMAL
..................................................................
TEMPERATURE (F)
 YESTERDAY
  MAXIMUM         72    618 PM  92    1959  63      9       86
  MINIMUM         37    405 AM  20    1967  36      1       44
  AVERAGE         55                        50      5       65

PRECIPITATION (IN)
  YESTERDAY        0.00          0.54 1954   0.06  -0.06     0.02
  MONTH TO DATE    0.00                      0.12  -0.12     0.02
  SINCE MAR 1      2.11                      2.09   0.02     1.06
  SINCE JAN 1      2.69                      3.16  -0.47     1.88

SNOWFALL (IN)
  YESTERDAY        0.0           0.3  1967   0.0    0.0      0.0
  MONTH TO DATE    0.0                       0.0    0.0      0.0
  SINCE MAR 1      2.5                      10.1   -7.6      2.7
  SINCE JUL 1     28.4                      47.3  -18.9     17.0
  SNOW DEPTH       0

DEGREE DAYS
 HEATING
  YESTERDAY       10                        15     -5        0
  MONTH TO DATE   27                        31     -4        8
  SINCE MAR 1   1640                      1959   -319     1666
  SINCE JUL 1   7619                      9109  -1490     8583

 COOLING
  YESTERDAY        0                         0      0        0
  MONTH TO DATE    0                         0      0        0
  SINCE MAR 1      0                         1     -1        0
  SINCE JAN 1      0                         1     -1        0
..................................................................


WIND (MPH)
  HIGHEST WIND SPEED    16   HIGHEST WIND DIRECTION    NW (310)
  HIGHEST GUST SPEED    24   HIGHEST GUST DIRECTION    SW (240)
  AVERAGE WIND SPEED     6.0


SKY COVER
  POSSIBLE SUNSHINE  MM
  AVERAGE SKY COVER 0.4


WEATHER CONDITIONS
 THE FOLLOWING WEATHER WAS RECORDED YESTERDAY.
  NO SIGNIFICANT WEATHER WAS OBSERVED.


RELATIVE HUMIDITY (PERCENT)
 HIGHEST    70           500 AM
 LOWEST     19           400 PM
 AVERAGE    45

..........................................................


THE GRAND FORKS INTL AP ND CLIMATE NORMALS FOR TODAY
                         NORMAL    RECORD    YEAR
 MAXIMUM TEMPERATURE (F)   64        93      1952
 MINIMUM TEMPERATURE (F)   37         5      1967


SUNRISE AND SUNSET
MAY  3 2016...........SUNRISE   607 AM CDT   SUNSET   845 PM CDT
MAY  4 2016...........SUNRISE   605 AM CDT   SUNSET   847 PM CDT


-  INDICATES NEGATIVE NUMBERS.
R  INDICATES RECORD WAS SET OR TIED.
MM INDICATES DATA IS MISSING.
T  INDICATES TRACE AMOUNT.




$$
