110
CDUS43 KFGF 260715
CLIGFK


CLIMATE REPORT
NATIONAL WEATHER SERVICE EASTERN NORTH DAKOTA/GRAND FORKS
215 AM CDT TUE SEP 26 2017


...................................

...THE GRAND FORKS INTL AP ND CLIMATE SUMMARY FOR SEPTEMBER 25 2017...

CLIMATE NORMAL PERIOD 1981 TO 2010
CLIMATE RECORD PERIOD 1948 TO 2017


WEATHER ITEM   OBSERVED TIME   RECORD YEAR NORMAL DEPARTURE LAST
                VALUE   (LST)  VALUE       VALUE  FROM      YEAR
                                                  NORMAL
..................................................................
TEMPERATURE (F)
 YESTERDAY
  MAXIMUM         54    354 PM  86    2014  65    -11       68
  MINIMUM         49    812 AM  23    1985  40      9       52
  AVERAGE         52                        53     -1       60

PRECIPITATION (IN)
  YESTERDAY        0.00          0.48 1986   0.07  -0.07     0.08
  MONTH TO DATE    3.57                      1.73   1.84     4.16
  SINCE SEP 1      3.57                      1.73   1.84     4.16
  SINCE JAN 1     14.62                     16.96  -2.34    22.68

SNOWFALL (IN)
  YESTERDAY        0.0           T    1984   0.0    0.0      0.0
  MONTH TO DATE    0.0                       0.0    0.0      0.0
  SINCE SEP 1      0.0                       0.0    0.0      0.0
  SINCE JUL 1      0.0                       0.0    0.0      0.0
  SNOW DEPTH       0

DEGREE DAYS
 HEATING
  YESTERDAY       13                        13      0        5
  MONTH TO DATE  120                       199    -79      107
  SINCE SEP 1    120                       199    -79      107
  SINCE JUL 1    139                       281   -142      135

 COOLING
  YESTERDAY        0                         0      0        0
  MONTH TO DATE   36                        24     12       26
  SINCE SEP 1     36                        24     12       26
  SINCE JAN 1    411                       376     35      430
..................................................................


WIND (MPH)
  HIGHEST WIND SPEED    18   HIGHEST WIND DIRECTION     N (350)
  HIGHEST GUST SPEED    21   HIGHEST GUST DIRECTION     N (350)
  AVERAGE WIND SPEED    10.5


SKY COVER
  POSSIBLE SUNSHINE  MM
  AVERAGE SKY COVER 1.0


WEATHER CONDITIONS
 THE FOLLOWING WEATHER WAS RECORDED YESTERDAY.
  NO SIGNIFICANT WEATHER WAS OBSERVED.


RELATIVE HUMIDITY (PERCENT)
 HIGHEST   100           300 AM
 LOWEST     77           100 PM
 AVERAGE    89

..........................................................


THE GRAND FORKS INTL AP ND CLIMATE NORMALS FOR TODAY
                         NORMAL    RECORD    YEAR
 MAXIMUM TEMPERATURE (F)   65        92      1974
 MINIMUM TEMPERATURE (F)   40        23      1965


SUNRISE AND SUNSET
SEPTEMBER 26 2017.....SUNRISE   721 AM CDT   SUNSET   718 PM CDT
SEPTEMBER 27 2017.....SUNRISE   723 AM CDT   SUNSET   716 PM CDT


-  INDICATES NEGATIVE NUMBERS.
R  INDICATES RECORD WAS SET OR TIED.
MM INDICATES DATA IS MISSING.
T  INDICATES TRACE AMOUNT.




$$
