202
CDUS41 KALY 240621
CLIGFL


CLIMATE REPORT
NATIONAL WEATHER SERVICE ALBANY NY
220 AM EDT MON JUL 24 2017


...................................

...THE GLENS FALLS NY CLIMATE SUMMARY FOR JULY 23 2017...

CLIMATE NORMAL PERIOD 1981 TO 2010
CLIMATE RECORD PERIOD 1949 TO 2017


WEATHER ITEM   OBSERVED TIME   RECORD YEAR NORMAL DEPARTURE LAST
                VALUE   (LST)  VALUE       VALUE  FROM      YEAR
                                                  NORMAL
..................................................................
TEMPERATURE (F)
 YESTERDAY
  MAXIMUM         79    301 PM  95    1952  81     -2       90
  MINIMUM         58    527 AM  45    1977  57      1       60
  AVERAGE         69                        69      0       75

PRECIPITATION (IN)
  YESTERDAY        0.00          2.60 2008   0.14  -0.14     0.45
  MONTH TO DATE    4.93                      2.99   1.94     3.71
  SINCE JUN 1      8.67                      6.54   2.13     6.82
  SINCE JAN 1     25.01                     21.03   3.98    18.44

DEGREE DAYS
 HEATING
  YESTERDAY        0                         1     -1        0
  MONTH TO DATE    3                        23    -20        0
  SINCE JUN 1     96                       113    -17       44
  SINCE JUL 1      3                        23    -20        0

 COOLING
  YESTERDAY        4                         5     -1       10
  MONTH TO DATE  115                       107      8      150
  SINCE JUN 1    203                       176     27      253
  SINCE JAN 1    224                       188     36      309
..................................................................


WIND (MPH)
  HIGHEST WIND SPEED    10   HIGHEST WIND DIRECTION    NE (60)
  HIGHEST GUST SPEED    12   HIGHEST GUST DIRECTION    NE (60)
  AVERAGE WIND SPEED     4.0


SKY COVER
  AVERAGE SKY COVER 0.2



RELATIVE HUMIDITY (PERCENT)
 HIGHEST   100           500 AM
 LOWEST     50           100 PM
 AVERAGE    75

..........................................................


THE GLENS FALLS NY CLIMATE NORMALS FOR TODAY
                         NORMAL    RECORD    YEAR
 MAXIMUM TEMPERATURE (F)   81        92      1963
 MINIMUM TEMPERATURE (F)   57        43      1985


SUNRISE AND SUNSET
JULY 24 2017..........SUNRISE   536 AM EDT   SUNSET   825 PM EDT
JULY 25 2017..........SUNRISE   537 AM EDT   SUNSET   824 PM EDT


-  INDICATES NEGATIVE NUMBERS.
R  INDICATES RECORD WAS SET OR TIED.
MM INDICATES DATA IS MISSING.
T  INDICATES TRACE AMOUNT.




$$
