000
CDUS41 KALY 062147
CLIGFL


CLIMATE REPORT
NATIONAL WEATHER SERVICE ALBANY NY
445 PM EST FRI MAR 6 2015


...................................

...THE GLENS FALLS NY CLIMATE SUMMARY FOR MARCH 6 2015...
VALID TODAY AS OF 0400 PM LOCAL TIME.

CLIMATE NORMAL PERIOD 1981 TO 2010
CLIMATE RECORD PERIOD 1949 TO 2015


WEATHER ITEM   OBSERVED TIME   RECORD YEAR NORMAL DEPARTURE LAST
                VALUE   (LST)  VALUE       VALUE  FROM      YEAR
                                                  NORMAL
..................................................................
TEMPERATURE (F)
 TODAY
  MAXIMUM         24    445 PM  58    1974  38    -14       25
  MINIMUM        -15    612 AM -17    2007  16    -31      -13
  AVERAGE          5                        27    -22        6

PRECIPITATION (IN)
  TODAY            0.00          1.02 2011   0.09  -0.09     0.00
  MONTH TO DATE    0.05                      0.54  -0.49      T
  SINCE MAR 1      0.05                      0.54  -0.49      T
  SINCE JAN 1      2.10                      5.48  -3.38     4.53

DEGREE DAYS
 HEATING
  TODAY           60                        38     22       59
  MONTH TO DATE  292                       233     59      331
  SINCE MAR 1    292                       233     59      331
  SINCE JUL 1   5973                      5853    120     6100

 COOLING
  TODAY            0                         0      0        0
  MONTH TO DATE    0                         0      0        0
  SINCE MAR 1      0                         0      0        0
  SINCE JAN 1      0                         0      0        0
..................................................................


WIND (MPH)
  HIGHEST WIND SPEED    17   HIGHEST WIND DIRECTION     S (170)
  HIGHEST GUST SPEED    22   HIGHEST GUST DIRECTION    SE (140)
  AVERAGE WIND SPEED     3.9


SKY COVER
  AVERAGE SKY COVER 0.0



RELATIVE HUMIDITY (PERCENT)
 HIGHEST    79           900 AM
 LOWEST     39           400 PM
 AVERAGE    59

..........................................................


THE GLENS FALLS NY CLIMATE NORMALS FOR TOMORROW
                         NORMAL    RECORD    YEAR
 MAXIMUM TEMPERATURE (F)   39        63      1974
 MINIMUM TEMPERATURE (F)   16       -19      2007


SUNRISE AND SUNSET
MARCH  6 2015.........SUNRISE   623 AM EST   SUNSET   549 PM EST
MARCH  7 2015.........SUNRISE   621 AM EST   SUNSET   551 PM EST


-  INDICATES NEGATIVE NUMBERS.
R  INDICATES RECORD WAS SET OR TIED.
MM INDICATES DATA IS MISSING.
T  INDICATES TRACE AMOUNT.




$$
