000
CDUS41 KALY 242145
CLIGFL


CLIMATE REPORT
NATIONAL WEATHER SERVICE ALBANY NY
445 PM EST FRI NOV 24 2017


...................................

...THE GLENS FALLS NY CLIMATE SUMMARY FOR NOVEMBER 24 2017...
VALID TODAY AS OF 0400 PM LOCAL TIME.

CLIMATE NORMAL PERIOD 1981 TO 2010
CLIMATE RECORD PERIOD 1949 TO 2017


WEATHER ITEM   OBSERVED TIME   RECORD YEAR NORMAL DEPARTURE LAST
                VALUE   (LST)  VALUE       VALUE  FROM      YEAR
                                                  NORMAL
..................................................................
TEMPERATURE (F)
 TODAY
  MAXIMUM         46    351 PM  68    2014  43      3       37
  MINIMUM         32    511 AM   8    2000  25      7       28
  AVERAGE         39                        34      5       33

PRECIPITATION (IN)
  TODAY            0.00          0.85 1980   0.11  -0.11     0.04
  MONTH TO DATE    1.18                      2.65  -1.47     2.32
  SINCE SEP 1      6.31                      9.54  -3.23     6.47
  SINCE JAN 1     33.44                     35.35  -1.91    27.63

DEGREE DAYS
 HEATING
  TODAY           26                        31     -5       32
  MONTH TO DATE  687                       648     39      582
  SINCE SEP 1   1162                      1437   -275     1144
  SINCE JUL 1   1229                      1503   -274     1150

 COOLING
  TODAY            0                         0      0        0
  MONTH TO DATE    0                         0      0        0
  SINCE SEP 1     74                        25     49       58
  SINCE JAN 1    388                       352     36      643
..................................................................


WIND (MPH)
  HIGHEST WIND SPEED    20   HIGHEST WIND DIRECTION     S (180)
  HIGHEST GUST SPEED    23   HIGHEST GUST DIRECTION     S (180)
  AVERAGE WIND SPEED     8.1


SKY COVER
  AVERAGE SKY COVER 0.7



RELATIVE HUMIDITY (PERCENT)
 HIGHEST    72          1200 AM
 LOWEST     45           200 PM
 AVERAGE    59

..........................................................


THE GLENS FALLS NY CLIMATE NORMALS FOR TOMORROW
                         NORMAL    RECORD    YEAR
 MAXIMUM TEMPERATURE (F)   43        65      2001
 MINIMUM TEMPERATURE (F)   25         6      2013


SUNRISE AND SUNSET
NOVEMBER 24 2017......SUNRISE   659 AM EST   SUNSET   423 PM EST
NOVEMBER 25 2017......SUNRISE   700 AM EST   SUNSET   422 PM EST


-  INDICATES NEGATIVE NUMBERS.
R  INDICATES RECORD WAS SET OR TIED.
MM INDICATES DATA IS MISSING.
T  INDICATES TRACE AMOUNT.




$$
