000
CDUS41 KALY 242146
CLIGFL


CLIMATE REPORT
NATIONAL WEATHER SERVICE ALBANY NY
445 PM EST SAT FEB 24 2018


...................................

...THE GLENS FALLS NY CLIMATE SUMMARY FOR FEBRUARY 24 2018...
VALID TODAY AS OF 0400 PM LOCAL TIME.

CLIMATE NORMAL PERIOD 1981 TO 2010
CLIMATE RECORD PERIOD 1949 TO 2018


WEATHER ITEM   OBSERVED TIME   RECORD YEAR NORMAL DEPARTURE LAST
                VALUE   (LST)  VALUE       VALUE  FROM      YEAR
                                                  NORMAL
..................................................................
TEMPERATURE (F)
 TODAY
  MAXIMUM         47   1022 AM  59    2017  35     12       59
  MINIMUM         32    719 AM -26    2015  12     20       34
  AVERAGE         40                        24     16       47

PRECIPITATION (IN)
  TODAY            0.00          1.26 1975   0.08  -0.08      T
  MONTH TO DATE    1.82                      1.76   0.06     1.85
  SINCE DEC 1      6.41                      7.67  -1.26     6.90
  SINCE JAN 1      4.09                      4.62  -0.53     4.03

DEGREE DAYS
 HEATING
  TODAY           25                        41    -16       18
  MONTH TO DATE  954                      1062   -108      860
  SINCE DEC 1   3772                      3760     12     3113
  SINCE JUL 1   5183                      5458   -275     4429

 COOLING
  TODAY            0                         0      0        0
  MONTH TO DATE    0                         0      0        0
  SINCE DEC 1      0                         0      0        0
  SINCE JAN 1      0                         0      0        0
..................................................................


WIND (MPH)
  HIGHEST WIND SPEED    16   HIGHEST WIND DIRECTION     N (360)
  HIGHEST GUST SPEED    19   HIGHEST GUST DIRECTION     N (360)
  AVERAGE WIND SPEED     7.0


SKY COVER
  AVERAGE SKY COVER 0.6



RELATIVE HUMIDITY (PERCENT)
 HIGHEST   100          1200 AM
 LOWEST     57           300 PM
 AVERAGE    79

..........................................................


THE GLENS FALLS NY CLIMATE NORMALS FOR TOMORROW
                         NORMAL    RECORD    YEAR
 MAXIMUM TEMPERATURE (F)   36        70      2017
 MINIMUM TEMPERATURE (F)   13       -12      2007


SUNRISE AND SUNSET
FEBRUARY 24 2018......SUNRISE   639 AM EST   SUNSET   537 PM EST
FEBRUARY 25 2018......SUNRISE   637 AM EST   SUNSET   538 PM EST


-  INDICATES NEGATIVE NUMBERS.
R  INDICATES RECORD WAS SET OR TIED.
MM INDICATES DATA IS MISSING.
T  INDICATES TRACE AMOUNT.




$$
