995
CDUS44 KSHV 120855
CLIGGG


CLIMATE REPORT
NATIONAL WEATHER SERVICE SHREVEPORT, LA
242 AM CST FRI FEB 12 2016


...................................

...THE LONGVIEW CLIMATE SUMMARY FOR FEBRUARY 11 2016...

CLIMATE NORMAL PERIOD 1981 TO 2010
CLIMATE RECORD PERIOD 1902 TO 2016


WEATHER ITEM   OBSERVED TIME   RECORD YEAR NORMAL DEPARTURE LAST
                VALUE   (LST)  VALUE       VALUE  FROM      YEAR
                                                  NORMAL
..................................................................
TEMPERATURE (F)
 YESTERDAY
  MAXIMUM         78    304 PM  82    1954  61     17       73
  MINIMUM         46   1057 PM  17    2011  38      8       43
                                      1955
  AVERAGE         62                        49     13       58

PRECIPITATION (IN)
  YESTERDAY        0.00          1.15 1977   0.14  -0.14     0.00
  MONTH TO DATE    0.24                      1.47  -1.23     0.25
  SINCE DEC 1      8.02                      9.28  -1.26     7.97
  SINCE JAN 1      1.96                      4.79  -2.83     5.67

SNOWFALL (IN)
  YESTERDAY        0.0
  MONTH TO DATE    0.0
  SINCE DEC 1      0.0
  SINCE JUL 1      0.0
  SNOW DEPTH       0

DEGREE DAYS
 HEATING
  YESTERDAY        3                        16    -13        7
  MONTH TO DATE  171                       186    -15      156
  SINCE DEC 1   1090                      1297   -207     1205
  SINCE JUL 1   1290                      1669   -379     1615

 COOLING
  YESTERDAY        0                         0      0        0
  MONTH TO DATE    0                         0      0        0
  SINCE DEC 1     22                        10     12        5
  SINCE JAN 1      0                         4     -4        0
..................................................................


WIND (MPH)
  HIGHEST WIND SPEED    17   HIGHEST WIND DIRECTION     W (270)
  HIGHEST GUST SPEED    24   HIGHEST GUST DIRECTION    SW (230)
  AVERAGE WIND SPEED     7.8


SKY COVER
  POSSIBLE SUNSHINE  MM
  AVERAGE SKY COVER 0.0


WEATHER CONDITIONS
 THE FOLLOWING WEATHER WAS RECORDED YESTERDAY.
  NO SIGNIFICANT WEATHER WAS OBSERVED.


RELATIVE HUMIDITY (PERCENT)
 HIGHEST    71           400 AM
 LOWEST     20           200 PM
 AVERAGE    46

..........................................................


THE LONGVIEW CLIMATE NORMALS FOR TODAY
                         NORMAL    RECORD    YEAR
 MAXIMUM TEMPERATURE (F)   61        86      1938
 MINIMUM TEMPERATURE (F)   38        18      1905


SUNRISE AND SUNSET
FEBRUARY 12 2016......SUNRISE   705 AM CST   SUNSET   602 PM CST
FEBRUARY 13 2016......SUNRISE   704 AM CST   SUNSET   603 PM CST


-  INDICATES NEGATIVE NUMBERS.
R  INDICATES RECORD WAS SET OR TIED.
MM INDICATES DATA IS MISSING.
T  INDICATES TRACE AMOUNT.




$$
