000
CDUS44 KSHV 310819
CLIGGG


CLIMATE REPORT
NATIONAL WEATHER SERVICE SHREVEPORT, LA
318 AM CDT FRI JUL 31 2015


...................................

...THE LONGVIEW CLIMATE SUMMARY FOR JULY 30 2015...

CLIMATE NORMAL PERIOD 1981 TO 2010
CLIMATE RECORD PERIOD 1902 TO 2015


WEATHER ITEM   OBSERVED TIME   RECORD YEAR NORMAL DEPARTURE LAST
                VALUE   (LST)  VALUE       VALUE  FROM      YEAR
                                                  NORMAL
..................................................................
TEMPERATURE (F)
 YESTERDAY
  MAXIMUM        104    408 PM 107    1930  94     10       86
  MINIMUM         76    524 AM  63    2005  73      3       72
  AVERAGE         90                        84      6       79

PRECIPITATION (IN)
  YESTERDAY        0.00          2.73 1902   0.07  -0.07     0.00
  MONTH TO DATE    0.15                      2.82  -2.67     2.21
  SINCE DEC 1     43.91                     32.05  11.86    28.53
  SINCE JAN 1     41.61                     27.56  14.05    24.38

SNOWFALL (IN)
  YESTERDAY        0.0
  MONTH TO DATE    0.0
  SINCE JUN 1      0.0
  SINCE JUL 1      0.0
  SNOW DEPTH       0

DEGREE DAYS
 HEATING
  YESTERDAY        0                         0      0        0
  MONTH TO DATE    0                         0      0        0
  SINCE JUN 1      0                         0      0        0
  SINCE JUL 1      0                         0      0        0

 COOLING
  YESTERDAY       25                        19      6       14
  MONTH TO DATE  600                       557     43      478
  SINCE JUN 1   1086                       996     90      938
  SINCE JAN 1   1544                      1375    169     1292
..................................................................


WIND (MPH)
  HIGHEST WIND SPEED    17   HIGHEST WIND DIRECTION     E (90)
  HIGHEST GUST SPEED    24   HIGHEST GUST DIRECTION     E (80)
  AVERAGE WIND SPEED     4.7


SKY COVER
  POSSIBLE SUNSHINE  MM
  AVERAGE SKY COVER 0.1


WEATHER CONDITIONS
 THE FOLLOWING WEATHER WAS RECORDED YESTERDAY.
  NO SIGNIFICANT WEATHER WAS OBSERVED.


RELATIVE HUMIDITY (PERCENT)
 HIGHEST    85           200 AM
 LOWEST     31           400 PM
 AVERAGE    58

..........................................................


THE LONGVIEW CLIMATE NORMALS FOR TODAY
                         NORMAL    RECORD    YEAR
 MAXIMUM TEMPERATURE (F)   94       106      1998
 MINIMUM TEMPERATURE (F)   73        59      1925


SUNRISE AND SUNSET
JULY 31 2015..........SUNRISE   633 AM CDT   SUNSET   817 PM CDT
AUGUST  1 2015........SUNRISE   633 AM CDT   SUNSET   817 PM CDT


-  INDICATES NEGATIVE NUMBERS.
R  INDICATES RECORD WAS SET OR TIED.
MM INDICATES DATA IS MISSING.
T  INDICATES TRACE AMOUNT.




$$
