000
CDUS44 KSHV 252135
CLIGGG


CLIMATE REPORT
NATIONAL WEATHER SERVICE SHREVEPORT, LA
432 PM CDT TUE JUL 25 2017


...................................

...THE LONGVIEW CLIMATE SUMMARY FOR JULY 25 2017...
VALID TODAY AS OF 0400 PM LOCAL TIME.

CLIMATE NORMAL PERIOD 1981 TO 2010
CLIMATE RECORD PERIOD 1902 TO 2017


WEATHER ITEM   OBSERVED TIME   RECORD YEAR NORMAL DEPARTURE LAST
                VALUE   (LST)  VALUE       VALUE  FROM      YEAR
                                                  NORMAL
..................................................................
TEMPERATURE (F)
 TODAY
  MAXIMUM         94    241 PM 107    1943  94      0       95
  MINIMUM         77    639 AM  63    1911  74      3       74
  AVERAGE         86                        84      2       85

PRECIPITATION (IN)
  TODAY            0.00          1.56 1996   0.07  -0.07      T
  MONTH TO DATE    2.33                      2.47  -0.14     1.26
  SINCE DEC 1     34.74                     31.70   3.04    40.33
  SINCE JAN 1     29.94                     27.21   2.73    34.27

DEGREE DAYS
 HEATING
  TODAY            0                         0      0        0
  MONTH TO DATE    0                         0      0        0
  SINCE JUN 1      0                         0      0        0
  SINCE JUL 1      0                         0      0        0

 COOLING
  TODAY           21                        19      2       20
  MONTH TO DATE  481                       462     19      521
  SINCE JUN 1    927                       901     26     1003
  SINCE JAN 1   1440                      1280    160     1365
..................................................................


WIND (MPH)
  HIGHEST WIND SPEED    15   HIGHEST WIND DIRECTION    SW (220)
  HIGHEST GUST SPEED    19   HIGHEST GUST DIRECTION    SW (240)
  AVERAGE WIND SPEED     6.8


SKY COVER
  POSSIBLE SUNSHINE  MM
  AVERAGE SKY COVER 0.3


WEATHER CONDITIONS
 THE FOLLOWING WEATHER WAS RECORDED TODAY.
  HAZE


RELATIVE HUMIDITY (PERCENT)
 HIGHEST   100           300 AM
 LOWEST     49           300 PM
 AVERAGE    75

..........................................................


THE LONGVIEW CLIMATE NORMALS FOR TOMORROW
                         NORMAL    RECORD    YEAR
 MAXIMUM TEMPERATURE (F)   94       106      1954
 MINIMUM TEMPERATURE (F)   74        63      1911


SUNRISE AND SUNSET
JULY 25 2017..........SUNRISE   629 AM CDT   SUNSET   821 PM CDT
JULY 26 2017..........SUNRISE   630 AM CDT   SUNSET   821 PM CDT


-  INDICATES NEGATIVE NUMBERS.
R  INDICATES RECORD WAS SET OR TIED.
MM INDICATES DATA IS MISSING.
T  INDICATES TRACE AMOUNT.




$$
