000
CDUS44 KSHV 270732
CLIGGG


CLIMATE REPORT
NATIONAL WEATHER SERVICE SHREVEPORT, LA
231 AM CDT SAT MAY 27 2017


...................................

...THE LONGVIEW CLIMATE SUMMARY FOR MAY 26 2017...

CLIMATE NORMAL PERIOD 1981 TO 2010
CLIMATE RECORD PERIOD 1902 TO 2017


WEATHER ITEM   OBSERVED TIME   RECORD YEAR NORMAL DEPARTURE LAST
                VALUE   (LST)  VALUE       VALUE  FROM      YEAR
                                                  NORMAL
..................................................................
TEMPERATURE (F)
 YESTERDAY
  MAXIMUM         90    321 PM  98    1942  86      4       79
  MINIMUM         70    402 AM  50    1930  65      5       69
  AVERAGE         80                        75      5       74

PRECIPITATION (IN)
  YESTERDAY        0.00          1.66 1957   0.17  -0.17     1.21
  MONTH TO DATE    3.94                      3.99  -0.05     3.04
  SINCE DEC 1     25.74                     23.41   2.33    33.39
  SINCE JAN 1     20.94                     18.92   2.02    27.33

SNOWFALL (IN)
  YESTERDAY        0.0
  MONTH TO DATE    0.0
  SINCE MAR 1      0.0
  SINCE JUL 1      0.0
  SNOW DEPTH       0

DEGREE DAYS
 HEATING
  YESTERDAY        0                         0      0        0
  MONTH TO DATE    7                         8     -1       15
  SINCE MAR 1    190                       353   -163      205
  SINCE JUL 1   1291                      2257   -966     1654

 COOLING
  YESTERDAY       15                        10      5        9
  MONTH TO DATE  163                       200    -37      167
  SINCE MAR 1    401                       311     90      304
  SINCE JAN 1    472                       323    149      310
..................................................................


WIND (MPH)
  HIGHEST WIND SPEED    25   HIGHEST WIND DIRECTION     S (190)
  HIGHEST GUST SPEED    31   HIGHEST GUST DIRECTION     S (190)
  AVERAGE WIND SPEED    14.2


SKY COVER
  POSSIBLE SUNSHINE  MM
  AVERAGE SKY COVER 0.6


WEATHER CONDITIONS
 THE FOLLOWING WEATHER WAS RECORDED YESTERDAY.
  NO SIGNIFICANT WEATHER WAS OBSERVED.


RELATIVE HUMIDITY (PERCENT)
 HIGHEST    91          1100 PM
 LOWEST     59           300 PM
 AVERAGE    75

..........................................................


THE LONGVIEW CLIMATE NORMALS FOR TODAY
                         NORMAL    RECORD    YEAR
 MAXIMUM TEMPERATURE (F)   86        97      1902
 MINIMUM TEMPERATURE (F)   65        48      1961


SUNRISE AND SUNSET
MAY 27 2017...........SUNRISE   614 AM CDT   SUNSET   818 PM CDT
MAY 28 2017...........SUNRISE   614 AM CDT   SUNSET   819 PM CDT


-  INDICATES NEGATIVE NUMBERS.
R  INDICATES RECORD WAS SET OR TIED.
MM INDICATES DATA IS MISSING.
T  INDICATES TRACE AMOUNT.




$$
