000
CDUS44 KSHV 060752
CLIGGG


CLIMATE REPORT
NATIONAL WEATHER SERVICE SHREVEPORT, LA
237 AM CDT MON JUL 6 2015


...................................

...THE LONGVIEW CLIMATE SUMMARY FOR JULY 5 2015...

CLIMATE NORMAL PERIOD 1981 TO 2010
CLIMATE RECORD PERIOD 1902 TO 2015


WEATHER ITEM   OBSERVED TIME   RECORD YEAR NORMAL DEPARTURE LAST
                VALUE   (LST)  VALUE       VALUE  FROM      YEAR
                                                  NORMAL
..................................................................
TEMPERATURE (F)
 YESTERDAY
  MAXIMUM         96    407 PM 103    1914  93      3       89
  MINIMUM         78    429 AM  61    1904  73      5       66
  AVERAGE         87                        83      4       78

PRECIPITATION (IN)
  YESTERDAY        0.00          2.30 1917   0.12  -0.12     0.00
  MONTH TO DATE    0.01                      0.61  -0.60     0.00
  SINCE DEC 1     43.77                     29.84  13.93    26.32
  SINCE JAN 1     41.47                     25.35  16.12    22.17

SNOWFALL (IN)
  YESTERDAY        0.0
  MONTH TO DATE    0.0
  SINCE JUN 1      0.0
  SINCE JUL 1      0.0
  SNOW DEPTH       0

DEGREE DAYS
 HEATING
  YESTERDAY        0                         0      0        0
  MONTH TO DATE    0                         0      0        0
  SINCE JUN 1      0                         0      0        0
  SINCE JUL 1      0                         0      0        0

 COOLING
  YESTERDAY       22                        18      4       13
  MONTH TO DATE   85                        89     -4       80
  SINCE JUN 1    571                       528     43      540
  SINCE JAN 1   1029                       907    122      894
..................................................................


WIND (MPH)
  HIGHEST WIND SPEED    17   HIGHEST WIND DIRECTION     E (100)
  HIGHEST GUST SPEED    22   HIGHEST GUST DIRECTION    SW (210)
  AVERAGE WIND SPEED     9.3


SKY COVER
  POSSIBLE SUNSHINE  MM
  AVERAGE SKY COVER 0.4


WEATHER CONDITIONS
 THE FOLLOWING WEATHER WAS RECORDED YESTERDAY.
  NO SIGNIFICANT WEATHER WAS OBSERVED.


RELATIVE HUMIDITY (PERCENT)
 HIGHEST    85           100 AM
 LOWEST     48           400 PM
 AVERAGE    67

..........................................................


THE LONGVIEW CLIMATE NORMALS FOR TODAY
                         NORMAL    RECORD    YEAR
 MAXIMUM TEMPERATURE (F)   93       105      1938
 MINIMUM TEMPERATURE (F)   73        58      1924


SUNRISE AND SUNSET
JULY  6 2015..........SUNRISE   618 AM CDT   SUNSET   829 PM CDT
JULY  7 2015..........SUNRISE   618 AM CDT   SUNSET   829 PM CDT


-  INDICATES NEGATIVE NUMBERS.
R  INDICATES RECORD WAS SET OR TIED.
MM INDICATES DATA IS MISSING.
T  INDICATES TRACE AMOUNT.




$$
