000
CDUS44 KSHV 230845
CLIGGG


CLIMATE REPORT
NATIONAL WEATHER SERVICE SHREVEPORT, LA
244 AM CST THU NOV 23 2017


...................................

...THE LONGVIEW CLIMATE SUMMARY FOR NOVEMBER 22 2017...

CLIMATE NORMAL PERIOD 1981 TO 2010
CLIMATE RECORD PERIOD 1902 TO 2017


WEATHER ITEM   OBSERVED TIME   RECORD YEAR NORMAL DEPARTURE LAST
                VALUE   (LST)  VALUE       VALUE  FROM      YEAR
                                                  NORMAL
..................................................................
TEMPERATURE (F)
 YESTERDAY
  MAXIMUM         62    256 PM  85    1967  65     -3       77
  MINIMUM         39   1159 PM  26    1903  43     -4       54
  AVERAGE         51                        54     -3       66

PRECIPITATION (IN)
  YESTERDAY        0.00          2.92 1961   0.15  -0.15      T
  MONTH TO DATE    1.89                      3.24  -1.35     0.12
  SINCE DEC 1     44.30                     46.30  -2.00    47.98
  SINCE JAN 1     39.50                     41.81  -2.31    41.92

SNOWFALL (IN)
  YESTERDAY        0.0
  MONTH TO DATE    0.0
  SINCE SEP 1      0.0
  SINCE JUL 1      0.0
  SNOW DEPTH       0

DEGREE DAYS
 HEATING
  YESTERDAY       14                        11      3        0
  MONTH TO DATE  117                       177    -60       85
  SINCE SEP 1    206                       266    -60       99
  SINCE JUL 1    206                       266    -60       99

 COOLING
  YESTERDAY        0                         0      0        1
  MONTH TO DATE   83                        22     61       51
  SINCE SEP 1    631                       477    154      684
  SINCE JAN 1   2699                      2417    282     2729
..................................................................


WIND (MPH)
  HIGHEST WIND SPEED    15   HIGHEST WIND DIRECTION    NE (40)
  HIGHEST GUST SPEED    20   HIGHEST GUST DIRECTION    NE (50)
  AVERAGE WIND SPEED     6.3


SKY COVER
  POSSIBLE SUNSHINE  MM
  AVERAGE SKY COVER 0.1


WEATHER CONDITIONS
 THE FOLLOWING WEATHER WAS RECORDED YESTERDAY.
  NO SIGNIFICANT WEATHER WAS OBSERVED.


RELATIVE HUMIDITY (PERCENT)
 HIGHEST   100          1200 AM
 LOWEST     40           100 PM
 AVERAGE    70

..........................................................


THE LONGVIEW CLIMATE NORMALS FOR TODAY
                         NORMAL    RECORD    YEAR
 MAXIMUM TEMPERATURE (F)   65        83      2010
 MINIMUM TEMPERATURE (F)   43        23      1929


SUNRISE AND SUNSET
NOVEMBER 23 2017......SUNRISE   656 AM CST   SUNSET   515 PM CST
NOVEMBER 24 2017......SUNRISE   657 AM CST   SUNSET   515 PM CST


-  INDICATES NEGATIVE NUMBERS.
R  INDICATES RECORD WAS SET OR TIED.
MM INDICATES DATA IS MISSING.
T  INDICATES TRACE AMOUNT.




$$
