000
CDUS45 KGGW 200016
CLIGGW


CLIMATE REPORT
NATIONAL WEATHER SERVICE GLASGOW MT
516 PM MST SUN FEB 19 2017


...................................

...THE GLASGOW MT CLIMATE SUMMARY FOR FEBRUARY 19 2017...
VALID TODAY AS OF 0500 PM LOCAL TIME.

CLIMATE NORMAL PERIOD 1981 TO 2010
CLIMATE RECORD PERIOD 1893 TO 2017


WEATHER ITEM   OBSERVED TIME   RECORD YEAR NORMAL DEPARTURE LAST
                VALUE   (LST)  VALUE       VALUE  FROM      YEAR
                                                  NORMAL
..................................................................
TEMPERATURE (F)
 TODAY
  MAXIMUM         36    402 PM  62    1995  30      6       44
  MINIMUM         31    936 AM -33    1918  11     20       30
  AVERAGE         34                        20     14       37

PRECIPITATION (IN)
  TODAY            0.00          0.09 1968   0.01  -0.01     0.03
  MONTH TO DATE    0.27                      0.16   0.11     0.24
  SINCE OCT 1      4.27                      2.08   2.19     3.56
  SINCE JAN 1      0.74                      0.53   0.21     0.58

SNOWFALL (IN)
  TODAY            0.0           1.9  1986   0.1   -0.1      0.3
  MONTH TO DATE    7.0                       2.9    4.1      1.6
  SINCE DEC 1     28.9                      18.9   10.0     20.0
  SINCE JUL 1     29.3                      25.5    3.8     21.0
  SNOW DEPTH       T  (12Z / 5AM MST)

DEGREE DAYS
 HEATING
  TODAY           31                        45    -14       28
  MONTH TO DATE  827                       898    -71      661
  SINCE DEC 1   4141                      3994    147     3503
  SINCE JUL 1   5760                      5987   -227     5165

 COOLING
  TODAY            0                         0      0        0
  MONTH TO DATE    0                         0      0        0
  SINCE DEC 1      0                         0      0        0
  SINCE JAN 1      0                         0      0        0
..................................................................


WIND (MPH)
  HIGHEST WIND SPEED    22   HIGHEST WIND DIRECTION     E (110)
  HIGHEST GUST SPEED    28   HIGHEST GUST DIRECTION     E (90)
  AVERAGE WIND SPEED    12.7


SKY COVER
  POSSIBLE SUNSHINE  MM
  AVERAGE SKY COVER 0.7


WEATHER CONDITIONS
 THE FOLLOWING WEATHER WAS RECORDED TODAY.
  FOG


RELATIVE HUMIDITY (PERCENT)
 HIGHEST   100           900 AM
 LOWEST     85           600 AM
 AVERAGE    93

..........................................................


THE GLASGOW MT CLIMATE NORMALS FOR TOMORROW
                         NORMAL    RECORD    YEAR
 MAXIMUM TEMPERATURE (F)   31        62      1995
 MINIMUM TEMPERATURE (F)   11       -45      1918


SUNRISE AND SUNSET
FEBRUARY 19 2017......SUNRISE   706 AM MST   SUNSET   536 PM MST
FEBRUARY 20 2017......SUNRISE   704 AM MST   SUNSET   537 PM MST


-  INDICATES NEGATIVE NUMBERS.
R  INDICATES RECORD WAS SET OR TIED.
MM INDICATES DATA IS MISSING.
T  INDICATES TRACE AMOUNT.




$$
