000
CDUS45 KGGW 270015
CLIGGW


CLIMATE REPORT
NATIONAL WEATHER SERVICE GLASGOW MT
615 PM MDT WED JUL 26 2017


...................................

...THE GLASGOW MT CLIMATE SUMMARY FOR JULY 26 2017...
VALID TODAY AS OF 0500 PM LOCAL TIME.

CLIMATE NORMAL PERIOD 1981 TO 2010
CLIMATE RECORD PERIOD 1893 TO 2017


WEATHER ITEM   OBSERVED TIME   RECORD YEAR NORMAL DEPARTURE LAST
                VALUE   (LST)  VALUE       VALUE  FROM      YEAR
                                                  NORMAL
..................................................................
TEMPERATURE (F)
 TODAY
  MAXIMUM         92        MM 106    1929  87      5       84
  MINIMUM         58        MM  38    1913  59     -1       61
  AVERAGE         75                        73      2       73

PRECIPITATION (IN)
  TODAY            0.00          1.41 2011   0.05  -0.05     0.16
  MONTH TO DATE    0.69                      1.55  -0.86     3.00
  SINCE OCT 1      6.97                      9.25  -2.28    17.70
  SINCE JAN 1      3.44                      7.70  -4.26    14.72

SNOWFALL (IN)
  TODAY            0.0           0.0  2002   0.0    0.0      0.0
                                      2001
                                      2000
  MONTH TO DATE    0.0                       0.0    0.0      0.0
  SINCE JUN 1      0.0                       0.0    0.0      0.0
  SINCE JUL 1      0.0                       0.0    0.0      0.0
  SNOW DEPTH       0

DEGREE DAYS
 HEATING
  TODAY            0                         0      0        0
  MONTH TO DATE    0                        15    -15        8
  SINCE JUN 1     47                       120    -73       40
  SINCE JUL 1      0                        15    -15        8

 COOLING
  TODAY           10                         8      2        8
  MONTH TO DATE  312                       167    145      133
  SINCE JUN 1    392                       242    150      202
  SINCE JAN 1    407                       259    148      213
..................................................................


WIND (MPH)
  HIGHEST WIND SPEED    14   HIGHEST WIND DIRECTION    SE (120)
  HIGHEST GUST SPEED    MM   HIGHEST GUST DIRECTION    MM
  AVERAGE WIND SPEED     9.1


SKY COVER
  POSSIBLE SUNSHINE  MM
  AVERAGE SKY COVER 0.0


WEATHER CONDITIONS
 THE FOLLOWING WEATHER WAS RECORDED TODAY.
  NO SIGNIFICANT WEATHER WAS OBSERVED.


RELATIVE HUMIDITY (PERCENT)
 HIGHEST    67           500 AM
 LOWEST     18           400 PM
 AVERAGE    43

..........................................................


THE GLASGOW MT CLIMATE NORMALS FOR TOMORROW
                         NORMAL    RECORD    YEAR
 MAXIMUM TEMPERATURE (F)   87       106      1951
                                             1933
 MINIMUM TEMPERATURE (F)   59        41      1894


SUNRISE AND SUNSET
JULY 26 2017..........SUNRISE   535 AM MDT   SUNSET   850 PM MDT
JULY 27 2017..........SUNRISE   536 AM MDT   SUNSET   849 PM MDT


-  INDICATES NEGATIVE NUMBERS.
R  INDICATES RECORD WAS SET OR TIED.
MM INDICATES DATA IS MISSING.
T  INDICATES TRACE AMOUNT.




$$
