000
CDUS45 KGGW 210015
CLIGGW


CLIMATE REPORT
NATIONAL WEATHER SERVICE GLASGOW MT
615 PM MDT SUN APR 20 2014


...................................

...THE GLASGOW MT CLIMATE SUMMARY FOR APRIL 20 2014...
VALID TODAY AS OF 0500 PM LOCAL TIME.

CLIMATE NORMAL PERIOD 1981 TO 2010
CLIMATE RECORD PERIOD 1893 TO 2014


WEATHER ITEM   OBSERVED TIME   RECORD YEAR NORMAL DEPARTURE LAST
                VALUE   (LST)  VALUE       VALUE  FROM      YEAR
                                                  NORMAL
..................................................................
TEMPERATURE (F)
 TODAY
  MAXIMUM         66        MM  91    1980  60      6       54
  MINIMUM         37        MM  13    1927  34      3       29
  AVERAGE         52                        47      5       42

PRECIPITATION (IN)
  TODAY            0.00          0.44 1940   0.04  -0.04     0.03
  MONTH TO DATE    0.19                      0.49  -0.30     1.12
  SINCE OCT 1      2.70                      3.09  -0.39     4.98
  SINCE JAN 1      1.25                      1.54  -0.29     2.78

SNOWFALL (IN)
  TODAY            0.0           3.7  1967   0.1   -0.1       T
  MONTH TO DATE    0.0                       1.5   -1.5     11.7
  SINCE MAR 1      6.6                       6.2    0.4     25.0
  SINCE JUL 1     30.4                      33.2   -2.8     62.3
  SNOW DEPTH       0     (12Z/6AM MDT)

DEGREE DAYS
 HEATING
  TODAY           13                        18     -5       23
  MONTH TO DATE  495                       437     58      595
  SINCE MAR 1   1649                      1471    178     1851
  SINCE JUL 1   8297                      7841    456     8058

 COOLING
  TODAY            0                         0      0        0
  MONTH TO DATE    0                         0      0        0
  SINCE MAR 1      0                         0      0        0
  SINCE JAN 1      0                         0      0        0
..................................................................


WIND (MPH)
  HIGHEST WIND SPEED    32   HIGHEST WIND DIRECTION     W (270)
  HIGHEST GUST SPEED    45   HIGHEST GUST DIRECTION     W (280)
  AVERAGE WIND SPEED    19.0


SKY COVER
  POSSIBLE SUNSHINE  MM
  AVERAGE SKY COVER 0.2


WEATHER CONDITIONS
 THE FOLLOWING WEATHER WAS RECORDED TODAY.
  NO SIGNIFICANT WEATHER WAS OBSERVED.


RELATIVE HUMIDITY (PERCENT)
 HIGHEST    76           300 AM
 LOWEST     22           400 PM
 AVERAGE    49

..........................................................


THE GLASGOW MT CLIMATE NORMALS FOR TOMORROW
                         NORMAL    RECORD    YEAR
 MAXIMUM TEMPERATURE (F)   60        89      1942
 MINIMUM TEMPERATURE (F)   34        12      2008


SUNRISE AND SUNSET
APRIL 20 2014.........SUNRISE   607 AM MDT   SUNSET   805 PM MDT
APRIL 21 2014.........SUNRISE   605 AM MDT   SUNSET   806 PM MDT


-  INDICATES NEGATIVE NUMBERS.
R  INDICATES RECORD WAS SET OR TIED.
MM INDICATES DATA IS MISSING.
T  INDICATES TRACE AMOUNT.




$$

SNOW DEPTH AT 12Z/6AM MDT
