000
CDUS45 KGGW 010015
CLIGGW


CLIMATE REPORT
NATIONAL WEATHER SERVICE GLASGOW MT
615 PM MDT SUN APR 30 2017


...................................

...THE GLASGOW MT CLIMATE SUMMARY FOR APRIL 30 2017...
VALID TODAY AS OF 0500 PM LOCAL TIME.

CLIMATE NORMAL PERIOD 1981 TO 2010
CLIMATE RECORD PERIOD 1893 TO 2017


WEATHER ITEM   OBSERVED TIME   RECORD YEAR NORMAL DEPARTURE LAST
                VALUE   (LST)  VALUE       VALUE  FROM      YEAR
                                                  NORMAL
..................................................................
TEMPERATURE (F)
 TODAY
  MAXIMUM         65        MM  89    1901  63      2       64
  MINIMUM         36        MM  13    1899  37     -1       41
  AVERAGE         51                        50      1       53

PRECIPITATION (IN)
  TODAY            0.00          0.58 1921   0.04  -0.04     0.00
  MONTH TO DATE    0.46                      0.85  -0.39     2.61
  SINCE OCT 1      5.50                      3.45   2.05     6.73
  SINCE JAN 1      1.97                      1.90   0.07     3.75

SNOWFALL (IN)
  TODAY            0.0           3.0  1921   0.0    0.0      0.0
  MONTH TO DATE    0.0                       1.9   -1.9      3.2
  SINCE MAR 1      6.2                       6.6   -0.4      6.1
  SINCE JUL 1     37.7                      33.6    4.1     27.6
  SNOW DEPTH       0

DEGREE DAYS
 HEATING
  TODAY           14                        15     -1       12
  MONTH TO DATE  582                       602    -20      551
  SINCE MAR 1   1537                      1637   -100     1323
  SINCE JUL 1   7644                      8007   -363     6788

 COOLING
  TODAY            0                         0      0        0
  MONTH TO DATE    0                         1     -1        0
  SINCE MAR 1      0                         1     -1        0
  SINCE JAN 1      0                         1     -1        0
..................................................................


WIND (MPH)
  HIGHEST WIND SPEED    17   HIGHEST WIND DIRECTION    SE (140)
  HIGHEST GUST SPEED    24   HIGHEST GUST DIRECTION     W (270)
  AVERAGE WIND SPEED    11.1


SKY COVER
  POSSIBLE SUNSHINE  MM
  AVERAGE SKY COVER 0.3


WEATHER CONDITIONS
 THE FOLLOWING WEATHER WAS RECORDED TODAY.
  NO SIGNIFICANT WEATHER WAS OBSERVED.


RELATIVE HUMIDITY (PERCENT)
 HIGHEST    82           200 AM
 LOWEST     28           300 PM
 AVERAGE    55

..........................................................


THE GLASGOW MT CLIMATE NORMALS FOR TOMORROW
                         NORMAL    RECORD    YEAR
 MAXIMUM TEMPERATURE (F)   64        89      1901
 MINIMUM TEMPERATURE (F)   37        18      1913


SUNRISE AND SUNSET
APRIL 30 2017.........SUNRISE   549 AM MDT   SUNSET   819 PM MDT
MAY  1 2017...........SUNRISE   547 AM MDT   SUNSET   821 PM MDT


-  INDICATES NEGATIVE NUMBERS.
R  INDICATES RECORD WAS SET OR TIED.
MM INDICATES DATA IS MISSING.
T  INDICATES TRACE AMOUNT.




$$
