000
CDUS45 KGGW 200741
CLIGGW


CLIMATE REPORT
NATIONAL WEATHER SERVICE GLASGOW MT
1240 AM MST FRI JAN 20 2017


...................................

...THE GLASGOW MT CLIMATE SUMMARY FOR JANUARY 19 2017...

CLIMATE NORMAL PERIOD 1981 TO 2010
CLIMATE RECORD PERIOD 1893 TO 2017


WEATHER ITEM   OBSERVED TIME   RECORD YEAR NORMAL DEPARTURE LAST
                VALUE   (LST)  VALUE       VALUE  FROM      YEAR
                                                  NORMAL
..................................................................
TEMPERATURE (F)
 YESTERDAY
  MAXIMUM         37    139 PM  61    1919  23     14       19
  MINIMUM         18    839 AM -43    1936   4     14        0
  AVERAGE         28                        14     14       10

PRECIPITATION (IN)
  YESTERDAY        0.00          0.15 1923   0.01  -0.01     0.00
  MONTH TO DATE    0.43                      0.26   0.17     0.22
  SINCE OCT 1      3.96                      1.81   2.15     3.20
  SINCE JAN 1      0.43                      0.26   0.17     0.22

SNOWFALL (IN)
  YESTERDAY        0.0           2.4  2006   0.2   -0.2      0.0
  MONTH TO DATE   11.6                       5.5    6.1      3.8
  SINCE DEC 1     20.8                      13.5    7.3     16.6
  SINCE JUL 1     21.2                      20.1    1.1     17.6
  SNOW DEPTH       3  (12Z / 5AM MST)

DEGREE DAYS
 HEATING
  YESTERDAY       37                        51    -14       55
  MONTH TO DATE 1189                       984    205     1035
  SINCE DEC 1   2826                      2493    333     2378
  SINCE JUL 1   4445                      4486    -41     4040

 COOLING
  YESTERDAY        0                         0      0        0
  MONTH TO DATE    0                         0      0        0
  SINCE DEC 1      0                         0      0        0
  SINCE JAN 1      0                         0      0        0
..................................................................


WIND (MPH)
  HIGHEST WIND SPEED    14   HIGHEST WIND DIRECTION     E (110)
  HIGHEST GUST SPEED    15   HIGHEST GUST DIRECTION     S (190)
  AVERAGE WIND SPEED     6.3


SKY COVER
  POSSIBLE SUNSHINE  MM
  AVERAGE SKY COVER 0.0


WEATHER CONDITIONS
 THE FOLLOWING WEATHER WAS RECORDED YESTERDAY.
  NO SIGNIFICANT WEATHER WAS OBSERVED.


RELATIVE HUMIDITY (PERCENT)
 HIGHEST    92           700 AM
 LOWEST     64           200 PM
 AVERAGE    78

..........................................................


THE GLASGOW MT CLIMATE NORMALS FOR TODAY
                         NORMAL    RECORD    YEAR
 MAXIMUM TEMPERATURE (F)   23        55      1919
 MINIMUM TEMPERATURE (F)    4       -49      1954


SUNRISE AND SUNSET
JANUARY 20 2017.......SUNRISE   748 AM MST   SUNSET   448 PM MST
JANUARY 21 2017.......SUNRISE   747 AM MST   SUNSET   449 PM MST


-  INDICATES NEGATIVE NUMBERS.
R  INDICATES RECORD WAS SET OR TIED.
MM INDICATES DATA IS MISSING.
T  INDICATES TRACE AMOUNT.




$$
