000
CDUS45 KGGW 230015
CLIGGW


CLIMATE REPORT
NATIONAL WEATHER SERVICE GLASGOW MT
615 PM MDT WED OCT 22 2014


...................................

...THE GLASGOW MT CLIMATE SUMMARY FOR OCTOBER 22 2014...
VALID TODAY AS OF 0500 PM LOCAL TIME.

CLIMATE NORMAL PERIOD 1981 TO 2010
CLIMATE RECORD PERIOD 1893 TO 2014


WEATHER ITEM   OBSERVED TIME   RECORD YEAR NORMAL DEPARTURE LAST
                VALUE   (LST)  VALUE       VALUE  FROM      YEAR
                                                  NORMAL
..................................................................
TEMPERATURE (F)
 TODAY
  MAXIMUM         64        MM  78    1900  54     10       55
  MINIMUM         46        MM   2    2002  30     16       40
  AVERAGE         55                        42     13       48

PRECIPITATION (IN)
  TODAY            0.00          0.45 1980   0.02  -0.02     0.00
  MONTH TO DATE    0.34                      0.60  -0.26     0.23
  SINCE OCT 1      0.34                      0.60  -0.26     0.23
  SINCE JAN 1     14.08                     10.71   3.37    14.65

SNOWFALL (IN)
  TODAY            0.0           1.8  1961   0.1   -0.1      0.0
  MONTH TO DATE    0.0                       0.8   -0.8       T
  SINCE SEP 1      0.0                       1.0   -1.0       T
  SINCE JUL 1      0.0                       1.0   -1.0       T
  SNOW DEPTH       0

DEGREE DAYS
 HEATING
  TODAY           10                        23    -13       17
  MONTH TO DATE  298                       403   -105      416
  SINCE SEP 1    529                       644   -115      539
  SINCE JUL 1    582                       697   -115      554

 COOLING
  TODAY            0                         0      0        0
  MONTH TO DATE    0                         0      0        0
  SINCE SEP 1     23                        37    -14       86
  SINCE JAN 1    495                       532    -37      563
..................................................................


WIND (MPH)
  HIGHEST WIND SPEED    24   HIGHEST WIND DIRECTION     W (280)
  HIGHEST GUST SPEED    35   HIGHEST GUST DIRECTION     W (270)
  AVERAGE WIND SPEED    15.7


SKY COVER
  POSSIBLE SUNSHINE  MM
  AVERAGE SKY COVER 0.3


WEATHER CONDITIONS
 THE FOLLOWING WEATHER WAS RECORDED TODAY.
  NO SIGNIFICANT WEATHER WAS OBSERVED.


RELATIVE HUMIDITY (PERCENT)
 HIGHEST    80          1200 AM
 LOWEST     30           300 PM
 AVERAGE    55

..........................................................


THE GLASGOW MT CLIMATE NORMALS FOR TOMORROW
                         NORMAL    RECORD    YEAR
 MAXIMUM TEMPERATURE (F)   54        78      1903
 MINIMUM TEMPERATURE (F)   30        11      2002


SUNRISE AND SUNSET
OCTOBER 22 2014.......SUNRISE   737 AM MDT   SUNSET   604 PM MDT
OCTOBER 23 2014.......SUNRISE   738 AM MDT   SUNSET   603 PM MDT


-  INDICATES NEGATIVE NUMBERS.
R  INDICATES RECORD WAS SET OR TIED.
MM INDICATES DATA IS MISSING.
T  INDICATES TRACE AMOUNT.




$$
