928
CDUS45 KGGW 210742
CLIGGW


CLIMATE REPORT
NATIONAL WEATHER SERVICE GLASGOW MT
142 AM MDT THU SEP 21 2017


...................................

...THE GLASGOW MT CLIMATE SUMMARY FOR SEPTEMBER 20 2017...

CLIMATE NORMAL PERIOD 1981 TO 2010
CLIMATE RECORD PERIOD 1893 TO 2017


WEATHER ITEM   OBSERVED TIME   RECORD YEAR NORMAL DEPARTURE LAST
                VALUE   (LST)  VALUE       VALUE  FROM      YEAR
                                                  NORMAL
..................................................................
TEMPERATURE (F)
 YESTERDAY
  MAXIMUM         66    125 PM 100    1922  70     -4       70
  MINIMUM         41    618 AM  20    1995  43     -2       41
  AVERAGE         54                        56     -2       56

PRECIPITATION (IN)
  YESTERDAY        0.00          0.80 1986   0.03  -0.03     0.05
  MONTH TO DATE    1.06                      0.62   0.44     0.65
  SINCE OCT 1      8.31                     11.34  -3.03    19.29
  SINCE JAN 1      4.78                      9.79  -5.01    16.31

SNOWFALL (IN)
  YESTERDAY        0.0           T    1957   0.1   -0.1      0.0
  MONTH TO DATE    0.0                       0.1   -0.1      0.0
  SINCE SEP 1      0.0                       0.1   -0.1      0.0
  SINCE JUL 1      0.0                       0.1   -0.1      0.0
  SNOW DEPTH       0

DEGREE DAYS
 HEATING
  YESTERDAY       11                        10      1        9
  MONTH TO DATE  113                       125    -12      140
  SINCE SEP 1    113                       125    -12      140
  SINCE JUL 1    120                       178    -58      174

 COOLING
  YESTERDAY        0                         1     -1        0
  MONTH TO DATE   54                        35     19       26
  SINCE SEP 1     54                        35     19       26
  SINCE JAN 1    684                       530    154      431
..................................................................


WIND (MPH)
  HIGHEST WIND SPEED    28   HIGHEST WIND DIRECTION    SW (240)
  HIGHEST GUST SPEED    33   HIGHEST GUST DIRECTION    SW (240)
  AVERAGE WIND SPEED    10.0


SKY COVER
  POSSIBLE SUNSHINE  MM
  AVERAGE SKY COVER 0.1


WEATHER CONDITIONS
 THE FOLLOWING WEATHER WAS RECORDED YESTERDAY.
  NO SIGNIFICANT WEATHER WAS OBSERVED.


RELATIVE HUMIDITY (PERCENT)
 HIGHEST    76           400 AM
 LOWEST     24           200 PM
 AVERAGE    50

..........................................................


THE GLASGOW MT CLIMATE NORMALS FOR TODAY
                         NORMAL    RECORD    YEAR
 MAXIMUM TEMPERATURE (F)   69        98      1922
 MINIMUM TEMPERATURE (F)   42        15      1995
                                             1895


SUNRISE AND SUNSET
SEPTEMBER 21 2017.....SUNRISE   652 AM MDT   SUNSET   706 PM MDT
SEPTEMBER 22 2017.....SUNRISE   654 AM MDT   SUNSET   704 PM MDT


-  INDICATES NEGATIVE NUMBERS.
R  INDICATES RECORD WAS SET OR TIED.
MM INDICATES DATA IS MISSING.
T  INDICATES TRACE AMOUNT.

$$
