000
CDUS45 KGGW 200744
CLIGGW


CLIMATE REPORT
NATIONAL WEATHER SERVICE GLASGOW MT
1243 AM MST MON NOV 20 2017


...................................

...THE GLASGOW MT CLIMATE SUMMARY FOR NOVEMBER 19 2017...

CLIMATE NORMAL PERIOD 1981 TO 2010
CLIMATE RECORD PERIOD 1893 TO 2017


WEATHER ITEM   OBSERVED TIME   RECORD YEAR NORMAL DEPARTURE LAST
                VALUE   (LST)  VALUE       VALUE  FROM      YEAR
                                                  NORMAL
..................................................................
TEMPERATURE (F)
 YESTERDAY
  MAXIMUM         48    156 PM  74    1936  38     10       43
  MINIMUM         23    555 AM -24    1900  17      6       21
  AVERAGE         36                        27      9       32

PRECIPITATION (IN)
  YESTERDAY        0.00          0.29 1996   0.01  -0.01     0.00
  MONTH TO DATE    0.11                      0.27  -0.16     0.06
  SINCE OCT 1      1.02                      1.02   0.00     3.17
  SINCE JAN 1      5.86                     11.13  -5.27    20.50

SNOWFALL (IN)
  YESTERDAY        0.0           3.7  1996   0.2   -0.2      0.0
  MONTH TO DATE    0.9                       2.9   -2.0       T
  SINCE SEP 1      1.6                       4.4   -2.8      0.4
  SINCE JUL 1      1.6                       4.4   -2.8      0.4
  SNOW DEPTH       0

DEGREE DAYS
 HEATING
  YESTERDAY       29                        38     -9       33
  MONTH TO DATE  767                       621    146      392
  SINCE SEP 1   1614                      1492    122     1231
  SINCE JUL 1   1621                      1545     76     1265

 COOLING
  YESTERDAY        0                         0      0        0
  MONTH TO DATE    0                         0      0        0
  SINCE SEP 1     54                        38     16       29
  SINCE JAN 1    684                       533    151      434
..................................................................


WIND (MPH)
  HIGHEST WIND SPEED    13   HIGHEST WIND DIRECTION     S (180)
  HIGHEST GUST SPEED    15   HIGHEST GUST DIRECTION     W (280)
  AVERAGE WIND SPEED     6.2


SKY COVER
  POSSIBLE SUNSHINE  MM
  AVERAGE SKY COVER 0.1


WEATHER CONDITIONS
 THE FOLLOWING WEATHER WAS RECORDED YESTERDAY.
  NO SIGNIFICANT WEATHER WAS OBSERVED.


RELATIVE HUMIDITY (PERCENT)
 HIGHEST    81           500 AM
 LOWEST     38           300 PM
 AVERAGE    60

..........................................................


THE GLASGOW MT CLIMATE NORMALS FOR TODAY
                         NORMAL    RECORD    YEAR
 MAXIMUM TEMPERATURE (F)   37        68      1917
 MINIMUM TEMPERATURE (F)   17       -30      1896


SUNRISE AND SUNSET
NOVEMBER 20 2017......SUNRISE   721 AM MST   SUNSET   422 PM MST
NOVEMBER 21 2017......SUNRISE   723 AM MST   SUNSET   422 PM MST


-  INDICATES NEGATIVE NUMBERS.
R  INDICATES RECORD WAS SET OR TIED.
MM INDICATES DATA IS MISSING.
T  INDICATES TRACE AMOUNT.




$$
