000
CDUS45 KGGW 050742
CLIGGW


CLIMATE REPORT
NATIONAL WEATHER SERVICE GLASGOW MT
141 AM MDT WED AUG 5 2015


...................................

...THE GLASGOW MT CLIMATE SUMMARY FOR AUGUST 4 2015...

CLIMATE NORMAL PERIOD 1981 TO 2010
CLIMATE RECORD PERIOD 1893 TO 2015


WEATHER ITEM   OBSERVED TIME   RECORD YEAR NORMAL DEPARTURE LAST
                VALUE   (LST)  VALUE       VALUE  FROM      YEAR
                                                  NORMAL
..................................................................
TEMPERATURE (F)
 YESTERDAY
  MAXIMUM         94    135 PM 102    1964  87      7       86
  MINIMUM         64    541 AM  39    1904  59      5       63
  AVERAGE         79                        73      6       75

PRECIPITATION (IN)
  YESTERDAY        0.14          0.42 1953   0.04   0.10     0.01
  MONTH TO DATE    0.14                      0.18  -0.04     0.29
  SINCE OCT 1     10.05                      9.66   0.39     7.97
  SINCE JAN 1      8.79                      8.11   0.68     6.52

SNOWFALL (IN)
  YESTERDAY        0.0           0.0  2002   0.0    0.0      0.0
                                      2001
                                      2000
  MONTH TO DATE    0.0                       0.0    0.0      0.0
  SINCE JUN 1      0.0                       0.0    0.0      0.0
  SINCE JUL 1      0.0                       0.0    0.0      0.0
  SNOW DEPTH       0

DEGREE DAYS
 HEATING
  YESTERDAY        0                         0      0        0
  MONTH TO DATE    0                         0      0        0
  SINCE JUN 1     51                       123    -72      112
  SINCE JUL 1      5                        18    -13        4

 COOLING
  YESTERDAY       14                         8      6       10
  MONTH TO DATE   40                        32      8       39
  SINCE JUN 1    388                       314     74      276
  SINCE JAN 1    388                       331     57      310
..................................................................


WIND (MPH)
  HIGHEST WIND SPEED    24   HIGHEST WIND DIRECTION     S (160)
  HIGHEST GUST SPEED    27   HIGHEST GUST DIRECTION     S (160)
  AVERAGE WIND SPEED    13.7


SKY COVER
  POSSIBLE SUNSHINE  MM
  AVERAGE SKY COVER 0.3


WEATHER CONDITIONS
 THE FOLLOWING WEATHER WAS RECORDED YESTERDAY.
  THUNDERSTORM
  LIGHT RAIN
  FOG


RELATIVE HUMIDITY (PERCENT)
 HIGHEST    87          1000 PM
 LOWEST     24           200 PM
 AVERAGE    56

..........................................................


THE GLASGOW MT CLIMATE NORMALS FOR TODAY
                         NORMAL    RECORD    YEAR
 MAXIMUM TEMPERATURE (F)   87       105      1949
 MINIMUM TEMPERATURE (F)   58        39      1977


SUNRISE AND SUNSET
AUGUST  5 2015........SUNRISE   547 AM MDT   SUNSET   837 PM MDT
AUGUST  6 2015........SUNRISE   548 AM MDT   SUNSET   835 PM MDT


-  INDICATES NEGATIVE NUMBERS.
R  INDICATES RECORD WAS SET OR TIED.
MM INDICATES DATA IS MISSING.
T  INDICATES TRACE AMOUNT.

$$
