662
CDUS45 KGGW 010020
CLIGGW


CLIMATE REPORT
NATIONAL WEATHER SERVICE GLASGOW MT
620 PM MDT SAT APR 30 2016


...................................

...THE GLASGOW MT CLIMATE SUMMARY FOR APRIL 30 2016...
VALID TODAY AS OF 0500 PM LOCAL TIME.

CLIMATE NORMAL PERIOD 1981 TO 2010
CLIMATE RECORD PERIOD 1893 TO 2016


WEATHER ITEM   OBSERVED TIME   RECORD YEAR NORMAL DEPARTURE LAST
                VALUE   (LST)  VALUE       VALUE  FROM      YEAR
                                                  NORMAL
..................................................................
TEMPERATURE (F)
 TODAY
  MAXIMUM         64    301 PM  89    1901  63      1       67
  MINIMUM         43    551 AM  13    1899  37      6       47
  AVERAGE         54                        50      4       57

PRECIPITATION (IN)
  TODAY            0.00          0.58 1921   0.04  -0.04     0.05
  MONTH TO DATE    2.63                      0.85   1.78     1.19
  SINCE OCT 1      6.75                      3.45   3.30     4.26
  SINCE JAN 1      3.77                      1.90   1.87     3.00

SNOWFALL (IN)
  TODAY            0.0           3.0  1921   0.0    0.0      0.0
  MONTH TO DATE    3.2                       1.9    1.3      5.3
  SINCE MAR 1      6.1                       6.6   -0.5      8.1
  SINCE JUL 1     27.6                      33.6   -6.0     43.2
  SNOW DEPTH       0

DEGREE DAYS
 HEATING
  TODAY           11                        15     -4        8
  MONTH TO DATE  550                       602    -52      570
  SINCE MAR 1   1322                      1637   -315     1341
  SINCE JUL 1   6787                      8007  -1220     7425

 COOLING
  TODAY            0                         0      0        0
  MONTH TO DATE    0                         1     -1        0
  SINCE MAR 1      0                         1     -1        0
  SINCE JAN 1      0                         1     -1        0
..................................................................


WIND (MPH)
  HIGHEST WIND SPEED    16   HIGHEST WIND DIRECTION     E (110)
  HIGHEST GUST SPEED    25   HIGHEST GUST DIRECTION     E (100)
  AVERAGE WIND SPEED    12.1


SKY COVER
  POSSIBLE SUNSHINE  MM
  AVERAGE SKY COVER 0.3


WEATHER CONDITIONS
 THE FOLLOWING WEATHER WAS RECORDED TODAY.
  NO SIGNIFICANT WEATHER WAS OBSERVED.


RELATIVE HUMIDITY (PERCENT)
 HIGHEST    70           100 AM
 LOWEST     26           300 PM
 AVERAGE    48

..........................................................


THE GLASGOW MT CLIMATE NORMALS FOR TOMORROW
                         NORMAL    RECORD    YEAR
 MAXIMUM TEMPERATURE (F)   64        89      1901
 MINIMUM TEMPERATURE (F)   37        18      1913


SUNRISE AND SUNSET
APRIL 30 2016.........SUNRISE   549 AM MDT   SUNSET   820 PM MDT
MAY  1 2016...........SUNRISE   547 AM MDT   SUNSET   821 PM MDT


-  INDICATES NEGATIVE NUMBERS.
R  INDICATES RECORD WAS SET OR TIED.
MM INDICATES DATA IS MISSING.
T  INDICATES TRACE AMOUNT.

$$
