000
CDUS45 KGGW 060016
CLIGGW


CLIMATE REPORT
NATIONAL WEATHER SERVICE GLASGOW MT
616 PM MDT SUN JUL 5 2015


...................................

...THE GLASGOW MT CLIMATE SUMMARY FOR JULY 5 2015...
VALID TODAY AS OF 0500 PM LOCAL TIME.

CLIMATE NORMAL PERIOD 1981 TO 2010
CLIMATE RECORD PERIOD 1893 TO 2015


WEATHER ITEM   OBSERVED TIME   RECORD YEAR NORMAL DEPARTURE LAST
                VALUE   (LST)  VALUE       VALUE  FROM      YEAR
                                                  NORMAL
..................................................................
TEMPERATURE (F)
 TODAY
  MAXIMUM         72        MM 108    1937  83    -11       92
                                      1936
  MINIMUM         57    500 AM  39    1918  55      2       59
  AVERAGE         65                        69     -4       76

PRECIPITATION (IN)
  TODAY            0.21          0.73 1899   0.06   0.15     0.00
  MONTH TO DATE    0.26                      0.32  -0.06     0.00
  SINCE OCT 1      8.42                      8.02   0.40     7.10
  SINCE JAN 1      7.16                      6.47   0.69     5.65

SNOWFALL (IN)
  TODAY            0.0           0.2  1955   0.0    0.0      0.0
  MONTH TO DATE    0.0                       0.0    0.0      0.0
  SINCE JUN 1      0.0                       0.0    0.0      0.0
  SINCE JUL 1      0.0                       0.0    0.0      0.0
  SNOW DEPTH       0

DEGREE DAYS
 HEATING
  TODAY            0                         1     -1        0
  MONTH TO DATE    0                         5     -5        0
  SINCE JUN 1     46                       110    -64      108
  SINCE JUL 1      0                         5     -5        0

 COOLING
  TODAY            0                         5     -5       11
  MONTH TO DATE   34                        24     10       31
  SINCE JUN 1    161                        99     62       51
  SINCE JAN 1    161                       116     45       85
..................................................................


WIND (MPH)
  HIGHEST WIND SPEED    21   HIGHEST WIND DIRECTION     N (340)
  HIGHEST GUST SPEED    31   HIGHEST GUST DIRECTION    NW (330)
  AVERAGE WIND SPEED    15.4


SKY COVER
  POSSIBLE SUNSHINE  MM
  AVERAGE SKY COVER 0.5


WEATHER CONDITIONS
 THE FOLLOWING WEATHER WAS RECORDED TODAY.
  THUNDERSTORM
  HEAVY RAIN
  RAIN
  LIGHT RAIN
  HAZE


RELATIVE HUMIDITY (PERCENT)
 HIGHEST    72           600 AM
 LOWEST     38          1200 PM
 AVERAGE    55

..........................................................


THE GLASGOW MT CLIMATE NORMALS FOR TOMORROW
                         NORMAL    RECORD    YEAR
 MAXIMUM TEMPERATURE (F)   83       107      1936
 MINIMUM TEMPERATURE (F)   56        35      1934


SUNRISE AND SUNSET
JULY  5 2015..........SUNRISE   513 AM MDT   SUNSET   909 PM MDT
JULY  6 2015..........SUNRISE   514 AM MDT   SUNSET   909 PM MDT


-  INDICATES NEGATIVE NUMBERS.
R  INDICATES RECORD WAS SET OR TIED.
MM INDICATES DATA IS MISSING.
T  INDICATES TRACE AMOUNT.




$$
