358
CDUS45 KGGW 261238
CLIGGW


CLIMATE REPORT
NATIONAL WEATHER SERVICE GLASGOW MT
638 AM MDT THU MAY 26 2016


...................................

...THE GLASGOW MT CLIMATE SUMMARY FOR MAY 26 2016...
VALID AS OF 0600 AM LOCAL TIME.

CLIMATE NORMAL PERIOD 1981 TO 2010
CLIMATE RECORD PERIOD 1893 TO 2016


WEATHER ITEM   OBSERVED TIME   RECORD YEAR NORMAL DEPARTURE LAST
                VALUE   (LST)  VALUE       VALUE  FROM      YEAR
                                                  NORMAL
..................................................................
TEMPERATURE (F)
 TODAY
  MINIMUM         43    441 AM  27    1904  46     -3       50

PRECIPITATION (IN)
  TODAY            0.00          1.34 1915   0.07  -0.07     0.00
  MONTH TO DATE    3.85                      1.51   2.34     0.73
  SINCE OCT 1     10.58                      4.96   5.62     4.99
  SINCE JAN 1      7.60                      3.41   4.19     3.73

SNOWFALL (IN)
  TODAY            0.0           T    1965   0.0    0.0      0.0
  MONTH TO DATE    0.0                       1.2   -1.2      0.0
  SINCE MAR 1      6.1                       7.8   -1.7      8.1
  SINCE JUL 1     27.6                      34.8   -7.2     43.2
  SNOW DEPTH       0

DEGREE DAYS
 HEATING
  TODAY           19                         8     11        1
  MONTH TO DATE  242                       290    -48      310
  SINCE MAR 1   1565                      1927   -362     1651
  SINCE JUL 1   7030                      8297  -1267     7735

 COOLING
  TODAY            0                         1     -1        0
  MONTH TO DATE   11                         6      5        0
  SINCE MAR 1     11                         7      4        0
  SINCE JAN 1     11                         7      4        0
..................................................................





WEATHER CONDITIONS
 THE FOLLOWING WEATHER WAS RECORDED TODAY.
  NO SIGNIFICANT WEATHER WAS OBSERVED.


RELATIVE HUMIDITY (PERCENT)
 HIGHEST    96           300 AM

..........................................................


THE GLASGOW MT CLIMATE NORMALS FOR TOMORROW
                         NORMAL    RECORD    YEAR
 MAXIMUM TEMPERATURE (F)   71        96      1934
                                             1919
 MINIMUM TEMPERATURE (F)   46        28      1947


SUNRISE AND SUNSET
MAY 26 2016...........SUNRISE   515 AM MDT   SUNSET   853 PM MDT
MAY 27 2016...........SUNRISE   514 AM MDT   SUNSET   854 PM MDT


-  INDICATES NEGATIVE NUMBERS.
R  INDICATES RECORD WAS SET OR TIED.
MM INDICATES DATA IS MISSING.
T  INDICATES TRACE AMOUNT.

$$
