000
CDUS45 KGGW 250016
CLIGGW


CLIMATE REPORT
NATIONAL WEATHER SERVICE GLASGOW MT
616 PM MDT SUN JUL 24 2016


...................................

...THE GLASGOW MT CLIMATE SUMMARY FOR JULY 24 2016...
VALID TODAY AS OF 0500 PM LOCAL TIME.

CLIMATE NORMAL PERIOD 1981 TO 2010
CLIMATE RECORD PERIOD 1893 TO 2016


WEATHER ITEM   OBSERVED TIME   RECORD YEAR NORMAL DEPARTURE LAST
                VALUE   (LST)  VALUE       VALUE  FROM      YEAR
                                                  NORMAL
..................................................................
TEMPERATURE (F)
 TODAY
  MAXIMUM         89    149 PM 108    1929  87      2       91
  MINIMUM         56    518 AM  42    1901  58     -2       54
  AVERAGE         73                        73      0       73

PRECIPITATION (IN)
  TODAY            0.00          1.34 2001   0.05  -0.05     0.00
  MONTH TO DATE    2.84                      1.45   1.39     0.57
  SINCE OCT 1     17.54                      9.15   8.39     8.73
  SINCE JAN 1     14.56                      7.60   6.96     7.47

SNOWFALL (IN)
  TODAY            0.0           T    1999   0.0    0.0      0.0
  MONTH TO DATE    0.0                       0.0    0.0      0.0
  SINCE JUN 1      0.0                       0.0    0.0      0.0
  SINCE JUL 1      0.0                       0.0    0.0      0.0
  SNOW DEPTH       0

DEGREE DAYS
 HEATING
  TODAY            0                         0      0        0
  MONTH TO DATE    8                        15     -7        2
  SINCE JUN 1     40                       120    -80       48
  SINCE JUL 1      8                        15     -7        2

 COOLING
  TODAY            8                         8      0        8
  MONTH TO DATE  115                       151    -36      173
  SINCE JUN 1    184                       226    -42      300
  SINCE JAN 1    195                       243    -48      300
..................................................................


WIND (MPH)
  HIGHEST WIND SPEED    16   HIGHEST WIND DIRECTION    NW (300)
  HIGHEST GUST SPEED    24   HIGHEST GUST DIRECTION    NW (300)
  AVERAGE WIND SPEED     6.1


SKY COVER
  POSSIBLE SUNSHINE  MM
  AVERAGE SKY COVER 0.0


WEATHER CONDITIONS
 THE FOLLOWING WEATHER WAS RECORDED TODAY.
  NO SIGNIFICANT WEATHER WAS OBSERVED.


RELATIVE HUMIDITY (PERCENT)
 HIGHEST    93           500 AM
 LOWEST     20           200 PM
 AVERAGE    57

..........................................................


THE GLASGOW MT CLIMATE NORMALS FOR TOMORROW
                         NORMAL    RECORD    YEAR
 MAXIMUM TEMPERATURE (F)   87       108      1929
 MINIMUM TEMPERATURE (F)   58        42      1918


SUNRISE AND SUNSET
JULY 24 2016..........SUNRISE   533 AM MDT   SUNSET   853 PM MDT
JULY 25 2016..........SUNRISE   534 AM MDT   SUNSET   851 PM MDT


-  INDICATES NEGATIVE NUMBERS.
R  INDICATES RECORD WAS SET OR TIED.
MM INDICATES DATA IS MISSING.
T  INDICATES TRACE AMOUNT.




$$
