000
CDUS45 KGJT 290735
CLIGJT


CLIMATE REPORT
NATIONAL WEATHER SERVICE GRAND JUNCTION CO
132 AM MDT FRI AUG 29 2014


...................................

...THE GRAND JUNCTION CO CLIMATE SUMMARY FOR AUGUST 28 2014...

CLIMATE NORMAL PERIOD 1981 TO 2010
CLIMATE RECORD PERIOD 1893 TO 2014


WEATHER ITEM   OBSERVED TIME   RECORD YEAR NORMAL DEPARTURE LAST
                VALUE   (LST)  VALUE       VALUE  FROM      YEAR
                                                  NORMAL
..................................................................
TEMPERATURE (F)
 YESTERDAY
  MAXIMUM         77    527 PM  97    1948  87    -10       90
  MINIMUM         56    627 AM  48    1964  59     -3       59
                                      1920
  AVERAGE         67                        73     -6       75

PRECIPITATION (IN)
  YESTERDAY        0.01          0.47 1939   0.03  -0.02     0.00
  MONTH TO DATE    3.16                      0.84   2.32     1.18
  SINCE JUN 1      4.31                      1.91   2.40     2.56
  SINCE JAN 1      8.09                      5.74   2.35     5.97

SNOWFALL (IN)
  YESTERDAY        0.0           0.0  2013   0.0    0.0      0.0
  MONTH TO DATE    0.0                       0.0    0.0      0.0
  SINCE JUN 1      0.0                       0.0    0.0      0.0
  SINCE JUL 1      0.0                       0.0    0.0      0.0
  SNOW DEPTH       0

DEGREE DAYS
 HEATING
  YESTERDAY        0                         0      0        0
  MONTH TO DATE    5                         0      5        0
  SINCE JUN 1     24                        23      1        5
  SINCE JUL 1      5                         1      4        0

 COOLING
  YESTERDAY        2                         8     -6       10
  MONTH TO DATE  202                       304   -102      259
  SINCE JUN 1    850                       945    -95     1026
  SINCE JAN 1    909                       996    -87     1081
..................................................................


WIND (MPH)
  HIGHEST WIND SPEED    12   HIGHEST WIND DIRECTION     E (110)
  HIGHEST GUST SPEED    14   HIGHEST GUST DIRECTION     E (110)
  AVERAGE WIND SPEED     5.1


SKY COVER
  POSSIBLE SUNSHINE  MM
  AVERAGE SKY COVER 0.5


WEATHER CONDITIONS
 THE FOLLOWING WEATHER WAS RECORDED YESTERDAY.
  LIGHT RAIN


RELATIVE HUMIDITY (PERCENT)
 HIGHEST    93          1200 AM
 LOWEST     38           500 PM
 AVERAGE    66

..........................................................


THE GRAND JUNCTION CO CLIMATE NORMALS FOR TODAY
                         NORMAL    RECORD    YEAR
 MAXIMUM TEMPERATURE (F)   87        98      1990
 MINIMUM TEMPERATURE (F)   58        49      2004


SUNRISE AND SUNSET
AUGUST 29 2014........SUNRISE   640 AM MDT   SUNSET   749 PM MDT
AUGUST 30 2014........SUNRISE   641 AM MDT   SUNSET   748 PM MDT


-  INDICATES NEGATIVE NUMBERS.
R  INDICATES RECORD WAS SET OR TIED.
MM INDICATES DATA IS MISSING.
T  INDICATES TRACE AMOUNT.




$$
