000
CDUS45 KGJT 240756
CLIGJT


CLIMATE REPORT
NATIONAL WEATHER SERVICE GRAND JUNCTION CO
153 AM MDT FRI MAR 24 2017


...................................

...THE GRAND JUNCTION CO CLIMATE SUMMARY FOR MARCH 23 2017...

CLIMATE NORMAL PERIOD 1981 TO 2010
CLIMATE RECORD PERIOD 1893 TO 2017


WEATHER ITEM   OBSERVED TIME   RECORD YEAR NORMAL DEPARTURE LAST
                VALUE   (LST)  VALUE       VALUE  FROM      YEAR
                                                  NORMAL
..................................................................
TEMPERATURE (F)
 YESTERDAY
  MAXIMUM         59    209 PM  76    2012  59      0       48
  MINIMUM         44   1159 PM  10    1952  33     11       31
  AVERAGE         52                        46      6       40

PRECIPITATION (IN)
  YESTERDAY        0.03          0.80 1941   0.04  -0.01     0.06
  MONTH TO DATE    0.03                      0.65  -0.62     0.79
  SINCE MAR 1      0.03                      0.65  -0.62     0.79
  SINCE JAN 1      1.58                      1.77  -0.19     2.16

SNOWFALL (IN)
  YESTERDAY        0.0           1.0  1936   0.0    0.0       T
  MONTH TO DATE    T                         1.9   -1.9      1.1
  SINCE MAR 1      T                         1.9   -1.9      1.1
  SINCE JUL 1     13.9                      17.4   -3.5     28.5
  SNOW DEPTH       0

DEGREE DAYS
 HEATING
  YESTERDAY       13                        19     -6       25
  MONTH TO DATE  328                       506   -178      431
  SINCE MAR 1    328                       506   -178      431
  SINCE JUL 1   3975                      4885   -910     4909

 COOLING
  YESTERDAY        0                         0      0        0
  MONTH TO DATE    0                         0      0        0
  SINCE MAR 1      0                         0      0        0
  SINCE JAN 1      0                         0      0        0
..................................................................


WIND (MPH)
  HIGHEST WIND SPEED    23   HIGHEST WIND DIRECTION     N (350)
  HIGHEST GUST SPEED    29   HIGHEST GUST DIRECTION     S (200)
  AVERAGE WIND SPEED     9.0


SKY COVER
  POSSIBLE SUNSHINE  MM
  AVERAGE SKY COVER 0.6


WEATHER CONDITIONS
 THE FOLLOWING WEATHER WAS RECORDED YESTERDAY.
  LIGHT RAIN


RELATIVE HUMIDITY (PERCENT)
 HIGHEST    82           700 PM
 LOWEST     36           200 PM
 AVERAGE    59

..........................................................


THE GRAND JUNCTION CO CLIMATE NORMALS FOR TODAY
                         NORMAL    RECORD    YEAR
 MAXIMUM TEMPERATURE (F)   59        77      1998
 MINIMUM TEMPERATURE (F)   33        14      2013


SUNRISE AND SUNSET
MARCH 24 2017.........SUNRISE   711 AM MDT   SUNSET   730 PM MDT
MARCH 25 2017.........SUNRISE   709 AM MDT   SUNSET   731 PM MDT


-  INDICATES NEGATIVE NUMBERS.
R  INDICATES RECORD WAS SET OR TIED.
MM INDICATES DATA IS MISSING.
T  INDICATES TRACE AMOUNT.




$$
