000
CDUS45 KGJT 240727
CLIGJT


CLIMATE REPORT
NATIONAL WEATHER SERVICE GRAND JUNCTION CO
125 AM MDT TUE MAY 24 2016


...................................

...THE GRAND JUNCTION CO CLIMATE SUMMARY FOR MAY 23 2016...

CLIMATE NORMAL PERIOD 1981 TO 2010
CLIMATE RECORD PERIOD 1893 TO 2016


WEATHER ITEM   OBSERVED TIME   RECORD YEAR NORMAL DEPARTURE LAST
                VALUE   (LST)  VALUE       VALUE  FROM      YEAR
                                                  NORMAL
..................................................................
TEMPERATURE (F)
 YESTERDAY
  MAXIMUM         74    326 PM  95    2005  79     -5       64
  MINIMUM         40    503 AM  35    1933  49     -9       44
  AVERAGE         57                        64     -7       54

PRECIPITATION (IN)
  YESTERDAY        0.00          0.23 2009   0.03  -0.03     0.02
  MONTH TO DATE    0.85                      0.69   0.16     1.44
  SINCE MAR 1      3.54                      2.52   1.02     3.83
  SINCE JAN 1      4.91                      3.64   1.27     4.69

SNOWFALL (IN)
  YESTERDAY        0.0           0.0  2015   0.0    0.0      0.0
  MONTH TO DATE    T                         0.1   -0.1      0.1
  SINCE MAR 1      1.1                       3.6   -2.5      4.0
  SINCE JUL 1     28.5                      19.1    9.4     12.6
  SNOW DEPTH       0

DEGREE DAYS
 HEATING
  YESTERDAY        8                         3      5       11
  MONTH TO DATE  168                       134     34      184
  SINCE MAR 1   1212                      1189     23     1139
  SINCE JUL 1   5690                      5568    122     5124

 COOLING
  YESTERDAY        0                         2     -2        0
  MONTH TO DATE   12                        26    -14        2
  SINCE MAR 1     12                        29    -17        2
  SINCE JAN 1     12                        29    -17        2
..................................................................


WIND (MPH)
  HIGHEST WIND SPEED    16   HIGHEST WIND DIRECTION    NW (300)
  HIGHEST GUST SPEED    22   HIGHEST GUST DIRECTION     W (280)
  AVERAGE WIND SPEED     6.2


SKY COVER
  POSSIBLE SUNSHINE  MM
  AVERAGE SKY COVER 0.1


WEATHER CONDITIONS
 THE FOLLOWING WEATHER WAS RECORDED YESTERDAY.
  NO SIGNIFICANT WEATHER WAS OBSERVED.


RELATIVE HUMIDITY (PERCENT)
 HIGHEST    57           600 AM
 LOWEST     14           500 PM
 AVERAGE    36

..........................................................


THE GRAND JUNCTION CO CLIMATE NORMALS FOR TODAY
                         NORMAL    RECORD    YEAR
 MAXIMUM TEMPERATURE (F)   79        94      2005
 MINIMUM TEMPERATURE (F)   49        37      1971


SUNRISE AND SUNSET
MAY 24 2016...........SUNRISE   554 AM MDT   SUNSET   829 PM MDT
MAY 25 2016...........SUNRISE   553 AM MDT   SUNSET   829 PM MDT


-  INDICATES NEGATIVE NUMBERS.
R  INDICATES RECORD WAS SET OR TIED.
MM INDICATES DATA IS MISSING.
T  INDICATES TRACE AMOUNT.




$$
