000
CDUS45 KGJT 260724
CLIGJT


CLIMATE REPORT
NATIONAL WEATHER SERVICE GRAND JUNCTION CO
123 AM MDT FRI MAY 26 2017


...................................

...THE GRAND JUNCTION CO CLIMATE SUMMARY FOR MAY 25 2017...

CLIMATE NORMAL PERIOD 1981 TO 2010
CLIMATE RECORD PERIOD 1893 TO 2017


WEATHER ITEM   OBSERVED TIME   RECORD YEAR NORMAL DEPARTURE LAST
                VALUE   (LST)  VALUE       VALUE  FROM      YEAR
                                                  NORMAL
..................................................................
TEMPERATURE (F)
 YESTERDAY
  MAXIMUM         82    154 PM  92    2006  79      3       74
                                      2001
  MINIMUM         59    520 AM  36    2010  50      9       48
  AVERAGE         71                        64      7       61

PRECIPITATION (IN)
  YESTERDAY        T             0.83 1997   0.03  -0.03     0.00
  MONTH TO DATE    0.66                      0.74  -0.08     0.85
  SINCE MAR 1      1.28                      2.57  -1.29     3.54
  SINCE JAN 1      2.83                      3.69  -0.86     4.91

SNOWFALL (IN)
  YESTERDAY        0.0           0.0  2002   0.0    0.0      0.0
  MONTH TO DATE    T                         0.1   -0.1       T
  SINCE MAR 1      T                         3.6   -3.6      1.1
  SINCE JUL 1     13.9                      19.1   -5.2     28.5
  SNOW DEPTH       0

DEGREE DAYS
 HEATING
  YESTERDAY        0                         3     -3        4
  MONTH TO DATE  156                       140     16      174
  SINCE MAR 1    969                      1195   -226     1218
  SINCE JUL 1   4616                      5574   -958     5696

 COOLING
  YESTERDAY        6                         2      4        0
  MONTH TO DATE   26                        30     -4       12
  SINCE MAR 1     27                        33     -6       12
  SINCE JAN 1     27                        33     -6       12
..................................................................


WIND (MPH)
  HIGHEST WIND SPEED    37   HIGHEST WIND DIRECTION     N (340)
  HIGHEST GUST SPEED    50   HIGHEST GUST DIRECTION     S (200)
  AVERAGE WIND SPEED    11.3


SKY COVER
  POSSIBLE SUNSHINE  MM
  AVERAGE SKY COVER 0.2


WEATHER CONDITIONS
 THE FOLLOWING WEATHER WAS RECORDED YESTERDAY.
  THUNDERSTORM


RELATIVE HUMIDITY (PERCENT)
 HIGHEST    43          1100 PM
 LOWEST     13           200 PM
 AVERAGE    28

..........................................................


THE GRAND JUNCTION CO CLIMATE NORMALS FOR TODAY
                         NORMAL    RECORD    YEAR
 MAXIMUM TEMPERATURE (F)   80        93      1969
                                             1958
 MINIMUM TEMPERATURE (F)   50        34      1980


SUNRISE AND SUNSET
MAY 26 2017...........SUNRISE   553 AM MDT   SUNSET   830 PM MDT
MAY 27 2017...........SUNRISE   552 AM MDT   SUNSET   831 PM MDT


-  INDICATES NEGATIVE NUMBERS.
R  INDICATES RECORD WAS SET OR TIED.
MM INDICATES DATA IS MISSING.
T  INDICATES TRACE AMOUNT.




$$
