000
CDUS45 KGJT 202351
CLIGJT


CLIMATE REPORT
NATIONAL WEATHER SERVICE GRAND JUNCTION CO
436 PM MST SAT JAN 20 2018


...................................

...THE GRAND JUNCTION CO CLIMATE SUMMARY FOR JANUARY 20 2018...
VALID TODAY AS OF 0400 PM LOCAL TIME.

CLIMATE NORMAL PERIOD 1981 TO 2010
CLIMATE RECORD PERIOD 1893 TO 2018


WEATHER ITEM   OBSERVED TIME   RECORD YEAR NORMAL DEPARTURE LAST
                VALUE   (LST)  VALUE       VALUE  FROM      YEAR
                                                  NORMAL
..................................................................
TEMPERATURE (F)
 TODAY
  MAXIMUM         51   1017 AM  57    2012  38     13       36
  MINIMUM         28   1257 AM  -8    1984  17     11       31
  AVERAGE         40                        27     13       34

PRECIPITATION (IN)
  TODAY            0.00          0.40 1895   0.02  -0.02     0.04
  MONTH TO DATE    0.30                      0.39  -0.09     0.82
  SINCE DEC 1      0.34                      0.98  -0.64     1.55
  SINCE JAN 1      0.30                      0.39  -0.09     0.82

SNOWFALL (IN)
  TODAY            0.0           3.1  1966   0.2   -0.2      0.3
  MONTH TO DATE    0.9                       3.5   -2.6      5.2
  SINCE DEC 1      1.0                       8.4   -7.4      8.7
  SINCE JUL 1      1.0                      10.9   -9.9      9.2
  SNOW DEPTH       0

DEGREE DAYS
 HEATING
  TODAY           25                        38    -13       31
  MONTH TO DATE  635                       764   -129      679
  SINCE DEC 1   1665                      1895   -230     1756
  SINCE JUL 1   2779                      3123   -344     2626

 COOLING
  TODAY            0                         0      0        0
  MONTH TO DATE    0                         0      0        0
  SINCE DEC 1      0                         0      0        0
  SINCE JAN 1      0                         0      0        0
..................................................................


WIND (MPH)
  HIGHEST WIND SPEED    28   HIGHEST WIND DIRECTION     S (160)
  HIGHEST GUST SPEED    34   HIGHEST GUST DIRECTION     S (160)
  AVERAGE WIND SPEED     9.3


SKY COVER
  POSSIBLE SUNSHINE  MM
  AVERAGE SKY COVER 0.6


WEATHER CONDITIONS
 THE FOLLOWING WEATHER WAS RECORDED TODAY.
  NO SIGNIFICANT WEATHER WAS OBSERVED.


RELATIVE HUMIDITY (PERCENT)
 HIGHEST    75           100 AM
 LOWEST     33           700 AM
 AVERAGE    54

..........................................................


THE GRAND JUNCTION CO CLIMATE NORMALS FOR TOMORROW
                         NORMAL    RECORD    YEAR
 MAXIMUM TEMPERATURE (F)   38        54      1964
 MINIMUM TEMPERATURE (F)   17       -10      1930


SUNRISE AND SUNSET
JANUARY 20 2018.......SUNRISE   729 AM MST   SUNSET   521 PM MST
JANUARY 21 2018.......SUNRISE   729 AM MST   SUNSET   523 PM MST


-  INDICATES NEGATIVE NUMBERS.
R  INDICATES RECORD WAS SET OR TIED.
MM INDICATES DATA IS MISSING.
T  INDICATES TRACE AMOUNT.




$$
