000
CDUS45 KGJT 010825
CLIGJT


CLIMATE REPORT
NATIONAL WEATHER SERVICE GRAND JUNCTION CO
130 AM MDT TUE SEP 1 2015


...................................

...THE GRAND JUNCTION CO CLIMATE SUMMARY FOR AUGUST 31 2015...

CLIMATE NORMAL PERIOD 1981 TO 2010
CLIMATE RECORD PERIOD 1893 TO 2015


WEATHER ITEM   OBSERVED TIME   RECORD YEAR NORMAL DEPARTURE LAST
                VALUE   (LST)  VALUE       VALUE  FROM      YEAR
                                                  NORMAL
..................................................................
TEMPERATURE (F)
 YESTERDAY
  MAXIMUM         83    349 PM  98    1995  86     -3       87
  MINIMUM         61    704 AM  45    1943  58      3       56
  AVERAGE         72                        72      0       72

PRECIPITATION (IN)
  YESTERDAY        0.02          0.82 2008   0.04  -0.02     0.00
  MONTH TO DATE    0.70                      0.95  -0.25     3.16
  SINCE JUN 1      3.14                      2.02   1.12     4.31
  SINCE JAN 1      8.24                      5.85   2.39     8.09

SNOWFALL (IN)
  YESTERDAY        0.0           0.0  2014   0.0    0.0      0.0
  MONTH TO DATE    T                         0.0    0.0      0.0
  SINCE JUN 1      T                         0.0    0.0      0.0
  SINCE JUL 1      T                         0.0    0.0      0.0
  SNOW DEPTH       0

DEGREE DAYS
 HEATING
  YESTERDAY        0                         0      0        0
  MONTH TO DATE    0                         0      0        5
  SINCE JUN 1     12                        25    -13       24
  SINCE JUL 1      0                         3     -3        5

 COOLING
  YESTERDAY        7                         7      0        7
  MONTH TO DATE  321                       327     -6      219
  SINCE JUN 1    888                       968    -80      867
  SINCE JAN 1    896                      1019   -123      926
..................................................................


WIND (MPH)
  HIGHEST WIND SPEED    18   HIGHEST WIND DIRECTION    NE (50)
  HIGHEST GUST SPEED    22   HIGHEST GUST DIRECTION    NE (50)
  AVERAGE WIND SPEED     5.4


SKY COVER
  POSSIBLE SUNSHINE  MM
  AVERAGE SKY COVER 0.4


WEATHER CONDITIONS
 THE FOLLOWING WEATHER WAS RECORDED YESTERDAY.
  LIGHT RAIN


RELATIVE HUMIDITY (PERCENT)
 HIGHEST   100           100 AM
 LOWEST     34           300 PM
 AVERAGE    67

..........................................................


THE GRAND JUNCTION CO CLIMATE NORMALS FOR TODAY
                         NORMAL    RECORD    YEAR
 MAXIMUM TEMPERATURE (F)   86        99      1995
 MINIMUM TEMPERATURE (F)   58        47      1962


SUNRISE AND SUNSET
SEPTEMBER  1 2015.....SUNRISE   643 AM MDT   SUNSET   745 PM MDT
SEPTEMBER  2 2015.....SUNRISE   644 AM MDT   SUNSET   743 PM MDT


-  INDICATES NEGATIVE NUMBERS.
R  INDICATES RECORD WAS SET OR TIED.
MM INDICATES DATA IS MISSING.
T  INDICATES TRACE AMOUNT.




$$
