167
CDUS45 KGJT 230024
CLIGJT


CLIMATE REPORT
NATIONAL WEATHER SERVICE GRAND JUNCTION CO
624 PM MDT SAT JUL 22 2017


...................................

...THE GRAND JUNCTION CO CLIMATE SUMMARY FOR JULY 22 2017...
VALID TODAY AS OF 0500 PM LOCAL TIME.

CLIMATE NORMAL PERIOD 1981 TO 2010
CLIMATE RECORD PERIOD 1893 TO 2017


WEATHER ITEM   OBSERVED TIME   RECORD YEAR NORMAL DEPARTURE LAST
                VALUE   (LST)  VALUE       VALUE  FROM      YEAR
                                                  NORMAL
..................................................................
TEMPERATURE (F)
 TODAY
  MAXIMUM         94    343 PM 103    2005  93      1       96
                                      1931
  MINIMUM         63    500 AM  56    1961  64     -1       65
                                      1948
  AVERAGE         79                        79      0       81

PRECIPITATION (IN)
  TODAY            0.00          0.55 1985   0.02  -0.02     0.34
  MONTH TO DATE    0.59                      0.39   0.20     0.60
  SINCE JUN 1      0.62                      0.85  -0.23     0.73
  SINCE JAN 1      3.45                      4.68  -1.23     5.70

SNOWFALL (IN)
  TODAY            0.0           0.0  2002   0.0    0.0      0.0
                                      2001
  MONTH TO DATE    0.0                       0.0    0.0      0.0
  SINCE JUN 1      0.0                       0.0    0.0      0.0
  SINCE JUL 1      0.0                       0.0    0.0      0.0
  SNOW DEPTH       0

DEGREE DAYS
 HEATING
  TODAY            0                         0      0        0
  MONTH TO DATE    0                         0      0        0
  SINCE JUN 1      4                        22    -18        1
  SINCE JUL 1      0                         0      0        0

 COOLING
  TODAY           14                        14      0       16
  MONTH TO DATE  373                       292     81      283
  SINCE JUN 1    746                       523    223      633
  SINCE JAN 1    792                       574    218      646
..................................................................


WIND (MPH)
  HIGHEST WIND SPEED    15   HIGHEST WIND DIRECTION    NE (50)
  HIGHEST GUST SPEED    17   HIGHEST GUST DIRECTION    NE (40)
  AVERAGE WIND SPEED     5.7


SKY COVER
  POSSIBLE SUNSHINE  MM
  AVERAGE SKY COVER 0.0


WEATHER CONDITIONS
 THE FOLLOWING WEATHER WAS RECORDED TODAY.
  NO SIGNIFICANT WEATHER WAS OBSERVED.


RELATIVE HUMIDITY (PERCENT)
 HIGHEST   100           500 AM
 LOWEST     24           400 PM
 AVERAGE    62

..........................................................


THE GRAND JUNCTION CO CLIMATE NORMALS FOR TOMORROW
                         NORMAL    RECORD    YEAR
 MAXIMUM TEMPERATURE (F)   93       104      1931
 MINIMUM TEMPERATURE (F)   64        56      1973


SUNRISE AND SUNSET
JULY 22 2017..........SUNRISE   606 AM MDT   SUNSET   834 PM MDT
JULY 23 2017..........SUNRISE   607 AM MDT   SUNSET   834 PM MDT


-  INDICATES NEGATIVE NUMBERS.
R  INDICATES RECORD WAS SET OR TIED.
MM INDICATES DATA IS MISSING.
T  INDICATES TRACE AMOUNT.




$$
