000
CDUS45 KGJT 252340
CLIGJT


CLIMATE REPORT
NATIONAL WEATHER SERVICE GRAND JUNCTION CO
430 PM MST SUN JAN 25 2015


...................................

...THE GRAND JUNCTION CO CLIMATE SUMMARY FOR JANUARY 25 2015...
VALID TODAY AS OF 0400 PM LOCAL TIME.

CLIMATE NORMAL PERIOD 1981 TO 2010
CLIMATE RECORD PERIOD 1893 TO 2015


WEATHER ITEM   OBSERVED TIME   RECORD YEAR NORMAL DEPARTURE LAST
                VALUE   (LST)  VALUE       VALUE  FROM      YEAR
                                                  NORMAL
..................................................................
TEMPERATURE (F)
 TODAY
  MAXIMUM         49    335 PM  55    2003  39     10       35
  MINIMUM         21    654 AM -12    1917  18      3       16
  AVERAGE         35                        28      7       26

PRECIPITATION (IN)
  TODAY            0.00          0.35 1897   0.02  -0.02     0.00
  MONTH TO DATE    0.44                      0.48  -0.04     0.04
  SINCE DEC 1      1.50                      1.07   0.43     1.00
  SINCE JAN 1      0.44                      0.48  -0.04     0.04

SNOWFALL (IN)
  TODAY            0.0           3.8  1957   0.2   -0.2      0.0
  MONTH TO DATE    1.3                       4.2   -2.9      0.7
  SINCE DEC 1      6.9                       9.1   -2.2     11.4
  SINCE JUL 1      6.9                      11.6   -4.7     16.2
  SNOW DEPTH       0

DEGREE DAYS
 HEATING
  TODAY           30                        37     -7       39
  MONTH TO DATE  879                       949    -70     1038
  SINCE DEC 1   1893                      2080   -187     2554
  SINCE JUL 1   3117                      3308   -191     3893

 COOLING
  TODAY            0                         0      0        0
  MONTH TO DATE    0                         0      0        0
  SINCE DEC 1      0                         0      0        0
  SINCE JAN 1      0                         0      0        0
..................................................................


WIND (MPH)
  HIGHEST WIND SPEED    13   HIGHEST WIND DIRECTION    SE (140)
  HIGHEST GUST SPEED    14   HIGHEST GUST DIRECTION    SE (150)
  AVERAGE WIND SPEED     5.7


SKY COVER
  POSSIBLE SUNSHINE  MM
  AVERAGE SKY COVER 0.0


WEATHER CONDITIONS
 THE FOLLOWING WEATHER WAS RECORDED TODAY.
  NO SIGNIFICANT WEATHER WAS OBSERVED.


RELATIVE HUMIDITY (PERCENT)
 HIGHEST    81           600 AM
 LOWEST     31           300 PM
 AVERAGE    56

..........................................................


THE GRAND JUNCTION CO CLIMATE NORMALS FOR TOMORROW
                         NORMAL    RECORD    YEAR
 MAXIMUM TEMPERATURE (F)   39        58      1972
 MINIMUM TEMPERATURE (F)   18       -16      1898


SUNRISE AND SUNSET
JANUARY 25 2015.......SUNRISE   726 AM MST   SUNSET   527 PM MST
JANUARY 26 2015.......SUNRISE   726 AM MST   SUNSET   528 PM MST


-  INDICATES NEGATIVE NUMBERS.
R  INDICATES RECORD WAS SET OR TIED.
MM INDICATES DATA IS MISSING.
T  INDICATES TRACE AMOUNT.




$$
