000
CDUS45 KGJT 020807
CLIGJT


CLIMATE REPORT
NATIONAL WEATHER SERVICE GRAND JUNCTION CO
1230 AM MST MON MAR 2 2015


...................................

...THE GRAND JUNCTION CO CLIMATE SUMMARY FOR MARCH 1 2015...

CLIMATE NORMAL PERIOD 1981 TO 2010
CLIMATE RECORD PERIOD 1893 TO 2015


WEATHER ITEM   OBSERVED TIME   RECORD YEAR NORMAL DEPARTURE LAST
                VALUE   (LST)  VALUE       VALUE  FROM      YEAR
                                                  NORMAL
..................................................................
TEMPERATURE (F)
 YESTERDAY
  MAXIMUM         45    351 PM  66    2008  52     -7       57
                                      1901
  MINIMUM         24    122 AM   9    1903  28     -4       37
  AVERAGE         35                        40     -5       47

PRECIPITATION (IN)
  YESTERDAY        0.07          0.29 1995   0.02   0.05     0.02
  MONTH TO DATE    0.07                      0.02   0.05     0.02
  SINCE MAR 1      0.07                      0.02   0.05     0.02
  SINCE JAN 1      0.93                      1.14  -0.21     1.40

SNOWFALL (IN)
  YESTERDAY        0.0           4.4  1916   0.1   -0.1      0.0
  MONTH TO DATE    0.0                       0.1   -0.1      0.0
  SINCE MAR 1      0.0                       0.1   -0.1      0.0
  SINCE JUL 1      8.6                      15.6   -7.0     25.7
  SNOW DEPTH       0

DEGREE DAYS
 HEATING
  YESTERDAY       30                        25      5       18
  MONTH TO DATE   30                        25      5       18
  SINCE MAR 1     30                        25      5       18
  SINCE JUL 1   4015                      4404   -389     4956

 COOLING
  YESTERDAY        0                         0      0        0
  MONTH TO DATE    0                         0      0        0
  SINCE MAR 1      0                         0      0        0
  SINCE JAN 1      0                         0      0        0
..................................................................


WIND (MPH)
  HIGHEST WIND SPEED    12   HIGHEST WIND DIRECTION     S (160)
  HIGHEST GUST SPEED    15   HIGHEST GUST DIRECTION     S (170)
  AVERAGE WIND SPEED     4.6


SKY COVER
  POSSIBLE SUNSHINE  MM
  AVERAGE SKY COVER 0.8


WEATHER CONDITIONS
 THE FOLLOWING WEATHER WAS RECORDED YESTERDAY.
  RAIN
  LIGHT RAIN
  FOG


RELATIVE HUMIDITY (PERCENT)
 HIGHEST   100           100 AM
 LOWEST     53           500 PM
 AVERAGE    77

..........................................................


THE GRAND JUNCTION CO CLIMATE NORMALS FOR TODAY
                         NORMAL    RECORD    YEAR
 MAXIMUM TEMPERATURE (F)   52        70      1901
 MINIMUM TEMPERATURE (F)   29         6      2002


SUNRISE AND SUNSET
MARCH  2 2015.........SUNRISE   646 AM MST   SUNSET   608 PM MST
MARCH  3 2015.........SUNRISE   644 AM MST   SUNSET   609 PM MST


-  INDICATES NEGATIVE NUMBERS.
R  INDICATES RECORD WAS SET OR TIED.
MM INDICATES DATA IS MISSING.
T  INDICATES TRACE AMOUNT.




$$
