000
CDUS43 KGLD 300747
CLIGLD

CLIMATE REPORT
NATIONAL WEATHER SERVICE GOODLAND
1241 AM MST FRI JAN 30 2015

...................................

...THE GOODLAND KS CLIMATE SUMMARY FOR JANUARY 29 2015...

CLIMATE NORMAL PERIOD 1981 TO 2010
CLIMATE RECORD PERIOD 1895 TO 2015

WEATHER ITEM   OBSERVED TIME   RECORD YEAR NORMAL DEPARTURE LAST
                VALUE   (LST)  VALUE       VALUE  FROM      YEAR
                                                  NORMAL
..................................................................
TEMPERATURE (F)
 YESTERDAY
  MAXIMUM         48    335 PM  69    1976  43      5       50
                                      1920
  MINIMUM         26    933 PM -13    1951  17      9       16
  AVERAGE         37                        30      7       33

PRECIPITATION (IN)
  YESTERDAY        0.00          0.82 1981   0.01  -0.01     0.00
  MONTH TO DATE    0.21                      0.35  -0.14     0.24
  SINCE DEC 1      1.67                      0.81   0.86     0.29
  SINCE JAN 1      0.21                      0.35  -0.14     0.24

SNOWFALL (IN)
  YESTERDAY        0.0                       0.2   -0.2      0.0
  MONTH TO DATE    2.0                       5.5   -3.5      5.4
  SINCE DEC 1     11.7                      11.0    0.7      7.9
  SINCE JUL 1     11.9                      18.2   -6.3     12.2
  SNOW DEPTH       0

DEGREE DAYS
 HEATING
  YESTERDAY       28                        35     -7       32
  MONTH TO DATE  955                      1017    -62     1000
  SINCE DEC 1   2014                      2105    -91     2093
  SINCE JUL 1   3269                      3424   -155     3366

 COOLING
  YESTERDAY        0                         0      0        0
  MONTH TO DATE    0                         0      0        0
  SINCE DEC 1      0                         0      0        0
  SINCE JAN 1      0                         0      0        0
..................................................................

WIND (MPH)
  HIGHEST WIND SPEED    21   HIGHEST WIND DIRECTION     N (350)
  HIGHEST GUST SPEED    25   HIGHEST GUST DIRECTION     N (350)
  AVERAGE WIND SPEED    12.4

SKY COVER
  AVERAGE SKY COVER 0.0

WEATHER CONDITIONS
 THE FOLLOWING WEATHER WAS RECORDED YESTERDAY.
  NO SIGNIFICANT WEATHER WAS OBSERVED.

RELATIVE HUMIDITY (PERCENT)
 HIGHEST    92
 LOWEST     29
 AVERAGE    61

..........................................................

THE GOODLAND KS CLIMATE NORMALS FOR TODAY
                         NORMAL    RECORD    YEAR
 MAXIMUM TEMPERATURE (F)   43        72      1986
 MINIMUM TEMPERATURE (F)   17       -15      1918

SUNRISE AND SUNSET
JANUARY 30 2015.......SUNRISE   656 AM MST   SUNSET   505 PM MST
JANUARY 31 2015.......SUNRISE   655 AM MST   SUNSET   506 PM MST

-  INDICATES NEGATIVE NUMBERS.
R  INDICATES RECORD WAS SET OR TIED.
MM INDICATES DATA IS MISSING.
T  INDICATES TRACE AMOUNT.

&&

THE AVERAGE SOIL TEMPERATURE AT THE FOUR INCH DEPTH... 39
THE CURRENT DEPTH OF FROST... 0 INCHES

$$
