000
CDUS44 KJAN 250702
CLIGLH


CLIMATE REPORT
NATIONAL WEATHER SERVICE JACKSON MS
101 AM CST SAT FEB 25 2017


...................................

...THE GREENVILLE CLIMATE SUMMARY FOR FEBRUARY 24 2017...

CLIMATE NORMAL PERIOD 1981 TO 2010
CLIMATE RECORD PERIOD 1920 TO 2017


WEATHER ITEM   OBSERVED TIME   RECORD YEAR NORMAL DEPARTURE LAST
                VALUE   (LST)  VALUE       VALUE  FROM      YEAR
                                                  NORMAL
..................................................................
TEMPERATURE (F)
 YESTERDAY
  MAXIMUM         75    219 PM  80    2011  60     15       51
                                      1996
                                      1982
  MINIMUM         53   1159 PM  23    1968  39     14       36
                                      1964
  AVERAGE         64                        49     15       44

PRECIPITATION (IN)
  YESTERDAY        0.00          2.10 1924   0.14  -0.14      T
  MONTH TO DATE    2.19                      4.45  -2.26     3.44
  SINCE DEC 1     10.16                     15.04  -4.88    10.32
  SINCE JAN 1      7.30                      9.42  -2.12     6.51

SNOWFALL (IN)
  YESTERDAY        0.0

DEGREE DAYS
 HEATING
  YESTERDAY        1                        16    -15       21
  MONTH TO DATE  238                       460   -222      350
  SINCE DEC 1   1218                      1787   -569     1357
  SINCE JUL 1   1487                      2249   -762     1607

 COOLING
  YESTERDAY        0                         0      0        0
  MONTH TO DATE   12                         0     12        4
  SINCE DEC 1     35                         4     31       39
  SINCE JAN 1     23                         1     22        4
..................................................................


WIND (MPH)
  HIGHEST WIND SPEED    26   HIGHEST WIND DIRECTION    SW (210)
  HIGHEST GUST SPEED    34   HIGHEST GUST DIRECTION     S (200)
  AVERAGE WIND SPEED    14.2


SKY COVER
  POSSIBLE SUNSHINE  MM
  AVERAGE SKY COVER 0.4


WEATHER CONDITIONS
 THE FOLLOWING WEATHER WAS RECORDED YESTERDAY.
  FOG
  HAZE


RELATIVE HUMIDITY (PERCENT)
 HIGHEST    86          1200 AM
 LOWEST     43          1100 PM
 AVERAGE    65

..........................................................


THE GREENVILLE CLIMATE NORMALS FOR TODAY
                         NORMAL    RECORD    YEAR
 MAXIMUM TEMPERATURE (F)   60        82      1930
 MINIMUM TEMPERATURE (F)   39        17      1965


SUNRISE AND SUNSET
FEBRUARY 25 2017......SUNRISE   637 AM CST   SUNSET   558 PM CST
FEBRUARY 26 2017......SUNRISE   635 AM CST   SUNSET   558 PM CST


-  INDICATES NEGATIVE NUMBERS.
R  INDICATES RECORD WAS SET OR TIED.
MM INDICATES DATA IS MISSING.
T  INDICATES TRACE AMOUNT.




$$
