000
CDUS44 KJAN 272113
CLIGLH


CLIMATE REPORT
NATIONAL WEATHER SERVICE JACKSON MS
411 PM CDT THU JUL 27 2017


...................................

...THE GREENVILLE CLIMATE SUMMARY FOR JULY 27 2017...
VALID TODAY AS OF 0400 PM LOCAL TIME.

CLIMATE NORMAL PERIOD 1981 TO 2010
CLIMATE RECORD PERIOD 1903 TO 2017


WEATHER ITEM   OBSERVED TIME   RECORD YEAR NORMAL DEPARTURE LAST
                VALUE   (LST)  VALUE       VALUE  FROM      YEAR
                                                  NORMAL
..................................................................
TEMPERATURE (F)
 TODAY
  MAXIMUM         93    222 PM 104    1930  92      1       84
  MINIMUM         74    534 AM  59    1911  72      2       76
  AVERAGE         84                        82      2       80

PRECIPITATION (IN)
  TODAY            0.00          2.10 1994   0.10  -0.10     1.91
  MONTH TO DATE    2.35                      3.44  -1.09     4.75
  SINCE JUN 1      6.83                      7.48  -0.65     6.00
  SINCE JAN 1     23.21                     31.74  -8.53    34.53

SNOWFALL (IN)
  TODAY            0.0

DEGREE DAYS
 HEATING
  TODAY            0                         0      0        0
  MONTH TO DATE    0                         0      0        0
  SINCE JUN 1      0                         0      0        0
  SINCE JUL 1      0                         0      0        0

 COOLING
  TODAY           19                        17      2       15
  MONTH TO DATE  460                       457      3      527
  SINCE JUN 1    826                       877    -51     1027
  SINCE JAN 1   1223                      1199     24     1369
..................................................................


WIND (MPH)
  HIGHEST WIND SPEED    13   HIGHEST WIND DIRECTION    SW (220)
  HIGHEST GUST SPEED    15   HIGHEST GUST DIRECTION     W (250)
  AVERAGE WIND SPEED     6.8


SKY COVER
  POSSIBLE SUNSHINE  MM
  AVERAGE SKY COVER 0.0


WEATHER CONDITIONS
 THE FOLLOWING WEATHER WAS RECORDED TODAY.
  NO SIGNIFICANT WEATHER WAS OBSERVED.


RELATIVE HUMIDITY (PERCENT)
 HIGHEST    94          1200 AM
 LOWEST     56           100 PM
 AVERAGE    75

..........................................................


THE GREENVILLE CLIMATE NORMALS FOR TOMORROW
                         NORMAL    RECORD    YEAR
 MAXIMUM TEMPERATURE (F)   92       106      1930
 MINIMUM TEMPERATURE (F)   72        61      2004
                                             1911


SUNRISE AND SUNSET
JULY 27 2017..........SUNRISE   613 AM CDT   SUNSET   807 PM CDT
JULY 28 2017..........SUNRISE   614 AM CDT   SUNSET   807 PM CDT


-  INDICATES NEGATIVE NUMBERS.
R  INDICATES RECORD WAS SET OR TIED.
MM INDICATES DATA IS MISSING.
T  INDICATES TRACE AMOUNT.




$$
