008
CDUS44 KJAN 232201
CLIGLH


CLIMATE REPORT
NATIONAL WEATHER SERVICE JACKSON MS
501 PM CDT THU MAR 23 2017


...................................

...THE GREENVILLE CLIMATE SUMMARY FOR MARCH 23 2017...
VALID TODAY AS OF 0500 PM LOCAL TIME.

CLIMATE NORMAL PERIOD 1981 TO 2010
CLIMATE RECORD PERIOD 1920 TO 2017


WEATHER ITEM   OBSERVED TIME   RECORD YEAR NORMAL DEPARTURE LAST
                VALUE   (LST)  VALUE       VALUE  FROM      YEAR
                                                  NORMAL
..................................................................
TEMPERATURE (F)
 TODAY
  MAXIMUM         82    200 PM  87    1929  67     15       74
  MINIMUM         54        MM  30    1968  46      8       53
  AVERAGE         68                        57     11       64

PRECIPITATION (IN)
  TODAY            0.00          2.13 2013   0.16  -0.16     0.00
  MONTH TO DATE    0.92                      3.11  -2.19    14.38
  SINCE MAR 1      0.92                      3.11  -2.19    14.38
  SINCE JAN 1      8.95                     13.10  -4.15    20.89

SNOWFALL (IN)
  TODAY            0.0

DEGREE DAYS
 HEATING
  TODAY            0                         9     -9        1
  MONTH TO DATE  229                       270    -41      145
  SINCE MAR 1    229                       270    -41      145
  SINCE JUL 1   1762                      2579   -817     1825

 COOLING
  TODAY            3                         1      2        0
  MONTH TO DATE   16                         9      7       22
  SINCE MAR 1     16                         9      7       22
  SINCE JAN 1     45                        14     31       26
..................................................................


WIND (MPH)
  HIGHEST WIND SPEED    13   HIGHEST WIND DIRECTION     S (170)
  HIGHEST GUST SPEED    23   HIGHEST GUST DIRECTION     S (190)
  AVERAGE WIND SPEED     8.6


SKY COVER
  POSSIBLE SUNSHINE  MM
  AVERAGE SKY COVER 0.2


WEATHER CONDITIONS
 THE FOLLOWING WEATHER WAS RECORDED TODAY.
  NO SIGNIFICANT WEATHER WAS OBSERVED.


RELATIVE HUMIDITY (PERCENT)
 HIGHEST    62          1200 AM
 LOWEST     37          1000 AM
 AVERAGE    50

..........................................................


THE GREENVILLE CLIMATE NORMALS FOR TOMORROW
                         NORMAL    RECORD    YEAR
 MAXIMUM TEMPERATURE (F)   68        91      1929
 MINIMUM TEMPERATURE (F)   46        28      1968


SUNRISE AND SUNSET
MARCH 23 2017.........SUNRISE   703 AM CDT   SUNSET   718 PM CDT
MARCH 24 2017.........SUNRISE   702 AM CDT   SUNSET   719 PM CDT


-  INDICATES NEGATIVE NUMBERS.
R  INDICATES RECORD WAS SET OR TIED.
MM INDICATES DATA IS MISSING.
T  INDICATES TRACE AMOUNT.




$$
