477
CDUS44 KJAN 190803
CLIGLH


CLIMATE REPORT
NATIONAL WEATHER SERVICE JACKSON MS
302 AM CDT TUE SEP 19 2017


...................................

...THE GREENVILLE CLIMATE SUMMARY FOR SEPTEMBER 18 2017...

CLIMATE NORMAL PERIOD 1981 TO 2010
CLIMATE RECORD PERIOD 1903 TO 2017


WEATHER ITEM   OBSERVED TIME   RECORD YEAR NORMAL DEPARTURE LAST
                VALUE   (LST)  VALUE       VALUE  FROM      YEAR
                                                  NORMAL
..................................................................
TEMPERATURE (F)
 YESTERDAY
  MAXIMUM         92    108 PM 101    1925  86      6       92
  MINIMUM         69    534 AM  47    1903  62      7       70
  AVERAGE         81                        74      7       81

PRECIPITATION (IN)
  YESTERDAY        0.02          0.85 1972   0.08  -0.06      T
  MONTH TO DATE    1.72                      1.87  -0.15     0.20
  SINCE SEP 1      1.72                      1.87  -0.15     0.20
  SINCE JAN 1     30.91                     36.43  -5.52    42.09

SNOWFALL (IN)
  YESTERDAY        0.0

DEGREE DAYS
 HEATING
  YESTERDAY        0                         0      0        0
  MONTH TO DATE    3                         0      3        0
  SINCE SEP 1      3                         0      3        0
  SINCE JUL 1      3                         0      3        0

 COOLING
  YESTERDAY       16                         9      7       16
  MONTH TO DATE  146                       215    -69      313
  SINCE SEP 1    146                       215    -69      313
  SINCE JAN 1   1889                      1994   -105     2325
..................................................................


WIND (MPH)
  HIGHEST WIND SPEED    28   HIGHEST WIND DIRECTION     W (260)
  HIGHEST GUST SPEED    33   HIGHEST GUST DIRECTION     W (260)
  AVERAGE WIND SPEED     3.7


SKY COVER
  POSSIBLE SUNSHINE  MM
  AVERAGE SKY COVER 0.1


WEATHER CONDITIONS
 THE FOLLOWING WEATHER WAS RECORDED YESTERDAY.
  THUNDERSTORM
  HEAVY RAIN
  LIGHT RAIN


RELATIVE HUMIDITY (PERCENT)
 HIGHEST    97           100 AM
 LOWEST     49          1200 PM
 AVERAGE    73

..........................................................


THE GREENVILLE CLIMATE NORMALS FOR TODAY
                         NORMAL    RECORD    YEAR
 MAXIMUM TEMPERATURE (F)   86       100      1925
 MINIMUM TEMPERATURE (F)   62        45      1981


SUNRISE AND SUNSET
SEPTEMBER 19 2017.....SUNRISE   650 AM CDT   SUNSET   704 PM CDT
SEPTEMBER 20 2017.....SUNRISE   651 AM CDT   SUNSET   703 PM CDT


-  INDICATES NEGATIVE NUMBERS.
R  INDICATES RECORD WAS SET OR TIED.
MM INDICATES DATA IS MISSING.
T  INDICATES TRACE AMOUNT.




$$
