000
CDUS44 KJAN 230636
CLIGLH


CLIMATE REPORT
NATIONAL WEATHER SERVICE JACKSON MS
130 AM CDT SAT MAY 23 2015


...................................

...THE GREENVILLE CLIMATE SUMMARY FOR MAY 22 2015...

CLIMATE NORMAL PERIOD 1981 TO 2010
CLIMATE RECORD PERIOD 1920 TO 2015


WEATHER ITEM   OBSERVED TIME   RECORD YEAR NORMAL DEPARTURE LAST
                VALUE   (LST)  VALUE       VALUE  FROM      YEAR
                                                  NORMAL
..................................................................
TEMPERATURE (F)
 YESTERDAY
  MAXIMUM         76    520 PM  94    1972  84     -8       88
                                      1970
                                      1956
  MINIMUM         50    533 AM  49    1929  64    -14       64
  AVERAGE         63                        74    -11       76

PRECIPITATION (IN)
  YESTERDAY        0.00          3.58 1974   0.14  -0.14     0.00
  MONTH TO DATE    2.78                      3.76  -0.98     1.69
  SINCE MAR 1     11.67                     13.12  -1.45    16.27
  SINCE JAN 1     18.12                     23.11  -4.99    20.57

SNOWFALL (IN)
  YESTERDAY        0.0

DEGREE DAYS
 HEATING
  YESTERDAY        2                         0      2        0
  MONTH TO DATE    8                        10     -2       32
  SINCE MAR 1    382                       462    -80      600
  SINCE JUL 1   2869                      2771     98     3207

 COOLING
  YESTERDAY        0                         9     -9       11
  MONTH TO DATE  192                       147     45      135
  SINCE MAR 1    290                       228     62      209
  SINCE JAN 1    290                       233     57      209
..................................................................


WIND (MPH)
  HIGHEST WIND SPEED    16   HIGHEST WIND DIRECTION     E (70)
  HIGHEST GUST SPEED    19   HIGHEST GUST DIRECTION     E (70)
  AVERAGE WIND SPEED     6.9


SKY COVER
  POSSIBLE SUNSHINE  MM
  AVERAGE SKY COVER 0.0


WEATHER CONDITIONS
 THE FOLLOWING WEATHER WAS RECORDED YESTERDAY.
  FOG


RELATIVE HUMIDITY (PERCENT)
 HIGHEST    93           300 AM
 LOWEST     43           500 PM
 AVERAGE    68

..........................................................


THE GREENVILLE CLIMATE NORMALS FOR TODAY
                         NORMAL    RECORD    YEAR
 MAXIMUM TEMPERATURE (F)   84        94      1972
                                             1941
 MINIMUM TEMPERATURE (F)   64        48      1963


SUNRISE AND SUNSET
MAY 23 2015...........SUNRISE   559 AM CDT   SUNSET   803 PM CDT
MAY 24 2015...........SUNRISE   558 AM CDT   SUNSET   804 PM CDT


-  INDICATES NEGATIVE NUMBERS.
R  INDICATES RECORD WAS SET OR TIED.
MM INDICATES DATA IS MISSING.
T  INDICATES TRACE AMOUNT.




$$
