000
CDUS44 KJAN 290631
CLIGLH


CLIMATE REPORT
NATIONAL WEATHER SERVICE JACKSON MS
130 AM CDT MON AUG 29 2016


...................................

...THE GREENVILLE CLIMATE SUMMARY FOR AUGUST 28 2016...

CLIMATE NORMAL PERIOD 1981 TO 2010
CLIMATE RECORD PERIOD 1920 TO 2016


WEATHER ITEM   OBSERVED TIME   RECORD YEAR NORMAL DEPARTURE LAST
                VALUE   (LST)  VALUE       VALUE  FROM      YEAR
                                                  NORMAL
..................................................................
TEMPERATURE (F)
 YESTERDAY
  MAXIMUM         95    331 PM 102    1936  91      4       91
                                      1924
  MINIMUM         75    512 AM  54    1986  69      6       57
  AVERAGE         85                        80      5       74

PRECIPITATION (IN)
  YESTERDAY        0.00          1.65 1978   0.10  -0.10     0.00
  MONTH TO DATE    6.89                      2.15   4.74     1.76
  SINCE JUN 1     13.29                      9.99   3.30     7.36
  SINCE JAN 1     41.82                     34.25   7.57    27.33

SNOWFALL (IN)
  YESTERDAY        0.0

DEGREE DAYS
 HEATING
  YESTERDAY        0                         0      0        0
  MONTH TO DATE    0                         0      0        0
  SINCE JUN 1      0                         0      0        0
  SINCE JUL 1      0                         0      0        0

 COOLING
  YESTERDAY       20                        15      5        9
  MONTH TO DATE  515                       465     50      458
  SINCE JUN 1   1610                      1412    198     1534
  SINCE JAN 1   1952                      1734    218     1915
..................................................................


WIND (MPH)
  HIGHEST WIND SPEED    10   HIGHEST WIND DIRECTION     E (100)
  HIGHEST GUST SPEED    16   HIGHEST GUST DIRECTION    SE (120)
  AVERAGE WIND SPEED     4.3


SKY COVER
  POSSIBLE SUNSHINE  MM
  AVERAGE SKY COVER 0.0


WEATHER CONDITIONS
 THE FOLLOWING WEATHER WAS RECORDED YESTERDAY.
  FOG
  HAZE


RELATIVE HUMIDITY (PERCENT)
 HIGHEST    94           500 AM
 LOWEST     41           100 PM
 AVERAGE    68

..........................................................


THE GREENVILLE CLIMATE NORMALS FOR TODAY
                         NORMAL    RECORD    YEAR
 MAXIMUM TEMPERATURE (F)   91       105      1924
 MINIMUM TEMPERATURE (F)   69        55      1986


SUNRISE AND SUNSET
AUGUST 29 2016........SUNRISE   636 AM CDT   SUNSET   732 PM CDT
AUGUST 30 2016........SUNRISE   637 AM CDT   SUNSET   731 PM CDT


-  INDICATES NEGATIVE NUMBERS.
R  INDICATES RECORD WAS SET OR TIED.
MM INDICATES DATA IS MISSING.
T  INDICATES TRACE AMOUNT.




$$
