000
CDUS44 KJAN 270643
CLIGLH


CLIMATE REPORT
NATIONAL WEATHER SERVICE JACKSON MS
140 AM CDT WED AUG 27 2014


...................................

...THE GREENVILLE CLIMATE SUMMARY FOR AUGUST 26 2014...

CLIMATE NORMAL PERIOD 1981 TO 2010
CLIMATE RECORD PERIOD 1920 TO 2014


WEATHER ITEM   OBSERVED TIME   RECORD YEAR NORMAL DEPARTURE LAST
                VALUE   (LST)  VALUE       VALUE  FROM      YEAR
                                                  NORMAL
..................................................................
TEMPERATURE (F)
 YESTERDAY
  MAXIMUM         92    337 PM 102    1983  92      0       92
                                      1943
                                      1938
  MINIMUM         73   1020 PM  57    1958  70      3       67
  AVERAGE         83                        81      2       80

PRECIPITATION (IN)
  YESTERDAY        0.00          2.20 1934   0.10  -0.10     0.00
  MONTH TO DATE    2.71                      1.96   0.75     0.78
  SINCE JUN 1     14.40                      9.80   4.60     4.02
  SINCE JAN 1     38.53                     34.06   4.47    28.98

SNOWFALL (IN)
  YESTERDAY        0.0

DEGREE DAYS
 HEATING
  YESTERDAY        0                         0      0        0
  MONTH TO DATE    0                         0      0        0
  SINCE JUN 1      0                         0      0        0
  SINCE JUL 1      0                         0      0        0

 COOLING
  YESTERDAY       18                        16      2       15
  MONTH TO DATE  411                       435    -24      427
  SINCE JUN 1   1275                      1382   -107     1363
  SINCE JAN 1   1590                      1704   -114     1646
..................................................................


WIND (MPH)
  HIGHEST WIND SPEED    13   HIGHEST WIND DIRECTION    NE (40)
  HIGHEST GUST SPEED    MM   HIGHEST GUST DIRECTION    MM
  AVERAGE WIND SPEED     4.3


SKY COVER
  POSSIBLE SUNSHINE  MM
  AVERAGE SKY COVER 0.1


WEATHER CONDITIONS
 THE FOLLOWING WEATHER WAS RECORDED YESTERDAY.
  FOG


RELATIVE HUMIDITY (PERCENT)
 HIGHEST    94          1200 AM
 LOWEST     38           400 PM
 AVERAGE    66

..........................................................


THE GREENVILLE CLIMATE NORMALS FOR TODAY
                         NORMAL    RECORD    YEAR
 MAXIMUM TEMPERATURE (F)   92       103      1943
 MINIMUM TEMPERATURE (F)   69        58      1958
                                             1945
                                             1927


SUNRISE AND SUNSET
AUGUST 27 2014........SUNRISE   635 AM CDT   SUNSET   736 PM CDT
AUGUST 28 2014........SUNRISE   635 AM CDT   SUNSET   734 PM CDT


-  INDICATES NEGATIVE NUMBERS.
R  INDICATES RECORD WAS SET OR TIED.
MM INDICATES DATA IS MISSING.
T  INDICATES TRACE AMOUNT.




$$
