794
CDUS44 KJAN 100657
CLIGLH


CLIMATE REPORT
NATIONAL WEATHER SERVICE JACKSON MS
1251 AM CST SAT DEC 10 2016


...................................

...THE GREENVILLE CLIMATE SUMMARY FOR DECEMBER 9 2016...

CLIMATE NORMAL PERIOD 1981 TO 2010
CLIMATE RECORD PERIOD 1920 TO 2016


WEATHER ITEM   OBSERVED TIME   RECORD YEAR NORMAL DEPARTURE LAST
                VALUE   (LST)  VALUE       VALUE  FROM      YEAR
                                                  NORMAL
..................................................................
TEMPERATURE (F)
 YESTERDAY
  MAXIMUM         39    342 PM  82    1943  56    -17       66
  MINIMUM         27    707 AM  14    1927  37    -10       46
  AVERAGE         33                        46    -13       56

PRECIPITATION (IN)
  YESTERDAY        0.00          2.96 1966   0.20  -0.20     0.00
  MONTH TO DATE    1.50                      1.83  -0.33     0.02
  SINCE DEC 1      1.50                      1.83  -0.33     0.02
  SINCE JAN 1     48.76                     48.85  -0.09    40.35

SNOWFALL (IN)
  YESTERDAY        0.0

DEGREE DAYS
 HEATING
  YESTERDAY       32                        19     13        9
  MONTH TO DATE  184                       163     21      137
  SINCE DEC 1    184                       163     21      137
  SINCE JUL 1    453                       625   -172      387

 COOLING
  YESTERDAY        0                         0      0        0
  MONTH TO DATE    0                         0      0        0
  SINCE DEC 1      0                         0      0        0
  SINCE JAN 1   2672                      2186    486     2504
..................................................................


WIND (MPH)
  HIGHEST WIND SPEED    15   HIGHEST WIND DIRECTION     N (20)
  HIGHEST GUST SPEED    17   HIGHEST GUST DIRECTION     N (20)
  AVERAGE WIND SPEED     7.9


SKY COVER
  POSSIBLE SUNSHINE  MM
  AVERAGE SKY COVER 0.0


WEATHER CONDITIONS
 THE FOLLOWING WEATHER WAS RECORDED YESTERDAY.
  LIGHT SNOW


RELATIVE HUMIDITY (PERCENT)
 HIGHEST    78           700 PM
 LOWEST     52           400 PM
 AVERAGE    65

..........................................................


THE GREENVILLE CLIMATE NORMALS FOR TODAY
                         NORMAL    RECORD    YEAR
 MAXIMUM TEMPERATURE (F)   55        79      1929
 MINIMUM TEMPERATURE (F)   36        16      1995


SUNRISE AND SUNSET
DECEMBER 10 2016......SUNRISE   658 AM CST   SUNSET   456 PM CST
DECEMBER 11 2016......SUNRISE   658 AM CST   SUNSET   457 PM CST


-  INDICATES NEGATIVE NUMBERS.
R  INDICATES RECORD WAS SET OR TIED.
MM INDICATES DATA IS MISSING.
T  INDICATES TRACE AMOUNT.




$$
