000
CDUS44 KHGX 220717
CLIGLS


CLIMATE REPORT
NATIONAL WEATHER SERVICE HOUSTON/GALVESTON TX
116 AM CST WED FEB 22 2017


...................................

...THE GALVESTON CLIMATE SUMMARY FOR FEBRUARY 21 2017...

CLIMATE NORMAL PERIOD 1981 TO 2010
CLIMATE RECORD PERIOD 1875 TO 2017


WEATHER ITEM   OBSERVED TIME   RECORD YEAR NORMAL DEPARTURE LAST
                VALUE   (LST)  VALUE       VALUE  FROM      YEAR
                                                  NORMAL
..................................................................
TEMPERATURE (F)
 YESTERDAY
  MAXIMUM         76    522 PM  80    1993  65     11       71
  MINIMUM         62   1212 AM  33    1978  52     10       63
  AVERAGE         69                        59     10       67

PRECIPITATION (IN)
  YESTERDAY        0.00          1.70 1928   0.10  -0.10     0.00
  MONTH TO DATE    3.38                      1.88   1.50     0.03
  SINCE DEC 1     15.35                      9.60   5.75     6.59
  SINCE JAN 1      4.27                      6.08  -1.81     3.10

SNOWFALL (IN)
  YESTERDAY        0.0           T    1964  MM     MM        0.0
  MONTH TO DATE    0.0                      MM     MM        0.0
  SINCE DEC 1      0.0                       0.0    0.0      0.0
  SINCE JUL 1      0.0                       0.0    0.0      0.0
  SNOW DEPTH       0

DEGREE DAYS
 HEATING
  YESTERDAY        0                         7     -7        0
  MONTH TO DATE   27                       174   -147      120
  SINCE DEC 1    295                       740   -445      610
  SINCE JUL 1    307                       843   -536      663

 COOLING
  YESTERDAY        4                         1      3        2
  MONTH TO DATE   78                         1     77        8
  SINCE DEC 1    225                        25    200       59
  SINCE JAN 1    147                         6    141        9
..................................................................


WIND (MPH)
  RESULTANT WIND SPEED   4   RESULTANT WIND DIRECTION  NW (300)
  HIGHEST WIND SPEED    20   HIGHEST WIND DIRECTION     N (360)
  HIGHEST GUST SPEED    23   HIGHEST GUST DIRECTION     N (360)
  AVERAGE WIND SPEED    10.6


SKY COVER
  AVERAGE SKY COVER 0.2


WEATHER CONDITIONS
 THE FOLLOWING WEATHER WAS RECORDED YESTERDAY.
  NO SIGNIFICANT WEATHER WAS OBSERVED.


RELATIVE HUMIDITY (PERCENT)
 HIGHEST    93
 LOWEST     49
 AVERAGE    71

..........................................................


THE GALVESTON CLIMATE NORMALS FOR TODAY
                         NORMAL    RECORD    YEAR
 MAXIMUM TEMPERATURE (F)   66        75      2006
                                             1884
 MINIMUM TEMPERATURE (F)   52        33      1968
                                             1939


SUNRISE AND SUNSET
FEBRUARY 22 2017......SUNRISE   652 AM CST   SUNSET   614 PM CST
FEBRUARY 23 2017......SUNRISE   651 AM CST   SUNSET   615 PM CST


-  INDICATES NEGATIVE NUMBERS.
R  INDICATES RECORD WAS SET OR TIED.
MM INDICATES DATA IS MISSING.
T  INDICATES TRACE AMOUNT.




$$
