000
CDUS44 KHGX 270835
CLIGLS


CLIMATE REPORT
NATIONAL WEATHER SERVICE HOUSTON/GALVESTON TX
235 AM CST THU NOV 27 2014


...................................

...THE GALVESTON CLIMATE SUMMARY FOR NOVEMBER 26 2014...

CLIMATE NORMAL PERIOD 1981 TO 2010
CLIMATE RECORD PERIOD 1875 TO 2014


WEATHER ITEM   OBSERVED TIME   RECORD YEAR NORMAL DEPARTURE LAST
                VALUE   (LST)  VALUE       VALUE  FROM      YEAR
                                                  NORMAL
..................................................................
TEMPERATURE (F)
 YESTERDAY
  MAXIMUM         71    153 PM  81    1988  68      3       46
  MINIMUM         53   1159 PM  37    1895  55     -2       41
  AVERAGE         62                        62      0       44

PRECIPITATION (IN)
  YESTERDAY        0.00          1.81 2005   0.14  -0.14     0.67
  MONTH TO DATE    3.91                      3.89   0.02     2.45
  SINCE SEP 1     11.77                     15.44  -3.67    14.36
  SINCE JAN 1     28.02                     46.62 -18.60    38.59

SNOWFALL (IN)
  YESTERDAY        0.0           0.0  2002  MM     MM       MM
                                      2001
  MONTH TO DATE    0.0                      MM     MM        0.0
  SINCE SEP 1      0.0                      MM     MM        0.0
  SINCE JUL 1      0.0                      MM     MM        0.0
  SNOW DEPTH       0

DEGREE DAYS
 HEATING
  YESTERDAY        3                         5     -2       21
  MONTH TO DATE  141                        71     70      120
  SINCE SEP 1    141                        80     61      120
  SINCE JUL 1    141                        80     61      120

 COOLING
  YESTERDAY        0                         2     -2        0
  MONTH TO DATE   45                        92    -47       66
  SINCE SEP 1    903                       890     13      917
  SINCE JAN 1   3230                      3284    -54     3311
..................................................................


WIND (MPH)
  RESULTANT WIND SPEED  11   RESULTANT WIND DIRECTION  SW (220)
  HIGHEST WIND SPEED    24   HIGHEST WIND DIRECTION    SW (210)
  HIGHEST GUST SPEED    30   HIGHEST GUST DIRECTION    SW (220)
  AVERAGE WIND SPEED    10.5


SKY COVER
  AVERAGE SKY COVER 0.0


WEATHER CONDITIONS
 THE FOLLOWING WEATHER WAS RECORDED YESTERDAY.
  NO SIGNIFICANT WEATHER WAS OBSERVED.


RELATIVE HUMIDITY (PERCENT)
 HIGHEST    86
 LOWEST     37
 AVERAGE    62

..........................................................


THE GALVESTON CLIMATE NORMALS FOR TODAY
                         NORMAL    RECORD    YEAR
 MAXIMUM TEMPERATURE (F)   68        79      1973
                                             1896
 MINIMUM TEMPERATURE (F)   55        36      1938


SUNRISE AND SUNSET
NOVEMBER 27 2014......SUNRISE   653 AM CST   SUNSET   521 PM CST
NOVEMBER 28 2014......SUNRISE   654 AM CST   SUNSET   521 PM CST


-  INDICATES NEGATIVE NUMBERS.
R  INDICATES RECORD WAS SET OR TIED.
MM INDICATES DATA IS MISSING.
T  INDICATES TRACE AMOUNT.




$$
