000
CDUS44 KHGX 240723
CLIGLS


CLIMATE REPORT
NATIONAL WEATHER SERVICE HOUSTON/GALVESTON TX
221 AM CDT SUN MAY 24 2015


...................................

...THE GALVESTON CLIMATE SUMMARY FOR MAY 23 2015...

CLIMATE NORMAL PERIOD 1981 TO 2010
CLIMATE RECORD PERIOD 1875 TO 2015


WEATHER ITEM   OBSERVED TIME   RECORD YEAR NORMAL DEPARTURE LAST
                VALUE   (LST)  VALUE       VALUE  FROM      YEAR
                                                  NORMAL
..................................................................
TEMPERATURE (F)
 YESTERDAY
  MAXIMUM         86    129 PM  90    1877  85      1       83
  MINIMUM         78    522 AM  59    1892  74      4       73
  AVERAGE         82                        79      3       78

PRECIPITATION (IN)
  YESTERDAY        0.00          1.76 1947   0.17  -0.17     0.00
  MONTH TO DATE    1.41                      2.66  -1.25     0.40
  SINCE MAR 1     14.40                      8.87   5.53     2.32
  SINCE JAN 1     20.54                     15.64   4.90     5.37

SNOWFALL (IN)
  YESTERDAY        0.0          MM      MM  MM     MM        0.0
  MONTH TO DATE    0.0                      MM     MM        0.0
  SINCE MAR 1      0.0                      MM     MM        0.0
  SINCE JUL 1      0.0                      MM     MM         T
  SNOW DEPTH       0

DEGREE DAYS
 HEATING
  YESTERDAY        0                         0      0        0
  MONTH TO DATE    0                         0      0        0
  SINCE MAR 1    120                       121     -1      186
  SINCE JUL 1   1182                      1009    173     1425

 COOLING
  YESTERDAY       17                        14      3       13
  MONTH TO DATE  317                       271     46      215
  SINCE MAR 1    594                       497     97      396
  SINCE JAN 1    600                       514     86      403
..................................................................


WIND (MPH)
  RESULTANT WIND SPEED  15   RESULTANT WIND DIRECTION  SE (130)
  HIGHEST WIND SPEED    23   HIGHEST WIND DIRECTION    SE (150)
  HIGHEST GUST SPEED    28   HIGHEST GUST DIRECTION    SE (150)
  AVERAGE WIND SPEED    15.7


SKY COVER
  AVERAGE SKY COVER 0.5


WEATHER CONDITIONS
 THE FOLLOWING WEATHER WAS RECORDED YESTERDAY.
  NO SIGNIFICANT WEATHER WAS OBSERVED.


RELATIVE HUMIDITY (PERCENT)
 HIGHEST    91
 LOWEST     79
 AVERAGE    85

..........................................................


THE GALVESTON CLIMATE NORMALS FOR TODAY
                         NORMAL    RECORD    YEAR
 MAXIMUM TEMPERATURE (F)   85        91      1988
                                             1877
 MINIMUM TEMPERATURE (F)   74        62      1940
                                             1919
                                             1910


SUNRISE AND SUNSET
MAY 24 2015...........SUNRISE   623 AM CDT   SUNSET   810 PM CDT
MAY 25 2015...........SUNRISE   623 AM CDT   SUNSET   810 PM CDT


-  INDICATES NEGATIVE NUMBERS.
R  INDICATES RECORD WAS SET OR TIED.
MM INDICATES DATA IS MISSING.
T  INDICATES TRACE AMOUNT.




$$
