080
CDUS44 KHGX 090735
CLIGLS


CLIMATE REPORT
NATIONAL WEATHER SERVICE HOUSTON/GALVESTON TX
135 AM CST FRI DEC 9 2016


...................................

...THE GALVESTON CLIMATE SUMMARY FOR DECEMBER 8 2016...

CLIMATE NORMAL PERIOD 1981 TO 2010
CLIMATE RECORD PERIOD 1875 TO 2016


WEATHER ITEM   OBSERVED TIME   RECORD YEAR NORMAL DEPARTURE LAST
                VALUE   (LST)  VALUE       VALUE  FROM      YEAR
                                                  NORMAL
..................................................................
TEMPERATURE (F)
 YESTERDAY
  MAXIMUM         60    125 AM  78    2012  65     -5       68
  MINIMUM         46   1159 PM  29    1927  52     -6       53
  AVERAGE         53                        58     -5       61

PRECIPITATION (IN)
  YESTERDAY        T             1.42 1886   0.13  -0.13     0.00
  MONTH TO DATE    9.83                      1.09   8.74     0.29
  SINCE DEC 1      9.83                      1.09   8.74     0.29
  SINCE JAN 1     55.25                     48.33   6.92    58.33

SNOWFALL (IN)
  YESTERDAY        0.0           0.0  2002  MM     MM        0.0
                                      2001
  MONTH TO DATE    0.0                      MM     MM        0.0
  SINCE DEC 1      0.0                      MM     MM        0.0
  SINCE JUL 1      0.0                      MM     MM        0.0
  SNOW DEPTH       0

DEGREE DAYS
 HEATING
  YESTERDAY       12                         8      4        4
  MONTH TO DATE   38                        55    -17       63
  SINCE DEC 1     38                        55    -17       63
  SINCE JUL 1     50                       158   -108      116

 COOLING
  YESTERDAY        0                         1     -1        0
  MONTH TO DATE    2                         8     -6        0
  SINCE DEC 1      2                         8     -6        0
  SINCE JAN 1   3680                      3297    383     3565
..................................................................


WIND (MPH)
  RESULTANT WIND SPEED  25   RESULTANT WIND DIRECTION   N (10)
  HIGHEST WIND SPEED    33   HIGHEST WIND DIRECTION     N (20)
  HIGHEST GUST SPEED    42   HIGHEST GUST DIRECTION     N (360)
  AVERAGE WIND SPEED    25.1


SKY COVER
  AVERAGE SKY COVER 1.0


WEATHER CONDITIONS
 THE FOLLOWING WEATHER WAS RECORDED YESTERDAY.
  LIGHT RAIN
  FOG


RELATIVE HUMIDITY (PERCENT)
 HIGHEST    93
 LOWEST     66
 AVERAGE    80

..........................................................


THE GALVESTON CLIMATE NORMALS FOR TODAY
                         NORMAL    RECORD    YEAR
 MAXIMUM TEMPERATURE (F)   65        78      2007
                                             2004
 MINIMUM TEMPERATURE (F)   52        31      1917


SUNRISE AND SUNSET
DECEMBER  9 2016......SUNRISE   702 AM CST   SUNSET   522 PM CST
DECEMBER 10 2016......SUNRISE   703 AM CST   SUNSET   522 PM CST


-  INDICATES NEGATIVE NUMBERS.
R  INDICATES RECORD WAS SET OR TIED.
MM INDICATES DATA IS MISSING.
T  INDICATES TRACE AMOUNT.




$$
