000
CDUS44 KHGX 282243
CLIGLS


CLIMATE REPORT
NATIONAL WEATHER SERVICE HOUSTON/GALVESTON TX
441 PM CST SUN DEC 28 2014


...................................

...THE GALVESTON CLIMATE SUMMARY FOR DECEMBER 28 2014...
VALID TODAY AS OF 400 PM LOCAL TIME.

CLIMATE NORMAL PERIOD 1981 TO 2010
CLIMATE RECORD PERIOD 1875 TO 2014


WEATHER ITEM   OBSERVED TIME   RECORD YEAR NORMAL DEPARTURE LAST
                VALUE   (LST)  VALUE       VALUE  FROM      YEAR
                                                  NORMAL
..................................................................
TEMPERATURE (F)
 TODAY
  MAXIMUM         51   1226 AM  73    2005  62    -11       54
  MINIMUM         45    340 PM  21    1894  49     -4       44
  AVERAGE         48                        56     -8       49

PRECIPITATION (IN)
  TODAY            0.36          4.50 1884   0.09   0.27     0.00
  MONTH TO DATE    3.85                      3.26   0.59     0.63
  SINCE DEC 1      3.85                      3.26   0.59     0.63
  SINCE JAN 1     31.87                     50.50 -18.63    39.22

SNOWFALL (IN)
  TODAY           MM             T    1995  MM     MM        0.0
  MONTH TO DATE    0.0                      MM     MM        0.0
  SINCE DEC 1      0.0                      MM     MM        0.0
  SINCE JUL 1      0.0                      MM     MM        0.0
  SNOW DEPTH       0

DEGREE DAYS
 HEATING
  TODAY           17                        10      7       16
  MONTH TO DATE  142                       228    -86      322
  SINCE DEC 1    142                       228    -86      322
  SINCE JUL 1    293                       331    -38      500

 COOLING
  TODAY            0                         0      0        0
  MONTH TO DATE   21                        14      7       13
  SINCE DEC 1     21                        14      7       13
  SINCE JAN 1   3259                      3303    -44     3324
..................................................................


WIND (MPH)
  RESULTANT WIND SPEED  18   RESULTANT WIND DIRECTION   N (350)
  HIGHEST WIND SPEED    28   HIGHEST WIND DIRECTION     N (340)
  HIGHEST GUST SPEED    31   HIGHEST GUST DIRECTION     N (340)
  AVERAGE WIND SPEED    18.2


SKY COVER
  AVERAGE SKY COVER 1.0


WEATHER CONDITIONS
 THE FOLLOWING WEATHER WAS RECORDED TODAY.
  LIGHT RAIN
  FOG


RELATIVE HUMIDITY (PERCENT)
 HIGHEST   100           200 AM
 LOWEST     89          1200 AM
 AVERAGE    95

..........................................................


THE GALVESTON CLIMATE NORMALS FOR TOMORROW
                         NORMAL    RECORD    YEAR
 MAXIMUM TEMPERATURE (F)   62        75      1889
 MINIMUM TEMPERATURE (F)   49        18      1880


SUNRISE AND SUNSET
DECEMBER 28 2014......SUNRISE   712 AM CST   SUNSET   530 PM CST
DECEMBER 29 2014......SUNRISE   713 AM CST   SUNSET   530 PM CST


-  INDICATES NEGATIVE NUMBERS.
R  INDICATES RECORD WAS SET OR TIED.
MM INDICATES DATA IS MISSING.
T  INDICATES TRACE AMOUNT.


$$
