035
CDUS44 KHGX 242135
CLIGLS


CLIMATE REPORT
NATIONAL WEATHER SERVICE HOUSTON/GALVESTON TX
435 PM CDT TUE MAY 24 2016


...................................

...THE GALVESTON CLIMATE SUMMARY FOR MAY 24 2016...
VALID TODAY AS OF 0400 PM LOCAL TIME.

CLIMATE NORMAL PERIOD 1981 TO 2010
CLIMATE RECORD PERIOD 1875 TO 2016


WEATHER ITEM   OBSERVED TIME   RECORD YEAR NORMAL DEPARTURE LAST
                VALUE   (LST)  VALUE       VALUE  FROM      YEAR
                                                  NORMAL
..................................................................
TEMPERATURE (F)
 TODAY
  MAXIMUM         84   1247 PM  91    1988  85     -1       80
                                      1877
  MINIMUM         77    619 AM  62    1940  74      3       69
                                      1919
                                      1910
  AVERAGE         81                        80      1       75

PRECIPITATION (IN)
  TODAY            0.00          2.74 1919   0.17  -0.17     0.85
  MONTH TO DATE    5.97                      2.83   3.14     2.26
  SINCE MAR 1     14.88                      9.04   5.84    15.25
  SINCE JAN 1     18.84                     15.81   3.03    21.39

SNOWFALL (IN)
  TODAY            0.0          MM      MM  MM     MM        0.0
  MONTH TO DATE    0.0                      MM     MM        0.0
  SINCE MAR 1      0.0                      MM     MM        0.0
  SINCE JUL 1      0.0                       0.0    0.0      0.0
  SNOW DEPTH       0

DEGREE DAYS
 HEATING
  TODAY            0                         0      0        0
  MONTH TO DATE    0                         0      0        0
  SINCE MAR 1     41                       121    -80      120
  SINCE JUL 1    745                      1009   -264     1182

 COOLING
  TODAY           16                        15      1       10
  MONTH TO DATE  261                       286    -25      327
  SINCE MAR 1    553                       512     41      604
  SINCE JAN 1    565                       529     36      610
..................................................................


WIND (MPH)
  RESULTANT WIND SPEED  14   RESULTANT WIND DIRECTION  SE (120)
  HIGHEST WIND SPEED    21   HIGHEST WIND DIRECTION    SE (130)
  HIGHEST GUST SPEED    25   HIGHEST GUST DIRECTION    SE (120)
  AVERAGE WIND SPEED    14.2


SKY COVER
  AVERAGE SKY COVER 0.5


WEATHER CONDITIONS
 THE FOLLOWING WEATHER WAS RECORDED TODAY.
  NO SIGNIFICANT WEATHER WAS OBSERVED.


RELATIVE HUMIDITY (PERCENT)
 HIGHEST    94          1200 AM
 LOWEST     82          1200 PM
 AVERAGE    88

..........................................................


THE GALVESTON CLIMATE NORMALS FOR TOMORROW
                         NORMAL    RECORD    YEAR
 MAXIMUM TEMPERATURE (F)   85        89      1958
                                             1875
 MINIMUM TEMPERATURE (F)   74        64      1951


SUNRISE AND SUNSET
MAY 24 2016...........SUNRISE   623 AM CDT   SUNSET   810 PM CDT
MAY 25 2016...........SUNRISE   622 AM CDT   SUNSET   811 PM CDT


-  INDICATES NEGATIVE NUMBERS.
R  INDICATES RECORD WAS SET OR TIED.
MM INDICATES DATA IS MISSING.
T  INDICATES TRACE AMOUNT.




$$
