000
CDUS42 KJAX 210533
CLIGNV


CLIMATE REPORT
NATIONAL WEATHER SERVICE JACKSONVILLE FL
1232 AM EST TUE FEB 21 2017


...................................

...THE GAINESVILLE CLIMATE SUMMARY FOR FEBRUARY 20 2017...

CLIMATE NORMAL PERIOD 1981 TO 2010
CLIMATE RECORD PERIOD 1890 TO 2017


WEATHER ITEM   OBSERVED TIME   RECORD YEAR NORMAL DEPARTURE LAST
                VALUE   (LST)  VALUE       VALUE  FROM      YEAR
                                                  NORMAL
..................................................................
TEMPERATURE (F)
 YESTERDAY
  MAXIMUM         81    431 PM  85    1929  71     10       76
  MINIMUM         50    722 AM  22    2015  46      4       42
                                      1934
  AVERAGE         66                        58      8       59

PRECIPITATION (IN)
  YESTERDAY        0.00          2.10 1988   0.12  -0.12     0.00
  MONTH TO DATE    0.25                      2.24  -1.99     3.99
  SINCE DEC 1      4.39                      8.03  -3.64     8.69
  SINCE JAN 1      1.70                      5.55  -3.85     6.72

SNOWFALL (IN)
  YESTERDAY        0.0           0.0    MM   0.0    0.0      0.0
  MONTH TO DATE    0.0                       0.0    0.0      0.0
  SINCE DEC 1      0.0                       0.0    0.0      0.0
  SINCE JUL 1      0.0                       0.0    0.0      0.0
  SNOW DEPTH       0

DEGREE DAYS
 HEATING
  YESTERDAY        0                         8     -8        6
  MONTH TO DATE   78                       177    -99      203
  SINCE DEC 1    391                       818   -427      661
  SINCE JUL 1    497                       979   -482      700

 COOLING
  YESTERDAY        1                         1      0        0
  MONTH TO DATE   13                        16     -3       14
  SINCE DEC 1    135                        50     85      162
  SINCE JAN 1     59                        28     31       16
..................................................................


WIND (MPH)
  HIGHEST WIND SPEED    12   HIGHEST WIND DIRECTION    SE (140)
  HIGHEST GUST SPEED    16   HIGHEST GUST DIRECTION    SE (130)
  AVERAGE WIND SPEED     3.6


SKY COVER
  POSSIBLE SUNSHINE  MM
  AVERAGE SKY COVER 0.0


WEATHER CONDITIONS
 THE FOLLOWING WEATHER WAS RECORDED YESTERDAY.
  NO SIGNIFICANT WEATHER WAS OBSERVED.


RELATIVE HUMIDITY (PERCENT)
 HIGHEST    96           600 AM
 LOWEST     39           300 PM
 AVERAGE    68

..........................................................


THE GAINESVILLE CLIMATE NORMALS FOR TODAY
                         NORMAL    RECORD    YEAR
 MAXIMUM TEMPERATURE (F)   71        86      1997
                                             1945
 MINIMUM TEMPERATURE (F)   46        22      1958


SUNRISE AND SUNSET
FEBRUARY 21 2017......SUNRISE   703 AM EST   SUNSET   623 PM EST
FEBRUARY 22 2017......SUNRISE   702 AM EST   SUNSET   624 PM EST


-  INDICATES NEGATIVE NUMBERS.
R  INDICATES RECORD WAS SET OR TIED.
MM INDICATES DATA IS MISSING.
T  INDICATES TRACE AMOUNT.




$$
