000
CDUS42 KJAX 062127
CLIGNV


CLIMATE REPORT
NATIONAL WEATHER SERVICE JACKSONVILLE FL
526 PM EDT FRI MAY 6 2016


...................................

...THE GAINESVILLE CLIMATE SUMMARY FOR MAY 6 2016...
VALID TODAY AS OF 0500 PM LOCAL TIME.

CLIMATE NORMAL PERIOD 1981 TO 2010
CLIMATE RECORD PERIOD 1890 TO 2016


WEATHER ITEM   OBSERVED TIME   RECORD YEAR NORMAL DEPARTURE LAST
                VALUE   (LST)  VALUE       VALUE  FROM      YEAR
                                                  NORMAL
..................................................................
TEMPERATURE (F)
 TODAY
  MAXIMUM         76    324 PM  96    1955  85     -9       82
                                      1927
  MINIMUM         47R   531 AM  48    1970  60    -13       61
                                      1945
  AVERAGE         62                        72    -10       72

PRECIPITATION (IN)
  TODAY            0.00          1.65 1929   0.06  -0.06      T
  MONTH TO DATE    1.24                      0.36   0.88     0.15
  SINCE MAR 1      5.25                      7.36  -2.11     4.54
  SINCE JAN 1     12.10                     13.87  -1.77     9.80

SNOWFALL (IN)
  TODAY            0.0           0.0    MM   0.0    0.0      0.0
  MONTH TO DATE    0.0                       0.0    0.0      0.0
  SINCE MAR 1      0.0                       0.0    0.0      0.0
  SINCE JUL 1      0.0                       0.0    0.0      0.0
  SNOW DEPTH       0

DEGREE DAYS
 HEATING
  TODAY            3                         0      3        0
  MONTH TO DATE    4                         0      4        2
  SINCE MAR 1     87                       180    -93       62
  SINCE JUL 1    852                      1214   -362     1213

 COOLING
  TODAY            0                         8     -8        7
  MONTH TO DATE   49                        43      6       14
  SINCE MAR 1    317                       218     99      399
  SINCE JAN 1    342                       250     92      414
..................................................................


WIND (MPH)
  HIGHEST WIND SPEED    15   HIGHEST WIND DIRECTION    NW (300)
  HIGHEST GUST SPEED    21   HIGHEST GUST DIRECTION     W (270)
  AVERAGE WIND SPEED     6.9


SKY COVER
  POSSIBLE SUNSHINE  MM
  AVERAGE SKY COVER 0.0


WEATHER CONDITIONS
 THE FOLLOWING WEATHER WAS RECORDED TODAY.
  NO SIGNIFICANT WEATHER WAS OBSERVED.


RELATIVE HUMIDITY (PERCENT)
 HIGHEST    80           100 AM
 LOWEST     31           300 PM
 AVERAGE    56

..........................................................


THE GAINESVILLE CLIMATE NORMALS FOR TOMORROW
                         NORMAL    RECORD    YEAR
 MAXIMUM TEMPERATURE (F)   85        96      1955
                                             1927
 MINIMUM TEMPERATURE (F)   60        48      1992
                                             1962


SUNRISE AND SUNSET
MAY  6 2016...........SUNRISE   642 AM EDT   SUNSET   809 PM EDT
MAY  7 2016...........SUNRISE   641 AM EDT   SUNSET   810 PM EDT


-  INDICATES NEGATIVE NUMBERS.
R  INDICATES RECORD WAS SET OR TIED.
MM INDICATES DATA IS MISSING.
T  INDICATES TRACE AMOUNT.




$$
