000
CDUS42 KJAX 210530
CLIGNV


CLIMATE REPORT
NATIONAL WEATHER SERVICE JACKSONVILLE FL
130 AM EDT TUE OCT 21 2014


...................................

...THE GAINESVILLE CLIMATE SUMMARY FOR OCTOBER 20 2014...

CLIMATE NORMAL PERIOD 1981 TO 2010
CLIMATE RECORD PERIOD 1890 TO 2014


WEATHER ITEM   OBSERVED TIME   RECORD YEAR NORMAL DEPARTURE LAST
                VALUE   (LST)  VALUE       VALUE  FROM      YEAR
                                                  NORMAL
..................................................................
TEMPERATURE (F)
 YESTERDAY
  MAXIMUM         84    308 PM  91    2006  80      4       84
  MINIMUM         56    347 AM  38    1989  59     -3       66
  AVERAGE         70                        70      0       75

PRECIPITATION (IN)
  YESTERDAY        0.00          4.00 1944   0.08  -0.08     0.00
  MONTH TO DATE    0.57                      2.13  -1.56     0.05
  SINCE SEP 1      7.85                      6.55   1.30     3.25
  SINCE JAN 1     44.91                     42.12   2.79    39.95

SNOWFALL (IN)
  YESTERDAY        0.0           0.0    MM   0.0    0.0      0.0
  MONTH TO DATE    0.0                       0.0    0.0      0.0
  SINCE SEP 1      0.0                       0.0    0.0      0.0
  SINCE JUL 1      0.0                       0.0    0.0      0.0
  SNOW DEPTH       0

DEGREE DAYS
 HEATING
  YESTERDAY        0                         1     -1        0
  MONTH TO DATE    5                         8     -3        0
  SINCE SEP 1      5                         8     -3        0
  SINCE JUL 1      5                         8     -3        0

 COOLING
  YESTERDAY        5                         6     -1       10
  MONTH TO DATE  150                       160    -10      198
  SINCE SEP 1    557                       556      1      637
  SINCE JAN 1   2503                      2500      3     2699
..................................................................


WIND (MPH)
  HIGHEST WIND SPEED    13   HIGHEST WIND DIRECTION    SE (130)
  HIGHEST GUST SPEED    16   HIGHEST GUST DIRECTION    SE (140)
  AVERAGE WIND SPEED     3.5


SKY COVER
  POSSIBLE SUNSHINE  MM
  AVERAGE SKY COVER 0.3


WEATHER CONDITIONS
 THE FOLLOWING WEATHER WAS RECORDED YESTERDAY.
  NO SIGNIFICANT WEATHER WAS OBSERVED.


RELATIVE HUMIDITY (PERCENT)
 HIGHEST   100           300 AM
 LOWEST     47           300 PM
 AVERAGE    74

..........................................................


THE GAINESVILLE CLIMATE NORMALS FOR TODAY
                         NORMAL    RECORD    YEAR
 MAXIMUM TEMPERATURE (F)   80        89      2005
                                             1936
                                             1922
 MINIMUM TEMPERATURE (F)   59        33      1989


SUNRISE AND SUNSET
OCTOBER 21 2014.......SUNRISE   735 AM EDT   SUNSET   652 PM EDT
OCTOBER 22 2014.......SUNRISE   735 AM EDT   SUNSET   651 PM EDT


-  INDICATES NEGATIVE NUMBERS.
R  INDICATES RECORD WAS SET OR TIED.
MM INDICATES DATA IS MISSING.
T  INDICATES TRACE AMOUNT.




$$
