000
CDUS42 KJAX 162142
CLIGNV


CLIMATE REPORT
NATIONAL WEATHER SERVICE JACKSONVILLE FL
542 PM EDT TUE SEP 16 2014


...................................

...THE GAINESVILLE CLIMATE SUMMARY FOR SEPTEMBER 16 2014...
VALID TODAY AS OF 0500 PM LOCAL TIME.

CLIMATE NORMAL PERIOD 1981 TO 2010
CLIMATE RECORD PERIOD 1890 TO 2014


WEATHER ITEM   OBSERVED TIME   RECORD YEAR NORMAL DEPARTURE LAST
                VALUE   (LST)  VALUE       VALUE  FROM      YEAR
                                                  NORMAL
..................................................................
TEMPERATURE (F)
 TODAY
  MAXIMUM         78    359 PM  98    1927  88    -10       93
  MINIMUM         73    708 AM  57    2001  69      4       73
                                      1940
  AVERAGE         76                        78     -2       83

PRECIPITATION (IN)
  TODAY            0.04          3.30 1965   0.14  -0.10     0.00
  MONTH TO DATE    3.59                      2.54   1.05     0.71
  SINCE SEP 1      3.59                      2.54   1.05     0.71
  SINCE JAN 1     40.65                     38.11   2.54    37.41

SNOWFALL (IN)
  TODAY            0.0           0.0    MM   0.0    0.0      0.0
  MONTH TO DATE    0.0                       0.0    0.0      0.0
  SINCE SEP 1      0.0                       0.0    0.0      0.0
  SINCE JUL 1      0.0                       0.0    0.0      0.0
  SNOW DEPTH       0

DEGREE DAYS
 HEATING
  TODAY            0                         0      0        0
  MONTH TO DATE    0                         0      0        0
  SINCE SEP 1      0                         0      0        0
  SINCE JUL 1      0                         0      0        0

 COOLING
  TODAY           11                        13     -2       18
  MONTH TO DATE  250                       230     20      256
  SINCE SEP 1    250                       230     20      256
  SINCE JAN 1   2196                      2174     22     2318
..................................................................


WIND (MPH)
  HIGHEST WIND SPEED    15   HIGHEST WIND DIRECTION     W (270)
  HIGHEST GUST SPEED    20   HIGHEST GUST DIRECTION     W (260)
  AVERAGE WIND SPEED     4.4


SKY COVER
  POSSIBLE SUNSHINE  MM
  AVERAGE SKY COVER 0.6


WEATHER CONDITIONS
 THE FOLLOWING WEATHER WAS RECORDED TODAY.
  RAIN
  LIGHT RAIN
  FOG
  HAZE


RELATIVE HUMIDITY (PERCENT)
 HIGHEST   100          1200 AM
 LOWEST     88           900 AM
 AVERAGE    94

..........................................................


THE GAINESVILLE CLIMATE NORMALS FOR TOMORROW
                         NORMAL    RECORD    YEAR
 MAXIMUM TEMPERATURE (F)   87        98      1893
 MINIMUM TEMPERATURE (F)   69        57      1999


SUNRISE AND SUNSET
SEPTEMBER 16 2014.....SUNRISE   714 AM EDT   SUNSET   733 PM EDT
SEPTEMBER 17 2014.....SUNRISE   715 AM EDT   SUNSET   732 PM EDT


-  INDICATES NEGATIVE NUMBERS.
R  INDICATES RECORD WAS SET OR TIED.
MM INDICATES DATA IS MISSING.
T  INDICATES TRACE AMOUNT.




$$
