000
CDUS42 KJAX 262126
CLIGNV


CLIMATE REPORT
NATIONAL WEATHER SERVICE JACKSONVILLE FL
526 PM EDT SUN MAR 26 2017


...................................

...THE GAINESVILLE CLIMATE SUMMARY FOR MARCH 26 2017...
VALID TODAY AS OF 0500 PM LOCAL TIME.

CLIMATE NORMAL PERIOD 1981 TO 2010
CLIMATE RECORD PERIOD 1890 TO 2017


WEATHER ITEM   OBSERVED TIME   RECORD YEAR NORMAL DEPARTURE LAST
                VALUE   (LST)  VALUE       VALUE  FROM      YEAR
                                                  NORMAL
..................................................................
TEMPERATURE (F)
 TODAY
  MAXIMUM         85    359 PM  93    1907  76      9       78
  MINIMUM         54    624 AM  34    2013  52      2       64
                                      2006
                                      1983
  AVERAGE         70                        64      6       71

PRECIPITATION (IN)
  TODAY            0.00          1.54 1926   0.13  -0.13     0.31
  MONTH TO DATE    0.67                      3.70  -3.03     2.07
  SINCE MAR 1      0.67                      3.70  -3.03     2.07
  SINCE JAN 1      2.51                     10.21  -7.70     8.92

SNOWFALL (IN)
  TODAY            0.0           0.0    MM   0.0    0.0      0.0
  MONTH TO DATE    0.0                       0.0    0.0      0.0
  SINCE MAR 1      0.0                       0.0    0.0      0.0
  SINCE JUL 1      0.0                       0.0    0.0      0.0
  SNOW DEPTH       0

DEGREE DAYS
 HEATING
  TODAY            0                         3     -3        0
  MONTH TO DATE  125                       123      2       74
  SINCE MAR 1    125                       123      2       74
  SINCE JUL 1    628                      1157   -529      839

 COOLING
  TODAY            5                         2      3        6
  MONTH TO DATE   41                        46     -5       89
  SINCE MAR 1     41                        46     -5       89
  SINCE JAN 1    125                        78     47      114
..................................................................


WIND (MPH)
  HIGHEST WIND SPEED    13   HIGHEST WIND DIRECTION    SE (140)
  HIGHEST GUST SPEED    16   HIGHEST GUST DIRECTION    SE (140)
  AVERAGE WIND SPEED     3.5


SKY COVER
  POSSIBLE SUNSHINE  MM
  AVERAGE SKY COVER 0.3


WEATHER CONDITIONS
 THE FOLLOWING WEATHER WAS RECORDED TODAY.
  FOG


RELATIVE HUMIDITY (PERCENT)
 HIGHEST    93           300 AM
 LOWEST     37           200 PM
 AVERAGE    65

..........................................................


THE GAINESVILLE CLIMATE NORMALS FOR TOMORROW
                         NORMAL    RECORD    YEAR
 MAXIMUM TEMPERATURE (F)   76        91      1949
 MINIMUM TEMPERATURE (F)   52        30      2013


SUNRISE AND SUNSET
MARCH 26 2017.........SUNRISE   725 AM EDT   SUNSET   744 PM EDT
MARCH 27 2017.........SUNRISE   724 AM EDT   SUNSET   745 PM EDT


-  INDICATES NEGATIVE NUMBERS.
R  INDICATES RECORD WAS SET OR TIED.
MM INDICATES DATA IS MISSING.
T  INDICATES TRACE AMOUNT.




$$
