000
CDUS45 KMSO 302230
CLIGPI


CLIMATE REPORT
NATIONAL WEATHER SERVICE MISSOULA, MT
430 PM MDT TUE SEP 30 2014


...................................

...THE KALISPELL MT CLIMATE SUMMARY FOR SEPTEMBER 30 2014...
VALID TODAY AS OF 0400 PM LOCAL TIME.

CLIMATE NORMAL PERIOD 1981 TO 2010
CLIMATE RECORD PERIOD 1894 TO 2014


WEATHER ITEM   OBSERVED TIME   RECORD YEAR NORMAL DEPARTURE LAST
                VALUE   (LST)  VALUE       VALUE  FROM      YEAR
                                                  NORMAL
..................................................................
TEMPERATURE (F)
 TODAY
  MAXIMUM         57    238 PM  82    1963  63     -6       54
  MINIMUM         50    547 AM  22    1985  34     16       40
  AVERAGE         54                        48      6       47

PRECIPITATION (IN)
  TODAY            0.32          0.40 2005   0.04   0.28     0.18
  MONTH TO DATE    1.10                      1.38  -0.28     2.41
  SINCE OCT 1     19.89                     16.99   2.90    18.41
  SINCE JAN 1     15.44                     12.99   2.45    13.03

SNOWFALL (IN)
  TODAY            0.0
  MONTH TO DATE    0.0
  SINCE JAN 1     38.2
  SINCE JUL 1      0.0
  SNOW DEPTH       0

DEGREE DAYS
 HEATING
  TODAY           11                        17     -6       18
  MONTH TO DATE  285                       330    -45      232
  SINCE SEP 1    285                       330    -45      232
  SINCE JUL 1    362                       500   -138      273

 COOLING
  TODAY            0                         0      0        0
  MONTH TO DATE    2                         4     -2       29
  SINCE SEP 1      2                         4     -2       29
  SINCE JAN 1    217                       147     70      264
..................................................................


WIND (MPH)
  HIGHEST WIND SPEED    15   HIGHEST WIND DIRECTION    SW (210)
  HIGHEST GUST SPEED    19   HIGHEST GUST DIRECTION     S (190)
  AVERAGE WIND SPEED     8.5


SKY COVER
  POSSIBLE SUNSHINE  MM
  AVERAGE SKY COVER 1.0


WEATHER CONDITIONS
 THE FOLLOWING WEATHER WAS RECORDED TODAY.
  RAIN
  LIGHT RAIN
  FOG


RELATIVE HUMIDITY (PERCENT)
 HIGHEST    89           600 AM
 LOWEST     59           300 PM
 AVERAGE    74

..........................................................


THE KALISPELL MT CLIMATE NORMALS FOR TOMORROW
                         NORMAL    RECORD    YEAR
 MAXIMUM TEMPERATURE (F)   63        82      1992
 MINIMUM TEMPERATURE (F)   33        19      1950


SUNRISE AND SUNSET
SEPTEMBER 30 2014.....SUNRISE   735 AM MDT   SUNSET   718 PM MDT
OCTOBER  1 2014.......SUNRISE   736 AM MDT   SUNSET   716 PM MDT


-  INDICATES NEGATIVE NUMBERS.
R  INDICATES RECORD WAS SET OR TIED.
MM INDICATES DATA IS MISSING.
T  INDICATES TRACE AMOUNT.




$$
