000
CDUS45 KMSO 032231
CLIGPI


CLIMATE REPORT
NATIONAL WEATHER SERVICE MISSOULA, MT
430 PM MDT TUE MAY 3 2016


...................................

...THE KALISPELL MT CLIMATE SUMMARY FOR MAY 3 2016...
VALID TODAY AS OF 0400 PM LOCAL TIME.

CLIMATE NORMAL PERIOD 1981 TO 2010
CLIMATE RECORD PERIOD 1894 TO 2016


WEATHER ITEM   OBSERVED TIME   RECORD YEAR NORMAL DEPARTURE LAST
                VALUE   (LST)  VALUE       VALUE  FROM      YEAR
                                                  NORMAL
..................................................................
TEMPERATURE (F)
 TODAY
  MAXIMUM         78    253 PM  82    1966  62     16       68
  MINIMUM         37    512 AM  23    2001  35      2       25
  AVERAGE         58                        48     10       47

PRECIPITATION (IN)
  TODAY            0.00          0.84 2007   0.05  -0.05     0.00
  MONTH TO DATE    0.00                      0.14  -0.14     0.00
  SINCE OCT 1      9.22                      8.77   0.45    11.62
  SINCE JAN 1      5.17                      4.77   0.40     5.54

SNOWFALL (IN)
  TODAY            0.0
  MONTH TO DATE    0.0
  SINCE JAN 1     14.6
  SINCE JUL 1     41.4
  SNOW DEPTH       0

DEGREE DAYS
 HEATING
  TODAY            7                        17    -10       18
  MONTH TO DATE   30                        52    -22       43
  SINCE MAR 1   1323                      1611   -288     1467
  SINCE JUL 1   6625                      7463   -838     6917

 COOLING
  TODAY            0                         0      0        0
  MONTH TO DATE    0                         0      0        0
  SINCE MAR 1      0                         0      0        0
  SINCE JAN 1      0                         0      0        0
..................................................................


WIND (MPH)
  HIGHEST WIND SPEED    13   HIGHEST WIND DIRECTION    NE (50)
  HIGHEST GUST SPEED    15   HIGHEST GUST DIRECTION    NE (40)
  AVERAGE WIND SPEED     4.2


SKY COVER
  POSSIBLE SUNSHINE  MM
  AVERAGE SKY COVER 0.0


WEATHER CONDITIONS
 THE FOLLOWING WEATHER WAS RECORDED TODAY.
  NO SIGNIFICANT WEATHER WAS OBSERVED.


RELATIVE HUMIDITY (PERCENT)
 HIGHEST   100           200 AM
 LOWEST     26           300 PM
 AVERAGE    63

..........................................................


THE KALISPELL MT CLIMATE NORMALS FOR TOMORROW
                         NORMAL    RECORD    YEAR
 MAXIMUM TEMPERATURE (F)   62        81      1897
 MINIMUM TEMPERATURE (F)   35        22      1963


SUNRISE AND SUNSET
MAY  3 2016...........SUNRISE   614 AM MDT   SUNSET   855 PM MDT
MAY  4 2016...........SUNRISE   612 AM MDT   SUNSET   856 PM MDT


-  INDICATES NEGATIVE NUMBERS.
R  INDICATES RECORD WAS SET OR TIED.
MM INDICATES DATA IS MISSING.
T  INDICATES TRACE AMOUNT.




$$
