000
CDUS45 KMSO 172230
CLIGPI


CLIMATE REPORT
NATIONAL WEATHER SERVICE MISSOULA, MT
430 PM MDT WED SEP 17 2014


...................................

...THE KALISPELL MT CLIMATE SUMMARY FOR SEPTEMBER 17 2014...
VALID TODAY AS OF 0400 PM LOCAL TIME.

CLIMATE NORMAL PERIOD 1981 TO 2010
CLIMATE RECORD PERIOD 1894 TO 2014


WEATHER ITEM   OBSERVED TIME   RECORD YEAR NORMAL DEPARTURE LAST
                VALUE   (LST)  VALUE       VALUE  FROM      YEAR
                                                  NORMAL
..................................................................
TEMPERATURE (F)
 TODAY
  MAXIMUM         80    259 PM  89    1981  69     11       73
  MINIMUM         44    223 AM  22    1973  38      6       37
  AVERAGE         62                        54      8       55

PRECIPITATION (IN)
  TODAY            0.00          0.85 1985   0.05  -0.05     0.14
  MONTH TO DATE    0.72                      0.82  -0.10     1.03
  SINCE OCT 1     19.51                     16.43   3.08    17.03
  SINCE JAN 1     15.06                     12.43   2.63    11.65

SNOWFALL (IN)
  TODAY            0.0
  MONTH TO DATE    0.0
  SINCE JAN 1     38.2
  SINCE JUL 1      0.0
  SNOW DEPTH       0

DEGREE DAYS
 HEATING
  TODAY            3                        11     -8       10
  MONTH TO DATE  203                       145     58       28
  SINCE SEP 1    203                       145     58       28
  SINCE JUL 1    280                       315    -35       69

 COOLING
  TODAY            0                         0      0        0
  MONTH TO DATE    0                         1     -1       29
  SINCE SEP 1      0                         1     -1       29
  SINCE JAN 1    215                       144     71      264
..................................................................


WIND (MPH)
  HIGHEST WIND SPEED     8   HIGHEST WIND DIRECTION     S (180)
  HIGHEST GUST SPEED    13   HIGHEST GUST DIRECTION    SE (150)
  AVERAGE WIND SPEED     3.8


SKY COVER
  POSSIBLE SUNSHINE  MM
  AVERAGE SKY COVER 0.0


WEATHER CONDITIONS
 THE FOLLOWING WEATHER WAS RECORDED TODAY.
  NO SIGNIFICANT WEATHER WAS OBSERVED.


RELATIVE HUMIDITY (PERCENT)
 HIGHEST    92           300 AM
 LOWEST     30           200 PM
 AVERAGE    61

..........................................................


THE KALISPELL MT CLIMATE NORMALS FOR TOMORROW
                         NORMAL    RECORD    YEAR
 MAXIMUM TEMPERATURE (F)   69        90      1981
 MINIMUM TEMPERATURE (F)   38        22      1971


SUNRISE AND SUNSET
SEPTEMBER 17 2014.....SUNRISE   717 AM MDT   SUNSET   745 PM MDT
SEPTEMBER 18 2014.....SUNRISE   718 AM MDT   SUNSET   743 PM MDT


-  INDICATES NEGATIVE NUMBERS.
R  INDICATES RECORD WAS SET OR TIED.
MM INDICATES DATA IS MISSING.
T  INDICATES TRACE AMOUNT.




$$
