000
CDUS45 KMSO 222331
CLIGPI


CLIMATE REPORT
NATIONAL WEATHER SERVICE MISSOULA, MT
431 PM MST THU FEB 22 2018


...................................

...THE KALISPELL MT CLIMATE SUMMARY FOR FEBRUARY 22 2018...
VALID TODAY AS OF 0400 PM LOCAL TIME.

CLIMATE NORMAL PERIOD 1981 TO 2010
CLIMATE RECORD PERIOD 1894 TO 2018


WEATHER ITEM   OBSERVED TIME   RECORD YEAR NORMAL DEPARTURE LAST
                VALUE   (LST)  VALUE       VALUE  FROM      YEAR
                                                  NORMAL
..................................................................
TEMPERATURE (F)
 TODAY
  MAXIMUM         25    359 PM  55    1995  38    -13       43
  MINIMUM          2    349 AM -22    1910  19    -17       20
  AVERAGE         14                        28    -14       32

PRECIPITATION (IN)
  TODAY            0.00          0.45 1956   0.03  -0.03     0.00
  MONTH TO DATE    1.37                      0.75   0.62     2.42
  SINCE OCT 1      7.94                      6.08   1.86    10.62
  SINCE JAN 1      2.79                      2.08   0.71     3.39

SNOWFALL (IN)
  TODAY            0.0
  MONTH TO DATE   20.2
  SINCE JAN 1     30.7
  SINCE JUL 1     72.7
  SNOW DEPTH      MM

DEGREE DAYS
 HEATING
  TODAY           51                        37     14       33
  MONTH TO DATE 1003                       844    159      914
  SINCE DEC 1   3382                      3431    -49     3984
  SINCE JUL 1   5395                      5635   -240     5943

 COOLING
  TODAY            0                         0      0        0
  MONTH TO DATE    0                         0      0        0
  SINCE DEC 1      0                         0      0        0
  SINCE JAN 1      0                         0      0        0
..................................................................


WIND (MPH)
  HIGHEST WIND SPEED    21   HIGHEST WIND DIRECTION    NE (30)
  HIGHEST GUST SPEED    25   HIGHEST GUST DIRECTION    NE (30)
  AVERAGE WIND SPEED     8.3


SKY COVER
  POSSIBLE SUNSHINE  MM
  AVERAGE SKY COVER 0.4


WEATHER CONDITIONS
 THE FOLLOWING WEATHER WAS RECORDED TODAY.
  NO SIGNIFICANT WEATHER WAS OBSERVED.


RELATIVE HUMIDITY (PERCENT)
 HIGHEST    91           100 AM
 LOWEST     50           300 PM
 AVERAGE    71

..........................................................


THE KALISPELL MT CLIMATE NORMALS FOR TOMORROW
                         NORMAL    RECORD    YEAR
 MAXIMUM TEMPERATURE (F)   38        56      1981
 MINIMUM TEMPERATURE (F)   19       -11      1960


SUNRISE AND SUNSET
FEBRUARY 22 2018......SUNRISE   731 AM MST   SUNSET   610 PM MST
FEBRUARY 23 2018......SUNRISE   730 AM MST   SUNSET   612 PM MST


-  INDICATES NEGATIVE NUMBERS.
R  INDICATES RECORD WAS SET OR TIED.
MM INDICATES DATA IS MISSING.
T  INDICATES TRACE AMOUNT.




$$
