000
CDUS45 KMSO 230738
CLIGPI


CLIMATE REPORT
NATIONAL WEATHER SERVICE MISSOULA, MT
138 AM MDT SAT SEP 23 2017


...................................

...THE KALISPELL MT CLIMATE SUMMARY FOR SEPTEMBER 22 2017...

CLIMATE NORMAL PERIOD 1981 TO 2010
CLIMATE RECORD PERIOD 1894 TO 2017


WEATHER ITEM   OBSERVED TIME   RECORD YEAR NORMAL DEPARTURE LAST
                VALUE   (LST)  VALUE       VALUE  FROM      YEAR
                                                  NORMAL
..................................................................
TEMPERATURE (F)
 YESTERDAY
  MAXIMUM         52    300 PM  84    1938  67    -15       64
  MINIMUM         42        MM  22    2000  36      6       47
  AVERAGE         47                        52     -5       56

PRECIPITATION (IN)
  YESTERDAY        0.00          0.80 1930   0.05  -0.05     0.07
  MONTH TO DATE    0.42                      1.06  -0.64     0.83
  SINCE OCT 1     18.98                     16.67   2.31    17.10
  SINCE JAN 1     11.75                     12.67  -0.92    13.05

SNOWFALL (IN)
  YESTERDAY        0.0
  MONTH TO DATE    0.0
  SINCE JAN 1     54.5
  SINCE JUL 1      0.0
  SNOW DEPTH       0

DEGREE DAYS
 HEATING
  YESTERDAY       18                        13      5        9
  MONTH TO DATE  175                       208    -33      272
  SINCE SEP 1    175                       208    -33      272
  SINCE JUL 1    224                       378   -154      419

 COOLING
  YESTERDAY        0                         0      0        0
  MONTH TO DATE    4                         1      3        0
  SINCE SEP 1      4                         1      3        0
  SINCE JAN 1    228                       144     84      156
..................................................................


WIND (MPH)
  HIGHEST WIND SPEED    16   HIGHEST WIND DIRECTION    NE (30)
  HIGHEST GUST SPEED    MM   HIGHEST GUST DIRECTION    MM
  AVERAGE WIND SPEED    12.0


SKY COVER
  POSSIBLE SUNSHINE  MM
  AVERAGE SKY COVER 0.5


WEATHER CONDITIONS
 THE FOLLOWING WEATHER WAS RECORDED YESTERDAY.
  NO SIGNIFICANT WEATHER WAS OBSERVED.


RELATIVE HUMIDITY (PERCENT)
 HIGHEST    70          1200 AM
 LOWEST     44           200 PM
 AVERAGE    57

..........................................................


THE KALISPELL MT CLIMATE NORMALS FOR TODAY
                         NORMAL    RECORD    YEAR
 MAXIMUM TEMPERATURE (F)   67        87      2011
 MINIMUM TEMPERATURE (F)   36        13      1926


SUNRISE AND SUNSET
SEPTEMBER 23 2017.....SUNRISE   726 AM MDT   SUNSET   732 PM MDT
SEPTEMBER 24 2017.....SUNRISE   727 AM MDT   SUNSET   730 PM MDT


-  INDICATES NEGATIVE NUMBERS.
R  INDICATES RECORD WAS SET OR TIED.
MM INDICATES DATA IS MISSING.
T  INDICATES TRACE AMOUNT.




$$
