000
CDUS45 KMSO 280739
CLIGPI


CLIMATE REPORT
NATIONAL WEATHER SERVICE MISSOULA, MT
138 AM MDT MON JUL 28 2014


...................................

...THE KALISPELL MT CLIMATE SUMMARY FOR JULY 27 2014...

CLIMATE NORMAL PERIOD 1981 TO 2010
CLIMATE RECORD PERIOD 1894 TO 2014


WEATHER ITEM   OBSERVED TIME   RECORD YEAR NORMAL DEPARTURE LAST
                VALUE   (LST)  VALUE       VALUE  FROM      YEAR
                                                  NORMAL
..................................................................
TEMPERATURE (F)
 YESTERDAY
  MAXIMUM         88    536 PM 100    1975  84      4       90
  MINIMUM         46    551 AM  40    1983  49     -3       42
  AVERAGE         67                        66      1       66

PRECIPITATION (IN)
  YESTERDAY        0.00          0.93 1940   0.04  -0.04     0.00
  MONTH TO DATE    0.39                      1.33  -0.94     0.31
  SINCE OCT 1     17.33                     14.50   2.83    14.70
  SINCE JAN 1     12.88                     10.50   2.38     9.32

SNOWFALL (IN)
  YESTERDAY        0.0
  MONTH TO DATE    0.0
  SINCE JAN 1     38.2
  SINCE JUL 1      0.0
  SNOW DEPTH       0

DEGREE DAYS
 HEATING
  YESTERDAY        0                         1     -1        0
  MONTH TO DATE   14                        73    -59       18
  SINCE JUN 1    267                       289    -22      204
  SINCE JUL 1     14                        73    -59       18

 COOLING
  YESTERDAY        2                         3     -1        1
  MONTH TO DATE   99                        55     44      111
  SINCE JUN 1     99                        68     31      130
  SINCE JAN 1     99                        71     28      130
..................................................................


WIND (MPH)
  HIGHEST WIND SPEED    16   HIGHEST WIND DIRECTION    NE (50)
  HIGHEST GUST SPEED    19   HIGHEST GUST DIRECTION    NE (50)
  AVERAGE WIND SPEED     3.9


SKY COVER
  POSSIBLE SUNSHINE  MM
  AVERAGE SKY COVER 0.0


WEATHER CONDITIONS
 THE FOLLOWING WEATHER WAS RECORDED YESTERDAY.
  NO SIGNIFICANT WEATHER WAS OBSERVED.


RELATIVE HUMIDITY (PERCENT)
 HIGHEST    93           100 AM
 LOWEST     19           300 PM
 AVERAGE    56

..........................................................


THE KALISPELL MT CLIMATE NORMALS FOR TODAY
                         NORMAL    RECORD    YEAR
 MAXIMUM TEMPERATURE (F)   84       101      1934
 MINIMUM TEMPERATURE (F)   49        36      1957


SUNRISE AND SUNSET
JULY 28 2014..........SUNRISE   607 AM MDT   SUNSET   919 PM MDT
JULY 29 2014..........SUNRISE   609 AM MDT   SUNSET   918 PM MDT


-  INDICATES NEGATIVE NUMBERS.
R  INDICATES RECORD WAS SET OR TIED.
MM INDICATES DATA IS MISSING.
T  INDICATES TRACE AMOUNT.




$$
