000
CDUS45 KMSO 290737
CLIGPI


CLIMATE REPORT
NATIONAL WEATHER SERVICE MISSOULA, MT
137 AM MDT THU SEP 29 2016


...................................

...THE KALISPELL MT CLIMATE SUMMARY FOR SEPTEMBER 28 2016...

CLIMATE NORMAL PERIOD 1981 TO 2010
CLIMATE RECORD PERIOD 1894 TO 2016


WEATHER ITEM   OBSERVED TIME   RECORD YEAR NORMAL DEPARTURE LAST
                VALUE   (LST)  VALUE       VALUE  FROM      YEAR
                                                  NORMAL
..................................................................
TEMPERATURE (F)
 YESTERDAY
  MAXIMUM         78    409 PM  85    1967  64     14       68
  MINIMUM         54    705 AM  18    1985  34     20       26
  AVERAGE         66                        49     17       47

PRECIPITATION (IN)
  YESTERDAY        0.00          0.55 1982   0.04  -0.04     0.00
  MONTH TO DATE    0.85                      1.31  -0.46     0.75
  SINCE OCT 1     17.12                     16.92   0.20    13.68
  SINCE JAN 1     13.07                     12.92   0.15     7.60

SNOWFALL (IN)
  YESTERDAY        0.0
  MONTH TO DATE    0.0
  SINCE JAN 1     14.6
  SINCE JUL 1      0.0
  SNOW DEPTH       0

DEGREE DAYS
 HEATING
  YESTERDAY        0                        16    -16       18
  MONTH TO DATE  330                       297     33      301
  SINCE SEP 1    330                       297     33      301
  SINCE JUL 1    477                       467     10      434

 COOLING
  YESTERDAY        1                         0      1        0
  MONTH TO DATE    1                         1      0        2
  SINCE SEP 1      1                         1      0        2
  SINCE JAN 1    157                       144     13      248
..................................................................


WIND (MPH)
  HIGHEST WIND SPEED    23   HIGHEST WIND DIRECTION     N (20)
  HIGHEST GUST SPEED    29   HIGHEST GUST DIRECTION     N (10)
  AVERAGE WIND SPEED     8.3


SKY COVER
  POSSIBLE SUNSHINE  MM
  AVERAGE SKY COVER 0.0


WEATHER CONDITIONS
 THE FOLLOWING WEATHER WAS RECORDED YESTERDAY.
  NO SIGNIFICANT WEATHER WAS OBSERVED.


RELATIVE HUMIDITY (PERCENT)
 HIGHEST    67           900 PM
 LOWEST     29           400 PM
 AVERAGE    48

..........................................................


THE KALISPELL MT CLIMATE NORMALS FOR TODAY
                         NORMAL    RECORD    YEAR
 MAXIMUM TEMPERATURE (F)   64        82      1967
 MINIMUM TEMPERATURE (F)   34        19      1985


SUNRISE AND SUNSET
SEPTEMBER 29 2016.....SUNRISE   734 AM MDT   SUNSET   719 PM MDT
SEPTEMBER 30 2016.....SUNRISE   736 AM MDT   SUNSET   717 PM MDT


-  INDICATES NEGATIVE NUMBERS.
R  INDICATES RECORD WAS SET OR TIED.
MM INDICATES DATA IS MISSING.
T  INDICATES TRACE AMOUNT.




$$
