000
CDUS45 KMSO 300738
CLIGPI


CLIMATE REPORT
NATIONAL WEATHER SERVICE MISSOULA, MT
138 AM MDT THU MAR 30 2017


...................................

...THE KALISPELL MT CLIMATE SUMMARY FOR MARCH 29 2017...

CLIMATE NORMAL PERIOD 1981 TO 2010
CLIMATE RECORD PERIOD 1894 TO 2017


WEATHER ITEM   OBSERVED TIME   RECORD YEAR NORMAL DEPARTURE LAST
                VALUE   (LST)  VALUE       VALUE  FROM      YEAR
                                                  NORMAL
..................................................................
TEMPERATURE (F)
 YESTERDAY
  MAXIMUM         45    646 PM  68    1978  51     -6       55
  MINIMUM         39    656 AM   2    1954  29     10       26
  AVERAGE         42                        40      2       41

PRECIPITATION (IN)
  YESTERDAY        0.15          0.43 1934   0.04   0.11     0.00
  MONTH TO DATE    2.64                      1.02   1.62     1.28
  SINCE OCT 1     13.62                      7.32   6.30     7.63
  SINCE JAN 1      6.39                      3.32   3.07     3.58

SNOWFALL (IN)
  YESTERDAY        0.0
  MONTH TO DATE   10.0
  SINCE JAN 1     53.0
  SINCE JUL 1     88.3
  SNOW DEPTH       0

DEGREE DAYS
 HEATING
  YESTERDAY       23                        25     -2       24
  MONTH TO DATE  841                       869    -28      783
  SINCE MAR 1    841                       869    -28      783
  SINCE JUL 1   7041                      6721    320     6085

 COOLING
  YESTERDAY        0                         0      0        0
  MONTH TO DATE    0                         0      0        0
  SINCE MAR 1      0                         0      0        0
  SINCE JAN 1      0                         0      0        0
..................................................................


WIND (MPH)
  HIGHEST WIND SPEED    16   HIGHEST WIND DIRECTION    SE (150)
  HIGHEST GUST SPEED    19   HIGHEST GUST DIRECTION    SE (150)
  AVERAGE WIND SPEED     8.0


SKY COVER
  POSSIBLE SUNSHINE  MM
  AVERAGE SKY COVER 1.0


WEATHER CONDITIONS
 THE FOLLOWING WEATHER WAS RECORDED YESTERDAY.
  LIGHT RAIN
  FOG


RELATIVE HUMIDITY (PERCENT)
 HIGHEST    92          1000 AM
 LOWEST     70           200 AM
 AVERAGE    81

..........................................................


THE KALISPELL MT CLIMATE NORMALS FOR TODAY
                         NORMAL    RECORD    YEAR
 MAXIMUM TEMPERATURE (F)   51        73      2004
 MINIMUM TEMPERATURE (F)   29         5      1936


SUNRISE AND SUNSET
MARCH 30 2017.........SUNRISE   719 AM MDT   SUNSET   805 PM MDT
MARCH 31 2017.........SUNRISE   717 AM MDT   SUNSET   807 PM MDT


-  INDICATES NEGATIVE NUMBERS.
R  INDICATES RECORD WAS SET OR TIED.
MM INDICATES DATA IS MISSING.
T  INDICATES TRACE AMOUNT.




$$
