000
CDUS43 KGRB 200721
CLIGRB


CLIMATE REPORT
NATIONAL WEATHER SERVICE GREEN BAY
220 AM CDT MON OCT 20 2014


...................................

...THE GREEN BAY WI CLIMATE SUMMARY FOR OCTOBER 19 2014...

CLIMATE NORMAL PERIOD 1981 TO 2010
CLIMATE RECORD PERIOD 1886 TO 2014


WEATHER ITEM   OBSERVED TIME   RECORD YEAR NORMAL DEPARTURE LAST
                VALUE   (LST)  VALUE       VALUE  FROM      YEAR
                                                  NORMAL
..................................................................
TEMPERATURE (F)
 YESTERDAY
  MAXIMUM         55    254 PM  78    1953  55      0       53
  MINIMUM         31    619 AM  20    1972  37     -6       33
  AVERAGE         43                        46     -3       43

PRECIPITATION (IN)
  YESTERDAY        T             1.23 1905   0.08  -0.08      T
  MONTH TO DATE    2.40                      1.54   0.86     1.71
  SINCE SEP 1      7.09                      4.58   2.51     4.60
  SINCE JAN 1     27.81                     24.98   2.83    28.59

SNOWFALL (IN)
  YESTERDAY        0.0           2.2  1896   0.0    0.0      0.0
  MONTH TO DATE    0.0                       0.0    0.0      0.0
  SINCE SEP 1      0.0                       0.0    0.0      0.0
  SINCE JUL 1      0.0                       0.0    0.0      0.0
  SNOW DEPTH       0

DEGREE DAYS
 HEATING
  YESTERDAY       22                        19      3       22
  MONTH TO DATE  303                       302      1      194
  SINCE SEP 1    500                       509     -9      365
  SINCE JUL 1    529                       572    -43      405

 COOLING
  YESTERDAY        0                         0      0        0
  MONTH TO DATE    0                         0      0        2
  SINCE SEP 1     19                        33    -14       57
  SINCE JAN 1    362                       395    -33      535
..................................................................


WIND (MPH)
  HIGHEST WIND SPEED    18   HIGHEST WIND DIRECTION     S (200)
  HIGHEST GUST SPEED    26   HIGHEST GUST DIRECTION     S (200)
  AVERAGE WIND SPEED     7.2


SKY COVER
  POSSIBLE SUNSHINE  MM
  AVERAGE SKY COVER 0.2


WEATHER CONDITIONS
 THE FOLLOWING WEATHER WAS RECORDED YESTERDAY.
  LIGHT RAIN
  FOG


RELATIVE HUMIDITY (PERCENT)
 HIGHEST   100           500 AM
 LOWEST     61           200 PM
 AVERAGE    81

..........................................................


THE GREEN BAY WI CLIMATE NORMALS FOR TODAY
                         NORMAL    RECORD    YEAR
 MAXIMUM TEMPERATURE (F)   55        81      1953
 MINIMUM TEMPERATURE (F)   37        20      1895


SUNRISE AND SUNSET
OCTOBER 20 2014.......SUNRISE   714 AM CDT   SUNSET   600 PM CDT
OCTOBER 21 2014.......SUNRISE   715 AM CDT   SUNSET   558 PM CDT


-  INDICATES NEGATIVE NUMBERS.
R  INDICATES RECORD WAS SET OR TIED.
MM INDICATES DATA IS MISSING.
T  INDICATES TRACE AMOUNT.

$$
