000
CDUS43 KGRB 070617
CLIGRB


CLIMATE REPORT
NATIONAL WEATHER SERVICE GREEN BAY
116 AM CDT TUE JUL 7 2015


...................................

...THE GREEN BAY WI CLIMATE SUMMARY FOR JULY 6 2015...

CLIMATE NORMAL PERIOD 1981 TO 2010
CLIMATE RECORD PERIOD 1886 TO 2015


WEATHER ITEM   OBSERVED TIME   RECORD YEAR NORMAL DEPARTURE LAST
                VALUE   (LST)  VALUE       VALUE  FROM      YEAR
                                                  NORMAL
..................................................................
TEMPERATURE (F)
 YESTERDAY
  MAXIMUM         80        MM  98    1988  80      0       79
  MINIMUM         61        MM  40    1965  58      3       65
  AVERAGE         71                        69      2       72

PRECIPITATION (IN)
  YESTERDAY        0.04          1.49 1920   0.12  -0.08      T
  MONTH TO DATE    0.04                      0.72  -0.68     0.11
  SINCE JUN 1      3.28                      4.60  -1.32     4.16
  SINCE JAN 1     10.22                     14.25  -4.03    14.82

SNOWFALL (IN)
  YESTERDAY        0.0           0.0    MM   0.0    0.0      0.0
  MONTH TO DATE    0.0                       0.0    0.0      0.0
  SINCE JUN 1      0.0                       0.0    0.0      0.0
  SINCE JUL 1      0.0                       0.0    0.0      0.0
  SNOW DEPTH       0

DEGREE DAYS
 HEATING
  YESTERDAY        0                         1     -1        0
  MONTH TO DATE   10                         6      4        5
  SINCE JUN 1     63                        98    -35       36
  SINCE JUL 1     10                         6      4        5

 COOLING
  YESTERDAY        6                         5      1        7
  MONTH TO DATE   19                        30    -11       15
  SINCE JUN 1     86                       113    -27      121
  SINCE JAN 1    114                       131    -17      137
..................................................................


WIND (MPH)
  HIGHEST WIND SPEED    17   HIGHEST WIND DIRECTION     N (340)
  HIGHEST GUST SPEED    30   HIGHEST GUST DIRECTION     N (350)
  AVERAGE WIND SPEED    10.3


SKY COVER
  POSSIBLE SUNSHINE  MM
  AVERAGE SKY COVER 0.6


WEATHER CONDITIONS
 THE FOLLOWING WEATHER WAS RECORDED YESTERDAY.
  LIGHT RAIN
  FOG
  HAZE


RELATIVE HUMIDITY (PERCENT)
 HIGHEST    93           500 AM
 LOWEST     69           400 PM
 AVERAGE    81

..........................................................


THE GREEN BAY WI CLIMATE NORMALS FOR TODAY
                         NORMAL    RECORD    YEAR
 MAXIMUM TEMPERATURE (F)   80       103      1936
 MINIMUM TEMPERATURE (F)   58        44      1997


SUNRISE AND SUNSET
JULY  7 2015..........SUNRISE   515 AM CDT   SUNSET   839 PM CDT
JULY  8 2015..........SUNRISE   516 AM CDT   SUNSET   839 PM CDT


-  INDICATES NEGATIVE NUMBERS.
R  INDICATES RECORD WAS SET OR TIED.
MM INDICATES DATA IS MISSING.
T  INDICATES TRACE AMOUNT.




$$
