000
CDUS43 KGRB 260817
CLIGRB

CLIMATE REPORT
NATIONAL WEATHER SERVICE GREEN BAY
215 AM CST WED NOV 26 2014

...................................

...THE GREEN BAY WI CLIMATE SUMMARY FOR NOVEMBER 25 2014...

CLIMATE NORMAL PERIOD 1981 TO 2010
CLIMATE RECORD PERIOD 1886 TO 2014

WEATHER ITEM   OBSERVED TIME   RECORD YEAR NORMAL DEPARTURE LAST
                VALUE   (LST)  VALUE       VALUE  FROM      YEAR
                                                  NORMAL
..................................................................
TEMPERATURE (F)
 YESTERDAY
  MAXIMUM         26    152 AM  59    1908  37    -11       33
  MINIMUM         12   1159 PM  -7    1950  23    -11       24
  AVERAGE         19                        30    -11       29

PRECIPITATION (IN)
  YESTERDAY        0.05          1.13 1896   0.07  -0.02      T
  MONTH TO DATE    2.38                      1.79   0.59     3.36
  SINCE SEP 1      9.58                      7.27   2.31     9.20
  SINCE JAN 1     30.30                     27.67   2.63    33.19

SNOWFALL (IN)
  YESTERDAY        0.7           3.4  1895   0.3    0.4       T
  MONTH TO DATE    6.2                       2.8    3.4      0.3
  SINCE SEP 1      6.2                       3.0    3.2      0.3
  SINCE JUL 1      6.2                       3.0    3.2      0.3
  SNOW DEPTH       4

DEGREE DAYS
 HEATING
  YESTERDAY       46                        35     11       36
  MONTH TO DATE  868                       733    135      702
  SINCE SEP 1   1585                      1496     89     1360
  SINCE JUL 1   1614                      1559     55     1400

COOLING
  YESTERDAY        0                         0      0        0
  MONTH TO DATE    0                         0      0        0
  SINCE SEP 1     19                        36    -17       57
  SINCE JAN 1    362                       398    -36      535
..................................................................

WIND (MPH)
  HIGHEST WIND SPEED    17   HIGHEST WIND DIRECTION     W (290)
  HIGHEST GUST SPEED    22   HIGHEST GUST DIRECTION     W (290)
  AVERAGE WIND SPEED     9.4

SKY COVER
  POSSIBLE SUNSHINE  MM
  AVERAGE SKY COVER 0.9

WEATHER CONDITIONS
 THE FOLLOWING WEATHER WAS RECORDED YESTERDAY.
  LIGHT SNOW
  FOG

RELATIVE HUMIDITY (PERCENT)
 HIGHEST    92           200 AM
 LOWEST     68          1100 AM
 AVERAGE    80
..........................................................

THE GREEN BAY WI CLIMATE NORMALS FOR TODAY
                         NORMAL    RECORD    YEAR
 MAXIMUM TEMPERATURE (F)   37        61      1984
                                             1914
                                             1896
 MINIMUM TEMPERATURE (F)   22        -4      1977

SUNRISE AND SUNSET
NOVEMBER 26 2014......SUNRISE   703 AM CST   SUNSET   417 PM CST
NOVEMBER 27 2014......SUNRISE   704 AM CST   SUNSET   416 PM CST

-  INDICATES NEGATIVE NUMBERS.
R  INDICATES RECORD WAS SET OR TIED.
MM INDICATES DATA IS MISSING.
T  INDICATES TRACE AMOUNT.

$$
