000
CDUS43 KGID 160635
CLIGRI


CLIMATE REPORT
NATIONAL WEATHER SERVICE HASTINGS NE
1234 AM CST MON JAN 16 2017


...................................

...THE GRAND ISLAND NE CLIMATE SUMMARY FOR JANUARY 15 2017...

CLIMATE NORMAL PERIOD 1981 TO 2010
CLIMATE RECORD PERIOD 1895 TO 2017


WEATHER ITEM   OBSERVED TIME   RECORD YEAR NORMAL DEPARTURE LAST
                VALUE   (LST)  VALUE       VALUE  FROM      YEAR
                                                  NORMAL
..................................................................
TEMPERATURE (F)
 YESTERDAY
  MAXIMUM         30   1159 PM  70    2006  36     -6       36
  MINIMUM         26    333 AM -14    2005  14     12       22
  AVERAGE         28                        25      3       29

PRECIPITATION (IN)
  YESTERDAY        0.18          0.30 1906   0.02   0.16      T
  MONTH TO DATE    0.32                      0.24   0.08     0.09
  SINCE DEC 1      1.13                      0.87   0.26     1.97
  SINCE JAN 1      0.32                      0.24   0.08     0.09

SNOWFALL (IN)
  YESTERDAY        0.0           3.0  2003   0.2   -0.2       T
                                      1906
  MONTH TO DATE    1.7                       2.8   -1.1      1.4
  SINCE DEC 1      3.1                       7.9   -4.8      3.8
  SINCE JUL 1      3.5                      12.1   -8.6      9.4
  SNOW DEPTH       0

DEGREE DAYS
 HEATING
  YESTERDAY       37                        40     -3       36
  MONTH TO DATE  698                       600     98      578
  SINCE DEC 1   1899                      1789    110     1586
  SINCE JUL 1   2819                      3119   -300     2552

 COOLING
  YESTERDAY        0                         0      0        0
  MONTH TO DATE    0                         0      0        0
  SINCE DEC 1      0                         0      0        0
  SINCE JAN 1      0                         0      0        0
..................................................................


WIND (MPH)
  HIGHEST WIND SPEED     8   HIGHEST WIND DIRECTION    SE (140)
  HIGHEST GUST SPEED    10   HIGHEST GUST DIRECTION    SE (140)
  AVERAGE WIND SPEED     5.1


SKY COVER
  AVERAGE SKY COVER 1.0


WEATHER CONDITIONS
 THE FOLLOWING WEATHER WAS RECORDED YESTERDAY.
  LT FREEZING RAIN
  FOG


RELATIVE HUMIDITY (PERCENT)
 HIGHEST   100           100 PM
 LOWEST     58           100 AM
 AVERAGE    79

..........................................................


THE GRAND ISLAND NE CLIMATE NORMALS FOR TODAY
                         NORMAL    RECORD    YEAR
 MAXIMUM TEMPERATURE (F)   36        69      1938
 MINIMUM TEMPERATURE (F)   14       -18      1930


SUNRISE AND SUNSET
JANUARY 16 2017.......SUNRISE   755 AM CST   SUNSET   531 PM CST
JANUARY 17 2017.......SUNRISE   755 AM CST   SUNSET   533 PM CST


-  INDICATES NEGATIVE NUMBERS.
R  INDICATES RECORD WAS SET OR TIED.
MM INDICATES DATA IS MISSING.
T  INDICATES TRACE AMOUNT.




$$
