000
CDUS43 KGID 180713
CLIGRI


CLIMATE REPORT
NATIONAL WEATHER SERVICE HASTINGS NE
213 AM CDT FRI APR 18 2014


...................................

...THE GRAND ISLAND NE CLIMATE SUMMARY FOR APRIL 17 2014...

CLIMATE NORMAL PERIOD 1981 TO 2010
CLIMATE RECORD PERIOD 1895 TO 2014


WEATHER ITEM   OBSERVED TIME   RECORD YEAR NORMAL DEPARTURE LAST
                VALUE   (LST)  VALUE       VALUE  FROM      YEAR
                                                  NORMAL
..................................................................
TEMPERATURE (F)
 YESTERDAY
  MAXIMUM         55    538 PM  92    1985  64     -9       43
  MINIMUM         31    613 AM  22    1907  38     -7       31
  AVERAGE         43                        51     -8       37

PRECIPITATION (IN)
  YESTERDAY        0.00          1.20 1900   0.09  -0.09     0.42
  MONTH TO DATE    0.96                      1.26  -0.30     2.67
  SINCE MAR 1      1.15                      3.06  -1.91     4.31
  SINCE JAN 1      1.80                      4.27  -2.47     5.44

SNOWFALL (IN)
  YESTERDAY        0.0           5.0  1944   0.1   -0.1       T
  MONTH TO DATE    1.7                       1.2    0.5      2.9
  SINCE MAR 1      2.9                       6.6   -3.7      9.1
  SINCE JUL 1     16.4                      28.7  -12.3     30.5
  SNOW DEPTH       0

DEGREE DAYS
 HEATING
  YESTERDAY       22                        14      8       28
  MONTH TO DATE  297                       289      8      361
  SINCE MAR 1   1151                      1085     66     1249
  SINCE JUL 1   5986                      5846    140     5718

 COOLING
  YESTERDAY        0                         0      0        0
  MONTH TO DATE    1                         0      1        0
  SINCE MAR 1      1                         0      1        0
  SINCE JAN 1      1                         0      1        0
..................................................................


WIND (MPH)
  HIGHEST WIND SPEED    23   HIGHEST WIND DIRECTION     N (340)
  HIGHEST GUST SPEED    28   HIGHEST GUST DIRECTION     N (340)
  AVERAGE WIND SPEED     8.3


SKY COVER
  AVERAGE SKY COVER 0.4


WEATHER CONDITIONS
 THE FOLLOWING WEATHER WAS RECORDED YESTERDAY.
  HAZE


RELATIVE HUMIDITY (PERCENT)
 HIGHEST    72           200 AM
 LOWEST     32           500 PM
 AVERAGE    52

..........................................................


THE GRAND ISLAND NE CLIMATE NORMALS FOR TODAY
                         NORMAL    RECORD    YEAR
 MAXIMUM TEMPERATURE (F)   64        93      1994
                                             1985
 MINIMUM TEMPERATURE (F)   39        17      1953


SUNRISE AND SUNSET
APRIL 18 2014.........SUNRISE   650 AM CDT   SUNSET   816 PM CDT
APRIL 19 2014.........SUNRISE   648 AM CDT   SUNSET   817 PM CDT


-  INDICATES NEGATIVE NUMBERS.
R  INDICATES RECORD WAS SET OR TIED.
MM INDICATES DATA IS MISSING.
T  INDICATES TRACE AMOUNT.




$$
