000
CDUS43 KGID 232231
CLIGRI


CLIMATE REPORT
NATIONAL WEATHER SERVICE HASTINGS NE
530 PM CDT TUE SEP 23 2014


...................................

...THE GRAND ISLAND NE CLIMATE SUMMARY FOR SEPTEMBER 23 2014...
VALID TODAY AS OF 0500 PM LOCAL TIME.

CLIMATE NORMAL PERIOD 1981 TO 2010
CLIMATE RECORD PERIOD 1895 TO 2014


WEATHER ITEM   OBSERVED TIME   RECORD YEAR NORMAL DEPARTURE LAST
                VALUE   (LST)  VALUE       VALUE  FROM      YEAR
                                                  NORMAL
..................................................................
TEMPERATURE (F)
 TODAY
  MAXIMUM         70    217 PM  95    1904  75     -5       78
  MINIMUM         57    812 AM  29    1989  49      8       55
  AVERAGE         64                        62      2       67

PRECIPITATION (IN)
  TODAY            0.41          2.04 1997   0.08   0.33      T
  MONTH TO DATE    2.52                      1.75   0.77     1.79
  SINCE SEP 1      2.52                      1.75   0.77     1.79
  SINCE JAN 1     24.72                     22.52   2.20    21.20

SNOWFALL (IN)
  TODAY            0.0                       0.0    0.0      0.0
  MONTH TO DATE    0.0                       0.0    0.0      0.0
  SINCE SEP 1      0.0                       0.0    0.0      0.0
  SINCE JUL 1      0.0                       0.0    0.0      0.0
  SNOW DEPTH       0

DEGREE DAYS
 HEATING
  TODAY            1                         5     -4        0
  MONTH TO DATE  102                        61     41       10
  SINCE SEP 1    102                        61     41       10
  SINCE JUL 1    106                        71     35       13

 COOLING
  TODAY            0                         2     -2        2
  MONTH TO DATE   58                        98    -40      162
  SINCE SEP 1     58                        98    -40      162
  SINCE JAN 1    988                      1012    -24     1225
..................................................................


WIND (MPH)
  HIGHEST WIND SPEED    22   HIGHEST WIND DIRECTION     S (180)
  HIGHEST GUST SPEED    29   HIGHEST GUST DIRECTION     S (180)
  AVERAGE WIND SPEED    13.3


SKY COVER
  POSSIBLE SUNSHINE  MM
  AVERAGE SKY COVER 0.9


WEATHER CONDITIONS
 THE FOLLOWING WEATHER WAS RECORDED TODAY.
  LIGHT RAIN
  FOG


RELATIVE HUMIDITY (PERCENT)
 HIGHEST    93           800 AM
 LOWEST     61           200 PM
 AVERAGE    77

..........................................................


THE GRAND ISLAND NE CLIMATE NORMALS FOR TOMORROW
                         NORMAL    RECORD    YEAR
 MAXIMUM TEMPERATURE (F)   75        95      1921
 MINIMUM TEMPERATURE (F)   48        27      1942


SUNRISE AND SUNSET
SEPTEMBER 23 2014.....SUNRISE   722 AM CDT   SUNSET   729 PM CDT
SEPTEMBER 24 2014.....SUNRISE   723 AM CDT   SUNSET   727 PM CDT


-  INDICATES NEGATIVE NUMBERS.
R  INDICATES RECORD WAS SET OR TIED.
MM INDICATES DATA IS MISSING.
T  INDICATES TRACE AMOUNT.




$$
