000
CDUS43 KGID 270628
CLIGRI


CLIMATE REPORT
NATIONAL WEATHER SERVICE HASTINGS NE
1227 AM CST FRI FEB 27 2015


...................................

...THE GRAND ISLAND NE CLIMATE SUMMARY FOR FEBRUARY 26 2015...

CLIMATE NORMAL PERIOD 1981 TO 2010
CLIMATE RECORD PERIOD 1895 TO 2015


WEATHER ITEM   OBSERVED TIME   RECORD YEAR NORMAL DEPARTURE LAST
                VALUE   (LST)  VALUE       VALUE  FROM      YEAR
                                                  NORMAL
..................................................................
TEMPERATURE (F)
 YESTERDAY
  MAXIMUM         17    432 PM  75    1896  43    -26       38
  MINIMUM          0   1159 PM -15    1934  22    -22        2
  AVERAGE          9                        33    -24       20

PRECIPITATION (IN)
  YESTERDAY        T             0.45 1958   0.03  -0.03     0.00
  MONTH TO DATE    0.70                      0.62   0.08     0.33
  SINCE DEC 1      1.93                      1.78   0.15     0.76
  SINCE JAN 1      1.17                      1.15   0.02     0.65

SNOWFALL (IN)
  YESTERDAY        T             4.0  1915   0.2   -0.2      0.0
  MONTH TO DATE   11.1                       5.9    5.2      6.6
  SINCE DEC 1     20.7                      17.5    3.2     13.3
  SINCE JUL 1     22.9                      21.7    1.2     13.5
  SNOW DEPTH       T

DEGREE DAYS
 HEATING
  YESTERDAY       56                        32     24       45
  MONTH TO DATE 1040                       942     98     1070
  SINCE DEC 1   3299                      3368    -69     3521
  SINCE JUL 1   4632                      4698    -66     4749

 COOLING
  YESTERDAY        0                         0      0        0
  MONTH TO DATE    0                         0      0        0
  SINCE DEC 1      0                         0      0        0
  SINCE JAN 1      0                         0      0        0
..................................................................


WIND (MPH)
  HIGHEST WIND SPEED    30   HIGHEST WIND DIRECTION     N (350)
  HIGHEST GUST SPEED    36   HIGHEST GUST DIRECTION     N (350)
  AVERAGE WIND SPEED    14.2


SKY COVER
  AVERAGE SKY COVER 0.2


WEATHER CONDITIONS
 THE FOLLOWING WEATHER WAS RECORDED YESTERDAY.
  LIGHT SNOW


RELATIVE HUMIDITY (PERCENT)
 HIGHEST    79           900 PM
 LOWEST     40           300 PM
 AVERAGE    60

..........................................................


THE GRAND ISLAND NE CLIMATE NORMALS FOR TODAY
                         NORMAL    RECORD    YEAR
 MAXIMUM TEMPERATURE (F)   44        75      2006
 MINIMUM TEMPERATURE (F)   22        -7      1962


SUNRISE AND SUNSET
FEBRUARY 27 2015......SUNRISE   711 AM CST   SUNSET   622 PM CST
FEBRUARY 28 2015......SUNRISE   709 AM CST   SUNSET   623 PM CST


-  INDICATES NEGATIVE NUMBERS.
R  INDICATES RECORD WAS SET OR TIED.
MM INDICATES DATA IS MISSING.
T  INDICATES TRACE AMOUNT.




$$

BRYANT
