000
CDUS43 KGID 290625
CLIGRI


CLIMATE REPORT
NATIONAL WEATHER SERVICE HASTINGS NE
124 AM CDT SAT APR 29 2017


...................................

...THE GRAND ISLAND NE CLIMATE SUMMARY FOR APRIL 28 2017...

CLIMATE NORMAL PERIOD 1981 TO 2010
CLIMATE RECORD PERIOD 1895 TO 2017


WEATHER ITEM   OBSERVED TIME   RECORD YEAR NORMAL DEPARTURE LAST
                VALUE   (LST)  VALUE       VALUE  FROM      YEAR
                                                  NORMAL
..................................................................
TEMPERATURE (F)
 YESTERDAY
  MAXIMUM         46    145 AM  88    1899  67    -21       50
  MINIMUM         36   1254 PM  23    1926  43     -7       40
  AVERAGE         41                        55    -14       45

PRECIPITATION (IN)
  YESTERDAY        0.70          1.74 1906   0.10   0.60     0.00
  MONTH TO DATE    0.90                      2.31  -1.41     3.93
  SINCE MAR 1      1.71                      4.11  -2.40     4.54
  SINCE JAN 1      3.03                      5.32  -2.29     6.72

SNOWFALL (IN)
  YESTERDAY        T             0.1  1982   0.0    0.0      0.0
  MONTH TO DATE    T                         1.5   -1.5      0.0
  SINCE MAR 1      1.2                       6.9   -5.7      2.6
  SINCE JUL 1      8.9                      29.0  -20.1     33.8
  SNOW DEPTH       0

DEGREE DAYS
 HEATING
  YESTERDAY       24                        11     13       20
  MONTH TO DATE  360                       425    -65      327
  SINCE MAR 1   1057                      1221   -164      914
  SINCE JUL 1   5123                      5982   -859     4912

 COOLING
  YESTERDAY        0                         1     -1        0
  MONTH TO DATE    5                         9     -4        0
  SINCE MAR 1      5                         9     -4        0
  SINCE JAN 1      5                         9     -4        0
..................................................................


WIND (MPH)
  HIGHEST WIND SPEED    28   HIGHEST WIND DIRECTION    NE (30)
  HIGHEST GUST SPEED    33   HIGHEST GUST DIRECTION    NE (40)
  AVERAGE WIND SPEED    15.9


SKY COVER
  AVERAGE SKY COVER 1.0


WEATHER CONDITIONS
 THE FOLLOWING WEATHER WAS RECORDED YESTERDAY.
  HEAVY RAIN
  RAIN
  LIGHT RAIN
  LIGHT SNOW
  FOG


RELATIVE HUMIDITY (PERCENT)
 HIGHEST   100           300 AM
 LOWEST     86           100 AM
 AVERAGE    93

..........................................................


THE GRAND ISLAND NE CLIMATE NORMALS FOR TODAY
                         NORMAL    RECORD    YEAR
 MAXIMUM TEMPERATURE (F)   68        92      1987
 MINIMUM TEMPERATURE (F)   43        25      1958
                                             1950
                                             1903


SUNRISE AND SUNSET
APRIL 29 2017.........SUNRISE   634 AM CDT   SUNSET   828 PM CDT
APRIL 30 2017.........SUNRISE   632 AM CDT   SUNSET   829 PM CDT


-  INDICATES NEGATIVE NUMBERS.
R  INDICATES RECORD WAS SET OR TIED.
MM INDICATES DATA IS MISSING.
T  INDICATES TRACE AMOUNT.




$$
