000
CDUS43 KGID 260627
CLIGRI


CLIMATE REPORT
NATIONAL WEATHER SERVICE HASTINGS NE
126 AM CDT SUN MAR 26 2017


...................................

...THE GRAND ISLAND NE CLIMATE SUMMARY FOR MARCH 25 2017...

CLIMATE NORMAL PERIOD 1981 TO 2010
CLIMATE RECORD PERIOD 1895 TO 2017


WEATHER ITEM   OBSERVED TIME   RECORD YEAR NORMAL DEPARTURE LAST
                VALUE   (LST)  VALUE       VALUE  FROM      YEAR
                                                  NORMAL
..................................................................
TEMPERATURE (F)
 YESTERDAY
  MAXIMUM         41    447 PM  88    1910  55    -14       57
  MINIMUM         35    932 AM  -5    1965  30      5       28
  AVERAGE         38                        43     -5       43

PRECIPITATION (IN)
  YESTERDAY        T             1.68 1959   0.06  -0.06     0.00
  MONTH TO DATE    0.39                      1.35  -0.96     0.39
  SINCE MAR 1      0.39                      1.35  -0.96     0.39
  SINCE JAN 1      1.71                      2.56  -0.85     2.57

SNOWFALL (IN)
  YESTERDAY        0.0           4.0  1913   0.2   -0.2      0.0
  MONTH TO DATE    1.2                       4.5   -3.3      2.6
  SINCE MAR 1      1.2                       4.5   -3.3      2.6
  SINCE JUL 1      8.9                      26.6  -17.7     33.8
  SNOW DEPTH       0

DEGREE DAYS
 HEATING
  YESTERDAY       27                        22      5       22
  MONTH TO DATE  566                       669   -103      476
  SINCE MAR 1    566                       669   -103      476
  SINCE JUL 1   4632                      5430   -798     4474

 COOLING
  YESTERDAY        0                         0      0        0
  MONTH TO DATE    0                         0      0        0
  SINCE MAR 1      0                         0      0        0
  SINCE JAN 1      0                         0      0        0
..................................................................


WIND (MPH)
  HIGHEST WIND SPEED    22   HIGHEST WIND DIRECTION     N (360)
  HIGHEST GUST SPEED    27   HIGHEST GUST DIRECTION     N (10)
  AVERAGE WIND SPEED    11.7


SKY COVER
  AVERAGE SKY COVER 1.0


WEATHER CONDITIONS
 THE FOLLOWING WEATHER WAS RECORDED YESTERDAY.
  LIGHT RAIN
  LIGHT SNOW
  FOG


RELATIVE HUMIDITY (PERCENT)
 HIGHEST   100          1200 AM
 LOWEST     92           100 PM
 AVERAGE    96

..........................................................


THE GRAND ISLAND NE CLIMATE NORMALS FOR TODAY
                         NORMAL    RECORD    YEAR
 MAXIMUM TEMPERATURE (F)   56        90      1907
 MINIMUM TEMPERATURE (F)   31        -3      1965


SUNRISE AND SUNSET
MARCH 26 2017.........SUNRISE   726 AM CDT   SUNSET   752 PM CDT
MARCH 27 2017.........SUNRISE   724 AM CDT   SUNSET   753 PM CDT


-  INDICATES NEGATIVE NUMBERS.
R  INDICATES RECORD WAS SET OR TIED.
MM INDICATES DATA IS MISSING.
T  INDICATES TRACE AMOUNT.




$$
