000
CDUS43 KGID 270640
CLIGRI


CLIMATE REPORT
NATIONAL WEATHER SERVICE HASTINGS NE
140 AM CDT TUE JUN 27 2017


...................................

...THE GRAND ISLAND NE CLIMATE SUMMARY FOR JUNE 26 2017...

CLIMATE NORMAL PERIOD 1981 TO 2010
CLIMATE RECORD PERIOD 1895 TO 2017


WEATHER ITEM   OBSERVED TIME   RECORD YEAR NORMAL DEPARTURE LAST
                VALUE   (LST)  VALUE       VALUE  FROM      YEAR
                                                  NORMAL
..................................................................
TEMPERATURE (F)
 YESTERDAY
  MAXIMUM         79    404 PM 107    1936  87     -8       90
  MINIMUM         56   1159 PM  42    1958  62     -6       59
  AVERAGE         68                        74     -6       75

PRECIPITATION (IN)
  YESTERDAY        0.01          1.71 1985   0.14  -0.13      T
  MONTH TO DATE    1.65                      3.78  -2.13     0.01
  SINCE JUN 1      1.65                      3.78  -2.13     0.01
  SINCE JAN 1     11.70                     13.73  -2.03    14.69

SNOWFALL (IN)
  YESTERDAY        0.0                       0.0    0.0      0.0
  MONTH TO DATE    0.0                       0.0    0.0      0.0
  SINCE JUN 1      0.0                       0.0    0.0      0.0
  SINCE JUL 1      9.2                      29.0  -19.8     33.8
  SNOW DEPTH       0

DEGREE DAYS
 HEATING
  YESTERDAY        0                         0      0        0
  MONTH TO DATE    3                        21    -18        0
  SINCE JUN 1      3                        21    -18        0
  SINCE JUL 1   5360                      6196   -836     5131

 COOLING
  YESTERDAY        3                        10     -7       10
  MONTH TO DATE  261                       171     90      310
  SINCE JUN 1    261                       171     90      310
  SINCE JAN 1    311                       236     75      344
..................................................................


WIND (MPH)
  HIGHEST WIND SPEED    20   HIGHEST WIND DIRECTION    NE (50)
  HIGHEST GUST SPEED    26   HIGHEST GUST DIRECTION    NE (40)
  AVERAGE WIND SPEED    10.5


SKY COVER
  AVERAGE SKY COVER 0.2


WEATHER CONDITIONS
 THE FOLLOWING WEATHER WAS RECORDED YESTERDAY.
  LIGHT RAIN


RELATIVE HUMIDITY (PERCENT)
 HIGHEST    87           500 AM
 LOWEST     42           300 PM
 AVERAGE    65

..........................................................


THE GRAND ISLAND NE CLIMATE NORMALS FOR TODAY
                         NORMAL    RECORD    YEAR
 MAXIMUM TEMPERATURE (F)   87       107      2012
 MINIMUM TEMPERATURE (F)   63        47      1968


SUNRISE AND SUNSET
JUNE 27 2017..........SUNRISE   603 AM CDT   SUNSET   909 PM CDT
JUNE 28 2017..........SUNRISE   604 AM CDT   SUNSET   909 PM CDT


-  INDICATES NEGATIVE NUMBERS.
R  INDICATES RECORD WAS SET OR TIED.
MM INDICATES DATA IS MISSING.
T  INDICATES TRACE AMOUNT.




$$
