000
CDUS43 KGID 210627
CLIGRI


CLIMATE REPORT
NATIONAL WEATHER SERVICE HASTINGS NE
125 AM CDT SAT OCT 21 2017


...................................

...THE GRAND ISLAND NE CLIMATE SUMMARY FOR OCTOBER 20 2017...

CLIMATE NORMAL PERIOD 1981 TO 2010
CLIMATE RECORD PERIOD 1895 TO 2017


WEATHER ITEM   OBSERVED TIME   RECORD YEAR NORMAL DEPARTURE LAST
                VALUE   (LST)  VALUE       VALUE  FROM      YEAR
                                                  NORMAL
..................................................................
TEMPERATURE (F)
 YESTERDAY
  MAXIMUM         76    255 PM  93    1947  63     13       59
  MINIMUM         55    750 AM  12    1916  38     17       39
  AVERAGE         66                        51     15       49

PRECIPITATION (IN)
  YESTERDAY        0.00          2.18 1904   0.06  -0.06     0.00
  MONTH TO DATE    5.28                      1.31   3.97     0.12
  SINCE SEP 1      7.96                      3.54   4.42     2.65
  SINCE JAN 1     29.35                     24.31   5.04    22.05

SNOWFALL (IN)
  YESTERDAY        0.0           1.0  1916   0.0    0.0      0.0
  MONTH TO DATE    0.0                       0.4   -0.4      0.0
  SINCE SEP 1      0.0                       0.5   -0.5      0.0
  SINCE JUL 1      0.0                       0.5   -0.5      0.0
  SNOW DEPTH       0

DEGREE DAYS
 HEATING
  YESTERDAY        0                        14    -14       16
  MONTH TO DATE  152                       222    -70      178
  SINCE SEP 1    208                       327   -119      243
  SINCE JUL 1    212                       337   -125      250

 COOLING
  YESTERDAY        1                         0      1        0
  MONTH TO DATE    4                        10     -6        3
  SINCE SEP 1    151                       119     32      130
  SINCE JAN 1   1062                      1033     29     1144
..................................................................


WIND (MPH)
  HIGHEST WIND SPEED    37   HIGHEST WIND DIRECTION     S (170)
  HIGHEST GUST SPEED    48   HIGHEST GUST DIRECTION     S (160)
  AVERAGE WIND SPEED    20.7


SKY COVER
  AVERAGE SKY COVER 0.1


WEATHER CONDITIONS
 THE FOLLOWING WEATHER WAS RECORDED YESTERDAY.
  NO SIGNIFICANT WEATHER WAS OBSERVED.


RELATIVE HUMIDITY (PERCENT)
 HIGHEST    86           700 AM
 LOWEST     54           100 PM
 AVERAGE    70

..........................................................


THE GRAND ISLAND NE CLIMATE NORMALS FOR TODAY
                         NORMAL    RECORD    YEAR
 MAXIMUM TEMPERATURE (F)   63        90      1947
 MINIMUM TEMPERATURE (F)   38        14      1936


SUNRISE AND SUNSET
OCTOBER 21 2017.......SUNRISE   752 AM CDT   SUNSET   643 PM CDT
OCTOBER 22 2017.......SUNRISE   753 AM CDT   SUNSET   642 PM CDT


-  INDICATES NEGATIVE NUMBERS.
R  INDICATES RECORD WAS SET OR TIED.
MM INDICATES DATA IS MISSING.
T  INDICATES TRACE AMOUNT.




$$
