000
CDUS43 KGRR 212223
CLIGRR


CLIMATE REPORT
NATIONAL WEATHER SERVICE GRAND RAPIDS, MI
523 PM EST TUE NOV 21 2017


...................................

...THE GRAND RAPIDS MI CLIMATE SUMMARY FOR NOVEMBER 21 2017...
VALID TODAY AS OF 0500 PM LOCAL TIME.

CLIMATE NORMAL PERIOD 1981 TO 2010
CLIMATE RECORD PERIOD 1892 TO 2017


WEATHER ITEM   OBSERVED TIME   RECORD YEAR NORMAL DEPARTURE LAST
                VALUE   (LST)  VALUE       VALUE  FROM      YEAR
                                                  NORMAL
..................................................................
TEMPERATURE (F)
 TODAY
  MAXIMUM         47   1043 AM  70    1913  45      2       39
  MINIMUM         37    459 PM  10    2014  31      6       27
  AVERAGE         42                        38      4       33

PRECIPITATION (IN)
  TODAY            0.04          1.31 1979   0.11  -0.07     0.00
  MONTH TO DATE    2.75                      2.52   0.23     1.83
  SINCE SEP 1     13.10                     10.06   3.04    10.38
  SINCE JAN 1     37.42                     34.78   2.64    41.92

SNOWFALL (IN)
  TODAY            0.0           4.0  1896   0.3   -0.3      0.0
  MONTH TO DATE    0.2                       3.6   -3.4      0.8
  SINCE SEP 1      0.6                       4.1   -3.5      0.8
  SINCE JUL 1      0.6                       4.1   -3.5      0.8
  SNOW DEPTH       0

DEGREE DAYS
 HEATING
  TODAY           23                        27     -4       32
  MONTH TO DATE  558                       484     74      358
  SINCE SEP 1    949                      1056   -107      726
  SINCE JUL 1    965                      1076   -111      726

 COOLING
  TODAY            0                         0      0        0
  MONTH TO DATE    0                         0      0        0
  SINCE SEP 1    147                        74     73      105
  SINCE JAN 1    719                       699     20      936
..................................................................


WIND (MPH)
  RESULTANT WIND SPEED  15   RESULTANT WIND DIRECTION  SW (230)
  HIGHEST WIND SPEED    26   HIGHEST WIND DIRECTION     W (250)
  HIGHEST GUST SPEED    34   HIGHEST GUST DIRECTION     S (200)
  AVERAGE WIND SPEED    16.6


SKY COVER
  AVERAGE SKY COVER 0.6


WEATHER CONDITIONS
 THE FOLLOWING WEATHER WAS RECORDED TODAY.
  LIGHT RAIN
  FOG


RELATIVE HUMIDITY (PERCENT)
 HIGHEST   100           200 PM
 LOWEST     57           100 AM
 AVERAGE    79

..........................................................


THE GRAND RAPIDS MI CLIMATE NORMALS FOR TOMORROW
                         NORMAL    RECORD    YEAR
 MAXIMUM TEMPERATURE (F)   44        66      1913
 MINIMUM TEMPERATURE (F)   31        13      1929


SUNRISE AND SUNSET
NOVEMBER 21 2017......SUNRISE   742 AM EST   SUNSET   514 PM EST
NOVEMBER 22 2017......SUNRISE   743 AM EST   SUNSET   513 PM EST


-  INDICATES NEGATIVE NUMBERS.
R  INDICATES RECORD WAS SET OR TIED.
MM INDICATES DATA IS MISSING.
T  INDICATES TRACE AMOUNT.




$$
